[INFO] fetching crate command-builder 0.2.0...
[INFO] testing command-builder-0.2.0 against 1.75.0 for beta-1.76-1
[INFO] extracting crate command-builder 0.2.0 into /workspace/builds/worker-4-tc1/source
[INFO] validating manifest of crates.io crate command-builder 0.2.0 on toolchain 1.75.0
[INFO] running `Command { std: CARGO_HOME="/workspace/cargo-home" RUSTUP_HOME="/workspace/rustup-home" "/workspace/cargo-home/bin/cargo" "+1.75.0" "metadata" "--manifest-path" "Cargo.toml" "--no-deps", kill_on_drop: false }`
[INFO] started tweaking crates.io crate command-builder 0.2.0
[INFO] finished tweaking crates.io crate command-builder 0.2.0
[INFO] tweaked toml for crates.io crate command-builder 0.2.0 written to /workspace/builds/worker-4-tc1/source/Cargo.toml
[INFO] running `Command { std: CARGO_HOME="/workspace/cargo-home" RUSTUP_HOME="/workspace/rustup-home" "/workspace/cargo-home/bin/cargo" "+1.75.0" "generate-lockfile" "--manifest-path" "Cargo.toml", kill_on_drop: false }`
[INFO] running `Command { std: CARGO_HOME="/workspace/cargo-home" RUSTUP_HOME="/workspace/rustup-home" "/workspace/cargo-home/bin/cargo" "+1.75.0" "fetch" "--manifest-path" "Cargo.toml", kill_on_drop: false }`
[INFO] running `Command { std: "docker" "create" "-v" "/var/lib/crater-agent-workspace/builds/worker-4-tc1/target:/opt/rustwide/target:rw,Z" "-v" "/var/lib/crater-agent-workspace/builds/worker-4-tc1/source:/opt/rustwide/workdir:ro,Z" "-v" "/var/lib/crater-agent-workspace/cargo-home:/opt/rustwide/cargo-home:ro,Z" "-v" "/var/lib/crater-agent-workspace/rustup-home:/opt/rustwide/rustup-home:ro,Z" "-e" "SOURCE_DIR=/opt/rustwide/workdir" "-e" "CARGO_TARGET_DIR=/opt/rustwide/target" "-e" "CARGO_HOME=/opt/rustwide/cargo-home" "-e" "RUSTUP_HOME=/opt/rustwide/rustup-home" "-w" "/opt/rustwide/workdir" "-m" "1610612736" "--user" "0:0" "--network" "none" "ghcr.io/rust-lang/crates-build-env/linux@sha256:2788e3201cd34a07e3172128adcd8b3090168a8e3bcc40d7c032b9dda1df7d1c" "/opt/rustwide/cargo-home/bin/cargo" "+1.75.0" "metadata" "--no-deps" "--format-version=1", kill_on_drop: false }`
[INFO] [stdout] 86e9afb0a707a36124e02e6ae2c22f3dea810b4a05c1348828aafe66dd8ff48b
[INFO] running `Command { std: "docker" "start" "-a" "86e9afb0a707a36124e02e6ae2c22f3dea810b4a05c1348828aafe66dd8ff48b", kill_on_drop: false }`
[INFO] running `Command { std: "docker" "inspect" "86e9afb0a707a36124e02e6ae2c22f3dea810b4a05c1348828aafe66dd8ff48b", kill_on_drop: false }`
[INFO] running `Command { std: "docker" "rm" "-f" "86e9afb0a707a36124e02e6ae2c22f3dea810b4a05c1348828aafe66dd8ff48b", kill_on_drop: false }`
[INFO] [stdout] 86e9afb0a707a36124e02e6ae2c22f3dea810b4a05c1348828aafe66dd8ff48b
[INFO] running `Command { std: "docker" "create" "-v" "/var/lib/crater-agent-workspace/builds/worker-4-tc1/target:/opt/rustwide/target:rw,Z" "-v" "/var/lib/crater-agent-workspace/builds/worker-4-tc1/source:/opt/rustwide/workdir:ro,Z" "-v" "/var/lib/crater-agent-workspace/cargo-home:/opt/rustwide/cargo-home:ro,Z" "-v" "/var/lib/crater-agent-workspace/rustup-home:/opt/rustwide/rustup-home:ro,Z" "-e" "SOURCE_DIR=/opt/rustwide/workdir" "-e" "CARGO_TARGET_DIR=/opt/rustwide/target" "-e" "CARGO_INCREMENTAL=0" "-e" "RUST_BACKTRACE=full" "-e" "RUSTFLAGS=--cap-lints=warn" "-e" "RUSTDOCFLAGS=--cap-lints=warn" "-e" "CARGO_HOME=/opt/rustwide/cargo-home" "-e" "RUSTUP_HOME=/opt/rustwide/rustup-home" "-w" "/opt/rustwide/workdir" "-m" "1610612736" "--user" "0:0" "--network" "none" "ghcr.io/rust-lang/crates-build-env/linux@sha256:2788e3201cd34a07e3172128adcd8b3090168a8e3bcc40d7c032b9dda1df7d1c" "/opt/rustwide/cargo-home/bin/cargo" "+1.75.0" "build" "--frozen" "--message-format=json", kill_on_drop: false }`
[INFO] [stdout] 85dc39a0fef357369155f152c8e39405ae5ce7079f65581da001eb77877fb207
[INFO] running `Command { std: "docker" "start" "-a" "85dc39a0fef357369155f152c8e39405ae5ce7079f65581da001eb77877fb207", kill_on_drop: false }`
[INFO] [stderr]    Compiling command-builder v0.2.0 (/opt/rustwide/workdir)
[INFO] [stdout] warning: fields `on` and `keys` are never read
[INFO] [stdout]    --> src/lib.rs:179:5
[INFO] [stdout]     |
[INFO] [stdout] 174 | pub struct ExceptEnvs<C, I>
[INFO] [stdout]     |            ---------- fields in this struct
[INFO] [stdout] ...
[INFO] [stdout] 179 |     on: C,
[INFO] [stdout]     |     ^^
[INFO] [stdout] 180 |     keys: I,
[INFO] [stdout]     |     ^^^^
[INFO] [stdout]     |
[INFO] [stdout]     = note: `ExceptEnvs` has a derived impl for the trait `Clone`, but this is intentionally ignored during dead code analysis
[INFO] [stdout]     = note: `#[warn(dead_code)]` on by default
[INFO] [stdout] 
[INFO] [stdout] 
[INFO] [stdout] warning: 1 warning emitted
[INFO] [stdout] 
[INFO] [stdout] 
[INFO] [stderr]     Finished dev [unoptimized + debuginfo] target(s) in 0.18s
[INFO] running `Command { std: "docker" "inspect" "85dc39a0fef357369155f152c8e39405ae5ce7079f65581da001eb77877fb207", kill_on_drop: false }`
[INFO] running `Command { std: "docker" "rm" "-f" "85dc39a0fef357369155f152c8e39405ae5ce7079f65581da001eb77877fb207", kill_on_drop: false }`
[INFO] [stdout] 85dc39a0fef357369155f152c8e39405ae5ce7079f65581da001eb77877fb207
[INFO] running `Command { std: "docker" "create" "-v" "/var/lib/crater-agent-workspace/builds/worker-4-tc1/target:/opt/rustwide/target:rw,Z" "-v" "/var/lib/crater-agent-workspace/builds/worker-4-tc1/source:/opt/rustwide/workdir:ro,Z" "-v" "/var/lib/crater-agent-workspace/cargo-home:/opt/rustwide/cargo-home:ro,Z" "-v" "/var/lib/crater-agent-workspace/rustup-home:/opt/rustwide/rustup-home:ro,Z" "-e" "SOURCE_DIR=/opt/rustwide/workdir" "-e" "CARGO_TARGET_DIR=/opt/rustwide/target" "-e" "CARGO_INCREMENTAL=0" "-e" "RUST_BACKTRACE=full" "-e" "RUSTFLAGS=--cap-lints=warn" "-e" "RUSTDOCFLAGS=--cap-lints=warn" "-e" "CARGO_HOME=/opt/rustwide/cargo-home" "-e" "RUSTUP_HOME=/opt/rustwide/rustup-home" "-w" "/opt/rustwide/workdir" "-m" "1610612736" "--user" "0:0" "--network" "none" "ghcr.io/rust-lang/crates-build-env/linux@sha256:2788e3201cd34a07e3172128adcd8b3090168a8e3bcc40d7c032b9dda1df7d1c" "/opt/rustwide/cargo-home/bin/cargo" "+1.75.0" "test" "--frozen" "--no-run" "--message-format=json", kill_on_drop: false }`
[INFO] [stdout] 0bafb45184057fdc029c45371e719fb637fb91aff8519ac77bc04afb77ed3784
[INFO] running `Command { std: "docker" "start" "-a" "0bafb45184057fdc029c45371e719fb637fb91aff8519ac77bc04afb77ed3784", kill_on_drop: false }`
[INFO] [stdout] warning: fields `on` and `keys` are never read
[INFO] [stdout]    --> src/lib.rs:179:5
[INFO] [stdout]     |
[INFO] [stdout] 174 | pub struct ExceptEnvs<C, I>
[INFO] [stdout]     |            ---------- fields in this struct
[INFO] [stdout] ...
[INFO] [stdout] 179 |     on: C,
[INFO] [stdout]     |     ^^
[INFO] [stdout] 180 |     keys: I,
[INFO] [stdout]     |     ^^^^
[INFO] [stdout]     |
[INFO] [stdout]     = note: `ExceptEnvs` has a derived impl for the trait `Clone`, but this is intentionally ignored during dead code analysis
[INFO] [stdout]     = note: `#[warn(dead_code)]` on by default
[INFO] [stdout] 
[INFO] [stdout] 
[INFO] [stderr]    Compiling command-builder v0.2.0 (/opt/rustwide/workdir)
[INFO] [stdout] warning: 1 warning emitted
[INFO] [stdout] 
[INFO] [stdout] 
[INFO] [stdout] error[E0599]: no method named `a` found for struct `Single` in the current scope
[INFO] [stdout]    --> src/lib.rs:8:14
[INFO] [stdout]     |
[INFO] [stdout] 7   |           let command = Single::new("echo")
[INFO] [stdout]     |  _______________________-
[INFO] [stdout] 8   | |             .a("foo\nbar\nbaz")
[INFO] [stdout]     | |             -^ method not found in `Single`
[INFO] [stdout]     | |_____________|
[INFO] [stdout]     | 
[INFO] [stdout] ...
[INFO] [stdout] 453 |   pub struct Single(Vec<String>);
[INFO] [stdout]     |   ----------------- method `a` not found for this struct
[INFO] [stdout] 
[INFO] [stdout] 
[INFO] [stdout] error[E0599]: no method named `a` found for struct `Single` in the current scope
[INFO] [stdout]    --> src/lib.rs:9:39
[INFO] [stdout]     |
[INFO] [stdout] 9   |             .pipe(Single::new("grep").a("bar"));
[INFO] [stdout]     |                                       ^ method not found in `Single`
[INFO] [stdout] ...
[INFO] [stdout] 453 | pub struct Single(Vec<String>);
[INFO] [stdout]     | ----------------- method `a` not found for this struct
[INFO] [stdout] 
[INFO] [stdout] 
[INFO] [stdout] error: aborting due to 2 previous errors
[INFO] [stdout] 
[INFO] [stdout] 
[INFO] [stdout] For more information about this error, try `rustc --explain E0599`.
[INFO] [stdout] 
[INFO] [stderr] error: could not compile `command-builder` (lib test) due to 3 previous errors
[INFO] running `Command { std: "docker" "inspect" "0bafb45184057fdc029c45371e719fb637fb91aff8519ac77bc04afb77ed3784", kill_on_drop: false }`
[INFO] running `Command { std: "docker" "rm" "-f" "0bafb45184057fdc029c45371e719fb637fb91aff8519ac77bc04afb77ed3784", kill_on_drop: false }`
[INFO] [stdout] 0bafb45184057fdc029c45371e719fb637fb91aff8519ac77bc04afb77ed3784
[INFO] testing command-builder-0.2.0 against beta-2023-12-22 for beta-1.76-1
[INFO] extracting crate command-builder 0.2.0 into /workspace/builds/worker-4-tc2/source
[INFO] validating manifest of crates.io crate command-builder 0.2.0 on toolchain beta-2023-12-22
[INFO] running `Command { std: CARGO_HOME="/workspace/cargo-home" RUSTUP_HOME="/workspace/rustup-home" "/workspace/cargo-home/bin/cargo" "+beta-2023-12-22" "metadata" "--manifest-path" "Cargo.toml" "--no-deps", kill_on_drop: false }`
[INFO] started tweaking crates.io crate command-builder 0.2.0
[INFO] finished tweaking crates.io crate command-builder 0.2.0
[INFO] tweaked toml for crates.io crate command-builder 0.2.0 written to /workspace/builds/worker-4-tc2/source/Cargo.toml
[INFO] running `Command { std: CARGO_HOME="/workspace/cargo-home" RUSTUP_HOME="/workspace/rustup-home" "/workspace/cargo-home/bin/cargo" "+beta-2023-12-22" "generate-lockfile" "--manifest-path" "Cargo.toml", kill_on_drop: false }`
[INFO] running `Command { std: CARGO_HOME="/workspace/cargo-home" RUSTUP_HOME="/workspace/rustup-home" "/workspace/cargo-home/bin/cargo" "+beta-2023-12-22" "fetch" "--manifest-path" "Cargo.toml", kill_on_drop: false }`
[INFO] running `Command { std: "docker" "create" "-v" "/var/lib/crater-agent-workspace/builds/worker-4-tc2/target:/opt/rustwide/target:rw,Z" "-v" "/var/lib/crater-agent-workspace/builds/worker-4-tc2/source:/opt/rustwide/workdir:ro,Z" "-v" "/var/lib/crater-agent-workspace/cargo-home:/opt/rustwide/cargo-home:ro,Z" "-v" "/var/lib/crater-agent-workspace/rustup-home:/opt/rustwide/rustup-home:ro,Z" "-e" "SOURCE_DIR=/opt/rustwide/workdir" "-e" "CARGO_TARGET_DIR=/opt/rustwide/target" "-e" "CARGO_HOME=/opt/rustwide/cargo-home" "-e" "RUSTUP_HOME=/opt/rustwide/rustup-home" "-w" "/opt/rustwide/workdir" "-m" "1610612736" "--user" "0:0" "--network" "none" "ghcr.io/rust-lang/crates-build-env/linux@sha256:2788e3201cd34a07e3172128adcd8b3090168a8e3bcc40d7c032b9dda1df7d1c" "/opt/rustwide/cargo-home/bin/cargo" "+beta-2023-12-22" "metadata" "--no-deps" "--format-version=1", kill_on_drop: false }`
[INFO] [stdout] 70e65368326da000cc59b0a20173d05e032a20c3631b7e85352e96c0cbf2e610
[INFO] running `Command { std: "docker" "start" "-a" "70e65368326da000cc59b0a20173d05e032a20c3631b7e85352e96c0cbf2e610", kill_on_drop: false }`
[INFO] running `Command { std: "docker" "inspect" "70e65368326da000cc59b0a20173d05e032a20c3631b7e85352e96c0cbf2e610", kill_on_drop: false }`
[INFO] running `Command { std: "docker" "rm" "-f" "70e65368326da000cc59b0a20173d05e032a20c3631b7e85352e96c0cbf2e610", kill_on_drop: false }`
[INFO] [stdout] 70e65368326da000cc59b0a20173d05e032a20c3631b7e85352e96c0cbf2e610
[INFO] running `Command { std: "docker" "create" "-v" "/var/lib/crater-agent-workspace/builds/worker-4-tc2/target:/opt/rustwide/target:rw,Z" "-v" "/var/lib/crater-agent-workspace/builds/worker-4-tc2/source:/opt/rustwide/workdir:ro,Z" "-v" "/var/lib/crater-agent-workspace/cargo-home:/opt/rustwide/cargo-home:ro,Z" "-v" "/var/lib/crater-agent-workspace/rustup-home:/opt/rustwide/rustup-home:ro,Z" "-e" "SOURCE_DIR=/opt/rustwide/workdir" "-e" "CARGO_TARGET_DIR=/opt/rustwide/target" "-e" "CARGO_INCREMENTAL=0" "-e" "RUST_BACKTRACE=full" "-e" "RUSTFLAGS=--cap-lints=warn" "-e" "RUSTDOCFLAGS=--cap-lints=warn" "-e" "CARGO_HOME=/opt/rustwide/cargo-home" "-e" "RUSTUP_HOME=/opt/rustwide/rustup-home" "-w" "/opt/rustwide/workdir" "-m" "1610612736" "--user" "0:0" "--network" "none" "ghcr.io/rust-lang/crates-build-env/linux@sha256:2788e3201cd34a07e3172128adcd8b3090168a8e3bcc40d7c032b9dda1df7d1c" "/opt/rustwide/cargo-home/bin/cargo" "+beta-2023-12-22" "build" "--frozen" "--message-format=json", kill_on_drop: false }`
[INFO] [stdout] 5db705630791bee365153f07d18387e65e3ce08cea906cf421c5b0d1882c4779
[INFO] running `Command { std: "docker" "start" "-a" "5db705630791bee365153f07d18387e65e3ce08cea906cf421c5b0d1882c4779", kill_on_drop: false }`
[INFO] [stderr]    Compiling command-builder v0.2.0 (/opt/rustwide/workdir)
[INFO] [stdout] warning: fields `on` and `keys` are never read
[INFO] [stdout]    --> src/lib.rs:179:5
[INFO] [stdout]     |
[INFO] [stdout] 174 | pub struct ExceptEnvs<C, I>
[INFO] [stdout]     |            ---------- fields in this struct
[INFO] [stdout] ...
[INFO] [stdout] 179 |     on: C,
[INFO] [stdout]     |     ^^
[INFO] [stdout] 180 |     keys: I,
[INFO] [stdout]     |     ^^^^
[INFO] [stdout]     |
[INFO] [stdout]     = note: `ExceptEnvs` has a derived impl for the trait `Clone`, but this is intentionally ignored during dead code analysis
[INFO] [stdout]     = note: `#[warn(dead_code)]` on by default
[INFO] [stdout] 
[INFO] [stdout] 
[INFO] [stdout] warning: 1 warning emitted
[INFO] [stdout] 
[INFO] [stdout] 
[INFO] [stderr]     Finished dev [unoptimized + debuginfo] target(s) in 0.17s
[INFO] running `Command { std: "docker" "inspect" "5db705630791bee365153f07d18387e65e3ce08cea906cf421c5b0d1882c4779", kill_on_drop: false }`
[INFO] running `Command { std: "docker" "rm" "-f" "5db705630791bee365153f07d18387e65e3ce08cea906cf421c5b0d1882c4779", kill_on_drop: false }`
[INFO] [stdout] 5db705630791bee365153f07d18387e65e3ce08cea906cf421c5b0d1882c4779
[INFO] running `Command { std: "docker" "create" "-v" "/var/lib/crater-agent-workspace/builds/worker-4-tc2/target:/opt/rustwide/target:rw,Z" "-v" "/var/lib/crater-agent-workspace/builds/worker-4-tc2/source:/opt/rustwide/workdir:ro,Z" "-v" "/var/lib/crater-agent-workspace/cargo-home:/opt/rustwide/cargo-home:ro,Z" "-v" "/var/lib/crater-agent-workspace/rustup-home:/opt/rustwide/rustup-home:ro,Z" "-e" "SOURCE_DIR=/opt/rustwide/workdir" "-e" "CARGO_TARGET_DIR=/opt/rustwide/target" "-e" "CARGO_INCREMENTAL=0" "-e" "RUST_BACKTRACE=full" "-e" "RUSTFLAGS=--cap-lints=warn" "-e" "RUSTDOCFLAGS=--cap-lints=warn" "-e" "CARGO_HOME=/opt/rustwide/cargo-home" "-e" "RUSTUP_HOME=/opt/rustwide/rustup-home" "-w" "/opt/rustwide/workdir" "-m" "1610612736" "--user" "0:0" "--network" "none" "ghcr.io/rust-lang/crates-build-env/linux@sha256:2788e3201cd34a07e3172128adcd8b3090168a8e3bcc40d7c032b9dda1df7d1c" "/opt/rustwide/cargo-home/bin/cargo" "+beta-2023-12-22" "test" "--frozen" "--no-run" "--message-format=json", kill_on_drop: false }`
[INFO] [stdout] c17fd6479f2e7c322d286a540c217c4cce43b6715e7b88904f53659b18112686
[INFO] running `Command { std: "docker" "start" "-a" "c17fd6479f2e7c322d286a540c217c4cce43b6715e7b88904f53659b18112686", kill_on_drop: false }`
[INFO] [stdout] warning: fields `on` and `keys` are never read
[INFO] [stdout]    --> src/lib.rs:179:5
[INFO] [stdout]     |
[INFO] [stdout] 174 | pub struct ExceptEnvs<C, I>
[INFO] [stdout]     |            ---------- fields in this struct
[INFO] [stdout] ...
[INFO] [stdout] 179 |     on: C,
[INFO] [stdout]     |     ^^
[INFO] [stdout] 180 |     keys: I,
[INFO] [stdout]     |     ^^^^
[INFO] [stdout]     |
[INFO] [stdout]     = note: `ExceptEnvs` has a derived impl for the trait `Clone`, but this is intentionally ignored during dead code analysis
[INFO] [stdout]     = note: `#[warn(dead_code)]` on by default
[INFO] [stdout] 
[INFO] [stdout] 
[INFO] [stderr]    Compiling command-builder v0.2.0 (/opt/rustwide/workdir)
[INFO] [stdout] warning: 1 warning emitted
[INFO] [stdout] 
[INFO] [stdout] 
[INFO] [stdout] error[E0599]: no method named `a` found for struct `Single` in the current scope
[INFO] [stdout]    --> src/lib.rs:8:14
[INFO] [stdout]     |
[INFO] [stdout] 7   |           let command = Single::new("echo")
[INFO] [stdout]     |  _______________________-
[INFO] [stdout] 8   | |             .a("foo\nbar\nbaz")
[INFO] [stdout]     | |             -^ method not found in `Single`
[INFO] [stdout]     | |_____________|
[INFO] [stdout]     | 
[INFO] [stdout] ...
[INFO] [stdout] 453 |   pub struct Single(Vec<String>);
[INFO] [stdout]     |   ----------------- method `a` not found for this struct
[INFO] [stdout] 
[INFO] [stdout] 
[INFO] [stdout] error[E0599]: no method named `a` found for struct `Single` in the current scope
[INFO] [stdout]    --> src/lib.rs:9:39
[INFO] [stdout]     |
[INFO] [stdout] 9   |             .pipe(Single::new("grep").a("bar"));
[INFO] [stdout]     |                                       ^ method not found in `Single`
[INFO] [stdout] ...
[INFO] [stdout] 453 | pub struct Single(Vec<String>);
[INFO] [stdout]     | ----------------- method `a` not found for this struct
[INFO] [stdout] 
[INFO] [stdout] 
[INFO] [stdout] error: aborting due to 2 previous errors
[INFO] [stdout] 
[INFO] [stdout] 
[INFO] [stdout] For more information about this error, try `rustc --explain E0599`.
[INFO] [stdout] 
[INFO] [stderr] error: could not compile `command-builder` (lib test) due to 3 previous errors
[INFO] running `Command { std: "docker" "inspect" "c17fd6479f2e7c322d286a540c217c4cce43b6715e7b88904f53659b18112686", kill_on_drop: false }`
[INFO] running `Command { std: "docker" "rm" "-f" "c17fd6479f2e7c322d286a540c217c4cce43b6715e7b88904f53659b18112686", kill_on_drop: false }`
[INFO] [stdout] c17fd6479f2e7c322d286a540c217c4cce43b6715e7b88904f53659b18112686
