[INFO] fetching crate comfy-color-backtrace 0.6.0...
[INFO] testing comfy-color-backtrace-0.6.0 against 1.75.0 for beta-1.76-1
[INFO] extracting crate comfy-color-backtrace 0.6.0 into /workspace/builds/worker-0-tc1/source
[INFO] validating manifest of crates.io crate comfy-color-backtrace 0.6.0 on toolchain 1.75.0
[INFO] running `Command { std: CARGO_HOME="/workspace/cargo-home" RUSTUP_HOME="/workspace/rustup-home" "/workspace/cargo-home/bin/cargo" "+1.75.0" "metadata" "--manifest-path" "Cargo.toml" "--no-deps", kill_on_drop: false }`
[INFO] started tweaking crates.io crate comfy-color-backtrace 0.6.0
[INFO] finished tweaking crates.io crate comfy-color-backtrace 0.6.0
[INFO] tweaked toml for crates.io crate comfy-color-backtrace 0.6.0 written to /workspace/builds/worker-0-tc1/source/Cargo.toml
[INFO] crate crates.io crate comfy-color-backtrace 0.6.0 already has a lockfile, it will not be regenerated
[INFO] running `Command { std: CARGO_HOME="/workspace/cargo-home" RUSTUP_HOME="/workspace/rustup-home" "/workspace/cargo-home/bin/cargo" "+1.75.0" "fetch" "--manifest-path" "Cargo.toml", kill_on_drop: false }`
[INFO] [stderr]  Downloading crates ...
[INFO] [stderr]   Downloaded regex-syntax v0.7.2
[INFO] [stderr]   Downloaded regex v1.8.3
[INFO] [stderr]   Downloaded libc v0.2.145
[INFO] running `Command { std: "docker" "create" "-v" "/var/lib/crater-agent-workspace/builds/worker-0-tc1/target:/opt/rustwide/target:rw,Z" "-v" "/var/lib/crater-agent-workspace/builds/worker-0-tc1/source:/opt/rustwide/workdir:ro,Z" "-v" "/var/lib/crater-agent-workspace/cargo-home:/opt/rustwide/cargo-home:ro,Z" "-v" "/var/lib/crater-agent-workspace/rustup-home:/opt/rustwide/rustup-home:ro,Z" "-e" "SOURCE_DIR=/opt/rustwide/workdir" "-e" "CARGO_TARGET_DIR=/opt/rustwide/target" "-e" "CARGO_HOME=/opt/rustwide/cargo-home" "-e" "RUSTUP_HOME=/opt/rustwide/rustup-home" "-w" "/opt/rustwide/workdir" "-m" "1610612736" "--user" "0:0" "--network" "none" "ghcr.io/rust-lang/crates-build-env/linux@sha256:2788e3201cd34a07e3172128adcd8b3090168a8e3bcc40d7c032b9dda1df7d1c" "/opt/rustwide/cargo-home/bin/cargo" "+1.75.0" "metadata" "--no-deps" "--format-version=1", kill_on_drop: false }`
[INFO] [stdout] c82d27484a7c4c0342e44f8f7d5f51d72759e41d960ab14f17f5fc3a0136cbe2
[INFO] running `Command { std: "docker" "start" "-a" "c82d27484a7c4c0342e44f8f7d5f51d72759e41d960ab14f17f5fc3a0136cbe2", kill_on_drop: false }`
[INFO] running `Command { std: "docker" "inspect" "c82d27484a7c4c0342e44f8f7d5f51d72759e41d960ab14f17f5fc3a0136cbe2", kill_on_drop: false }`
[INFO] running `Command { std: "docker" "rm" "-f" "c82d27484a7c4c0342e44f8f7d5f51d72759e41d960ab14f17f5fc3a0136cbe2", kill_on_drop: false }`
[INFO] [stdout] c82d27484a7c4c0342e44f8f7d5f51d72759e41d960ab14f17f5fc3a0136cbe2
[INFO] running `Command { std: "docker" "create" "-v" "/var/lib/crater-agent-workspace/builds/worker-0-tc1/target:/opt/rustwide/target:rw,Z" "-v" "/var/lib/crater-agent-workspace/builds/worker-0-tc1/source:/opt/rustwide/workdir:ro,Z" "-v" "/var/lib/crater-agent-workspace/cargo-home:/opt/rustwide/cargo-home:ro,Z" "-v" "/var/lib/crater-agent-workspace/rustup-home:/opt/rustwide/rustup-home:ro,Z" "-e" "SOURCE_DIR=/opt/rustwide/workdir" "-e" "CARGO_TARGET_DIR=/opt/rustwide/target" "-e" "CARGO_INCREMENTAL=0" "-e" "RUST_BACKTRACE=full" "-e" "RUSTFLAGS=--cap-lints=warn" "-e" "RUSTDOCFLAGS=--cap-lints=warn" "-e" "CARGO_HOME=/opt/rustwide/cargo-home" "-e" "RUSTUP_HOME=/opt/rustwide/rustup-home" "-w" "/opt/rustwide/workdir" "-m" "1610612736" "--user" "0:0" "--network" "none" "ghcr.io/rust-lang/crates-build-env/linux@sha256:2788e3201cd34a07e3172128adcd8b3090168a8e3bcc40d7c032b9dda1df7d1c" "/opt/rustwide/cargo-home/bin/cargo" "+1.75.0" "build" "--frozen" "--message-format=json", kill_on_drop: false }`
[INFO] [stdout] a12556eb6e2e7fe07eac0e71c912cdf20042392c3fd8a4f4e458db0e6588fa34
[INFO] running `Command { std: "docker" "start" "-a" "a12556eb6e2e7fe07eac0e71c912cdf20042392c3fd8a4f4e458db0e6588fa34", kill_on_drop: false }`
[INFO] [stderr]    Compiling memchr v2.5.0
[INFO] [stderr]    Compiling libc v0.2.145
[INFO] [stderr]    Compiling cc v1.0.79
[INFO] [stderr]    Compiling gimli v0.27.2
[INFO] [stderr]    Compiling rustc-demangle v0.1.23
[INFO] [stderr]    Compiling termcolor v1.2.0
[INFO] [stderr]    Compiling miniz_oxide v0.6.2
[INFO] [stderr]    Compiling backtrace v0.3.67
[INFO] [stderr]    Compiling atty v0.2.14
[INFO] [stderr]    Compiling object v0.30.3
[INFO] [stderr]    Compiling addr2line v0.19.0
[INFO] [stderr]    Compiling comfy-color-backtrace v0.6.0 (/opt/rustwide/workdir)
[INFO] [stderr]     Finished dev [unoptimized + debuginfo] target(s) in 3.81s
[INFO] running `Command { std: "docker" "inspect" "a12556eb6e2e7fe07eac0e71c912cdf20042392c3fd8a4f4e458db0e6588fa34", kill_on_drop: false }`
[INFO] running `Command { std: "docker" "rm" "-f" "a12556eb6e2e7fe07eac0e71c912cdf20042392c3fd8a4f4e458db0e6588fa34", kill_on_drop: false }`
[INFO] [stdout] a12556eb6e2e7fe07eac0e71c912cdf20042392c3fd8a4f4e458db0e6588fa34
[INFO] running `Command { std: "docker" "create" "-v" "/var/lib/crater-agent-workspace/builds/worker-0-tc1/target:/opt/rustwide/target:rw,Z" "-v" "/var/lib/crater-agent-workspace/builds/worker-0-tc1/source:/opt/rustwide/workdir:ro,Z" "-v" "/var/lib/crater-agent-workspace/cargo-home:/opt/rustwide/cargo-home:ro,Z" "-v" "/var/lib/crater-agent-workspace/rustup-home:/opt/rustwide/rustup-home:ro,Z" "-e" "SOURCE_DIR=/opt/rustwide/workdir" "-e" "CARGO_TARGET_DIR=/opt/rustwide/target" "-e" "CARGO_INCREMENTAL=0" "-e" "RUST_BACKTRACE=full" "-e" "RUSTFLAGS=--cap-lints=warn" "-e" "RUSTDOCFLAGS=--cap-lints=warn" "-e" "CARGO_HOME=/opt/rustwide/cargo-home" "-e" "RUSTUP_HOME=/opt/rustwide/rustup-home" "-w" "/opt/rustwide/workdir" "-m" "1610612736" "--user" "0:0" "--network" "none" "ghcr.io/rust-lang/crates-build-env/linux@sha256:2788e3201cd34a07e3172128adcd8b3090168a8e3bcc40d7c032b9dda1df7d1c" "/opt/rustwide/cargo-home/bin/cargo" "+1.75.0" "test" "--frozen" "--no-run" "--message-format=json", kill_on_drop: false }`
[INFO] [stdout] 3f6ee6d209a452e0e7fe8f38f76b3d730d310c9604e71fee84fa67124bacd16a
[INFO] running `Command { std: "docker" "start" "-a" "3f6ee6d209a452e0e7fe8f38f76b3d730d310c9604e71fee84fa67124bacd16a", kill_on_drop: false }`
[INFO] [stderr]    Compiling comfy-color-backtrace v0.6.0 (/opt/rustwide/workdir)
[INFO] [stdout] error[E0433]: failed to resolve: use of undeclared crate or module `color_backtrace`
[INFO] [stdout]   --> examples/force_color.rs:22:9
[INFO] [stdout]    |
[INFO] [stdout] 22 |     use color_backtrace::{termcolor::StandardStream, BacktracePrinter};
[INFO] [stdout]    |         ^^^^^^^^^^^^^^^ use of undeclared crate or module `color_backtrace`
[INFO] [stdout] 
[INFO] [stdout] 
[INFO] [stdout] error[E0432]: unresolved import `color_backtrace`
[INFO] [stdout]   --> examples/force_color.rs:22:9
[INFO] [stdout]    |
[INFO] [stdout] 22 |     use color_backtrace::{termcolor::StandardStream, BacktracePrinter};
[INFO] [stdout]    |         ^^^^^^^^^^^^^^^ use of undeclared crate or module `color_backtrace`
[INFO] [stdout] 
[INFO] [stdout] 
[INFO] [stdout] error[E0432]: unresolved import `color_backtrace`
[INFO] [stdout]  --> examples/custom_message.rs:1:5
[INFO] [stdout]   |
[INFO] [stdout] 1 | use color_backtrace::{default_output_stream, BacktracePrinter};
[INFO] [stdout]   |     ^^^^^^^^^^^^^^^ use of undeclared crate or module `color_backtrace`
[INFO] [stdout] 
[INFO] [stdout] 
[INFO] [stdout] error[E0432]: unresolved import `color_backtrace`
[INFO] [stdout]  --> examples/fmt_to_string.rs:1:5
[INFO] [stdout]   |
[INFO] [stdout] 1 | use color_backtrace::BacktracePrinter;
[INFO] [stdout]   |     ^^^^^^^^^^^^^^^ use of undeclared crate or module `color_backtrace`
[INFO] [stdout] 
[INFO] [stdout] 
[INFO] [stdout] error[E0433]: failed to resolve: use of undeclared crate or module `color_backtrace`
[INFO] [stdout]   --> examples/unwrap_result.rs:18:5
[INFO] [stdout]    |
[INFO] [stdout] 18 |     color_backtrace::install();
[INFO] [stdout]    |     ^^^^^^^^^^^^^^^ use of undeclared crate or module `color_backtrace`
[INFO] [stdout] 
[INFO] [stdout] 
[INFO] [stdout] error[E0433]: failed to resolve: use of undeclared crate or module `color_backtrace`
[INFO] [stdout]   --> examples/panic_macro.rs:11:5
[INFO] [stdout]    |
[INFO] [stdout] 11 |     color_backtrace::install();
[INFO] [stdout]    |     ^^^^^^^^^^^^^^^ use of undeclared crate or module `color_backtrace`
[INFO] [stdout] 
[INFO] [stdout] 
[INFO] [stdout] error[E0433]: failed to resolve: use of undeclared crate or module `color_backtrace`
[INFO] [stdout]  --> examples/assert_failed.rs:2:5
[INFO] [stdout]   |
[INFO] [stdout] 2 |     color_backtrace::install();
[INFO] [stdout]   |     ^^^^^^^^^^^^^^^ use of undeclared crate or module `color_backtrace`
[INFO] [stdout] 
[INFO] [stdout] 
[INFO] [stdout] error: aborting due to previous error
[INFO] [stdout] 
[INFO] [stdout] 
[INFO] [stdout] For more information about this error, try `rustc --explain E0433`.
[INFO] [stdout] 
[INFO] [stdout] error: aborting due to previous error
[INFO] [stdout] 
[INFO] [stdout] 
[INFO] [stdout] For more information about this error, try `rustc --explain E0433`.
[INFO] [stdout] 
[INFO] [stderr] error: could not compile `comfy-color-backtrace` (example "panic_macro") due to 2 previous errors
[INFO] [stderr] warning: build failed, waiting for other jobs to finish...
[INFO] [stderr] error: could not compile `comfy-color-backtrace` (example "unwrap_result") due to 2 previous errors
[INFO] [stdout] error: aborting due to 2 previous errors
[INFO] [stdout] 
[INFO] [stdout] 
[INFO] [stdout] error: aborting due to previous error
[INFO] [stdout] 
[INFO] [stdout] 
[INFO] [stdout] Some errors have detailed explanations: E0432, E0433.
[INFO] [stdout] 
[INFO] [stdout] For more information about an error, try `rustc --explain E0432`.
[INFO] [stdout] 
[INFO] [stdout] For more information about this error, try `rustc --explain E0432`.
[INFO] [stdout] 
[INFO] [stderr] error: could not compile `comfy-color-backtrace` (example "force_color") due to 3 previous errors
[INFO] [stderr] error: could not compile `comfy-color-backtrace` (example "fmt_to_string") due to 2 previous errors
[INFO] [stdout] error: aborting due to previous error
[INFO] [stdout] 
[INFO] [stdout] 
[INFO] [stdout] For more information about this error, try `rustc --explain E0432`.
[INFO] [stdout] 
[INFO] [stdout] error: aborting due to previous error
[INFO] [stdout] 
[INFO] [stdout] 
[INFO] [stdout] For more information about this error, try `rustc --explain E0433`.
[INFO] [stdout] 
[INFO] [stderr] error: could not compile `comfy-color-backtrace` (example "assert_failed") due to 2 previous errors
[INFO] [stderr] error: could not compile `comfy-color-backtrace` (example "custom_message") due to 2 previous errors
[INFO] running `Command { std: "docker" "inspect" "3f6ee6d209a452e0e7fe8f38f76b3d730d310c9604e71fee84fa67124bacd16a", kill_on_drop: false }`
[INFO] running `Command { std: "docker" "rm" "-f" "3f6ee6d209a452e0e7fe8f38f76b3d730d310c9604e71fee84fa67124bacd16a", kill_on_drop: false }`
[INFO] [stdout] 3f6ee6d209a452e0e7fe8f38f76b3d730d310c9604e71fee84fa67124bacd16a
