[INFO] fetching crate codec_sv2 0.1.4...
[INFO] testing codec_sv2-0.1.4 against 1.75.0 for beta-1.76-1
[INFO] extracting crate codec_sv2 0.1.4 into /workspace/builds/worker-0-tc1/source
[INFO] validating manifest of crates.io crate codec_sv2 0.1.4 on toolchain 1.75.0
[INFO] running `Command { std: CARGO_HOME="/workspace/cargo-home" RUSTUP_HOME="/workspace/rustup-home" "/workspace/cargo-home/bin/cargo" "+1.75.0" "metadata" "--manifest-path" "Cargo.toml" "--no-deps", kill_on_drop: false }`
[INFO] started tweaking crates.io crate codec_sv2 0.1.4
[INFO] finished tweaking crates.io crate codec_sv2 0.1.4
[INFO] tweaked toml for crates.io crate codec_sv2 0.1.4 written to /workspace/builds/worker-0-tc1/source/Cargo.toml
[INFO] running `Command { std: CARGO_HOME="/workspace/cargo-home" RUSTUP_HOME="/workspace/rustup-home" "/workspace/cargo-home/bin/cargo" "+1.75.0" "generate-lockfile" "--manifest-path" "Cargo.toml", kill_on_drop: false }`
[INFO] [stderr]     Updating crates.io index
[INFO] running `Command { std: CARGO_HOME="/workspace/cargo-home" RUSTUP_HOME="/workspace/rustup-home" "/workspace/cargo-home/bin/cargo" "+1.75.0" "fetch" "--manifest-path" "Cargo.toml", kill_on_drop: false }`
[INFO] [stderr]  Downloading crates ...
[INFO] [stderr]   Downloaded binary_sv2 v0.1.5
[INFO] [stderr]   Downloaded buffer_sv2 v0.1.1
[INFO] [stderr]   Downloaded ctr v0.7.0
[INFO] [stderr]   Downloaded poly1305 v0.7.2
[INFO] [stderr]   Downloaded ghash v0.4.4
[INFO] [stderr]   Downloaded chacha20poly1305 v0.8.2
[INFO] [stderr]   Downloaded chacha20 v0.7.3
[INFO] [stderr]   Downloaded x25519-dalek v1.2.0
[INFO] [stderr]   Downloaded aes-gcm v0.9.2
[INFO] [stderr]   Downloaded snow v0.8.0
[INFO] [stderr]   Downloaded serde_sv2 v0.1.1
[INFO] [stderr]   Downloaded binary_codec_sv2 v0.1.3
[INFO] [stderr]   Downloaded derive_codec_sv2 v0.1.3
[INFO] [stderr]   Downloaded noise_sv2 v0.1.1
[INFO] [stderr]   Downloaded framing_sv2 v0.1.4
[INFO] [stderr]   Downloaded const_sv2 v0.1.1
[INFO] running `Command { std: "docker" "create" "-v" "/var/lib/crater-agent-workspace/builds/worker-0-tc1/target:/opt/rustwide/target:rw,Z" "-v" "/var/lib/crater-agent-workspace/builds/worker-0-tc1/source:/opt/rustwide/workdir:ro,Z" "-v" "/var/lib/crater-agent-workspace/cargo-home:/opt/rustwide/cargo-home:ro,Z" "-v" "/var/lib/crater-agent-workspace/rustup-home:/opt/rustwide/rustup-home:ro,Z" "-e" "SOURCE_DIR=/opt/rustwide/workdir" "-e" "CARGO_TARGET_DIR=/opt/rustwide/target" "-e" "CARGO_HOME=/opt/rustwide/cargo-home" "-e" "RUSTUP_HOME=/opt/rustwide/rustup-home" "-w" "/opt/rustwide/workdir" "-m" "1610612736" "--user" "0:0" "--network" "none" "ghcr.io/rust-lang/crates-build-env/linux@sha256:2788e3201cd34a07e3172128adcd8b3090168a8e3bcc40d7c032b9dda1df7d1c" "/opt/rustwide/cargo-home/bin/cargo" "+1.75.0" "metadata" "--no-deps" "--format-version=1", kill_on_drop: false }`
[INFO] [stdout] e3e6e00cd022a49659bdec4bab0a18dce6675d93458575bc433eb4f9957650e7
[INFO] running `Command { std: "docker" "start" "-a" "e3e6e00cd022a49659bdec4bab0a18dce6675d93458575bc433eb4f9957650e7", kill_on_drop: false }`
[INFO] running `Command { std: "docker" "inspect" "e3e6e00cd022a49659bdec4bab0a18dce6675d93458575bc433eb4f9957650e7", kill_on_drop: false }`
[INFO] running `Command { std: "docker" "rm" "-f" "e3e6e00cd022a49659bdec4bab0a18dce6675d93458575bc433eb4f9957650e7", kill_on_drop: false }`
[INFO] [stdout] e3e6e00cd022a49659bdec4bab0a18dce6675d93458575bc433eb4f9957650e7
[INFO] running `Command { std: "docker" "create" "-v" "/var/lib/crater-agent-workspace/builds/worker-0-tc1/target:/opt/rustwide/target:rw,Z" "-v" "/var/lib/crater-agent-workspace/builds/worker-0-tc1/source:/opt/rustwide/workdir:ro,Z" "-v" "/var/lib/crater-agent-workspace/cargo-home:/opt/rustwide/cargo-home:ro,Z" "-v" "/var/lib/crater-agent-workspace/rustup-home:/opt/rustwide/rustup-home:ro,Z" "-e" "SOURCE_DIR=/opt/rustwide/workdir" "-e" "CARGO_TARGET_DIR=/opt/rustwide/target" "-e" "CARGO_INCREMENTAL=0" "-e" "RUST_BACKTRACE=full" "-e" "RUSTFLAGS=--cap-lints=warn" "-e" "RUSTDOCFLAGS=--cap-lints=warn" "-e" "CARGO_HOME=/opt/rustwide/cargo-home" "-e" "RUSTUP_HOME=/opt/rustwide/rustup-home" "-w" "/opt/rustwide/workdir" "-m" "1610612736" "--user" "0:0" "--network" "none" "ghcr.io/rust-lang/crates-build-env/linux@sha256:2788e3201cd34a07e3172128adcd8b3090168a8e3bcc40d7c032b9dda1df7d1c" "/opt/rustwide/cargo-home/bin/cargo" "+1.75.0" "build" "--frozen" "--message-format=json", kill_on_drop: false }`
[INFO] [stdout] 04b29829919ef9f6dc6057e12440e0a3ad7266bd7fc8ceafed76a08b66dc9be9
[INFO] running `Command { std: "docker" "start" "-a" "04b29829919ef9f6dc6057e12440e0a3ad7266bd7fc8ceafed76a08b66dc9be9", kill_on_drop: false }`
[INFO] [stderr]    Compiling binary_codec_sv2 v0.1.3
[INFO] [stderr]    Compiling const_sv2 v0.1.1
[INFO] [stderr]    Compiling tracing-core v0.1.32
[INFO] [stderr]    Compiling syn v2.0.48
[INFO] [stderr]    Compiling derive_codec_sv2 v0.1.3
[INFO] [stderr]    Compiling tracing-attributes v0.1.27
[INFO] [stderr]    Compiling tracing v0.1.40
[INFO] [stderr]    Compiling binary_sv2 v0.1.5
[INFO] [stderr]    Compiling framing_sv2 v0.1.4
[INFO] [stderr]    Compiling codec_sv2 v0.1.4 (/opt/rustwide/workdir)
[INFO] [stdout] error[E0599]: the function or associated item `size_hint` exists for struct `Sv2Frame<T, <B as Buffer>::Slice>`, but its trait bounds were not satisfied
[INFO] [stdout]    --> src/decoder.rs:171:45
[INFO] [stdout]     |
[INFO] [stdout] 171 |         let hint = Sv2Frame::<T, B::Slice>::size_hint(src) as usize;
[INFO] [stdout]     |                                             ^^^^^^^^^ function or associated item cannot be called on `Sv2Frame<T, <B as Buffer>::Slice>` due to unsatisfied trait bounds
[INFO] [stdout]     |
[INFO] [stdout]    ::: /opt/rustwide/cargo-home/registry/src/index.crates.io-6f17d22bba15001f/framing_sv2-0.1.4/src/framing2.rs:68:1
[INFO] [stdout]     |
[INFO] [stdout] 68  | pub struct Sv2Frame<T, B> {
[INFO] [stdout]     | -------------------------
[INFO] [stdout]     | |
[INFO] [stdout]     | doesn't satisfy `Sv2Frame<T, <B as Buffer>::Slice>: Frame<'_, T>`
[INFO] [stdout]     | doesn't satisfy `Sv2Frame<T, <B as Buffer>::Slice>: Iterator`
[INFO] [stdout]     |
[INFO] [stdout]     = note: the following trait bounds were not satisfied:
[INFO] [stdout]             `<B as Buffer>::Slice: AsRef<[u8]>`
[INFO] [stdout]             which is required by `Sv2Frame<T, <B as Buffer>::Slice>: Frame<'_, T>`
[INFO] [stdout]             `Sv2Frame<T, <B as Buffer>::Slice>: Iterator`
[INFO] [stdout]             which is required by `&mut Sv2Frame<T, <B as Buffer>::Slice>: Iterator`
[INFO] [stdout] 
[INFO] [stdout] 
[INFO] [stdout] error[E0599]: the function or associated item `from_bytes_unchecked` exists for struct `Sv2Frame<T, <B as Buffer>::Slice>`, but its trait bounds were not satisfied
[INFO] [stdout]    --> src/decoder.rs:177:54
[INFO] [stdout]     |
[INFO] [stdout] 177 |                 let frame = Sv2Frame::<T, B::Slice>::from_bytes_unchecked(src);
[INFO] [stdout]     |                                                      ^^^^^^^^^^^^^^^^^^^^ function or associated item cannot be called on `Sv2Frame<T, <B as Buffer>::Slice>` due to unsatisfied trait bounds
[INFO] [stdout]     |
[INFO] [stdout]    ::: /opt/rustwide/cargo-home/registry/src/index.crates.io-6f17d22bba15001f/framing_sv2-0.1.4/src/framing2.rs:68:1
[INFO] [stdout]     |
[INFO] [stdout] 68  | pub struct Sv2Frame<T, B> {
[INFO] [stdout]     | ------------------------- doesn't satisfy `Sv2Frame<T, <B as Buffer>::Slice>: Frame<'_, T>`
[INFO] [stdout]     |
[INFO] [stdout]     = note: the following trait bounds were not satisfied:
[INFO] [stdout]             `<B as Buffer>::Slice: AsRef<[u8]>`
[INFO] [stdout]             which is required by `Sv2Frame<T, <B as Buffer>::Slice>: Frame<'_, T>`
[INFO] [stdout] 
[INFO] [stdout] 
[INFO] [stdout] warning: unused import: `Frame`
[INFO] [stdout]  --> src/decoder.rs:7:42
[INFO] [stdout]   |
[INFO] [stdout] 7 | use framing_sv2::framing2::{EitherFrame, Frame as F_, Sv2Frame};
[INFO] [stdout]   |                                          ^^^^^
[INFO] [stdout]   |
[INFO] [stdout]   = note: `#[warn(unused_imports)]` on by default
[INFO] [stdout] 
[INFO] [stdout] 
[INFO] [stdout] error: aborting due to 2 previous errors; 1 warning emitted
[INFO] [stdout] 
[INFO] [stdout] 
[INFO] [stdout] For more information about this error, try `rustc --explain E0599`.
[INFO] [stdout] 
[INFO] [stderr] error: could not compile `codec_sv2` (lib) due to 3 previous errors; 1 warning emitted
[INFO] [stderr] warning: build failed, waiting for other jobs to finish...
[INFO] running `Command { std: "docker" "inspect" "04b29829919ef9f6dc6057e12440e0a3ad7266bd7fc8ceafed76a08b66dc9be9", kill_on_drop: false }`
[INFO] running `Command { std: "docker" "rm" "-f" "04b29829919ef9f6dc6057e12440e0a3ad7266bd7fc8ceafed76a08b66dc9be9", kill_on_drop: false }`
[INFO] [stdout] 04b29829919ef9f6dc6057e12440e0a3ad7266bd7fc8ceafed76a08b66dc9be9
[INFO] testing codec_sv2-0.1.4 against beta-2023-12-22 for beta-1.76-1
[INFO] extracting crate codec_sv2 0.1.4 into /workspace/builds/worker-0-tc2/source
[INFO] validating manifest of crates.io crate codec_sv2 0.1.4 on toolchain beta-2023-12-22
[INFO] running `Command { std: CARGO_HOME="/workspace/cargo-home" RUSTUP_HOME="/workspace/rustup-home" "/workspace/cargo-home/bin/cargo" "+beta-2023-12-22" "metadata" "--manifest-path" "Cargo.toml" "--no-deps", kill_on_drop: false }`
[INFO] started tweaking crates.io crate codec_sv2 0.1.4
[INFO] finished tweaking crates.io crate codec_sv2 0.1.4
[INFO] tweaked toml for crates.io crate codec_sv2 0.1.4 written to /workspace/builds/worker-0-tc2/source/Cargo.toml
[INFO] running `Command { std: CARGO_HOME="/workspace/cargo-home" RUSTUP_HOME="/workspace/rustup-home" "/workspace/cargo-home/bin/cargo" "+beta-2023-12-22" "generate-lockfile" "--manifest-path" "Cargo.toml", kill_on_drop: false }`
[INFO] [stderr]     Updating crates.io index
[INFO] running `Command { std: CARGO_HOME="/workspace/cargo-home" RUSTUP_HOME="/workspace/rustup-home" "/workspace/cargo-home/bin/cargo" "+beta-2023-12-22" "fetch" "--manifest-path" "Cargo.toml", kill_on_drop: false }`
[INFO] [stderr]     Blocking waiting for file lock on package cache
[INFO] running `Command { std: "docker" "create" "-v" "/var/lib/crater-agent-workspace/builds/worker-0-tc2/target:/opt/rustwide/target:rw,Z" "-v" "/var/lib/crater-agent-workspace/builds/worker-0-tc2/source:/opt/rustwide/workdir:ro,Z" "-v" "/var/lib/crater-agent-workspace/cargo-home:/opt/rustwide/cargo-home:ro,Z" "-v" "/var/lib/crater-agent-workspace/rustup-home:/opt/rustwide/rustup-home:ro,Z" "-e" "SOURCE_DIR=/opt/rustwide/workdir" "-e" "CARGO_TARGET_DIR=/opt/rustwide/target" "-e" "CARGO_HOME=/opt/rustwide/cargo-home" "-e" "RUSTUP_HOME=/opt/rustwide/rustup-home" "-w" "/opt/rustwide/workdir" "-m" "1610612736" "--user" "0:0" "--network" "none" "ghcr.io/rust-lang/crates-build-env/linux@sha256:2788e3201cd34a07e3172128adcd8b3090168a8e3bcc40d7c032b9dda1df7d1c" "/opt/rustwide/cargo-home/bin/cargo" "+beta-2023-12-22" "metadata" "--no-deps" "--format-version=1", kill_on_drop: false }`
[INFO] [stdout] ad0f140462d0d077a02443b2cfe0205d3cf58a2bd4557ef52fe457abf45a83d0
[INFO] running `Command { std: "docker" "start" "-a" "ad0f140462d0d077a02443b2cfe0205d3cf58a2bd4557ef52fe457abf45a83d0", kill_on_drop: false }`
[INFO] running `Command { std: "docker" "inspect" "ad0f140462d0d077a02443b2cfe0205d3cf58a2bd4557ef52fe457abf45a83d0", kill_on_drop: false }`
[INFO] running `Command { std: "docker" "rm" "-f" "ad0f140462d0d077a02443b2cfe0205d3cf58a2bd4557ef52fe457abf45a83d0", kill_on_drop: false }`
[INFO] [stdout] ad0f140462d0d077a02443b2cfe0205d3cf58a2bd4557ef52fe457abf45a83d0
[INFO] running `Command { std: "docker" "create" "-v" "/var/lib/crater-agent-workspace/builds/worker-0-tc2/target:/opt/rustwide/target:rw,Z" "-v" "/var/lib/crater-agent-workspace/builds/worker-0-tc2/source:/opt/rustwide/workdir:ro,Z" "-v" "/var/lib/crater-agent-workspace/cargo-home:/opt/rustwide/cargo-home:ro,Z" "-v" "/var/lib/crater-agent-workspace/rustup-home:/opt/rustwide/rustup-home:ro,Z" "-e" "SOURCE_DIR=/opt/rustwide/workdir" "-e" "CARGO_TARGET_DIR=/opt/rustwide/target" "-e" "CARGO_INCREMENTAL=0" "-e" "RUST_BACKTRACE=full" "-e" "RUSTFLAGS=--cap-lints=warn" "-e" "RUSTDOCFLAGS=--cap-lints=warn" "-e" "CARGO_HOME=/opt/rustwide/cargo-home" "-e" "RUSTUP_HOME=/opt/rustwide/rustup-home" "-w" "/opt/rustwide/workdir" "-m" "1610612736" "--user" "0:0" "--network" "none" "ghcr.io/rust-lang/crates-build-env/linux@sha256:2788e3201cd34a07e3172128adcd8b3090168a8e3bcc40d7c032b9dda1df7d1c" "/opt/rustwide/cargo-home/bin/cargo" "+beta-2023-12-22" "build" "--frozen" "--message-format=json", kill_on_drop: false }`
[INFO] [stdout] 297cf195ff35019ab62557ad86bb8e5578712400b62adf0e69c49879592335d4
[INFO] running `Command { std: "docker" "start" "-a" "297cf195ff35019ab62557ad86bb8e5578712400b62adf0e69c49879592335d4", kill_on_drop: false }`
[INFO] [stderr]    Compiling binary_codec_sv2 v0.1.3
[INFO] [stderr]    Compiling const_sv2 v0.1.1
[INFO] [stderr]    Compiling tracing-core v0.1.32
[INFO] [stderr]    Compiling syn v2.0.48
[INFO] [stderr]    Compiling derive_codec_sv2 v0.1.3
[INFO] [stderr]    Compiling tracing-attributes v0.1.27
[INFO] [stderr]    Compiling tracing v0.1.40
[INFO] [stderr]    Compiling binary_sv2 v0.1.5
[INFO] [stderr]    Compiling framing_sv2 v0.1.4
[INFO] [stderr]    Compiling codec_sv2 v0.1.4 (/opt/rustwide/workdir)
[INFO] [stdout] error[E0599]: the function or associated item `size_hint` exists for struct `Sv2Frame<T, <B as Buffer>::Slice>`, but its trait bounds were not satisfied
[INFO] [stdout]    --> src/decoder.rs:171:45
[INFO] [stdout]     |
[INFO] [stdout] 171 |         let hint = Sv2Frame::<T, B::Slice>::size_hint(src) as usize;
[INFO] [stdout]     |                                             ^^^^^^^^^ function or associated item cannot be called on `Sv2Frame<T, <B as Buffer>::Slice>` due to unsatisfied trait bounds
[INFO] [stdout]     |
[INFO] [stdout]    ::: /opt/rustwide/cargo-home/registry/src/index.crates.io-6f17d22bba15001f/framing_sv2-0.1.4/src/framing2.rs:68:1
[INFO] [stdout]     |
[INFO] [stdout] 68  | pub struct Sv2Frame<T, B> {
[INFO] [stdout]     | -------------------------
[INFO] [stdout]     | |
[INFO] [stdout]     | doesn't satisfy `Sv2Frame<T, <B as Buffer>::Slice>: Frame<'_, T>`
[INFO] [stdout]     | doesn't satisfy `Sv2Frame<T, <B as Buffer>::Slice>: Iterator`
[INFO] [stdout]     |
[INFO] [stdout]     = note: the following trait bounds were not satisfied:
[INFO] [stdout]             `<B as Buffer>::Slice: AsRef<[u8]>`
[INFO] [stdout]             which is required by `Sv2Frame<T, <B as Buffer>::Slice>: Frame<'_, T>`
[INFO] [stdout]             `Sv2Frame<T, <B as Buffer>::Slice>: Iterator`
[INFO] [stdout]             which is required by `&mut Sv2Frame<T, <B as Buffer>::Slice>: Iterator`
[INFO] [stdout] 
[INFO] [stdout] 
[INFO] [stdout] error[E0599]: the function or associated item `from_bytes_unchecked` exists for struct `Sv2Frame<T, <B as Buffer>::Slice>`, but its trait bounds were not satisfied
[INFO] [stdout]    --> src/decoder.rs:177:54
[INFO] [stdout]     |
[INFO] [stdout] 177 |                 let frame = Sv2Frame::<T, B::Slice>::from_bytes_unchecked(src);
[INFO] [stdout]     |                                                      ^^^^^^^^^^^^^^^^^^^^ function or associated item cannot be called on `Sv2Frame<T, <B as Buffer>::Slice>` due to unsatisfied trait bounds
[INFO] [stdout]     |
[INFO] [stdout]    ::: /opt/rustwide/cargo-home/registry/src/index.crates.io-6f17d22bba15001f/framing_sv2-0.1.4/src/framing2.rs:68:1
[INFO] [stdout]     |
[INFO] [stdout] 68  | pub struct Sv2Frame<T, B> {
[INFO] [stdout]     | ------------------------- doesn't satisfy `Sv2Frame<T, <B as Buffer>::Slice>: Frame<'_, T>`
[INFO] [stdout]     |
[INFO] [stdout]     = note: the following trait bounds were not satisfied:
[INFO] [stdout]             `<B as Buffer>::Slice: AsRef<[u8]>`
[INFO] [stdout]             which is required by `Sv2Frame<T, <B as Buffer>::Slice>: Frame<'_, T>`
[INFO] [stdout] 
[INFO] [stdout] 
[INFO] [stdout] warning: unused import: `Frame`
[INFO] [stdout]  --> src/decoder.rs:7:42
[INFO] [stdout]   |
[INFO] [stdout] 7 | use framing_sv2::framing2::{EitherFrame, Frame as F_, Sv2Frame};
[INFO] [stdout]   |                                          ^^^^^
[INFO] [stdout]   |
[INFO] [stdout]   = note: `#[warn(unused_imports)]` on by default
[INFO] [stdout] 
[INFO] [stdout] 
[INFO] [stdout] error: aborting due to 2 previous errors; 1 warning emitted
[INFO] [stdout] 
[INFO] [stdout] 
[INFO] [stdout] For more information about this error, try `rustc --explain E0599`.
[INFO] [stdout] 
[INFO] [stderr] error: could not compile `codec_sv2` (lib) due to 3 previous errors; 1 warning emitted
[INFO] running `Command { std: "docker" "inspect" "297cf195ff35019ab62557ad86bb8e5578712400b62adf0e69c49879592335d4", kill_on_drop: false }`
[INFO] running `Command { std: "docker" "rm" "-f" "297cf195ff35019ab62557ad86bb8e5578712400b62adf0e69c49879592335d4", kill_on_drop: false }`
[INFO] [stdout] 297cf195ff35019ab62557ad86bb8e5578712400b62adf0e69c49879592335d4
