[INFO] fetching crate cnocr_rs 0.1.4...
[INFO] testing cnocr_rs-0.1.4 against 1.75.0 for beta-1.76-1
[INFO] extracting crate cnocr_rs 0.1.4 into /workspace/builds/worker-1-tc1/source
[INFO] validating manifest of crates.io crate cnocr_rs 0.1.4 on toolchain 1.75.0
[INFO] running `Command { std: CARGO_HOME="/workspace/cargo-home" RUSTUP_HOME="/workspace/rustup-home" "/workspace/cargo-home/bin/cargo" "+1.75.0" "metadata" "--manifest-path" "Cargo.toml" "--no-deps", kill_on_drop: false }`
[INFO] started tweaking crates.io crate cnocr_rs 0.1.4
[INFO] finished tweaking crates.io crate cnocr_rs 0.1.4
[INFO] tweaked toml for crates.io crate cnocr_rs 0.1.4 written to /workspace/builds/worker-1-tc1/source/Cargo.toml
[INFO] crate crates.io crate cnocr_rs 0.1.4 already has a lockfile, it will not be regenerated
[INFO] running `Command { std: CARGO_HOME="/workspace/cargo-home" RUSTUP_HOME="/workspace/rustup-home" "/workspace/cargo-home/bin/cargo" "+1.75.0" "fetch" "--manifest-path" "Cargo.toml", kill_on_drop: false }`
[INFO] [stderr]  Downloading crates ...
[INFO] [stderr]   Downloaded dunce v1.0.3
[INFO] [stderr]   Downloaded libloading v0.7.3
[INFO] [stderr]   Downloaded opencv-binding-generator v0.48.0
[INFO] [stderr]   Downloaded opencv v0.70.0
[INFO] running `Command { std: "docker" "create" "-v" "/var/lib/crater-agent-workspace/builds/worker-1-tc1/target:/opt/rustwide/target:rw,Z" "-v" "/var/lib/crater-agent-workspace/builds/worker-1-tc1/source:/opt/rustwide/workdir:ro,Z" "-v" "/var/lib/crater-agent-workspace/cargo-home:/opt/rustwide/cargo-home:ro,Z" "-v" "/var/lib/crater-agent-workspace/rustup-home:/opt/rustwide/rustup-home:ro,Z" "-e" "SOURCE_DIR=/opt/rustwide/workdir" "-e" "CARGO_TARGET_DIR=/opt/rustwide/target" "-e" "CARGO_HOME=/opt/rustwide/cargo-home" "-e" "RUSTUP_HOME=/opt/rustwide/rustup-home" "-w" "/opt/rustwide/workdir" "-m" "1610612736" "--user" "0:0" "--network" "none" "ghcr.io/rust-lang/crates-build-env/linux@sha256:2788e3201cd34a07e3172128adcd8b3090168a8e3bcc40d7c032b9dda1df7d1c" "/opt/rustwide/cargo-home/bin/cargo" "+1.75.0" "metadata" "--no-deps" "--format-version=1", kill_on_drop: false }`
[INFO] [stdout] abdf0f6b933100f077123bf260badd587b70d6ab09d9cb079e0dd98ca3ef4876
[INFO] running `Command { std: "docker" "start" "-a" "abdf0f6b933100f077123bf260badd587b70d6ab09d9cb079e0dd98ca3ef4876", kill_on_drop: false }`
[INFO] running `Command { std: "docker" "inspect" "abdf0f6b933100f077123bf260badd587b70d6ab09d9cb079e0dd98ca3ef4876", kill_on_drop: false }`
[INFO] running `Command { std: "docker" "rm" "-f" "abdf0f6b933100f077123bf260badd587b70d6ab09d9cb079e0dd98ca3ef4876", kill_on_drop: false }`
[INFO] [stdout] abdf0f6b933100f077123bf260badd587b70d6ab09d9cb079e0dd98ca3ef4876
[INFO] running `Command { std: "docker" "create" "-v" "/var/lib/crater-agent-workspace/builds/worker-1-tc1/target:/opt/rustwide/target:rw,Z" "-v" "/var/lib/crater-agent-workspace/builds/worker-1-tc1/source:/opt/rustwide/workdir:ro,Z" "-v" "/var/lib/crater-agent-workspace/cargo-home:/opt/rustwide/cargo-home:ro,Z" "-v" "/var/lib/crater-agent-workspace/rustup-home:/opt/rustwide/rustup-home:ro,Z" "-e" "SOURCE_DIR=/opt/rustwide/workdir" "-e" "CARGO_TARGET_DIR=/opt/rustwide/target" "-e" "CARGO_INCREMENTAL=0" "-e" "RUST_BACKTRACE=full" "-e" "RUSTFLAGS=--cap-lints=warn" "-e" "RUSTDOCFLAGS=--cap-lints=warn" "-e" "CARGO_HOME=/opt/rustwide/cargo-home" "-e" "RUSTUP_HOME=/opt/rustwide/rustup-home" "-w" "/opt/rustwide/workdir" "-m" "1610612736" "--user" "0:0" "--network" "none" "ghcr.io/rust-lang/crates-build-env/linux@sha256:2788e3201cd34a07e3172128adcd8b3090168a8e3bcc40d7c032b9dda1df7d1c" "/opt/rustwide/cargo-home/bin/cargo" "+1.75.0" "build" "--frozen" "--message-format=json", kill_on_drop: false }`
[INFO] [stdout] 173cde34838bbfbfe29d86b6e69a061cfacabfc70406bbdd28359972e5cbeff4
[INFO] running `Command { std: "docker" "start" "-a" "173cde34838bbfbfe29d86b6e69a061cfacabfc70406bbdd28359972e5cbeff4", kill_on_drop: false }`
[INFO] [stderr]    Compiling libc v0.2.135
[INFO] [stderr]    Compiling glob v0.3.0
[INFO] [stderr]    Compiling regex-syntax v0.6.27
[INFO] [stderr]    Compiling semver v1.0.14
[INFO] [stderr]    Compiling dunce v1.0.3
[INFO] [stderr]    Compiling once_cell v1.15.0
[INFO] [stderr]    Compiling memchr v2.5.0
[INFO] [stderr]    Compiling libloading v0.7.3
[INFO] [stderr]    Compiling maplit v1.0.2
[INFO] [stderr]    Compiling percent-encoding v2.2.0
[INFO] [stderr]    Compiling num-traits v0.2.15
[INFO] [stderr]    Compiling vcpkg v0.2.15
[INFO] [stderr]    Compiling pkg-config v0.3.25
[INFO] [stderr]    Compiling clang-sys v1.4.0
[INFO] [stderr]    Compiling shlex v1.1.0
[INFO] [stderr]    Compiling aho-corasick v0.7.19
[INFO] [stderr]    Compiling jobserver v0.1.25
[INFO] [stderr]    Compiling cc v1.0.73
[INFO] [stderr]    Compiling cnocr_rs v0.1.4 (/opt/rustwide/workdir)
[INFO] [stderr]    Compiling regex v1.6.0
[INFO] [stderr] The following warnings were emitted during compilation:
[INFO] [stderr] 
[INFO] [stderr] warning: cnocr_rs@0.1.4: cc1plus: warning: src/modle.h: not a directory
[INFO] [stderr] warning: cnocr_rs@0.1.4: In file included from src/modle.cpp:1:
[INFO] [stderr] warning: cnocr_rs@0.1.4: src/modle.h:1:10: fatal error: onnxruntime_cxx_api.h: No such file or directory
[INFO] [stderr] warning: cnocr_rs@0.1.4:     1 | #include <onnxruntime_cxx_api.h>
[INFO] [stderr] warning: cnocr_rs@0.1.4:       |          ^~~~~~~~~~~~~~~~~~~~~~~
[INFO] [stderr] warning: cnocr_rs@0.1.4: compilation terminated.
[INFO] [stderr] 
[INFO] [stderr] error: failed to run custom build command for `cnocr_rs v0.1.4 (/opt/rustwide/workdir)`
[INFO] [stderr] note: To improve backtraces for build dependencies, set the CARGO_PROFILE_DEV_BUILD_OVERRIDE_DEBUG=true environment variable to enable debug information generation.
[INFO] [stderr] 
[INFO] [stderr] Caused by:
[INFO] [stderr]   process didn't exit successfully: `/opt/rustwide/target/debug/build/cnocr_rs-2de7207eb266abfb/build-script-build` (exit status: 1)
[INFO] [stderr]   --- stdout
[INFO] [stderr]   cargo:rerun-if-changed=src/modle.cpp
[INFO] [stderr]   TARGET = Some("x86_64-unknown-linux-gnu")
[INFO] [stderr]   OPT_LEVEL = Some("0")
[INFO] [stderr]   HOST = Some("x86_64-unknown-linux-gnu")
[INFO] [stderr]   CXX_x86_64-unknown-linux-gnu = None
[INFO] [stderr]   CXX_x86_64_unknown_linux_gnu = None
[INFO] [stderr]   HOST_CXX = None
[INFO] [stderr]   CXX = None
[INFO] [stderr]   CXXFLAGS_x86_64-unknown-linux-gnu = None
[INFO] [stderr]   CXXFLAGS_x86_64_unknown_linux_gnu = None
[INFO] [stderr]   HOST_CXXFLAGS = None
[INFO] [stderr]   CXXFLAGS = None
[INFO] [stderr]   CRATE_CC_NO_DEFAULTS = None
[INFO] [stderr]   DEBUG = Some("true")
[INFO] [stderr]   CARGO_CFG_TARGET_FEATURE = Some("fxsr,sse,sse2")
[INFO] [stderr]   running: "c++" "-O0" "-ffunction-sections" "-fdata-sections" "-fPIC" "-g" "-fno-omit-frame-pointer" "-m64" "-I" "/home/len/Lib/onnxruntime-linux-x64-1.11.1/include/" "-I" "src/modle.h" "-Wall" "-Wextra" "-L /home/len/Lib/onnxruntime-linux-x64-1.11.1/lib/" "-lonnxruntime" "-o" "/opt/rustwide/target/debug/build/cnocr_rs-458b7da38befdf11/out/src/modle.o" "-c" "src/modle.cpp"
[INFO] [stderr]   cargo:warning=cc1plus: warning: src/modle.h: not a directory
[INFO] [stderr]   cargo:warning=In file included from src/modle.cpp:1:
[INFO] [stderr]   cargo:warning=src/modle.h:1:10: fatal error: onnxruntime_cxx_api.h: No such file or directory
[INFO] [stderr]   cargo:warning=    1 | #include <onnxruntime_cxx_api.h>
[INFO] [stderr]   cargo:warning=      |          ^~~~~~~~~~~~~~~~~~~~~~~
[INFO] [stderr]   cargo:warning=compilation terminated.
[INFO] [stderr]   exit status: 1
[INFO] [stderr] 
[INFO] [stderr]   --- stderr
[INFO] [stderr] 
[INFO] [stderr] 
[INFO] [stderr]   error occurred: Command "c++" "-O0" "-ffunction-sections" "-fdata-sections" "-fPIC" "-g" "-fno-omit-frame-pointer" "-m64" "-I" "/home/len/Lib/onnxruntime-linux-x64-1.11.1/include/" "-I" "src/modle.h" "-Wall" "-Wextra" "-L /home/len/Lib/onnxruntime-linux-x64-1.11.1/lib/" "-lonnxruntime" "-o" "/opt/rustwide/target/debug/build/cnocr_rs-458b7da38befdf11/out/src/modle.o" "-c" "src/modle.cpp" with args "c++" did not execute successfully (status code exit status: 1).
[INFO] [stderr] 
[INFO] [stderr] 
[INFO] [stderr] warning: build failed, waiting for other jobs to finish...
[INFO] running `Command { std: "docker" "inspect" "173cde34838bbfbfe29d86b6e69a061cfacabfc70406bbdd28359972e5cbeff4", kill_on_drop: false }`
[INFO] running `Command { std: "docker" "rm" "-f" "173cde34838bbfbfe29d86b6e69a061cfacabfc70406bbdd28359972e5cbeff4", kill_on_drop: false }`
[INFO] [stdout] 173cde34838bbfbfe29d86b6e69a061cfacabfc70406bbdd28359972e5cbeff4
[INFO] testing cnocr_rs-0.1.4 against beta-2023-12-22 for beta-1.76-1
[INFO] extracting crate cnocr_rs 0.1.4 into /workspace/builds/worker-1-tc2/source
[INFO] validating manifest of crates.io crate cnocr_rs 0.1.4 on toolchain beta-2023-12-22
[INFO] running `Command { std: CARGO_HOME="/workspace/cargo-home" RUSTUP_HOME="/workspace/rustup-home" "/workspace/cargo-home/bin/cargo" "+beta-2023-12-22" "metadata" "--manifest-path" "Cargo.toml" "--no-deps", kill_on_drop: false }`
[INFO] started tweaking crates.io crate cnocr_rs 0.1.4
[INFO] finished tweaking crates.io crate cnocr_rs 0.1.4
[INFO] tweaked toml for crates.io crate cnocr_rs 0.1.4 written to /workspace/builds/worker-1-tc2/source/Cargo.toml
[INFO] crate crates.io crate cnocr_rs 0.1.4 already has a lockfile, it will not be regenerated
[INFO] running `Command { std: CARGO_HOME="/workspace/cargo-home" RUSTUP_HOME="/workspace/rustup-home" "/workspace/cargo-home/bin/cargo" "+beta-2023-12-22" "fetch" "--manifest-path" "Cargo.toml", kill_on_drop: false }`
[INFO] running `Command { std: "docker" "create" "-v" "/var/lib/crater-agent-workspace/builds/worker-1-tc2/target:/opt/rustwide/target:rw,Z" "-v" "/var/lib/crater-agent-workspace/builds/worker-1-tc2/source:/opt/rustwide/workdir:ro,Z" "-v" "/var/lib/crater-agent-workspace/cargo-home:/opt/rustwide/cargo-home:ro,Z" "-v" "/var/lib/crater-agent-workspace/rustup-home:/opt/rustwide/rustup-home:ro,Z" "-e" "SOURCE_DIR=/opt/rustwide/workdir" "-e" "CARGO_TARGET_DIR=/opt/rustwide/target" "-e" "CARGO_HOME=/opt/rustwide/cargo-home" "-e" "RUSTUP_HOME=/opt/rustwide/rustup-home" "-w" "/opt/rustwide/workdir" "-m" "1610612736" "--user" "0:0" "--network" "none" "ghcr.io/rust-lang/crates-build-env/linux@sha256:2788e3201cd34a07e3172128adcd8b3090168a8e3bcc40d7c032b9dda1df7d1c" "/opt/rustwide/cargo-home/bin/cargo" "+beta-2023-12-22" "metadata" "--no-deps" "--format-version=1", kill_on_drop: false }`
[INFO] [stdout] 7ad52c14183b4bb44dfda4b5ff2b1237f5d3c80cef54131f1aaea0894183729a
[INFO] running `Command { std: "docker" "start" "-a" "7ad52c14183b4bb44dfda4b5ff2b1237f5d3c80cef54131f1aaea0894183729a", kill_on_drop: false }`
[INFO] running `Command { std: "docker" "inspect" "7ad52c14183b4bb44dfda4b5ff2b1237f5d3c80cef54131f1aaea0894183729a", kill_on_drop: false }`
[INFO] running `Command { std: "docker" "rm" "-f" "7ad52c14183b4bb44dfda4b5ff2b1237f5d3c80cef54131f1aaea0894183729a", kill_on_drop: false }`
[INFO] [stdout] 7ad52c14183b4bb44dfda4b5ff2b1237f5d3c80cef54131f1aaea0894183729a
[INFO] running `Command { std: "docker" "create" "-v" "/var/lib/crater-agent-workspace/builds/worker-1-tc2/target:/opt/rustwide/target:rw,Z" "-v" "/var/lib/crater-agent-workspace/builds/worker-1-tc2/source:/opt/rustwide/workdir:ro,Z" "-v" "/var/lib/crater-agent-workspace/cargo-home:/opt/rustwide/cargo-home:ro,Z" "-v" "/var/lib/crater-agent-workspace/rustup-home:/opt/rustwide/rustup-home:ro,Z" "-e" "SOURCE_DIR=/opt/rustwide/workdir" "-e" "CARGO_TARGET_DIR=/opt/rustwide/target" "-e" "CARGO_INCREMENTAL=0" "-e" "RUST_BACKTRACE=full" "-e" "RUSTFLAGS=--cap-lints=warn" "-e" "RUSTDOCFLAGS=--cap-lints=warn" "-e" "CARGO_HOME=/opt/rustwide/cargo-home" "-e" "RUSTUP_HOME=/opt/rustwide/rustup-home" "-w" "/opt/rustwide/workdir" "-m" "1610612736" "--user" "0:0" "--network" "none" "ghcr.io/rust-lang/crates-build-env/linux@sha256:2788e3201cd34a07e3172128adcd8b3090168a8e3bcc40d7c032b9dda1df7d1c" "/opt/rustwide/cargo-home/bin/cargo" "+beta-2023-12-22" "build" "--frozen" "--message-format=json", kill_on_drop: false }`
[INFO] [stdout] a59eae91126955e005a3b3b231301d217367e13833fb898b0006b60dc0bd5d1c
[INFO] running `Command { std: "docker" "start" "-a" "a59eae91126955e005a3b3b231301d217367e13833fb898b0006b60dc0bd5d1c", kill_on_drop: false }`
[INFO] [stderr]    Compiling libc v0.2.135
[INFO] [stderr]    Compiling glob v0.3.0
[INFO] [stderr]    Compiling semver v1.0.14
[INFO] [stderr]    Compiling regex-syntax v0.6.27
[INFO] [stderr]    Compiling percent-encoding v2.2.0
[INFO] [stderr]    Compiling memchr v2.5.0
[INFO] [stderr]    Compiling libloading v0.7.3
[INFO] [stderr]    Compiling once_cell v1.15.0
[INFO] [stderr]    Compiling dunce v1.0.3
[INFO] [stderr]    Compiling maplit v1.0.2
[INFO] [stderr]    Compiling num-traits v0.2.15
[INFO] [stderr]    Compiling pkg-config v0.3.25
[INFO] [stderr]    Compiling shlex v1.1.0
[INFO] [stderr]    Compiling vcpkg v0.2.15
[INFO] [stderr]    Compiling clang-sys v1.4.0
[INFO] [stderr]    Compiling aho-corasick v0.7.19
[INFO] [stderr]    Compiling jobserver v0.1.25
[INFO] [stderr]    Compiling cc v1.0.73
[INFO] [stderr]    Compiling regex v1.6.0
[INFO] [stderr]    Compiling cnocr_rs v0.1.4 (/opt/rustwide/workdir)
[INFO] [stderr] The following warnings were emitted during compilation:
[INFO] [stderr] 
[INFO] [stderr] warning: cnocr_rs@0.1.4: cc1plus: warning: src/modle.h: not a directory
[INFO] [stderr] warning: cnocr_rs@0.1.4: In file included from src/modle.cpp:1:
[INFO] [stderr] warning: cnocr_rs@0.1.4: src/modle.h:1:10: fatal error: onnxruntime_cxx_api.h: No such file or directory
[INFO] [stderr] warning: cnocr_rs@0.1.4:     1 | #include <onnxruntime_cxx_api.h>
[INFO] [stderr] warning: cnocr_rs@0.1.4:       |          ^~~~~~~~~~~~~~~~~~~~~~~
[INFO] [stderr] warning: cnocr_rs@0.1.4: compilation terminated.
[INFO] [stderr] 
[INFO] [stderr] error: failed to run custom build command for `cnocr_rs v0.1.4 (/opt/rustwide/workdir)`
[INFO] [stderr] note: To improve backtraces for build dependencies, set the CARGO_PROFILE_DEV_BUILD_OVERRIDE_DEBUG=true environment variable to enable debug information generation.
[INFO] [stderr] 
[INFO] [stderr] Caused by:
[INFO] [stderr]   process didn't exit successfully: `/opt/rustwide/target/debug/build/cnocr_rs-999c60780368be81/build-script-build` (exit status: 1)
[INFO] [stderr]   --- stdout
[INFO] [stderr]   cargo:rerun-if-changed=src/modle.cpp
[INFO] [stderr]   TARGET = Some("x86_64-unknown-linux-gnu")
[INFO] [stderr]   OPT_LEVEL = Some("0")
[INFO] [stderr]   HOST = Some("x86_64-unknown-linux-gnu")
[INFO] [stderr]   CXX_x86_64-unknown-linux-gnu = None
[INFO] [stderr]   CXX_x86_64_unknown_linux_gnu = None
[INFO] [stderr]   HOST_CXX = None
[INFO] [stderr]   CXX = None
[INFO] [stderr]   CXXFLAGS_x86_64-unknown-linux-gnu = None
[INFO] [stderr]   CXXFLAGS_x86_64_unknown_linux_gnu = None
[INFO] [stderr]   HOST_CXXFLAGS = None
[INFO] [stderr]   CXXFLAGS = None
[INFO] [stderr]   CRATE_CC_NO_DEFAULTS = None
[INFO] [stderr]   DEBUG = Some("true")
[INFO] [stderr]   CARGO_CFG_TARGET_FEATURE = Some("fxsr,sse,sse2")
[INFO] [stderr]   running: "c++" "-O0" "-ffunction-sections" "-fdata-sections" "-fPIC" "-g" "-fno-omit-frame-pointer" "-m64" "-I" "/home/len/Lib/onnxruntime-linux-x64-1.11.1/include/" "-I" "src/modle.h" "-Wall" "-Wextra" "-L /home/len/Lib/onnxruntime-linux-x64-1.11.1/lib/" "-lonnxruntime" "-o" "/opt/rustwide/target/debug/build/cnocr_rs-9f6435bdd4fb55d4/out/src/modle.o" "-c" "src/modle.cpp"
[INFO] [stderr]   cargo:warning=cc1plus: warning: src/modle.h: not a directory
[INFO] [stderr]   cargo:warning=In file included from src/modle.cpp:1:
[INFO] [stderr]   cargo:warning=src/modle.h:1:10: fatal error: onnxruntime_cxx_api.h: No such file or directory
[INFO] [stderr]   cargo:warning=    1 | #include <onnxruntime_cxx_api.h>
[INFO] [stderr]   cargo:warning=      |          ^~~~~~~~~~~~~~~~~~~~~~~
[INFO] [stderr]   cargo:warning=compilation terminated.
[INFO] [stderr]   exit status: 1
[INFO] [stderr] 
[INFO] [stderr]   --- stderr
[INFO] [stderr] 
[INFO] [stderr] 
[INFO] [stderr]   error occurred: Command "c++" "-O0" "-ffunction-sections" "-fdata-sections" "-fPIC" "-g" "-fno-omit-frame-pointer" "-m64" "-I" "/home/len/Lib/onnxruntime-linux-x64-1.11.1/include/" "-I" "src/modle.h" "-Wall" "-Wextra" "-L /home/len/Lib/onnxruntime-linux-x64-1.11.1/lib/" "-lonnxruntime" "-o" "/opt/rustwide/target/debug/build/cnocr_rs-9f6435bdd4fb55d4/out/src/modle.o" "-c" "src/modle.cpp" with args "c++" did not execute successfully (status code exit status: 1).
[INFO] [stderr] 
[INFO] [stderr] 
[INFO] [stderr] warning: build failed, waiting for other jobs to finish...
[INFO] running `Command { std: "docker" "inspect" "a59eae91126955e005a3b3b231301d217367e13833fb898b0006b60dc0bd5d1c", kill_on_drop: false }`
[INFO] running `Command { std: "docker" "rm" "-f" "a59eae91126955e005a3b3b231301d217367e13833fb898b0006b60dc0bd5d1c", kill_on_drop: false }`
[INFO] [stdout] a59eae91126955e005a3b3b231301d217367e13833fb898b0006b60dc0bd5d1c
