[INFO] fetching crate cmark2tex 0.4.0-beta.1...
[INFO] testing cmark2tex-0.4.0-beta.1 against 1.75.0 for beta-1.76-1
[INFO] extracting crate cmark2tex 0.4.0-beta.1 into /workspace/builds/worker-2-tc1/source
[INFO] validating manifest of crates.io crate cmark2tex 0.4.0-beta.1 on toolchain 1.75.0
[INFO] running `Command { std: CARGO_HOME="/workspace/cargo-home" RUSTUP_HOME="/workspace/rustup-home" "/workspace/cargo-home/bin/cargo" "+1.75.0" "metadata" "--manifest-path" "Cargo.toml" "--no-deps", kill_on_drop: false }`
[INFO] started tweaking crates.io crate cmark2tex 0.4.0-beta.1
[INFO] finished tweaking crates.io crate cmark2tex 0.4.0-beta.1
[INFO] tweaked toml for crates.io crate cmark2tex 0.4.0-beta.1 written to /workspace/builds/worker-2-tc1/source/Cargo.toml
[INFO] crate crates.io crate cmark2tex 0.4.0-beta.1 already has a lockfile, it will not be regenerated
[INFO] running `Command { std: CARGO_HOME="/workspace/cargo-home" RUSTUP_HOME="/workspace/rustup-home" "/workspace/cargo-home/bin/cargo" "+1.75.0" "fetch" "--manifest-path" "Cargo.toml", kill_on_drop: false }`
[INFO] [stderr]     Updating crates.io index
[INFO] [stderr]  Downloading crates ...
[INFO] [stderr]   Downloaded roxmltree v0.15.1
[INFO] [stderr]   Downloaded simplecss v0.2.1
[INFO] [stderr]   Downloaded data-url v0.2.0
[INFO] [stderr]   Downloaded resvg v0.28.0
[INFO] [stderr]   Downloaded strict-num v0.1.0
[INFO] [stderr]   Downloaded unicode-vo v0.1.0
[INFO] [stderr]   Downloaded bytemuck v1.12.3
[INFO] [stderr]   Downloaded rctree v0.5.0
[INFO] [stderr]   Downloaded pico-args v0.5.0
[INFO] [stderr]   Downloaded unicode-bidi-mirroring v0.1.0
[INFO] [stderr]   Downloaded markup5ever_rcdom v0.1.0
[INFO] [stderr]   Downloaded fs-err v2.9.0
[INFO] [stderr]   Downloaded tiny-skia-path v0.8.2
[INFO] [stderr]   Downloaded unicode-script v0.5.5
[INFO] [stderr]   Downloaded pulldown-cmark v0.9.2
[INFO] [stderr]   Downloaded rustybuzz v0.6.0
[INFO] [stderr]   Downloaded linux-raw-sys v0.1.3
[INFO] [stderr]   Downloaded color-spantrace v0.2.0
[INFO] [stderr]   Downloaded gimli v0.26.2
[INFO] [stderr]   Downloaded object v0.29.0
[INFO] [stderr]   Downloaded png v0.17.6
[INFO] [stderr]   Downloaded serde v1.0.149
[INFO] [stderr]   Downloaded kurbo v0.8.3
[INFO] [stderr]   Downloaded usvg v0.28.0
[INFO] [stderr]   Downloaded backtrace v0.3.66
[INFO] [stderr]   Downloaded flate2 v1.0.25
[INFO] [stderr]   Downloaded svgtypes v0.8.2
[INFO] [stderr]   Downloaded cc v1.0.77
[INFO] [stderr]   Downloaded memmap2 v0.5.8
[INFO] [stderr]   Downloaded fontconfig-parser v0.5.1
[INFO] [stderr]   Downloaded xml5ever v0.16.2
[INFO] [stderr]   Downloaded addr2line v0.17.0
[INFO] [stderr]   Downloaded unicode-ccc v0.1.2
[INFO] [stderr]   Downloaded rgb v0.8.34
[INFO] [stderr]   Downloaded unicode-general-category v0.6.0
[INFO] [stderr]   Downloaded usvg-text-layout v0.28.0
[INFO] [stderr]   Downloaded imagesize v0.10.1
[INFO] [stderr]   Downloaded svgfilters v0.4.0
[INFO] [stderr]   Downloaded html2md v0.2.13
[INFO] [stderr]   Downloaded fontdb v0.10.0
[INFO] [stderr]   Downloaded tiny-skia v0.8.2
[INFO] running `Command { std: "docker" "create" "-v" "/var/lib/crater-agent-workspace/builds/worker-2-tc1/target:/opt/rustwide/target:rw,Z" "-v" "/var/lib/crater-agent-workspace/builds/worker-2-tc1/source:/opt/rustwide/workdir:ro,Z" "-v" "/var/lib/crater-agent-workspace/cargo-home:/opt/rustwide/cargo-home:ro,Z" "-v" "/var/lib/crater-agent-workspace/rustup-home:/opt/rustwide/rustup-home:ro,Z" "-e" "SOURCE_DIR=/opt/rustwide/workdir" "-e" "CARGO_TARGET_DIR=/opt/rustwide/target" "-e" "CARGO_HOME=/opt/rustwide/cargo-home" "-e" "RUSTUP_HOME=/opt/rustwide/rustup-home" "-w" "/opt/rustwide/workdir" "-m" "1610612736" "--user" "0:0" "--network" "none" "ghcr.io/rust-lang/crates-build-env/linux@sha256:2788e3201cd34a07e3172128adcd8b3090168a8e3bcc40d7c032b9dda1df7d1c" "/opt/rustwide/cargo-home/bin/cargo" "+1.75.0" "metadata" "--no-deps" "--format-version=1", kill_on_drop: false }`
[INFO] [stdout] 5d58f2976f61bbbeb243fa85e20b19bf916cf3750170a8bf3818e668bd80f295
[INFO] running `Command { std: "docker" "start" "-a" "5d58f2976f61bbbeb243fa85e20b19bf916cf3750170a8bf3818e668bd80f295", kill_on_drop: false }`
[INFO] running `Command { std: "docker" "inspect" "5d58f2976f61bbbeb243fa85e20b19bf916cf3750170a8bf3818e668bd80f295", kill_on_drop: false }`
[INFO] running `Command { std: "docker" "rm" "-f" "5d58f2976f61bbbeb243fa85e20b19bf916cf3750170a8bf3818e668bd80f295", kill_on_drop: false }`
[INFO] [stdout] 5d58f2976f61bbbeb243fa85e20b19bf916cf3750170a8bf3818e668bd80f295
[INFO] running `Command { std: "docker" "create" "-v" "/var/lib/crater-agent-workspace/builds/worker-2-tc1/target:/opt/rustwide/target:rw,Z" "-v" "/var/lib/crater-agent-workspace/builds/worker-2-tc1/source:/opt/rustwide/workdir:ro,Z" "-v" "/var/lib/crater-agent-workspace/cargo-home:/opt/rustwide/cargo-home:ro,Z" "-v" "/var/lib/crater-agent-workspace/rustup-home:/opt/rustwide/rustup-home:ro,Z" "-e" "SOURCE_DIR=/opt/rustwide/workdir" "-e" "CARGO_TARGET_DIR=/opt/rustwide/target" "-e" "CARGO_INCREMENTAL=0" "-e" "RUST_BACKTRACE=full" "-e" "RUSTFLAGS=--cap-lints=warn" "-e" "RUSTDOCFLAGS=--cap-lints=warn" "-e" "CARGO_HOME=/opt/rustwide/cargo-home" "-e" "RUSTUP_HOME=/opt/rustwide/rustup-home" "-w" "/opt/rustwide/workdir" "-m" "1610612736" "--user" "0:0" "--network" "none" "ghcr.io/rust-lang/crates-build-env/linux@sha256:2788e3201cd34a07e3172128adcd8b3090168a8e3bcc40d7c032b9dda1df7d1c" "/opt/rustwide/cargo-home/bin/cargo" "+1.75.0" "build" "--frozen" "--message-format=json", kill_on_drop: false }`
[INFO] [stdout] 2b75106b9e6191dbaa17db970f2c7f4548f9a062d9e041cda71e9635b071a262
[INFO] running `Command { std: "docker" "start" "-a" "2b75106b9e6191dbaa17db970f2c7f4548f9a062d9e041cda71e9635b071a262", kill_on_drop: false }`
[INFO] [stderr]    Compiling libc v0.2.138
[INFO] [stderr]    Compiling proc-macro2 v1.0.47
[INFO] [stderr]    Compiling unicode-ident v1.0.5
[INFO] [stderr]    Compiling siphasher v0.3.10
[INFO] [stderr]    Compiling quote v1.0.21
[INFO] [stderr]    Compiling once_cell v1.16.0
[INFO] [stderr]    Compiling ppv-lite86 v0.2.17
[INFO] [stderr]    Compiling getrandom v0.1.16
[INFO] [stderr]    Compiling log v0.4.17
[INFO] [stderr]    Compiling syn v1.0.105
[INFO] [stderr]    Compiling version_check v0.9.4
[INFO] [stderr]    Compiling memchr v2.5.0
[INFO] [stderr]    Compiling smallvec v1.10.0
[INFO] [stderr]    Compiling autocfg v1.1.0
[INFO] [stderr]    Compiling adler v1.0.2
[INFO] [stderr]    Compiling bitflags v1.3.2
[INFO] [stderr]    Compiling parking_lot_core v0.9.5
[INFO] [stderr]    Compiling scopeguard v1.1.0
[INFO] [stderr]    Compiling phf_shared v0.10.0
[INFO] [stderr]    Compiling phf_shared v0.8.0
[INFO] [stderr]    Compiling crc32fast v1.3.2
[INFO] [stderr]    Compiling new_debug_unreachable v1.0.4
[INFO] [stderr]    Compiling serde v1.0.149
[INFO] [stderr]    Compiling float-cmp v0.9.0
[INFO] [stderr]    Compiling bytemuck v1.12.3
[INFO] [stderr]    Compiling mac v0.1.1
[INFO] [stderr]    Compiling miniz_oxide v0.6.2
[INFO] [stderr]    Compiling futf v0.1.5
[INFO] [stderr]    Compiling xmlparser v0.13.5
[INFO] [stderr]    Compiling precomputed-hash v0.1.1
[INFO] [stderr]    Compiling io-lifetimes v1.0.3
[INFO] [stderr]    Compiling lock_api v0.4.9
[INFO] [stderr]    Compiling utf-8 v0.7.6
[INFO] [stderr]    Compiling strict-num v0.1.0
[INFO] [stderr]    Compiling proc-macro-error-attr v1.0.4
[INFO] [stderr]    Compiling phf v0.8.0
[INFO] [stderr]    Compiling tracing-core v0.1.30
[INFO] [stderr]    Compiling tendril v0.4.3
[INFO] [stderr]    Compiling miniz_oxide v0.5.4
[INFO] [stderr]    Compiling rustix v0.36.5
[INFO] [stderr]    Compiling unicode-general-category v0.6.0
[INFO] [stderr]    Compiling arrayvec v0.7.2
[INFO] [stderr]    Compiling roxmltree v0.15.1
[INFO] [stderr]    Compiling aho-corasick v0.7.20
[INFO] [stderr]    Compiling flate2 v1.0.25
[INFO] [stderr]    Compiling sharded-slab v0.1.4
[INFO] [stderr]    Compiling proc-macro-error v1.0.4
[INFO] [stderr]    Compiling getrandom v0.2.8
[INFO] [stderr]    Compiling thread_local v1.1.4
[INFO] [stderr]    Compiling ttf-parser v0.17.1
[INFO] [stderr]    Compiling regex-syntax v0.6.28
[INFO] [stderr]    Compiling rand_core v0.5.1
[INFO] [stderr]    Compiling rand_core v0.6.4
[INFO] [stderr]    Compiling cc v1.0.77
[INFO] [stderr]    Compiling pin-project-lite v0.2.9
[INFO] [stderr]    Compiling rand_pcg v0.2.1
[INFO] [stderr]    Compiling rand_chacha v0.3.1
[INFO] [stderr]    Compiling rand_chacha v0.2.2
[INFO] [stderr]    Compiling linux-raw-sys v0.1.3
[INFO] [stderr]    Compiling tracing v0.1.37
[INFO] [stderr]    Compiling tracing-subscriber v0.3.16
[INFO] [stderr]    Compiling fontconfig-parser v0.5.1
[INFO] [stderr]    Compiling rand v0.7.3
[INFO] [stderr]    Compiling rand v0.8.5
[INFO] [stderr]    Compiling parking_lot v0.12.1
[INFO] [stderr]    Compiling memmap2 v0.5.8
[INFO] [stderr]    Compiling time v0.1.45
[INFO] [stderr]    Compiling kurbo v0.8.3
[INFO] [stderr]    Compiling simplecss v0.2.1
[INFO] [stderr]    Compiling phf_generator v0.8.0
[INFO] [stderr]    Compiling phf_generator v0.10.0
[INFO] [stderr]    Compiling unicase v2.6.0
[INFO] [stderr]    Compiling svgtypes v0.8.2
[INFO] [stderr]    Compiling backtrace v0.3.66
[INFO] [stderr]    Compiling phf_codegen v0.8.0
[INFO] [stderr]    Compiling base64 v0.13.1
[INFO] [stderr]    Compiling string_cache_codegen v0.5.2
[INFO] [stderr]    Compiling eyre v0.6.8
[INFO] [stderr]    Compiling rctree v0.5.0
[INFO] [stderr]    Compiling unicode-bidi-mirroring v0.1.0
[INFO] [stderr]    Compiling unicode-script v0.5.5
[INFO] [stderr]    Compiling arrayref v0.3.6
[INFO] [stderr]    Compiling data-url v0.2.0
[INFO] [stderr]    Compiling unicode-ccc v0.1.2
[INFO] [stderr]    Compiling imagesize v0.10.1
[INFO] [stderr]    Compiling gimli v0.26.2
[INFO] [stderr]    Compiling tiny-skia-path v0.8.2
[INFO] [stderr]    Compiling markup5ever v0.10.1
[INFO] [stderr]    Compiling regex v1.7.0
[INFO] [stderr]    Compiling usvg v0.28.0
[INFO] [stderr]    Compiling rustybuzz v0.6.0
[INFO] [stderr]    Compiling fontdb v0.10.0
[INFO] [stderr]    Compiling tracing-error v0.2.0
[INFO] [stderr]    Compiling png v0.17.6
[INFO] [stderr]    Compiling is-terminal v0.4.1
[INFO] [stderr]    Compiling object v0.29.0
[INFO] [stderr]    Compiling rgb v0.8.34
[INFO] [stderr]    Compiling termcolor v1.1.3
[INFO] [stderr]    Compiling unicode-width v0.1.10
[INFO] [stderr]    Compiling string_cache v0.8.4
[INFO] [stderr]    Compiling owo-colors v3.5.0
[INFO] [stderr]    Compiling color_quant v1.1.0
[INFO] [stderr]    Compiling unicode-vo v0.1.0
[INFO] [stderr]    Compiling unicode-bidi v0.3.8
[INFO] [stderr]    Compiling indenter v0.3.3
[INFO] [stderr]    Compiling rustc-demangle v0.1.21
[INFO] [stderr]    Compiling os_str_bytes v6.4.1
[INFO] [stderr]    Compiling pulldown-cmark v0.9.2
[INFO] [stderr]    Compiling heck v0.4.0
[INFO] [stderr]    Compiling weezl v0.1.7
[INFO] [stderr]    Compiling thiserror v1.0.37
[INFO] [stderr]    Compiling clap_lex v0.3.0
[INFO] [stderr]    Compiling gif v0.11.4
[INFO] [stderr]    Compiling tiny-skia v0.8.2
[INFO] [stderr]    Compiling getopts v0.2.21
[INFO] [stderr]    Compiling svgfilters v0.4.0
[INFO] [stderr]    Compiling color-spantrace v0.2.0
[INFO] [stderr]    Compiling jpeg-decoder v0.3.0
[INFO] [stderr]    Compiling percent-encoding v2.2.0
[INFO] [stderr]    Compiling addr2line v0.17.0
[INFO] [stderr]    Compiling usvg-text-layout v0.28.0
[INFO] [stderr]    Compiling xml5ever v0.16.2
[INFO] [stderr]    Compiling pico-args v0.5.0
[INFO] [stderr]    Compiling same-file v1.0.6
[INFO] [stderr]    Compiling humantime v2.1.0
[INFO] [stderr]    Compiling strsim v0.10.0
[INFO] [stderr]    Compiling walkdir v2.3.2
[INFO] [stderr]    Compiling env_logger v0.10.0
[INFO] [stderr]    Compiling Inflector v0.11.4
[INFO] [stderr]    Compiling fs-err v2.9.0
[INFO] [stderr]    Compiling resvg v0.28.0
[INFO] [stderr]    Compiling html5ever v0.25.2
[INFO] [stderr]    Compiling clap_derive v4.0.21
[INFO] [stderr]    Compiling thiserror-impl v1.0.37
[INFO] [stderr]    Compiling color-eyre v0.6.2
[INFO] [stderr]    Compiling clap v4.0.29
[INFO] [stderr]    Compiling markup5ever_rcdom v0.1.0
[INFO] [stderr]    Compiling html2md v0.2.13
[INFO] [stderr]    Compiling cmark2tex v0.4.0-beta.1 (/opt/rustwide/workdir)
[INFO] [stderr]     Finished dev [unoptimized + debuginfo] target(s) in 14.06s
[INFO] [stderr] warning: the following packages contain code that will be rejected by a future version of Rust: xml5ever v0.16.2
[INFO] [stderr] note: to see what the problems were, use the option `--future-incompat-report`, or run `cargo report future-incompatibilities --id 1`
[INFO] running `Command { std: "docker" "inspect" "2b75106b9e6191dbaa17db970f2c7f4548f9a062d9e041cda71e9635b071a262", kill_on_drop: false }`
[INFO] running `Command { std: "docker" "rm" "-f" "2b75106b9e6191dbaa17db970f2c7f4548f9a062d9e041cda71e9635b071a262", kill_on_drop: false }`
[INFO] [stdout] 2b75106b9e6191dbaa17db970f2c7f4548f9a062d9e041cda71e9635b071a262
[INFO] running `Command { std: "docker" "create" "-v" "/var/lib/crater-agent-workspace/builds/worker-2-tc1/target:/opt/rustwide/target:rw,Z" "-v" "/var/lib/crater-agent-workspace/builds/worker-2-tc1/source:/opt/rustwide/workdir:ro,Z" "-v" "/var/lib/crater-agent-workspace/cargo-home:/opt/rustwide/cargo-home:ro,Z" "-v" "/var/lib/crater-agent-workspace/rustup-home:/opt/rustwide/rustup-home:ro,Z" "-e" "SOURCE_DIR=/opt/rustwide/workdir" "-e" "CARGO_TARGET_DIR=/opt/rustwide/target" "-e" "CARGO_INCREMENTAL=0" "-e" "RUST_BACKTRACE=full" "-e" "RUSTFLAGS=--cap-lints=warn" "-e" "RUSTDOCFLAGS=--cap-lints=warn" "-e" "CARGO_HOME=/opt/rustwide/cargo-home" "-e" "RUSTUP_HOME=/opt/rustwide/rustup-home" "-w" "/opt/rustwide/workdir" "-m" "1610612736" "--user" "0:0" "--network" "none" "ghcr.io/rust-lang/crates-build-env/linux@sha256:2788e3201cd34a07e3172128adcd8b3090168a8e3bcc40d7c032b9dda1df7d1c" "/opt/rustwide/cargo-home/bin/cargo" "+1.75.0" "test" "--frozen" "--no-run" "--message-format=json", kill_on_drop: false }`
[INFO] [stdout] cc58d2938fe3bddc4c363ace74508218fddea89a1e36f1bc0ace7f71331650e3
[INFO] running `Command { std: "docker" "start" "-a" "cc58d2938fe3bddc4c363ace74508218fddea89a1e36f1bc0ace7f71331650e3", kill_on_drop: false }`
[INFO] [stderr]    Compiling cmark2tex v0.4.0-beta.1 (/opt/rustwide/workdir)
[INFO] [stdout] error[E0061]: this function takes 2 arguments but 1 argument was supplied
[INFO] [stdout]    --> src/lib.rs:578:44
[INFO] [stdout]     |
[INFO] [stdout] 578 |         assert_eq!("\nHello World~\\\\\n", cmark_to_tex("Hello World").unwrap());
[INFO] [stdout]     |                                            ^^^^^^^^^^^^--------------- an argument is missing
[INFO] [stdout]     |
[INFO] [stdout] note: function defined here
[INFO] [stdout]    --> src/lib.rs:47:8
[INFO] [stdout]     |
[INFO] [stdout] 47  | pub fn cmark_to_tex(cmark: impl AsRef<str>, asset_path: impl AsRef<Path>) -> Result<String> {
[INFO] [stdout]     |        ^^^^^^^^^^^^ ----------------------  ----------------------------
[INFO] [stdout] help: provide the argument
[INFO] [stdout]     |
[INFO] [stdout] 578 |         assert_eq!("\nHello World~\\\\\n", cmark_to_tex("Hello World", /* asset_path */).unwrap());
[INFO] [stdout]     |                                                        ~~~~~~~~~~~~~~~~~~~~~~~~~~~~~~~~~
[INFO] [stdout] 
[INFO] [stdout] 
[INFO] [stdout] error[E0061]: this function takes 2 arguments but 1 argument was supplied
[INFO] [stdout]    --> src/lib.rs:587:13
[INFO] [stdout]     |
[INFO] [stdout] 587 |             cmark_to_tex(r##"A $\sum_1^12 x^2$ formula"##).unwrap()
[INFO] [stdout]     |             ^^^^^^^^^^^^---------------------------------- an argument is missing
[INFO] [stdout]     |
[INFO] [stdout] note: function defined here
[INFO] [stdout]    --> src/lib.rs:47:8
[INFO] [stdout]     |
[INFO] [stdout] 47  | pub fn cmark_to_tex(cmark: impl AsRef<str>, asset_path: impl AsRef<Path>) -> Result<String> {
[INFO] [stdout]     |        ^^^^^^^^^^^^ ----------------------  ----------------------------
[INFO] [stdout] help: provide the argument
[INFO] [stdout]     |
[INFO] [stdout] 587 |             cmark_to_tex(r##"A $\sum_1^12 x^2$ formula"##, /* asset_path */).unwrap()
[INFO] [stdout]     |                         ~~~~~~~~~~~~~~~~~~~~~~~~~~~~~~~~~~~~~~~~~~~~~~~~~~~~
[INFO] [stdout] 
[INFO] [stdout] 
[INFO] [stdout] error[E0061]: this function takes 2 arguments but 1 argument was supplied
[INFO] [stdout]    --> src/lib.rs:600:13
[INFO] [stdout]     |
[INFO] [stdout] 600 |               cmark_to_tex(
[INFO] [stdout]     |  _____________^^^^^^^^^^^^-
[INFO] [stdout] 601 | |                 r##"$$
[INFO] [stdout] 602 | | \sum_1^12 x^2
[INFO] [stdout] 603 | | $$
[INFO] [stdout] 604 | | formula"##
[INFO] [stdout] 605 | |             )
[INFO] [stdout]     | |_____________- an argument is missing
[INFO] [stdout]     |
[INFO] [stdout] note: function defined here
[INFO] [stdout]    --> src/lib.rs:47:8
[INFO] [stdout]     |
[INFO] [stdout] 47  | pub fn cmark_to_tex(cmark: impl AsRef<str>, asset_path: impl AsRef<Path>) -> Result<String> {
[INFO] [stdout]     |        ^^^^^^^^^^^^ ----------------------  ----------------------------
[INFO] [stdout] help: provide the argument
[INFO] [stdout]     |
[INFO] [stdout] 600 ~             cmark_to_tex(r##"$$
[INFO] [stdout] 601 + \sum_1^12 x^2
[INFO] [stdout] 602 + $$
[INFO] [stdout] 603 + formula"##, /* asset_path */)
[INFO] [stdout]     |
[INFO] [stdout] 
[INFO] [stdout] 
[INFO] [stdout] error[E0061]: this function takes 2 arguments but 1 argument was supplied
[INFO] [stdout]    --> src/lib.rs:614:13
[INFO] [stdout]     |
[INFO] [stdout] 614 |             cmark_to_tex("![](image.png)").unwrap()
[INFO] [stdout]     |             ^^^^^^^^^^^^------------------ an argument is missing
[INFO] [stdout]     |
[INFO] [stdout] note: function defined here
[INFO] [stdout]    --> src/lib.rs:47:8
[INFO] [stdout]     |
[INFO] [stdout] 47  | pub fn cmark_to_tex(cmark: impl AsRef<str>, asset_path: impl AsRef<Path>) -> Result<String> {
[INFO] [stdout]     |        ^^^^^^^^^^^^ ----------------------  ----------------------------
[INFO] [stdout] help: provide the argument
[INFO] [stdout]     |
[INFO] [stdout] 614 |             cmark_to_tex("![](image.png)", /* asset_path */).unwrap()
[INFO] [stdout]     |                         ~~~~~~~~~~~~~~~~~~~~~~~~~~~~~~~~~~~~
[INFO] [stdout] 
[INFO] [stdout] 
[INFO] [stdout] error: aborting due to 4 previous errors
[INFO] [stdout] 
[INFO] [stdout] 
[INFO] [stdout] For more information about this error, try `rustc --explain E0061`.
[INFO] [stdout] 
[INFO] [stderr] error: could not compile `cmark2tex` (lib test) due to 5 previous errors
[INFO] [stderr] warning: build failed, waiting for other jobs to finish...
[INFO] running `Command { std: "docker" "inspect" "cc58d2938fe3bddc4c363ace74508218fddea89a1e36f1bc0ace7f71331650e3", kill_on_drop: false }`
[INFO] running `Command { std: "docker" "rm" "-f" "cc58d2938fe3bddc4c363ace74508218fddea89a1e36f1bc0ace7f71331650e3", kill_on_drop: false }`
[INFO] [stdout] cc58d2938fe3bddc4c363ace74508218fddea89a1e36f1bc0ace7f71331650e3
