[INFO] fetching crate clvm-utils 0.2.12...
[INFO] testing clvm-utils-0.2.12 against 1.75.0 for beta-1.76-1
[INFO] extracting crate clvm-utils 0.2.12 into /workspace/builds/worker-2-tc1/source
[INFO] validating manifest of crates.io crate clvm-utils 0.2.12 on toolchain 1.75.0
[INFO] running `Command { std: CARGO_HOME="/workspace/cargo-home" RUSTUP_HOME="/workspace/rustup-home" "/workspace/cargo-home/bin/cargo" "+1.75.0" "metadata" "--manifest-path" "Cargo.toml" "--no-deps", kill_on_drop: false }`
[INFO] started tweaking crates.io crate clvm-utils 0.2.12
[INFO] finished tweaking crates.io crate clvm-utils 0.2.12
[INFO] tweaked toml for crates.io crate clvm-utils 0.2.12 written to /workspace/builds/worker-2-tc1/source/Cargo.toml
[INFO] running `Command { std: CARGO_HOME="/workspace/cargo-home" RUSTUP_HOME="/workspace/rustup-home" "/workspace/cargo-home/bin/cargo" "+1.75.0" "generate-lockfile" "--manifest-path" "Cargo.toml", kill_on_drop: false }`
[INFO] [stderr]     Updating crates.io index
[INFO] running `Command { std: CARGO_HOME="/workspace/cargo-home" RUSTUP_HOME="/workspace/rustup-home" "/workspace/cargo-home/bin/cargo" "+1.75.0" "fetch" "--manifest-path" "Cargo.toml", kill_on_drop: false }`
[INFO] [stderr]  Downloading crates ...
[INFO] [stderr]   Downloaded primeorder v0.13.6
[INFO] [stderr]   Downloaded clvm-traits v0.3.2
[INFO] [stderr]   Downloaded chia_streamable_macro v0.3.0
[INFO] [stderr]   Downloaded chia-traits v0.3.3
[INFO] [stderr]   Downloaded clvm-traits v0.2.14
[INFO] [stderr]   Downloaded tiny-bip39 v1.0.0
[INFO] [stderr]   Downloaded arbitrary v1.3.2
[INFO] [stderr]   Downloaded blst v0.3.11
[INFO] [stderr]   Downloaded clvmr v0.3.3
[INFO] [stderr]   Downloaded chia-bls v0.3.3
[INFO] running `Command { std: "docker" "create" "-v" "/var/lib/crater-agent-workspace/builds/worker-2-tc1/target:/opt/rustwide/target:rw,Z" "-v" "/var/lib/crater-agent-workspace/builds/worker-2-tc1/source:/opt/rustwide/workdir:ro,Z" "-v" "/var/lib/crater-agent-workspace/cargo-home:/opt/rustwide/cargo-home:ro,Z" "-v" "/var/lib/crater-agent-workspace/rustup-home:/opt/rustwide/rustup-home:ro,Z" "-e" "SOURCE_DIR=/opt/rustwide/workdir" "-e" "CARGO_TARGET_DIR=/opt/rustwide/target" "-e" "CARGO_HOME=/opt/rustwide/cargo-home" "-e" "RUSTUP_HOME=/opt/rustwide/rustup-home" "-w" "/opt/rustwide/workdir" "-m" "1610612736" "--user" "0:0" "--network" "none" "ghcr.io/rust-lang/crates-build-env/linux@sha256:2788e3201cd34a07e3172128adcd8b3090168a8e3bcc40d7c032b9dda1df7d1c" "/opt/rustwide/cargo-home/bin/cargo" "+1.75.0" "metadata" "--no-deps" "--format-version=1", kill_on_drop: false }`
[INFO] [stdout] 0d5eb80a570d62603bf5b81001340c5df694f2310e0bce1a8abe710a7fc69f63
[INFO] running `Command { std: "docker" "start" "-a" "0d5eb80a570d62603bf5b81001340c5df694f2310e0bce1a8abe710a7fc69f63", kill_on_drop: false }`
[INFO] running `Command { std: "docker" "inspect" "0d5eb80a570d62603bf5b81001340c5df694f2310e0bce1a8abe710a7fc69f63", kill_on_drop: false }`
[INFO] running `Command { std: "docker" "rm" "-f" "0d5eb80a570d62603bf5b81001340c5df694f2310e0bce1a8abe710a7fc69f63", kill_on_drop: false }`
[INFO] [stdout] 0d5eb80a570d62603bf5b81001340c5df694f2310e0bce1a8abe710a7fc69f63
[INFO] running `Command { std: "docker" "create" "-v" "/var/lib/crater-agent-workspace/builds/worker-2-tc1/target:/opt/rustwide/target:rw,Z" "-v" "/var/lib/crater-agent-workspace/builds/worker-2-tc1/source:/opt/rustwide/workdir:ro,Z" "-v" "/var/lib/crater-agent-workspace/cargo-home:/opt/rustwide/cargo-home:ro,Z" "-v" "/var/lib/crater-agent-workspace/rustup-home:/opt/rustwide/rustup-home:ro,Z" "-e" "SOURCE_DIR=/opt/rustwide/workdir" "-e" "CARGO_TARGET_DIR=/opt/rustwide/target" "-e" "CARGO_INCREMENTAL=0" "-e" "RUST_BACKTRACE=full" "-e" "RUSTFLAGS=--cap-lints=warn" "-e" "RUSTDOCFLAGS=--cap-lints=warn" "-e" "CARGO_HOME=/opt/rustwide/cargo-home" "-e" "RUSTUP_HOME=/opt/rustwide/rustup-home" "-w" "/opt/rustwide/workdir" "-m" "1610612736" "--user" "0:0" "--network" "none" "ghcr.io/rust-lang/crates-build-env/linux@sha256:2788e3201cd34a07e3172128adcd8b3090168a8e3bcc40d7c032b9dda1df7d1c" "/opt/rustwide/cargo-home/bin/cargo" "+1.75.0" "build" "--frozen" "--message-format=json", kill_on_drop: false }`
[INFO] [stdout] 1fb348eddbc69410b1dc276c0bf64527633e69db8c8bd69850ea143bce860a40
[INFO] running `Command { std: "docker" "start" "-a" "1fb348eddbc69410b1dc276c0bf64527633e69db8c8bd69850ea143bce860a40", kill_on_drop: false }`
[INFO] [stderr]    Compiling proc-macro2 v1.0.75
[INFO] [stderr]    Compiling unicode-ident v1.0.12
[INFO] [stderr]    Compiling typenum v1.17.0
[INFO] [stderr]    Compiling version_check v0.9.4
[INFO] [stderr]    Compiling libc v0.2.151
[INFO] [stderr]    Compiling const-oid v0.9.6
[INFO] [stderr]    Compiling subtle v2.5.0
[INFO] [stderr]    Compiling cfg-if v1.0.0
[INFO] [stderr]    Compiling base64ct v1.6.0
[INFO] [stderr]    Compiling autocfg v1.1.0
[INFO] [stderr]    Compiling once_cell v1.19.0
[INFO] [stderr]    Compiling base16ct v0.2.0
[INFO] [stderr]    Compiling thiserror v1.0.56
[INFO] [stderr]    Compiling equivalent v1.0.1
[INFO] [stderr]    Compiling cpufeatures v0.2.12
[INFO] [stderr]    Compiling hashbrown v0.14.3
[INFO] [stderr]    Compiling winnow v0.5.32
[INFO] [stderr]    Compiling toml_datetime v0.6.5
[INFO] [stderr]    Compiling anyhow v1.0.79
[INFO] [stderr]    Compiling tinyvec_macros v0.1.1
[INFO] [stderr]    Compiling ppv-lite86 v0.2.17
[INFO] [stderr]    Compiling tinyvec v1.6.0
[INFO] [stderr]    Compiling hex v0.4.3
[INFO] [stderr]    Compiling pem-rfc7468 v0.7.0
[INFO] [stderr]    Compiling rustc-hash v1.1.0
[INFO] [stderr]    Compiling arbitrary v1.3.2
[INFO] [stderr]    Compiling generic-array v0.14.7
[INFO] [stderr]    Compiling num-traits v0.2.17
[INFO] [stderr]    Compiling num-integer v0.1.45
[INFO] [stderr]    Compiling num-bigint v0.4.4
[INFO] [stderr]    Compiling lazy_static v1.4.0
[INFO] [stderr]    Compiling indexmap v2.1.0
[INFO] [stderr]    Compiling quote v1.0.35
[INFO] [stderr]    Compiling syn v2.0.48
[INFO] [stderr]    Compiling getrandom v0.2.11
[INFO] [stderr]    Compiling num_cpus v1.16.0
[INFO] [stderr]    Compiling rand_core v0.6.4
[INFO] [stderr]    Compiling unicode-normalization v0.1.22
[INFO] [stderr]    Compiling threadpool v1.8.1
[INFO] [stderr]    Compiling cc v1.0.83
[INFO] [stderr]    Compiling ff v0.13.0
[INFO] [stderr]    Compiling rand_chacha v0.3.1
[INFO] [stderr]    Compiling group v0.13.0
[INFO] [stderr]    Compiling rand v0.8.5
[INFO] [stderr]    Compiling toml_edit v0.19.15
[INFO] [stderr]    Compiling blst v0.3.11
[INFO] [stderr]    Compiling proc-macro-crate v1.3.1
[INFO] [stderr]    Compiling zeroize_derive v1.4.2
[INFO] [stderr]    Compiling thiserror-impl v1.0.56
[INFO] [stderr]    Compiling chia_streamable_macro v0.3.0
[INFO] [stderr]    Compiling zeroize v1.7.0
[INFO] [stderr]    Compiling der v0.7.8
[INFO] [stderr]    Compiling clvm-traits v0.3.2
[INFO] [stderr]    Compiling block-buffer v0.10.4
[INFO] [stderr]    Compiling crypto-common v0.1.6
[INFO] [stderr]    Compiling crypto-bigint v0.5.5
[INFO] [stderr]    Compiling digest v0.10.7
[INFO] [stderr]    Compiling hmac v0.12.1
[INFO] [stderr]    Compiling sha2 v0.10.8
[INFO] [stderr]    Compiling signature v2.2.0
[INFO] [stderr]    Compiling pbkdf2 v0.11.0
[INFO] [stderr]    Compiling rfc6979 v0.4.0
[INFO] [stderr]    Compiling hkdf v0.12.4
[INFO] [stderr]    Compiling chia-traits v0.3.3
[INFO] [stderr]    Compiling tiny-bip39 v1.0.0
[INFO] [stderr]    Compiling spki v0.7.3
[INFO] [stderr]    Compiling pkcs8 v0.10.2
[INFO] [stderr]    Compiling chia-bls v0.3.3
[INFO] [stderr]    Compiling sec1 v0.7.3
[INFO] [stderr]    Compiling elliptic-curve v0.13.8
[INFO] [stderr]    Compiling ecdsa v0.16.9
[INFO] [stderr]    Compiling primeorder v0.13.6
[INFO] [stderr]    Compiling p256 v0.13.2
[INFO] [stderr]    Compiling k256 v0.13.2
[INFO] [stderr]    Compiling clvmr v0.3.3
[INFO] [stderr]    Compiling clvm-traits v0.2.14
[INFO] [stderr]    Compiling clvm-utils v0.2.12 (/opt/rustwide/workdir)
[INFO] [stdout] error[E0432]: unresolved import `clvm_traits::Result`
[INFO] [stdout]  --> src/curried_program.rs:3:16
[INFO] [stdout]   |
[INFO] [stdout] 3 |     MatchByte, Result, ToClvm,
[INFO] [stdout]   |                ^^^^^^ no `Result` in the root
[INFO] [stdout]   |
[INFO] [stdout]   = help: consider importing one of these items instead:
[INFO] [stdout]           std::fmt::Result
[INFO] [stdout]           std::io::Result
[INFO] [stdout]           std::result::Result
[INFO] [stdout]           std::thread::Result
[INFO] [stdout]           core::fmt::Result
[INFO] [stdout]           core::result::Result
[INFO] [stdout] 
[INFO] [stdout] 
[INFO] [stdout] error[E0107]: missing generics for trait `FromClvm`
[INFO] [stdout]   --> src/curried_program.rs:13:9
[INFO] [stdout]    |
[INFO] [stdout] 13 | impl<T> FromClvm for CurriedProgram<T>
[INFO] [stdout]    |         ^^^^^^^^ expected 1 generic argument
[INFO] [stdout]    |
[INFO] [stdout] note: trait defined here, with 1 generic parameter: `N`
[INFO] [stdout]   --> /opt/rustwide/cargo-home/registry/src/index.crates.io-6f17d22bba15001f/clvm-traits-0.2.14/src/from_clvm.rs:6:11
[INFO] [stdout]    |
[INFO] [stdout] 6  | pub trait FromClvm<N>: Sized {
[INFO] [stdout]    |           ^^^^^^^^ -
[INFO] [stdout] help: add missing generic argument
[INFO] [stdout]    |
[INFO] [stdout] 13 | impl<T> FromClvm<N> for CurriedProgram<T>
[INFO] [stdout]    |                 +++
[INFO] [stdout] 
[INFO] [stdout] 
[INFO] [stdout] error[E0107]: missing generics for trait `FromClvm`
[INFO] [stdout]   --> src/curried_program.rs:15:8
[INFO] [stdout]    |
[INFO] [stdout] 15 |     T: FromClvm,
[INFO] [stdout]    |        ^^^^^^^^ expected 1 generic argument
[INFO] [stdout]    |
[INFO] [stdout] note: trait defined here, with 1 generic parameter: `N`
[INFO] [stdout]   --> /opt/rustwide/cargo-home/registry/src/index.crates.io-6f17d22bba15001f/clvm-traits-0.2.14/src/from_clvm.rs:6:11
[INFO] [stdout]    |
[INFO] [stdout] 6  | pub trait FromClvm<N>: Sized {
[INFO] [stdout]    |           ^^^^^^^^ -
[INFO] [stdout] help: add missing generic argument
[INFO] [stdout]    |
[INFO] [stdout] 15 |     T: FromClvm<N>,
[INFO] [stdout]    |                +++
[INFO] [stdout] 
[INFO] [stdout] 
[INFO] [stdout] error[E0107]: missing generics for trait `ToClvm`
[INFO] [stdout]   --> src/curried_program.rs:25:9
[INFO] [stdout]    |
[INFO] [stdout] 25 | impl<T> ToClvm for CurriedProgram<T>
[INFO] [stdout]    |         ^^^^^^ expected 1 generic argument
[INFO] [stdout]    |
[INFO] [stdout] note: trait defined here, with 1 generic parameter: `N`
[INFO] [stdout]   --> /opt/rustwide/cargo-home/registry/src/index.crates.io-6f17d22bba15001f/clvm-traits-0.2.14/src/to_clvm.rs:6:11
[INFO] [stdout]    |
[INFO] [stdout] 6  | pub trait ToClvm<N> {
[INFO] [stdout]    |           ^^^^^^ -
[INFO] [stdout] help: add missing generic argument
[INFO] [stdout]    |
[INFO] [stdout] 25 | impl<T> ToClvm<N> for CurriedProgram<T>
[INFO] [stdout]    |               +++
[INFO] [stdout] 
[INFO] [stdout] 
[INFO] [stdout] error[E0107]: missing generics for trait `ToClvm`
[INFO] [stdout]   --> src/curried_program.rs:27:8
[INFO] [stdout]    |
[INFO] [stdout] 27 |     T: ToClvm,
[INFO] [stdout]    |        ^^^^^^ expected 1 generic argument
[INFO] [stdout]    |
[INFO] [stdout] note: trait defined here, with 1 generic parameter: `N`
[INFO] [stdout]   --> /opt/rustwide/cargo-home/registry/src/index.crates.io-6f17d22bba15001f/clvm-traits-0.2.14/src/to_clvm.rs:6:11
[INFO] [stdout]    |
[INFO] [stdout] 6  | pub trait ToClvm<N> {
[INFO] [stdout]    |           ^^^^^^ -
[INFO] [stdout] help: add missing generic argument
[INFO] [stdout]    |
[INFO] [stdout] 27 |     T: ToClvm<N>,
[INFO] [stdout]    |              +++
[INFO] [stdout] 
[INFO] [stdout] 
[INFO] [stdout] error: aborting due to 5 previous errors
[INFO] [stdout] 
[INFO] [stdout] 
[INFO] [stdout] Some errors have detailed explanations: E0107, E0432.
[INFO] [stdout] 
[INFO] [stdout] For more information about an error, try `rustc --explain E0107`.
[INFO] [stdout] 
[INFO] [stderr] error: could not compile `clvm-utils` (lib) due to 6 previous errors
[INFO] [stderr] warning: build failed, waiting for other jobs to finish...
[INFO] running `Command { std: "docker" "inspect" "1fb348eddbc69410b1dc276c0bf64527633e69db8c8bd69850ea143bce860a40", kill_on_drop: false }`
[INFO] running `Command { std: "docker" "rm" "-f" "1fb348eddbc69410b1dc276c0bf64527633e69db8c8bd69850ea143bce860a40", kill_on_drop: false }`
[INFO] [stdout] 1fb348eddbc69410b1dc276c0bf64527633e69db8c8bd69850ea143bce860a40
