[INFO] fetching crate cloud-storage-rs 0.4.3...
[INFO] testing cloud-storage-rs-0.4.3 against 1.75.0 for beta-1.76-1
[INFO] extracting crate cloud-storage-rs 0.4.3 into /workspace/builds/worker-6-tc1/source
[INFO] validating manifest of crates.io crate cloud-storage-rs 0.4.3 on toolchain 1.75.0
[INFO] running `Command { std: CARGO_HOME="/workspace/cargo-home" RUSTUP_HOME="/workspace/rustup-home" "/workspace/cargo-home/bin/cargo" "+1.75.0" "metadata" "--manifest-path" "Cargo.toml" "--no-deps", kill_on_drop: false }`
[INFO] started tweaking crates.io crate cloud-storage-rs 0.4.3
[INFO] finished tweaking crates.io crate cloud-storage-rs 0.4.3
[INFO] tweaked toml for crates.io crate cloud-storage-rs 0.4.3 written to /workspace/builds/worker-6-tc1/source/Cargo.toml
[INFO] running `Command { std: CARGO_HOME="/workspace/cargo-home" RUSTUP_HOME="/workspace/rustup-home" "/workspace/cargo-home/bin/cargo" "+1.75.0" "generate-lockfile" "--manifest-path" "Cargo.toml", kill_on_drop: false }`
[INFO] [stderr]     Updating crates.io index
[INFO] running `Command { std: CARGO_HOME="/workspace/cargo-home" RUSTUP_HOME="/workspace/rustup-home" "/workspace/cargo-home/bin/cargo" "+1.75.0" "fetch" "--manifest-path" "Cargo.toml", kill_on_drop: false }`
[INFO] running `Command { std: "docker" "create" "-v" "/var/lib/crater-agent-workspace/builds/worker-6-tc1/target:/opt/rustwide/target:rw,Z" "-v" "/var/lib/crater-agent-workspace/builds/worker-6-tc1/source:/opt/rustwide/workdir:ro,Z" "-v" "/var/lib/crater-agent-workspace/cargo-home:/opt/rustwide/cargo-home:ro,Z" "-v" "/var/lib/crater-agent-workspace/rustup-home:/opt/rustwide/rustup-home:ro,Z" "-e" "SOURCE_DIR=/opt/rustwide/workdir" "-e" "CARGO_TARGET_DIR=/opt/rustwide/target" "-e" "CARGO_HOME=/opt/rustwide/cargo-home" "-e" "RUSTUP_HOME=/opt/rustwide/rustup-home" "-w" "/opt/rustwide/workdir" "-m" "1610612736" "--user" "0:0" "--network" "none" "ghcr.io/rust-lang/crates-build-env/linux@sha256:2788e3201cd34a07e3172128adcd8b3090168a8e3bcc40d7c032b9dda1df7d1c" "/opt/rustwide/cargo-home/bin/cargo" "+1.75.0" "metadata" "--no-deps" "--format-version=1", kill_on_drop: false }`
[INFO] [stdout] 82dae149db865063ae2ef8073740258cb973757af4bbc81e480f5cd1eb587baf
[INFO] running `Command { std: "docker" "start" "-a" "82dae149db865063ae2ef8073740258cb973757af4bbc81e480f5cd1eb587baf", kill_on_drop: false }`
[INFO] running `Command { std: "docker" "inspect" "82dae149db865063ae2ef8073740258cb973757af4bbc81e480f5cd1eb587baf", kill_on_drop: false }`
[INFO] running `Command { std: "docker" "rm" "-f" "82dae149db865063ae2ef8073740258cb973757af4bbc81e480f5cd1eb587baf", kill_on_drop: false }`
[INFO] [stdout] 82dae149db865063ae2ef8073740258cb973757af4bbc81e480f5cd1eb587baf
[INFO] running `Command { std: "docker" "create" "-v" "/var/lib/crater-agent-workspace/builds/worker-6-tc1/target:/opt/rustwide/target:rw,Z" "-v" "/var/lib/crater-agent-workspace/builds/worker-6-tc1/source:/opt/rustwide/workdir:ro,Z" "-v" "/var/lib/crater-agent-workspace/cargo-home:/opt/rustwide/cargo-home:ro,Z" "-v" "/var/lib/crater-agent-workspace/rustup-home:/opt/rustwide/rustup-home:ro,Z" "-e" "SOURCE_DIR=/opt/rustwide/workdir" "-e" "CARGO_TARGET_DIR=/opt/rustwide/target" "-e" "CARGO_INCREMENTAL=0" "-e" "RUST_BACKTRACE=full" "-e" "RUSTFLAGS=--cap-lints=warn" "-e" "RUSTDOCFLAGS=--cap-lints=warn" "-e" "CARGO_HOME=/opt/rustwide/cargo-home" "-e" "RUSTUP_HOME=/opt/rustwide/rustup-home" "-w" "/opt/rustwide/workdir" "-m" "1610612736" "--user" "0:0" "--network" "none" "ghcr.io/rust-lang/crates-build-env/linux@sha256:2788e3201cd34a07e3172128adcd8b3090168a8e3bcc40d7c032b9dda1df7d1c" "/opt/rustwide/cargo-home/bin/cargo" "+1.75.0" "build" "--frozen" "--message-format=json", kill_on_drop: false }`
[INFO] [stdout] ad2e524440be8689f2dd06bc2d616fc4b1b5e8af767cfe23ec758fc9d019dc2d
[INFO] running `Command { std: "docker" "start" "-a" "ad2e524440be8689f2dd06bc2d616fc4b1b5e8af767cfe23ec758fc9d019dc2d", kill_on_drop: false }`
[INFO] [stderr]    Compiling libc v0.2.151
[INFO] [stderr]    Compiling slab v0.4.9
[INFO] [stderr]    Compiling vcpkg v0.2.15
[INFO] [stderr]    Compiling futures-core v0.3.30
[INFO] [stderr]    Compiling bytes v0.5.6
[INFO] [stderr]    Compiling memchr v2.7.1
[INFO] [stderr]    Compiling serde v1.0.194
[INFO] [stderr]    Compiling syn v2.0.48
[INFO] [stderr]    Compiling pin-project-lite v0.1.12
[INFO] [stderr]    Compiling pin-project-lite v0.2.13
[INFO] [stderr]    Compiling unicase v2.7.0
[INFO] [stderr]    Compiling tracing-core v0.1.32
[INFO] [stderr]    Compiling indexmap v1.9.3
[INFO] [stderr]    Compiling openssl v0.10.62
[INFO] [stderr]    Compiling bytes v1.5.0
[INFO] [stderr]    Compiling tracing v0.1.40
[INFO] [stderr]    Compiling num-integer v0.1.45
[INFO] [stderr]    Compiling tinyvec_macros v0.1.1
[INFO] [stderr]    Compiling futures-io v0.3.30
[INFO] [stderr]    Compiling native-tls v0.2.11
[INFO] [stderr]    Compiling httparse v1.8.0
[INFO] [stderr]    Compiling http v0.2.11
[INFO] [stderr]    Compiling futures-task v0.3.30
[INFO] [stderr]    Compiling futures-sink v0.3.30
[INFO] [stderr]    Compiling bitflags v2.4.1
[INFO] [stderr]    Compiling hashbrown v0.12.3
[INFO] [stderr]    Compiling futures-util v0.3.30
[INFO] [stderr]    Compiling tinyvec v1.6.0
[INFO] [stderr]    Compiling num-bigint v0.2.6
[INFO] [stderr]    Compiling try-lock v0.2.5
[INFO] [stderr]    Compiling regex-syntax v0.8.2
[INFO] [stderr]    Compiling openssl-probe v0.1.5
[INFO] [stderr]    Compiling percent-encoding v2.3.1
[INFO] [stderr]    Compiling cc v1.0.83
[INFO] [stderr]    Compiling net2 v0.2.39
[INFO] [stderr]    Compiling iovec v0.1.4
[INFO] [stderr]    Compiling num_cpus v1.16.0
[INFO] [stderr]    Compiling unicode-normalization v0.1.22
[INFO] [stderr]    Compiling form_urlencoded v1.2.1
[INFO] [stderr]    Compiling mio v0.6.23
[INFO] [stderr]    Compiling socket2 v0.3.19
[INFO] [stderr]    Compiling http-body v0.3.1
[INFO] [stderr]    Compiling regex-automata v0.4.3
[INFO] [stderr]    Compiling want v0.3.1
[INFO] [stderr]    Compiling mime_guess v2.0.4
[INFO] [stderr]    Compiling openssl-sys v0.9.98
[INFO] [stderr]    Compiling tokio v0.2.25
[INFO] [stderr]    Compiling ring v0.16.20
[INFO] [stderr]    Compiling futures-channel v0.3.30
[INFO] [stderr]    Compiling itoa v0.4.8
[INFO] [stderr]    Compiling tower-service v0.3.2
[INFO] [stderr]    Compiling base64 v0.13.1
[INFO] [stderr]    Compiling unicode-bidi v0.3.14
[INFO] [stderr]    Compiling httpdate v0.3.2
[INFO] [stderr]    Compiling regex v1.10.2
[INFO] [stderr]    Compiling idna v0.5.0
[INFO] [stderr]    Compiling spin v0.5.2
[INFO] [stderr]    Compiling mime v0.3.17
[INFO] [stderr]    Compiling untrusted v0.7.1
[INFO] [stderr]    Compiling serde_derive v1.0.194
[INFO] [stderr]    Compiling pin-project-internal v1.1.3
[INFO] [stderr]    Compiling openssl-macros v0.1.1
[INFO] [stderr]    Compiling tokio-util v0.3.1
[INFO] [stderr]    Compiling url v2.5.0
[INFO] [stderr]    Compiling pem v0.8.3
[INFO] [stderr]    Compiling encoding_rs v0.8.33
[INFO] [stderr]    Compiling ipnet v2.9.0
[INFO] [stderr]    Compiling pin-project v1.1.3
[INFO] [stderr]    Compiling base64 v0.12.3
[INFO] [stderr]    Compiling tracing-futures v0.2.5
[INFO] [stderr]    Compiling h2 v0.2.7
[INFO] [stderr]    Compiling hex v0.4.3
[INFO] [stderr]    Compiling dotenv v0.15.0
[INFO] [stderr]    Compiling tokio-tls v0.3.1
[INFO] [stderr]    Compiling hyper v0.13.10
[INFO] [stderr]    Compiling serde_json v1.0.111
[INFO] [stderr]    Compiling chrono v0.4.31
[INFO] [stderr]    Compiling serde_urlencoded v0.7.1
[INFO] [stderr]    Compiling simple_asn1 v0.4.1
[INFO] [stderr]    Compiling jsonwebtoken v7.2.0
[INFO] [stderr]    Compiling hyper-tls v0.4.3
[INFO] [stderr]    Compiling reqwest v0.10.10
[INFO] [stderr]    Compiling cloud-storage-rs v0.4.3 (/opt/rustwide/workdir)
[INFO] [stdout] error[E0425]: cannot find function `encode` in crate `hex`
[INFO] [stdout]    --> src/resources/object.rs:591:29
[INFO] [stdout]     |
[INFO] [stdout] 591 |         let hex_hash = hex::encode(hash);
[INFO] [stdout]     |                             ^^^^^^ not found in `hex`
[INFO] [stdout]     |
[INFO] [stdout] note: found an item that was configured out
[INFO] [stdout]    --> /opt/rustwide/cargo-home/registry/src/index.crates.io-6f17d22bba15001f/hex-0.4.3/src/lib.rs:259:8
[INFO] [stdout]     |
[INFO] [stdout] 259 | pub fn encode<T: AsRef<[u8]>>(data: T) -> String {
[INFO] [stdout]     |        ^^^^^^
[INFO] [stdout]     = note: the item is gated behind the `alloc` feature
[INFO] [stdout] help: consider importing one of these items
[INFO] [stdout]     |
[INFO] [stdout] 1   + use base64::encode;
[INFO] [stdout]     |
[INFO] [stdout] 1   + use jsonwebtoken::encode;
[INFO] [stdout]     |
[INFO] [stdout] help: if you import `encode`, refer to it directly
[INFO] [stdout]     |
[INFO] [stdout] 591 -         let hex_hash = hex::encode(hash);
[INFO] [stdout] 591 +         let hex_hash = encode(hash);
[INFO] [stdout]     |
[INFO] [stdout] 
[INFO] [stdout] 
[INFO] [stdout] error[E0425]: cannot find function `encode` in crate `hex`
[INFO] [stdout]    --> src/resources/object.rs:607:30
[INFO] [stdout]     |
[INFO] [stdout] 607 |         let signature = hex::encode(&buffer?);
[INFO] [stdout]     |                              ^^^^^^ not found in `hex`
[INFO] [stdout]     |
[INFO] [stdout] note: found an item that was configured out
[INFO] [stdout]    --> /opt/rustwide/cargo-home/registry/src/index.crates.io-6f17d22bba15001f/hex-0.4.3/src/lib.rs:259:8
[INFO] [stdout]     |
[INFO] [stdout] 259 | pub fn encode<T: AsRef<[u8]>>(data: T) -> String {
[INFO] [stdout]     |        ^^^^^^
[INFO] [stdout]     = note: the item is gated behind the `alloc` feature
[INFO] [stdout] help: consider importing one of these items
[INFO] [stdout]     |
[INFO] [stdout] 1   + use base64::encode;
[INFO] [stdout]     |
[INFO] [stdout] 1   + use jsonwebtoken::encode;
[INFO] [stdout]     |
[INFO] [stdout] help: if you import `encode`, refer to it directly
[INFO] [stdout]     |
[INFO] [stdout] 607 -         let signature = hex::encode(&buffer?);
[INFO] [stdout] 607 +         let signature = encode(&buffer?);
[INFO] [stdout]     |
[INFO] [stdout] 
[INFO] [stdout] 
[INFO] [stdout] error: aborting due to 2 previous errors
[INFO] [stdout] 
[INFO] [stdout] 
[INFO] [stdout] For more information about this error, try `rustc --explain E0425`.
[INFO] [stdout] 
[INFO] [stderr] error: could not compile `cloud-storage-rs` (lib) due to 3 previous errors
[INFO] [stderr] warning: build failed, waiting for other jobs to finish...
[INFO] running `Command { std: "docker" "inspect" "ad2e524440be8689f2dd06bc2d616fc4b1b5e8af767cfe23ec758fc9d019dc2d", kill_on_drop: false }`
[INFO] running `Command { std: "docker" "rm" "-f" "ad2e524440be8689f2dd06bc2d616fc4b1b5e8af767cfe23ec758fc9d019dc2d", kill_on_drop: false }`
[INFO] [stdout] ad2e524440be8689f2dd06bc2d616fc4b1b5e8af767cfe23ec758fc9d019dc2d
[INFO] testing cloud-storage-rs-0.4.3 against beta-2023-12-22 for beta-1.76-1
[INFO] extracting crate cloud-storage-rs 0.4.3 into /workspace/builds/worker-6-tc2/source
[INFO] validating manifest of crates.io crate cloud-storage-rs 0.4.3 on toolchain beta-2023-12-22
[INFO] running `Command { std: CARGO_HOME="/workspace/cargo-home" RUSTUP_HOME="/workspace/rustup-home" "/workspace/cargo-home/bin/cargo" "+beta-2023-12-22" "metadata" "--manifest-path" "Cargo.toml" "--no-deps", kill_on_drop: false }`
[INFO] started tweaking crates.io crate cloud-storage-rs 0.4.3
[INFO] finished tweaking crates.io crate cloud-storage-rs 0.4.3
[INFO] tweaked toml for crates.io crate cloud-storage-rs 0.4.3 written to /workspace/builds/worker-6-tc2/source/Cargo.toml
[INFO] running `Command { std: CARGO_HOME="/workspace/cargo-home" RUSTUP_HOME="/workspace/rustup-home" "/workspace/cargo-home/bin/cargo" "+beta-2023-12-22" "generate-lockfile" "--manifest-path" "Cargo.toml", kill_on_drop: false }`
[INFO] [stderr]     Updating crates.io index
[INFO] running `Command { std: CARGO_HOME="/workspace/cargo-home" RUSTUP_HOME="/workspace/rustup-home" "/workspace/cargo-home/bin/cargo" "+beta-2023-12-22" "fetch" "--manifest-path" "Cargo.toml", kill_on_drop: false }`
[INFO] running `Command { std: "docker" "create" "-v" "/var/lib/crater-agent-workspace/builds/worker-6-tc2/target:/opt/rustwide/target:rw,Z" "-v" "/var/lib/crater-agent-workspace/builds/worker-6-tc2/source:/opt/rustwide/workdir:ro,Z" "-v" "/var/lib/crater-agent-workspace/cargo-home:/opt/rustwide/cargo-home:ro,Z" "-v" "/var/lib/crater-agent-workspace/rustup-home:/opt/rustwide/rustup-home:ro,Z" "-e" "SOURCE_DIR=/opt/rustwide/workdir" "-e" "CARGO_TARGET_DIR=/opt/rustwide/target" "-e" "CARGO_HOME=/opt/rustwide/cargo-home" "-e" "RUSTUP_HOME=/opt/rustwide/rustup-home" "-w" "/opt/rustwide/workdir" "-m" "1610612736" "--user" "0:0" "--network" "none" "ghcr.io/rust-lang/crates-build-env/linux@sha256:2788e3201cd34a07e3172128adcd8b3090168a8e3bcc40d7c032b9dda1df7d1c" "/opt/rustwide/cargo-home/bin/cargo" "+beta-2023-12-22" "metadata" "--no-deps" "--format-version=1", kill_on_drop: false }`
[INFO] [stdout] 05fb0b9f08875c6adbd32426602fdb7fa3cb65602171cf1e37f012786461a065
[INFO] running `Command { std: "docker" "start" "-a" "05fb0b9f08875c6adbd32426602fdb7fa3cb65602171cf1e37f012786461a065", kill_on_drop: false }`
[INFO] running `Command { std: "docker" "inspect" "05fb0b9f08875c6adbd32426602fdb7fa3cb65602171cf1e37f012786461a065", kill_on_drop: false }`
[INFO] running `Command { std: "docker" "rm" "-f" "05fb0b9f08875c6adbd32426602fdb7fa3cb65602171cf1e37f012786461a065", kill_on_drop: false }`
[INFO] [stdout] 05fb0b9f08875c6adbd32426602fdb7fa3cb65602171cf1e37f012786461a065
[INFO] running `Command { std: "docker" "create" "-v" "/var/lib/crater-agent-workspace/builds/worker-6-tc2/target:/opt/rustwide/target:rw,Z" "-v" "/var/lib/crater-agent-workspace/builds/worker-6-tc2/source:/opt/rustwide/workdir:ro,Z" "-v" "/var/lib/crater-agent-workspace/cargo-home:/opt/rustwide/cargo-home:ro,Z" "-v" "/var/lib/crater-agent-workspace/rustup-home:/opt/rustwide/rustup-home:ro,Z" "-e" "SOURCE_DIR=/opt/rustwide/workdir" "-e" "CARGO_TARGET_DIR=/opt/rustwide/target" "-e" "CARGO_INCREMENTAL=0" "-e" "RUST_BACKTRACE=full" "-e" "RUSTFLAGS=--cap-lints=warn" "-e" "RUSTDOCFLAGS=--cap-lints=warn" "-e" "CARGO_HOME=/opt/rustwide/cargo-home" "-e" "RUSTUP_HOME=/opt/rustwide/rustup-home" "-w" "/opt/rustwide/workdir" "-m" "1610612736" "--user" "0:0" "--network" "none" "ghcr.io/rust-lang/crates-build-env/linux@sha256:2788e3201cd34a07e3172128adcd8b3090168a8e3bcc40d7c032b9dda1df7d1c" "/opt/rustwide/cargo-home/bin/cargo" "+beta-2023-12-22" "build" "--frozen" "--message-format=json", kill_on_drop: false }`
[INFO] [stdout] 16104476fcfbbcba0cca288e1e7ace37f93d1aa3916dafa576edeb4486cf0d51
[INFO] running `Command { std: "docker" "start" "-a" "16104476fcfbbcba0cca288e1e7ace37f93d1aa3916dafa576edeb4486cf0d51", kill_on_drop: false }`
[INFO] [stderr]    Compiling libc v0.2.151
[INFO] [stderr]    Compiling slab v0.4.9
[INFO] [stderr]    Compiling vcpkg v0.2.15
[INFO] [stderr]    Compiling futures-core v0.3.30
[INFO] [stderr]    Compiling serde v1.0.194
[INFO] [stderr]    Compiling memchr v2.7.1
[INFO] [stderr]    Compiling bytes v0.5.6
[INFO] [stderr]    Compiling syn v2.0.48
[INFO] [stderr]    Compiling pin-project-lite v0.2.13
[INFO] [stderr]    Compiling pin-project-lite v0.1.12
[INFO] [stderr]    Compiling unicase v2.7.0
[INFO] [stderr]    Compiling tracing-core v0.1.32
[INFO] [stderr]    Compiling indexmap v1.9.3
[INFO] [stderr]    Compiling openssl v0.10.62
[INFO] [stderr]    Compiling bytes v1.5.0
[INFO] [stderr]    Compiling tracing v0.1.40
[INFO] [stderr]    Compiling http v0.2.11
[INFO] [stderr]    Compiling num-integer v0.1.45
[INFO] [stderr]    Compiling futures-sink v0.3.30
[INFO] [stderr]    Compiling hashbrown v0.12.3
[INFO] [stderr]    Compiling futures-task v0.3.30
[INFO] [stderr]    Compiling native-tls v0.2.11
[INFO] [stderr]    Compiling httparse v1.8.0
[INFO] [stderr]    Compiling futures-io v0.3.30
[INFO] [stderr]    Compiling bitflags v2.4.1
[INFO] [stderr]    Compiling tinyvec_macros v0.1.1
[INFO] [stderr]    Compiling futures-util v0.3.30
[INFO] [stderr]    Compiling tinyvec v1.6.0
[INFO] [stderr]    Compiling num-bigint v0.2.6
[INFO] [stderr]    Compiling percent-encoding v2.3.1
[INFO] [stderr]    Compiling openssl-probe v0.1.5
[INFO] [stderr]    Compiling try-lock v0.2.5
[INFO] [stderr]    Compiling regex-syntax v0.8.2
[INFO] [stderr]    Compiling want v0.3.1
[INFO] [stderr]    Compiling unicode-normalization v0.1.22
[INFO] [stderr]    Compiling cc v1.0.83
[INFO] [stderr]    Compiling net2 v0.2.39
[INFO] [stderr]    Compiling iovec v0.1.4
[INFO] [stderr]    Compiling num_cpus v1.16.0
[INFO] [stderr]    Compiling socket2 v0.3.19
[INFO] [stderr]    Compiling mio v0.6.23
[INFO] [stderr]    Compiling form_urlencoded v1.2.1
[INFO] [stderr]    Compiling mime_guess v2.0.4
[INFO] [stderr]    Compiling http-body v0.3.1
[INFO] [stderr]    Compiling tokio v0.2.25
[INFO] [stderr]    Compiling regex-automata v0.4.3
[INFO] [stderr]    Compiling futures-channel v0.3.30
[INFO] [stderr]    Compiling httpdate v0.3.2
[INFO] [stderr]    Compiling openssl-sys v0.9.98
[INFO] [stderr]    Compiling ring v0.16.20
[INFO] [stderr]    Compiling tower-service v0.3.2
[INFO] [stderr]    Compiling itoa v0.4.8
[INFO] [stderr]    Compiling unicode-bidi v0.3.14
[INFO] [stderr]    Compiling base64 v0.13.1
[INFO] [stderr]    Compiling idna v0.5.0
[INFO] [stderr]    Compiling untrusted v0.7.1
[INFO] [stderr]    Compiling spin v0.5.2
[INFO] [stderr]    Compiling regex v1.10.2
[INFO] [stderr]    Compiling mime v0.3.17
[INFO] [stderr]    Compiling pem v0.8.3
[INFO] [stderr]    Compiling serde_derive v1.0.194
[INFO] [stderr]    Compiling pin-project-internal v1.1.3
[INFO] [stderr]    Compiling openssl-macros v0.1.1
[INFO] [stderr]    Compiling tokio-util v0.3.1
[INFO] [stderr]    Compiling url v2.5.0
[INFO] [stderr]    Compiling encoding_rs v0.8.33
[INFO] [stderr]    Compiling base64 v0.12.3
[INFO] [stderr]    Compiling ipnet v2.9.0
[INFO] [stderr]    Compiling pin-project v1.1.3
[INFO] [stderr]    Compiling hex v0.4.3
[INFO] [stderr]    Compiling tracing-futures v0.2.5
[INFO] [stderr]    Compiling h2 v0.2.7
[INFO] [stderr]    Compiling dotenv v0.15.0
[INFO] [stderr]    Compiling tokio-tls v0.3.1
[INFO] [stderr]    Compiling hyper v0.13.10
[INFO] [stderr]    Compiling chrono v0.4.31
[INFO] [stderr]    Compiling serde_json v1.0.111
[INFO] [stderr]    Compiling serde_urlencoded v0.7.1
[INFO] [stderr]    Compiling simple_asn1 v0.4.1
[INFO] [stderr]    Compiling jsonwebtoken v7.2.0
[INFO] [stderr]    Compiling hyper-tls v0.4.3
[INFO] [stderr]    Compiling reqwest v0.10.10
[INFO] [stderr]    Compiling cloud-storage-rs v0.4.3 (/opt/rustwide/workdir)
[INFO] [stdout] error[E0425]: cannot find function `encode` in crate `hex`
[INFO] [stdout]    --> src/resources/object.rs:591:29
[INFO] [stdout]     |
[INFO] [stdout] 591 |         let hex_hash = hex::encode(hash);
[INFO] [stdout]     |                             ^^^^^^ not found in `hex`
[INFO] [stdout]     |
[INFO] [stdout] note: found an item that was configured out
[INFO] [stdout]    --> /opt/rustwide/cargo-home/registry/src/index.crates.io-6f17d22bba15001f/hex-0.4.3/src/lib.rs:259:8
[INFO] [stdout]     |
[INFO] [stdout] 259 | pub fn encode<T: AsRef<[u8]>>(data: T) -> String {
[INFO] [stdout]     |        ^^^^^^
[INFO] [stdout]     = note: the item is gated behind the `alloc` feature
[INFO] [stdout] help: consider importing one of these items
[INFO] [stdout]     |
[INFO] [stdout] 1   + use base64::encode;
[INFO] [stdout]     |
[INFO] [stdout] 1   + use jsonwebtoken::encode;
[INFO] [stdout]     |
[INFO] [stdout] help: if you import `encode`, refer to it directly
[INFO] [stdout]     |
[INFO] [stdout] 591 -         let hex_hash = hex::encode(hash);
[INFO] [stdout] 591 +         let hex_hash = encode(hash);
[INFO] [stdout]     |
[INFO] [stdout] 
[INFO] [stdout] 
[INFO] [stdout] error[E0425]: cannot find function `encode` in crate `hex`
[INFO] [stdout]    --> src/resources/object.rs:607:30
[INFO] [stdout]     |
[INFO] [stdout] 607 |         let signature = hex::encode(&buffer?);
[INFO] [stdout]     |                              ^^^^^^ not found in `hex`
[INFO] [stdout]     |
[INFO] [stdout] note: found an item that was configured out
[INFO] [stdout]    --> /opt/rustwide/cargo-home/registry/src/index.crates.io-6f17d22bba15001f/hex-0.4.3/src/lib.rs:259:8
[INFO] [stdout]     |
[INFO] [stdout] 259 | pub fn encode<T: AsRef<[u8]>>(data: T) -> String {
[INFO] [stdout]     |        ^^^^^^
[INFO] [stdout]     = note: the item is gated behind the `alloc` feature
[INFO] [stdout] help: consider importing one of these items
[INFO] [stdout]     |
[INFO] [stdout] 1   + use base64::encode;
[INFO] [stdout]     |
[INFO] [stdout] 1   + use jsonwebtoken::encode;
[INFO] [stdout]     |
[INFO] [stdout] help: if you import `encode`, refer to it directly
[INFO] [stdout]     |
[INFO] [stdout] 607 -         let signature = hex::encode(&buffer?);
[INFO] [stdout] 607 +         let signature = encode(&buffer?);
[INFO] [stdout]     |
[INFO] [stdout] 
[INFO] [stdout] 
[INFO] [stdout] error: aborting due to 2 previous errors
[INFO] [stdout] 
[INFO] [stdout] 
[INFO] [stdout] For more information about this error, try `rustc --explain E0425`.
[INFO] [stdout] 
[INFO] [stderr] error: could not compile `cloud-storage-rs` (lib) due to 3 previous errors
[INFO] [stderr] warning: build failed, waiting for other jobs to finish...
[INFO] running `Command { std: "docker" "inspect" "16104476fcfbbcba0cca288e1e7ace37f93d1aa3916dafa576edeb4486cf0d51", kill_on_drop: false }`
[INFO] running `Command { std: "docker" "rm" "-f" "16104476fcfbbcba0cca288e1e7ace37f93d1aa3916dafa576edeb4486cf0d51", kill_on_drop: false }`
[INFO] [stdout] 16104476fcfbbcba0cca288e1e7ace37f93d1aa3916dafa576edeb4486cf0d51
