[INFO] fetching crate clockwork-queue-program 1.2.15...
[INFO] testing clockwork-queue-program-1.2.15 against 1.75.0 for beta-1.76-1
[INFO] extracting crate clockwork-queue-program 1.2.15 into /workspace/builds/worker-3-tc1/source
[INFO] validating manifest of crates.io crate clockwork-queue-program 1.2.15 on toolchain 1.75.0
[INFO] running `Command { std: CARGO_HOME="/workspace/cargo-home" RUSTUP_HOME="/workspace/rustup-home" "/workspace/cargo-home/bin/cargo" "+1.75.0" "metadata" "--manifest-path" "Cargo.toml" "--no-deps", kill_on_drop: false }`
[INFO] started tweaking crates.io crate clockwork-queue-program 1.2.15
[INFO] finished tweaking crates.io crate clockwork-queue-program 1.2.15
[INFO] tweaked toml for crates.io crate clockwork-queue-program 1.2.15 written to /workspace/builds/worker-3-tc1/source/Cargo.toml
[INFO] running `Command { std: CARGO_HOME="/workspace/cargo-home" RUSTUP_HOME="/workspace/rustup-home" "/workspace/cargo-home/bin/cargo" "+1.75.0" "generate-lockfile" "--manifest-path" "Cargo.toml", kill_on_drop: false }`
[INFO] [stderr]     Updating crates.io index
[INFO] running `Command { std: CARGO_HOME="/workspace/cargo-home" RUSTUP_HOME="/workspace/rustup-home" "/workspace/cargo-home/bin/cargo" "+1.75.0" "fetch" "--manifest-path" "Cargo.toml", kill_on_drop: false }`
[INFO] [stderr]  Downloading crates ...
[INFO] [stderr]   Downloaded anchor-lang v0.25.0
[INFO] [stderr]   Downloaded anchor-spl v0.25.0
[INFO] [stderr]   Downloaded anchor-attribute-interface v0.25.0
[INFO] [stderr]   Downloaded anchor-attribute-constant v0.25.0
[INFO] [stderr]   Downloaded anchor-attribute-account v0.25.0
[INFO] [stderr]   Downloaded solana-sdk-macro v1.10.41
[INFO] [stderr]   Downloaded anchor-attribute-state v0.25.0
[INFO] [stderr]   Downloaded solana-program v1.10.41
[INFO] [stderr]   Downloaded clockwork-cron v1.4.2
[INFO] [stderr]   Downloaded anchor-derive-accounts v0.25.0
[INFO] [stderr]   Downloaded anchor-syn v0.25.0
[INFO] [stderr]   Downloaded anchor-attribute-event v0.25.0
[INFO] [stderr]   Downloaded spl-token v3.3.1
[INFO] [stderr]   Downloaded solana-frozen-abi v1.10.41
[INFO] [stderr]   Downloaded anchor-attribute-access-control v0.25.0
[INFO] [stderr]   Downloaded anchor-attribute-error v0.25.0
[INFO] [stderr]   Downloaded anchor-attribute-program v0.25.0
[INFO] [stderr]   Downloaded spl-associated-token-account v1.0.5
[INFO] [stderr]   Downloaded static-pubkey v1.0.3
[INFO] [stderr]   Downloaded solana-frozen-abi-macro v1.10.41
[INFO] [stderr]   Downloaded clockwork-network-program v1.3.12
[INFO] [stderr]   Downloaded clockwork-utils v1.3.12
[INFO] running `Command { std: "docker" "create" "-v" "/var/lib/crater-agent-workspace/builds/worker-3-tc1/target:/opt/rustwide/target:rw,Z" "-v" "/var/lib/crater-agent-workspace/builds/worker-3-tc1/source:/opt/rustwide/workdir:ro,Z" "-v" "/var/lib/crater-agent-workspace/cargo-home:/opt/rustwide/cargo-home:ro,Z" "-v" "/var/lib/crater-agent-workspace/rustup-home:/opt/rustwide/rustup-home:ro,Z" "-e" "SOURCE_DIR=/opt/rustwide/workdir" "-e" "CARGO_TARGET_DIR=/opt/rustwide/target" "-e" "CARGO_HOME=/opt/rustwide/cargo-home" "-e" "RUSTUP_HOME=/opt/rustwide/rustup-home" "-w" "/opt/rustwide/workdir" "-m" "1610612736" "--user" "0:0" "--network" "none" "ghcr.io/rust-lang/crates-build-env/linux@sha256:2788e3201cd34a07e3172128adcd8b3090168a8e3bcc40d7c032b9dda1df7d1c" "/opt/rustwide/cargo-home/bin/cargo" "+1.75.0" "metadata" "--no-deps" "--format-version=1", kill_on_drop: false }`
[INFO] [stdout] 2fc293b57de28619f635e90cfaaf0b46a1bd8779a930b24da7c9e8a58b1a22c9
[INFO] running `Command { std: "docker" "start" "-a" "2fc293b57de28619f635e90cfaaf0b46a1bd8779a930b24da7c9e8a58b1a22c9", kill_on_drop: false }`
[INFO] running `Command { std: "docker" "inspect" "2fc293b57de28619f635e90cfaaf0b46a1bd8779a930b24da7c9e8a58b1a22c9", kill_on_drop: false }`
[INFO] running `Command { std: "docker" "rm" "-f" "2fc293b57de28619f635e90cfaaf0b46a1bd8779a930b24da7c9e8a58b1a22c9", kill_on_drop: false }`
[INFO] [stdout] 2fc293b57de28619f635e90cfaaf0b46a1bd8779a930b24da7c9e8a58b1a22c9
[INFO] running `Command { std: "docker" "create" "-v" "/var/lib/crater-agent-workspace/builds/worker-3-tc1/target:/opt/rustwide/target:rw,Z" "-v" "/var/lib/crater-agent-workspace/builds/worker-3-tc1/source:/opt/rustwide/workdir:ro,Z" "-v" "/var/lib/crater-agent-workspace/cargo-home:/opt/rustwide/cargo-home:ro,Z" "-v" "/var/lib/crater-agent-workspace/rustup-home:/opt/rustwide/rustup-home:ro,Z" "-e" "SOURCE_DIR=/opt/rustwide/workdir" "-e" "CARGO_TARGET_DIR=/opt/rustwide/target" "-e" "CARGO_INCREMENTAL=0" "-e" "RUST_BACKTRACE=full" "-e" "RUSTFLAGS=--cap-lints=warn" "-e" "RUSTDOCFLAGS=--cap-lints=warn" "-e" "CARGO_HOME=/opt/rustwide/cargo-home" "-e" "RUSTUP_HOME=/opt/rustwide/rustup-home" "-w" "/opt/rustwide/workdir" "-m" "1610612736" "--user" "0:0" "--network" "none" "ghcr.io/rust-lang/crates-build-env/linux@sha256:2788e3201cd34a07e3172128adcd8b3090168a8e3bcc40d7c032b9dda1df7d1c" "/opt/rustwide/cargo-home/bin/cargo" "+1.75.0" "build" "--frozen" "--message-format=json", kill_on_drop: false }`
[INFO] [stdout] 4f6086479de75ee6bef81afe96c3e20b55c7dc778575d8d5b5e862a3275d22b7
[INFO] running `Command { std: "docker" "start" "-a" "4f6086479de75ee6bef81afe96c3e20b55c7dc778575d8d5b5e862a3275d22b7", kill_on_drop: false }`
[INFO] [stderr]    Compiling proc-macro2 v1.0.75
[INFO] [stderr]    Compiling version_check v0.9.4
[INFO] [stderr]    Compiling typenum v1.17.0
[INFO] [stderr]    Compiling syn v1.0.109
[INFO] [stderr]    Compiling subtle v2.5.0
[INFO] [stderr]    Compiling cpufeatures v0.2.12
[INFO] [stderr]    Compiling opaque-debug v0.3.0
[INFO] [stderr]    Compiling once_cell v1.19.0
[INFO] [stderr]    Compiling semver v1.0.21
[INFO] [stderr]    Compiling crunchy v0.2.2
[INFO] [stderr]    Compiling anyhow v1.0.79
[INFO] [stderr]    Compiling serde_json v1.0.111
[INFO] [stderr]    Compiling crossbeam-utils v0.8.18
[INFO] [stderr]    Compiling unicode-segmentation v1.10.1
[INFO] [stderr]    Compiling ryu v1.0.16
[INFO] [stderr]    Compiling yansi v0.5.1
[INFO] [stderr]    Compiling itoa v1.0.10
[INFO] [stderr]    Compiling bs58 v0.3.1
[INFO] [stderr]    Compiling libc v0.2.151
[INFO] [stderr]    Compiling wasm-bindgen-shared v0.2.89
[INFO] [stderr]    Compiling getrandom v0.1.16
[INFO] [stderr]    Compiling rayon-core v1.12.0
[INFO] [stderr]    Compiling log v0.4.20
[INFO] [stderr]    Compiling num-traits v0.2.17
[INFO] [stderr]    Compiling rustversion v1.0.14
[INFO] [stderr]    Compiling generic-array v0.14.7
[INFO] [stderr]    Compiling proc-macro2-diagnostics v0.9.1
[INFO] [stderr]    Compiling heck v0.3.3
[INFO] [stderr]    Compiling ahash v0.7.7
[INFO] [stderr]    Compiling rand_core v0.5.1
[INFO] [stderr]    Compiling bs58 v0.4.0
[INFO] [stderr]    Compiling feature-probe v0.1.1
[INFO] [stderr]    Compiling bumpalo v3.14.0
[INFO] [stderr]    Compiling rustc_version v0.4.0
[INFO] [stderr]    Compiling im v15.1.0
[INFO] [stderr]    Compiling bv v0.11.1
[INFO] [stderr]    Compiling getrandom v0.2.11
[INFO] [stderr]    Compiling rand_core v0.6.4
[INFO] [stderr]    Compiling rand_chacha v0.2.2
[INFO] [stderr]    Compiling hashbrown v0.14.3
[INFO] [stderr]    Compiling arrayref v0.3.7
[INFO] [stderr]    Compiling wasm-bindgen v0.2.89
[INFO] [stderr]    Compiling crossbeam-epoch v0.9.17
[INFO] [stderr]    Compiling quote v1.0.35
[INFO] [stderr]    Compiling rand_xoshiro v0.6.0
[INFO] [stderr]    Compiling equivalent v1.0.1
[INFO] [stderr]    Compiling rand v0.7.3
[INFO] [stderr]    Compiling crossbeam-deque v0.8.4
[INFO] [stderr]    Compiling syn v2.0.48
[INFO] [stderr]    Compiling solana-frozen-abi-macro v1.10.41
[INFO] [stderr]    Compiling solana-frozen-abi v1.10.41
[INFO] [stderr]    Compiling cc v1.0.83
[INFO] [stderr]    Compiling hashbrown v0.11.2
[INFO] [stderr]    Compiling indexmap v2.1.0
[INFO] [stderr]    Compiling solana-program v1.10.41
[INFO] [stderr]    Compiling bitmaps v2.1.0
[INFO] [stderr]    Compiling memmap2 v0.5.10
[INFO] [stderr]    Compiling constant_time_eq v0.3.0
[INFO] [stderr]    Compiling byteorder v1.5.0
[INFO] [stderr]    Compiling arrayvec v0.7.4
[INFO] [stderr]    Compiling memchr v2.7.1
[INFO] [stderr]    Compiling zeroize v1.3.0
[INFO] [stderr]    Compiling digest v0.9.0
[INFO] [stderr]    Compiling block-buffer v0.9.0
[INFO] [stderr]    Compiling winnow v0.5.32
[INFO] [stderr]    Compiling toml_datetime v0.6.5
[INFO] [stderr]    Compiling keccak v0.1.4
[INFO] [stderr]    Compiling sha2 v0.9.9
[INFO] [stderr]    Compiling libsecp256k1-core v0.2.2
[INFO] [stderr]    Compiling rayon v1.8.0
[INFO] [stderr]    Compiling base64 v0.12.3
[INFO] [stderr]    Compiling regex-syntax v0.8.2
[INFO] [stderr]    Compiling base64 v0.13.1
[INFO] [stderr]    Compiling minimal-lexical v0.2.1
[INFO] [stderr]    Compiling sized-chunks v0.6.5
[INFO] [stderr]    Compiling aho-corasick v1.1.2
[INFO] [stderr]    Compiling chrono v0.4.31
[INFO] [stderr]    Compiling blake3 v1.5.0
[INFO] [stderr]    Compiling nom v7.1.3
[INFO] [stderr]    Compiling libsecp256k1-gen-ecmult v0.2.1
[INFO] [stderr]    Compiling libsecp256k1-gen-genmult v0.2.1
[INFO] [stderr]    Compiling libsecp256k1 v0.6.0
[INFO] [stderr]    Compiling wasm-bindgen-backend v0.2.89
[INFO] [stderr]    Compiling toml_edit v0.19.15
[INFO] [stderr]    Compiling regex-automata v0.4.3
[INFO] [stderr]    Compiling wasm-bindgen-macro-support v0.2.89
[INFO] [stderr]    Compiling serde_derive v1.0.194
[INFO] [stderr]    Compiling thiserror-impl v1.0.56
[INFO] [stderr]    Compiling bytemuck_derive v1.5.0
[INFO] [stderr]    Compiling borsh-schema-derive-internal v0.9.3
[INFO] [stderr]    Compiling borsh-derive-internal v0.9.3
[INFO] [stderr]    Compiling clockwork-cron v1.4.2
[INFO] [stderr]    Compiling proc-macro-crate v1.3.1
[INFO] [stderr]    Compiling wasm-bindgen-macro v0.2.89
[INFO] [stderr]    Compiling bytemuck v1.14.0
[INFO] [stderr]    Compiling num-derive v0.3.3
[INFO] [stderr]    Compiling solana-sdk-macro v1.10.41
[INFO] [stderr]    Compiling static-pubkey v1.0.3
[INFO] [stderr]    Compiling thiserror v1.0.56
[INFO] [stderr]    Compiling num_enum_derive v0.5.11
[INFO] [stderr]    Compiling regex v1.10.2
[INFO] [stderr]    Compiling num_enum v0.5.11
[INFO] [stderr]    Compiling serde v1.0.194
[INFO] [stderr]    Compiling toml v0.5.11
[INFO] [stderr]    Compiling serde_bytes v0.11.14
[INFO] [stderr]    Compiling bincode v1.3.3
[INFO] [stderr]    Compiling block-buffer v0.10.4
[INFO] [stderr]    Compiling crypto-common v0.1.6
[INFO] [stderr]    Compiling crypto-mac v0.8.0
[INFO] [stderr]    Compiling hmac v0.8.1
[INFO] [stderr]    Compiling curve25519-dalek v3.2.1
[INFO] [stderr]    Compiling digest v0.10.7
[INFO] [stderr]    Compiling hmac-drbg v0.3.0
[INFO] [stderr]    Compiling sha2 v0.10.8
[INFO] [stderr]    Compiling sha3 v0.10.8
[INFO] [stderr]    Compiling anchor-syn v0.25.0
[INFO] [stderr]    Compiling proc-macro-crate v0.1.5
[INFO] [stderr]    Compiling borsh-derive v0.9.3
[INFO] [stderr]    Compiling borsh v0.9.3
[INFO] [stderr]    Compiling anchor-attribute-constant v0.25.0
[INFO] [stderr]    Compiling anchor-attribute-error v0.25.0
[INFO] [stderr]    Compiling anchor-attribute-state v0.25.0
[INFO] [stderr]    Compiling anchor-attribute-interface v0.25.0
[INFO] [stderr]    Compiling anchor-attribute-event v0.25.0
[INFO] [stderr]    Compiling anchor-attribute-access-control v0.25.0
[INFO] [stderr]    Compiling anchor-attribute-account v0.25.0
[INFO] [stderr]    Compiling anchor-derive-accounts v0.25.0
[INFO] [stderr]    Compiling anchor-attribute-program v0.25.0
[INFO] [stderr]    Compiling anchor-lang v0.25.0
[INFO] [stderr]    Compiling spl-token v3.3.1
[INFO] [stderr]    Compiling clockwork-utils v1.3.12
[INFO] [stderr]    Compiling spl-associated-token-account v1.0.5
[INFO] [stderr]    Compiling anchor-spl v0.25.0
[INFO] [stderr]    Compiling clockwork-network-program v1.3.12
[INFO] [stderr]    Compiling clockwork-queue-program v1.2.15 (/opt/rustwide/workdir)
[INFO] [stdout] error[E0432]: unresolved import `clockwork_network_program::objects`
[INFO] [stdout]   --> src/objects/queue.rs:13:32
[INFO] [stdout]    |
[INFO] [stdout] 13 |     clockwork_network_program::objects::{Fee, Penalty, Pool, Worker},
[INFO] [stdout]    |                                ^^^^^^^ could not find `objects` in `clockwork_network_program`
[INFO] [stdout] 
[INFO] [stdout] 
[INFO] [stdout] error[E0432]: unresolved import `clockwork_network_program::objects`
[INFO] [stdout]  --> src/instructions/queue_crank.rs:4:32
[INFO] [stdout]   |
[INFO] [stdout] 4 |     clockwork_network_program::objects::{Fee, Penalty, Pool, Worker, WorkerAccount},
[INFO] [stdout]   |                                ^^^^^^^ could not find `objects` in `clockwork_network_program`
[INFO] [stdout] 
[INFO] [stdout] 
[INFO] [stdout] error[E0432]: unresolved import `clockwork_network_program::objects`
[INFO] [stdout]  --> src/instructions/queue_kickoff.rs:4:32
[INFO] [stdout]   |
[INFO] [stdout] 4 |     clockwork_network_program::objects::{Worker, WorkerAccount},
[INFO] [stdout]   |                                ^^^^^^^ could not find `objects` in `clockwork_network_program`
[INFO] [stdout] 
[INFO] [stdout] 
[INFO] [stdout] error[E0433]: failed to resolve: could not find `objects` in `clockwork_network_program`
[INFO] [stdout]   --> src/instructions/queue_crank.rs:17:40
[INFO] [stdout]    |
[INFO] [stdout] 17 |             clockwork_network_program::objects::SEED_FEE,
[INFO] [stdout]    |                                        ^^^^^^^ could not find `objects` in `clockwork_network_program`
[INFO] [stdout] 
[INFO] [stdout] 
[INFO] [stdout] error[E0433]: failed to resolve: could not find `objects` in `clockwork_network_program`
[INFO] [stdout]   --> src/instructions/queue_crank.rs:30:40
[INFO] [stdout]    |
[INFO] [stdout] 30 |             clockwork_network_program::objects::SEED_PENALTY,
[INFO] [stdout]    |                                        ^^^^^^^ could not find `objects` in `clockwork_network_program`
[INFO] [stdout] 
[INFO] [stdout] 
[INFO] [stdout] error[E0433]: failed to resolve: use of undeclared type `CrankResponse`
[INFO] [stdout]    --> src/objects/queue.rs:223:38
[INFO] [stdout]     |
[INFO] [stdout] 223 |                 let crank_response = CrankResponse::try_from_slice(return_data.as_slice())
[INFO] [stdout]     |                                      ^^^^^^^^^^^^^ use of undeclared type `CrankResponse`
[INFO] [stdout]     |
[INFO] [stdout] help: consider importing this struct through its public re-export
[INFO] [stdout]     |
[INFO] [stdout] 1   + use crate::CrankResponse;
[INFO] [stdout]     |
[INFO] [stdout] 
[INFO] [stdout] 
[INFO] [stdout] error: aborting due to 6 previous errors
[INFO] [stdout] 
[INFO] [stdout] 
[INFO] [stdout] Some errors have detailed explanations: E0432, E0433.
[INFO] [stdout] 
[INFO] [stdout] For more information about an error, try `rustc --explain E0432`.
[INFO] [stdout] 
[INFO] [stderr] error: could not compile `clockwork-queue-program` (lib) due to 7 previous errors
[INFO] running `Command { std: "docker" "inspect" "4f6086479de75ee6bef81afe96c3e20b55c7dc778575d8d5b5e862a3275d22b7", kill_on_drop: false }`
[INFO] running `Command { std: "docker" "rm" "-f" "4f6086479de75ee6bef81afe96c3e20b55c7dc778575d8d5b5e862a3275d22b7", kill_on_drop: false }`
[INFO] [stdout] 4f6086479de75ee6bef81afe96c3e20b55c7dc778575d8d5b5e862a3275d22b7
