[INFO] fetching crate cli_prompts_rs 0.2.0...
[INFO] testing cli_prompts_rs-0.2.0 against 1.75.0 for beta-1.76-1
[INFO] extracting crate cli_prompts_rs 0.2.0 into /workspace/builds/worker-6-tc1/source
[INFO] validating manifest of crates.io crate cli_prompts_rs 0.2.0 on toolchain 1.75.0
[INFO] running `Command { std: CARGO_HOME="/workspace/cargo-home" RUSTUP_HOME="/workspace/rustup-home" "/workspace/cargo-home/bin/cargo" "+1.75.0" "metadata" "--manifest-path" "Cargo.toml" "--no-deps", kill_on_drop: false }`
[INFO] started tweaking crates.io crate cli_prompts_rs 0.2.0
[INFO] finished tweaking crates.io crate cli_prompts_rs 0.2.0
[INFO] tweaked toml for crates.io crate cli_prompts_rs 0.2.0 written to /workspace/builds/worker-6-tc1/source/Cargo.toml
[INFO] crate crates.io crate cli_prompts_rs 0.2.0 already has a lockfile, it will not be regenerated
[INFO] running `Command { std: CARGO_HOME="/workspace/cargo-home" RUSTUP_HOME="/workspace/rustup-home" "/workspace/cargo-home/bin/cargo" "+1.75.0" "fetch" "--manifest-path" "Cargo.toml", kill_on_drop: false }`
[INFO] [stderr]  Downloading crates ...
[INFO] [stderr]   Downloaded rustix v0.38.13
[INFO] running `Command { std: "docker" "create" "-v" "/var/lib/crater-agent-workspace/builds/worker-6-tc1/target:/opt/rustwide/target:rw,Z" "-v" "/var/lib/crater-agent-workspace/builds/worker-6-tc1/source:/opt/rustwide/workdir:ro,Z" "-v" "/var/lib/crater-agent-workspace/cargo-home:/opt/rustwide/cargo-home:ro,Z" "-v" "/var/lib/crater-agent-workspace/rustup-home:/opt/rustwide/rustup-home:ro,Z" "-e" "SOURCE_DIR=/opt/rustwide/workdir" "-e" "CARGO_TARGET_DIR=/opt/rustwide/target" "-e" "CARGO_HOME=/opt/rustwide/cargo-home" "-e" "RUSTUP_HOME=/opt/rustwide/rustup-home" "-w" "/opt/rustwide/workdir" "-m" "1610612736" "--user" "0:0" "--network" "none" "ghcr.io/rust-lang/crates-build-env/linux@sha256:2788e3201cd34a07e3172128adcd8b3090168a8e3bcc40d7c032b9dda1df7d1c" "/opt/rustwide/cargo-home/bin/cargo" "+1.75.0" "metadata" "--no-deps" "--format-version=1", kill_on_drop: false }`
[INFO] [stdout] 61b993c79ac96f6c98f399392da8f7a6743317a30bfbac6f49b6723302fda42e
[INFO] running `Command { std: "docker" "start" "-a" "61b993c79ac96f6c98f399392da8f7a6743317a30bfbac6f49b6723302fda42e", kill_on_drop: false }`
[INFO] running `Command { std: "docker" "inspect" "61b993c79ac96f6c98f399392da8f7a6743317a30bfbac6f49b6723302fda42e", kill_on_drop: false }`
[INFO] running `Command { std: "docker" "rm" "-f" "61b993c79ac96f6c98f399392da8f7a6743317a30bfbac6f49b6723302fda42e", kill_on_drop: false }`
[INFO] [stdout] 61b993c79ac96f6c98f399392da8f7a6743317a30bfbac6f49b6723302fda42e
[INFO] running `Command { std: "docker" "create" "-v" "/var/lib/crater-agent-workspace/builds/worker-6-tc1/target:/opt/rustwide/target:rw,Z" "-v" "/var/lib/crater-agent-workspace/builds/worker-6-tc1/source:/opt/rustwide/workdir:ro,Z" "-v" "/var/lib/crater-agent-workspace/cargo-home:/opt/rustwide/cargo-home:ro,Z" "-v" "/var/lib/crater-agent-workspace/rustup-home:/opt/rustwide/rustup-home:ro,Z" "-e" "SOURCE_DIR=/opt/rustwide/workdir" "-e" "CARGO_TARGET_DIR=/opt/rustwide/target" "-e" "CARGO_INCREMENTAL=0" "-e" "RUST_BACKTRACE=full" "-e" "RUSTFLAGS=--cap-lints=warn" "-e" "RUSTDOCFLAGS=--cap-lints=warn" "-e" "CARGO_HOME=/opt/rustwide/cargo-home" "-e" "RUSTUP_HOME=/opt/rustwide/rustup-home" "-w" "/opt/rustwide/workdir" "-m" "1610612736" "--user" "0:0" "--network" "none" "ghcr.io/rust-lang/crates-build-env/linux@sha256:2788e3201cd34a07e3172128adcd8b3090168a8e3bcc40d7c032b9dda1df7d1c" "/opt/rustwide/cargo-home/bin/cargo" "+1.75.0" "build" "--frozen" "--message-format=json", kill_on_drop: false }`
[INFO] [stdout] 2a4517a376a2ad099efe70ae44f6f63ce76f008173a8c695f5c4b7604c146dd2
[INFO] running `Command { std: "docker" "start" "-a" "2a4517a376a2ad099efe70ae44f6f63ce76f008173a8c695f5c4b7604c146dd2", kill_on_drop: false }`
[INFO] [stderr]    Compiling rustix v0.38.13
[INFO] [stderr]    Compiling bitflags v2.4.0
[INFO] [stderr]    Compiling linux-raw-sys v0.4.7
[INFO] [stderr]    Compiling libc v0.2.148
[INFO] [stderr]    Compiling unicode-width v0.1.11
[INFO] [stderr]    Compiling console v0.15.7
[INFO] [stderr]    Compiling is-terminal v0.4.9
[INFO] [stderr]    Compiling supports-unicode v2.0.0
[INFO] [stderr]    Compiling colored v2.0.4
[INFO] [stderr]    Compiling cli_prompts_rs v0.2.0 (/opt/rustwide/workdir)
[INFO] [stderr]     Finished dev [unoptimized + debuginfo] target(s) in 2.50s
[INFO] running `Command { std: "docker" "inspect" "2a4517a376a2ad099efe70ae44f6f63ce76f008173a8c695f5c4b7604c146dd2", kill_on_drop: false }`
[INFO] running `Command { std: "docker" "rm" "-f" "2a4517a376a2ad099efe70ae44f6f63ce76f008173a8c695f5c4b7604c146dd2", kill_on_drop: false }`
[INFO] [stdout] 2a4517a376a2ad099efe70ae44f6f63ce76f008173a8c695f5c4b7604c146dd2
[INFO] running `Command { std: "docker" "create" "-v" "/var/lib/crater-agent-workspace/builds/worker-6-tc1/target:/opt/rustwide/target:rw,Z" "-v" "/var/lib/crater-agent-workspace/builds/worker-6-tc1/source:/opt/rustwide/workdir:ro,Z" "-v" "/var/lib/crater-agent-workspace/cargo-home:/opt/rustwide/cargo-home:ro,Z" "-v" "/var/lib/crater-agent-workspace/rustup-home:/opt/rustwide/rustup-home:ro,Z" "-e" "SOURCE_DIR=/opt/rustwide/workdir" "-e" "CARGO_TARGET_DIR=/opt/rustwide/target" "-e" "CARGO_INCREMENTAL=0" "-e" "RUST_BACKTRACE=full" "-e" "RUSTFLAGS=--cap-lints=warn" "-e" "RUSTDOCFLAGS=--cap-lints=warn" "-e" "CARGO_HOME=/opt/rustwide/cargo-home" "-e" "RUSTUP_HOME=/opt/rustwide/rustup-home" "-w" "/opt/rustwide/workdir" "-m" "1610612736" "--user" "0:0" "--network" "none" "ghcr.io/rust-lang/crates-build-env/linux@sha256:2788e3201cd34a07e3172128adcd8b3090168a8e3bcc40d7c032b9dda1df7d1c" "/opt/rustwide/cargo-home/bin/cargo" "+1.75.0" "test" "--frozen" "--no-run" "--message-format=json", kill_on_drop: false }`
[INFO] [stdout] 221f38fa75e1590709fada9857642bab2e4e804b6870120417a36bd0947969c7
[INFO] running `Command { std: "docker" "start" "-a" "221f38fa75e1590709fada9857642bab2e4e804b6870120417a36bd0947969c7", kill_on_drop: false }`
[INFO] [stderr]    Compiling cli_prompts_rs v0.2.0 (/opt/rustwide/workdir)
[INFO] [stdout] error[E0599]: no method named `get_term_output` found for struct `CliPrompt` in the current scope
[INFO] [stdout]    --> src/lib.rs:927:33
[INFO] [stdout]     |
[INFO] [stdout] 58  | pub struct CliPrompt {
[INFO] [stdout]     | -------------------- method `get_term_output` not found for this struct
[INFO] [stdout] ...
[INFO] [stdout] 927 |         let output = cli_prompt.get_term_output();
[INFO] [stdout]     |                                 ^^^^^^^^^^^^^^^ method not found in `CliPrompt`
[INFO] [stdout] 
[INFO] [stdout] 
[INFO] [stdout] error[E0599]: no method named `get_term_output` found for struct `CliPrompt` in the current scope
[INFO] [stdout]    --> src/lib.rs:945:33
[INFO] [stdout]     |
[INFO] [stdout] 58  | pub struct CliPrompt {
[INFO] [stdout]     | -------------------- method `get_term_output` not found for this struct
[INFO] [stdout] ...
[INFO] [stdout] 945 |         let output = cli_prompt.get_term_output();
[INFO] [stdout]     |                                 ^^^^^^^^^^^^^^^ method not found in `CliPrompt`
[INFO] [stdout] 
[INFO] [stdout] 
[INFO] [stdout] error[E0599]: no method named `get_term_output` found for struct `CliPrompt` in the current scope
[INFO] [stdout]    --> src/lib.rs:959:33
[INFO] [stdout]     |
[INFO] [stdout] 58  | pub struct CliPrompt {
[INFO] [stdout]     | -------------------- method `get_term_output` not found for this struct
[INFO] [stdout] ...
[INFO] [stdout] 959 |         let output = cli_prompt.get_term_output();
[INFO] [stdout]     |                                 ^^^^^^^^^^^^^^^ method not found in `CliPrompt`
[INFO] [stdout] 
[INFO] [stdout] 
[INFO] [stdout] error[E0599]: no method named `get_term_output` found for struct `CliPrompt` in the current scope
[INFO] [stdout]    --> src/lib.rs:979:37
[INFO] [stdout]     |
[INFO] [stdout] 58  | pub struct CliPrompt {
[INFO] [stdout]     | -------------------- method `get_term_output` not found for this struct
[INFO] [stdout] ...
[INFO] [stdout] 979 |         let mut output = cli_prompt.get_term_output();
[INFO] [stdout]     |                                     ^^^^^^^^^^^^^^^ method not found in `CliPrompt`
[INFO] [stdout] 
[INFO] [stdout] 
[INFO] [stdout] error[E0599]: no method named `clear_term_output` found for struct `CliPrompt` in the current scope
[INFO] [stdout]    --> src/lib.rs:991:20
[INFO] [stdout]     |
[INFO] [stdout] 58  | pub struct CliPrompt {
[INFO] [stdout]     | -------------------- method `clear_term_output` not found for this struct
[INFO] [stdout] ...
[INFO] [stdout] 991 |         cli_prompt.clear_term_output();
[INFO] [stdout]     |                    ^^^^^^^^^^^^^^^^^ method not found in `CliPrompt`
[INFO] [stdout] 
[INFO] [stdout] 
[INFO] [stdout] error[E0599]: no method named `get_term_output` found for struct `CliPrompt` in the current scope
[INFO] [stdout]    --> src/lib.rs:993:29
[INFO] [stdout]     |
[INFO] [stdout] 58  | pub struct CliPrompt {
[INFO] [stdout]     | -------------------- method `get_term_output` not found for this struct
[INFO] [stdout] ...
[INFO] [stdout] 993 |         output = cli_prompt.get_term_output();
[INFO] [stdout]     |                             ^^^^^^^^^^^^^^^ method not found in `CliPrompt`
[INFO] [stdout] 
[INFO] [stdout] 
[INFO] [stdout] error[E0599]: no method named `clear_term_output` found for struct `CliPrompt` in the current scope
[INFO] [stdout]     --> src/lib.rs:1005:20
[INFO] [stdout]      |
[INFO] [stdout] 58   | pub struct CliPrompt {
[INFO] [stdout]      | -------------------- method `clear_term_output` not found for this struct
[INFO] [stdout] ...
[INFO] [stdout] 1005 |         cli_prompt.clear_term_output();
[INFO] [stdout]      |                    ^^^^^^^^^^^^^^^^^ method not found in `CliPrompt`
[INFO] [stdout] 
[INFO] [stdout] 
[INFO] [stdout] error[E0599]: no method named `get_term_output` found for struct `CliPrompt` in the current scope
[INFO] [stdout]     --> src/lib.rs:1007:29
[INFO] [stdout]      |
[INFO] [stdout] 58   | pub struct CliPrompt {
[INFO] [stdout]      | -------------------- method `get_term_output` not found for this struct
[INFO] [stdout] ...
[INFO] [stdout] 1007 |         output = cli_prompt.get_term_output();
[INFO] [stdout]      |                             ^^^^^^^^^^^^^^^ method not found in `CliPrompt`
[INFO] [stdout] 
[INFO] [stdout] 
[INFO] [stdout] error[E0599]: no method named `set_term_input` found for struct `CliPrompt` in the current scope
[INFO] [stdout]     --> src/lib.rs:1026:20
[INFO] [stdout]      |
[INFO] [stdout] 58   | pub struct CliPrompt {
[INFO] [stdout]      | -------------------- method `set_term_input` not found for this struct
[INFO] [stdout] ...
[INFO] [stdout] 1026 |         cli_prompt.set_term_input("my name");
[INFO] [stdout]      |                    ^^^^^^^^^^^^^^ method not found in `CliPrompt`
[INFO] [stdout] 
[INFO] [stdout] 
[INFO] [stdout] error[E0599]: no method named `get_term_output` found for struct `CliPrompt` in the current scope
[INFO] [stdout]     --> src/lib.rs:1030:33
[INFO] [stdout]      |
[INFO] [stdout] 58   | pub struct CliPrompt {
[INFO] [stdout]      | -------------------- method `get_term_output` not found for this struct
[INFO] [stdout] ...
[INFO] [stdout] 1030 |         let output = cli_prompt.get_term_output();
[INFO] [stdout]      |                                 ^^^^^^^^^^^^^^^ method not found in `CliPrompt`
[INFO] [stdout] 
[INFO] [stdout] 
[INFO] [stdout] error[E0599]: no method named `get_term_output` found for struct `CliPrompt` in the current scope
[INFO] [stdout]     --> src/lib.rs:1052:33
[INFO] [stdout]      |
[INFO] [stdout] 58   | pub struct CliPrompt {
[INFO] [stdout]      | -------------------- method `get_term_output` not found for this struct
[INFO] [stdout] ...
[INFO] [stdout] 1052 |         let output = cli_prompt.get_term_output();
[INFO] [stdout]      |                                 ^^^^^^^^^^^^^^^ method not found in `CliPrompt`
[INFO] [stdout] 
[INFO] [stdout] 
[INFO] [stdout] error[E0599]: no method named `push_key_input` found for struct `CliPrompt` in the current scope
[INFO] [stdout]     --> src/lib.rs:1071:20
[INFO] [stdout]      |
[INFO] [stdout] 58   | pub struct CliPrompt {
[INFO] [stdout]      | -------------------- method `push_key_input` not found for this struct
[INFO] [stdout] ...
[INFO] [stdout] 1071 |         cli_prompt.push_key_input("enter");
[INFO] [stdout]      |                    ^^^^^^^^^^^^^^ method not found in `CliPrompt`
[INFO] [stdout] 
[INFO] [stdout] 
[INFO] [stdout] error[E0599]: no method named `push_key_input` found for struct `CliPrompt` in the current scope
[INFO] [stdout]     --> src/lib.rs:1081:20
[INFO] [stdout]      |
[INFO] [stdout] 58   | pub struct CliPrompt {
[INFO] [stdout]      | -------------------- method `push_key_input` not found for this struct
[INFO] [stdout] ...
[INFO] [stdout] 1081 |         cli_prompt.push_key_input("arrow right");
[INFO] [stdout]      |                    ^^^^^^^^^^^^^^ method not found in `CliPrompt`
[INFO] [stdout] 
[INFO] [stdout] 
[INFO] [stdout] error[E0599]: no method named `push_key_input` found for struct `CliPrompt` in the current scope
[INFO] [stdout]     --> src/lib.rs:1082:20
[INFO] [stdout]      |
[INFO] [stdout] 58   | pub struct CliPrompt {
[INFO] [stdout]      | -------------------- method `push_key_input` not found for this struct
[INFO] [stdout] ...
[INFO] [stdout] 1082 |         cli_prompt.push_key_input("enter");
[INFO] [stdout]      |                    ^^^^^^^^^^^^^^ method not found in `CliPrompt`
[INFO] [stdout] 
[INFO] [stdout] 
[INFO] [stdout] error[E0599]: no method named `get_term_output` found for struct `CliPrompt` in the current scope
[INFO] [stdout]     --> src/lib.rs:1099:33
[INFO] [stdout]      |
[INFO] [stdout] 58   | pub struct CliPrompt {
[INFO] [stdout]      | -------------------- method `get_term_output` not found for this struct
[INFO] [stdout] ...
[INFO] [stdout] 1099 |         let output = cli_prompt.get_term_output();
[INFO] [stdout]      |                                 ^^^^^^^^^^^^^^^ method not found in `CliPrompt`
[INFO] [stdout] 
[INFO] [stdout] 
[INFO] [stdout] error[E0599]: no method named `push_key_input` found for struct `CliPrompt` in the current scope
[INFO] [stdout]     --> src/lib.rs:1124:20
[INFO] [stdout]      |
[INFO] [stdout] 58   | pub struct CliPrompt {
[INFO] [stdout]      | -------------------- method `push_key_input` not found for this struct
[INFO] [stdout] ...
[INFO] [stdout] 1124 |         cli_prompt.push_key_input("enter");
[INFO] [stdout]      |                    ^^^^^^^^^^^^^^ method not found in `CliPrompt`
[INFO] [stdout] 
[INFO] [stdout] 
[INFO] [stdout] error[E0599]: no method named `push_key_input` found for struct `CliPrompt` in the current scope
[INFO] [stdout]     --> src/lib.rs:1139:20
[INFO] [stdout]      |
[INFO] [stdout] 58   | pub struct CliPrompt {
[INFO] [stdout]      | -------------------- method `push_key_input` not found for this struct
[INFO] [stdout] ...
[INFO] [stdout] 1139 |         cli_prompt.push_key_input("arrow down");
[INFO] [stdout]      |                    ^^^^^^^^^^^^^^ method not found in `CliPrompt`
[INFO] [stdout] 
[INFO] [stdout] 
[INFO] [stdout] error[E0599]: no method named `push_key_input` found for struct `CliPrompt` in the current scope
[INFO] [stdout]     --> src/lib.rs:1140:20
[INFO] [stdout]      |
[INFO] [stdout] 58   | pub struct CliPrompt {
[INFO] [stdout]      | -------------------- method `push_key_input` not found for this struct
[INFO] [stdout] ...
[INFO] [stdout] 1140 |         cli_prompt.push_key_input("enter");
[INFO] [stdout]      |                    ^^^^^^^^^^^^^^ method not found in `CliPrompt`
[INFO] [stdout] 
[INFO] [stdout] 
[INFO] [stdout] error[E0599]: no method named `get_term_output` found for struct `CliPrompt` in the current scope
[INFO] [stdout]     --> src/lib.rs:1163:33
[INFO] [stdout]      |
[INFO] [stdout] 58   | pub struct CliPrompt {
[INFO] [stdout]      | -------------------- method `get_term_output` not found for this struct
[INFO] [stdout] ...
[INFO] [stdout] 1163 |         let output = cli_prompt.get_term_output();
[INFO] [stdout]      |                                 ^^^^^^^^^^^^^^^ method not found in `CliPrompt`
[INFO] [stdout] 
[INFO] [stdout] 
[INFO] [stdout] error[E0599]: no method named `push_key_input` found for struct `CliPrompt` in the current scope
[INFO] [stdout]     --> src/lib.rs:1233:20
[INFO] [stdout]      |
[INFO] [stdout] 58   | pub struct CliPrompt {
[INFO] [stdout]      | -------------------- method `push_key_input` not found for this struct
[INFO] [stdout] ...
[INFO] [stdout] 1233 |         cli_prompt.push_key_input("arrow down");
[INFO] [stdout]      |                    ^^^^^^^^^^^^^^ method not found in `CliPrompt`
[INFO] [stdout] 
[INFO] [stdout] 
[INFO] [stdout] error[E0599]: no method named `push_key_input` found for struct `CliPrompt` in the current scope
[INFO] [stdout]     --> src/lib.rs:1234:20
[INFO] [stdout]      |
[INFO] [stdout] 58   | pub struct CliPrompt {
[INFO] [stdout]      | -------------------- method `push_key_input` not found for this struct
[INFO] [stdout] ...
[INFO] [stdout] 1234 |         cli_prompt.push_key_input("arrow down");
[INFO] [stdout]      |                    ^^^^^^^^^^^^^^ method not found in `CliPrompt`
[INFO] [stdout] 
[INFO] [stdout] 
[INFO] [stdout] error[E0599]: no method named `push_key_input` found for struct `CliPrompt` in the current scope
[INFO] [stdout]     --> src/lib.rs:1235:20
[INFO] [stdout]      |
[INFO] [stdout] 58   | pub struct CliPrompt {
[INFO] [stdout]      | -------------------- method `push_key_input` not found for this struct
[INFO] [stdout] ...
[INFO] [stdout] 1235 |         cli_prompt.push_key_input("enter");
[INFO] [stdout]      |                    ^^^^^^^^^^^^^^ method not found in `CliPrompt`
[INFO] [stdout] 
[INFO] [stdout] 
[INFO] [stdout] error[E0599]: no method named `push_key_input` found for struct `CliPrompt` in the current scope
[INFO] [stdout]     --> src/lib.rs:1249:20
[INFO] [stdout]      |
[INFO] [stdout] 58   | pub struct CliPrompt {
[INFO] [stdout]      | -------------------- method `push_key_input` not found for this struct
[INFO] [stdout] ...
[INFO] [stdout] 1249 |         cli_prompt.push_key_input("enter");
[INFO] [stdout]      |                    ^^^^^^^^^^^^^^ method not found in `CliPrompt`
[INFO] [stdout] 
[INFO] [stdout] 
[INFO] [stdout] error[E0599]: no method named `push_key_input` found for struct `CliPrompt` in the current scope
[INFO] [stdout]     --> src/lib.rs:1250:20
[INFO] [stdout]      |
[INFO] [stdout] 58   | pub struct CliPrompt {
[INFO] [stdout]      | -------------------- method `push_key_input` not found for this struct
[INFO] [stdout] ...
[INFO] [stdout] 1250 |         cli_prompt.push_key_input("arrow down");
[INFO] [stdout]      |                    ^^^^^^^^^^^^^^ method not found in `CliPrompt`
[INFO] [stdout] 
[INFO] [stdout] 
[INFO] [stdout] error[E0599]: no method named `push_key_input` found for struct `CliPrompt` in the current scope
[INFO] [stdout]     --> src/lib.rs:1251:20
[INFO] [stdout]      |
[INFO] [stdout] 58   | pub struct CliPrompt {
[INFO] [stdout]      | -------------------- method `push_key_input` not found for this struct
[INFO] [stdout] ...
[INFO] [stdout] 1251 |         cli_prompt.push_key_input("arrow down");
[INFO] [stdout]      |                    ^^^^^^^^^^^^^^ method not found in `CliPrompt`
[INFO] [stdout] 
[INFO] [stdout] 
[INFO] [stdout] error[E0599]: no method named `push_key_input` found for struct `CliPrompt` in the current scope
[INFO] [stdout]     --> src/lib.rs:1252:20
[INFO] [stdout]      |
[INFO] [stdout] 58   | pub struct CliPrompt {
[INFO] [stdout]      | -------------------- method `push_key_input` not found for this struct
[INFO] [stdout] ...
[INFO] [stdout] 1252 |         cli_prompt.push_key_input("enter");
[INFO] [stdout]      |                    ^^^^^^^^^^^^^^ method not found in `CliPrompt`
[INFO] [stdout] 
[INFO] [stdout] 
[INFO] [stdout] error[E0599]: no method named `push_key_input` found for struct `CliPrompt` in the current scope
[INFO] [stdout]     --> src/lib.rs:1268:20
[INFO] [stdout]      |
[INFO] [stdout] 58   | pub struct CliPrompt {
[INFO] [stdout]      | -------------------- method `push_key_input` not found for this struct
[INFO] [stdout] ...
[INFO] [stdout] 1268 |         cli_prompt.push_key_input("enter");
[INFO] [stdout]      |                    ^^^^^^^^^^^^^^ method not found in `CliPrompt`
[INFO] [stdout] 
[INFO] [stdout] 
[INFO] [stdout] error[E0599]: no method named `push_key_input` found for struct `CliPrompt` in the current scope
[INFO] [stdout]     --> src/lib.rs:1269:20
[INFO] [stdout]      |
[INFO] [stdout] 58   | pub struct CliPrompt {
[INFO] [stdout]      | -------------------- method `push_key_input` not found for this struct
[INFO] [stdout] ...
[INFO] [stdout] 1269 |         cli_prompt.push_key_input("arrow down");
[INFO] [stdout]      |                    ^^^^^^^^^^^^^^ method not found in `CliPrompt`
[INFO] [stdout] 
[INFO] [stdout] 
[INFO] [stdout] error[E0599]: no method named `push_key_input` found for struct `CliPrompt` in the current scope
[INFO] [stdout]     --> src/lib.rs:1270:20
[INFO] [stdout]      |
[INFO] [stdout] 58   | pub struct CliPrompt {
[INFO] [stdout]      | -------------------- method `push_key_input` not found for this struct
[INFO] [stdout] ...
[INFO] [stdout] 1270 |         cli_prompt.push_key_input("enter");
[INFO] [stdout]      |                    ^^^^^^^^^^^^^^ method not found in `CliPrompt`
[INFO] [stdout] 
[INFO] [stdout] 
[INFO] [stdout] error[E0599]: no method named `push_key_input` found for struct `CliPrompt` in the current scope
[INFO] [stdout]     --> src/lib.rs:1271:20
[INFO] [stdout]      |
[INFO] [stdout] 58   | pub struct CliPrompt {
[INFO] [stdout]      | -------------------- method `push_key_input` not found for this struct
[INFO] [stdout] ...
[INFO] [stdout] 1271 |         cli_prompt.push_key_input("arrow down");
[INFO] [stdout]      |                    ^^^^^^^^^^^^^^ method not found in `CliPrompt`
[INFO] [stdout] 
[INFO] [stdout] 
[INFO] [stdout] error[E0599]: no method named `push_key_input` found for struct `CliPrompt` in the current scope
[INFO] [stdout]     --> src/lib.rs:1272:20
[INFO] [stdout]      |
[INFO] [stdout] 58   | pub struct CliPrompt {
[INFO] [stdout]      | -------------------- method `push_key_input` not found for this struct
[INFO] [stdout] ...
[INFO] [stdout] 1272 |         cli_prompt.push_key_input("enter");
[INFO] [stdout]      |                    ^^^^^^^^^^^^^^ method not found in `CliPrompt`
[INFO] [stdout] 
[INFO] [stdout] 
[INFO] [stdout] error: aborting due to 31 previous errors
[INFO] [stdout] 
[INFO] [stdout] 
[INFO] [stdout] For more information about this error, try `rustc --explain E0599`.
[INFO] [stdout] 
[INFO] [stderr] error: could not compile `cli_prompts_rs` (lib test) due to 32 previous errors
[INFO] running `Command { std: "docker" "inspect" "221f38fa75e1590709fada9857642bab2e4e804b6870120417a36bd0947969c7", kill_on_drop: false }`
[INFO] running `Command { std: "docker" "rm" "-f" "221f38fa75e1590709fada9857642bab2e4e804b6870120417a36bd0947969c7", kill_on_drop: false }`
[INFO] [stdout] 221f38fa75e1590709fada9857642bab2e4e804b6870120417a36bd0947969c7
[INFO] testing cli_prompts_rs-0.2.0 against beta-2023-12-22 for beta-1.76-1
[INFO] extracting crate cli_prompts_rs 0.2.0 into /workspace/builds/worker-6-tc2/source
[INFO] validating manifest of crates.io crate cli_prompts_rs 0.2.0 on toolchain beta-2023-12-22
[INFO] running `Command { std: CARGO_HOME="/workspace/cargo-home" RUSTUP_HOME="/workspace/rustup-home" "/workspace/cargo-home/bin/cargo" "+beta-2023-12-22" "metadata" "--manifest-path" "Cargo.toml" "--no-deps", kill_on_drop: false }`
[INFO] started tweaking crates.io crate cli_prompts_rs 0.2.0
[INFO] finished tweaking crates.io crate cli_prompts_rs 0.2.0
[INFO] tweaked toml for crates.io crate cli_prompts_rs 0.2.0 written to /workspace/builds/worker-6-tc2/source/Cargo.toml
[INFO] crate crates.io crate cli_prompts_rs 0.2.0 already has a lockfile, it will not be regenerated
[INFO] running `Command { std: CARGO_HOME="/workspace/cargo-home" RUSTUP_HOME="/workspace/rustup-home" "/workspace/cargo-home/bin/cargo" "+beta-2023-12-22" "fetch" "--manifest-path" "Cargo.toml", kill_on_drop: false }`
[INFO] running `Command { std: "docker" "create" "-v" "/var/lib/crater-agent-workspace/builds/worker-6-tc2/target:/opt/rustwide/target:rw,Z" "-v" "/var/lib/crater-agent-workspace/builds/worker-6-tc2/source:/opt/rustwide/workdir:ro,Z" "-v" "/var/lib/crater-agent-workspace/cargo-home:/opt/rustwide/cargo-home:ro,Z" "-v" "/var/lib/crater-agent-workspace/rustup-home:/opt/rustwide/rustup-home:ro,Z" "-e" "SOURCE_DIR=/opt/rustwide/workdir" "-e" "CARGO_TARGET_DIR=/opt/rustwide/target" "-e" "CARGO_HOME=/opt/rustwide/cargo-home" "-e" "RUSTUP_HOME=/opt/rustwide/rustup-home" "-w" "/opt/rustwide/workdir" "-m" "1610612736" "--user" "0:0" "--network" "none" "ghcr.io/rust-lang/crates-build-env/linux@sha256:2788e3201cd34a07e3172128adcd8b3090168a8e3bcc40d7c032b9dda1df7d1c" "/opt/rustwide/cargo-home/bin/cargo" "+beta-2023-12-22" "metadata" "--no-deps" "--format-version=1", kill_on_drop: false }`
[INFO] [stdout] 52566d5689f941a5deb6d6e31107a5a26843264315d0534325ce48323205eb85
[INFO] running `Command { std: "docker" "start" "-a" "52566d5689f941a5deb6d6e31107a5a26843264315d0534325ce48323205eb85", kill_on_drop: false }`
[INFO] running `Command { std: "docker" "inspect" "52566d5689f941a5deb6d6e31107a5a26843264315d0534325ce48323205eb85", kill_on_drop: false }`
[INFO] running `Command { std: "docker" "rm" "-f" "52566d5689f941a5deb6d6e31107a5a26843264315d0534325ce48323205eb85", kill_on_drop: false }`
[INFO] [stdout] 52566d5689f941a5deb6d6e31107a5a26843264315d0534325ce48323205eb85
[INFO] running `Command { std: "docker" "create" "-v" "/var/lib/crater-agent-workspace/builds/worker-6-tc2/target:/opt/rustwide/target:rw,Z" "-v" "/var/lib/crater-agent-workspace/builds/worker-6-tc2/source:/opt/rustwide/workdir:ro,Z" "-v" "/var/lib/crater-agent-workspace/cargo-home:/opt/rustwide/cargo-home:ro,Z" "-v" "/var/lib/crater-agent-workspace/rustup-home:/opt/rustwide/rustup-home:ro,Z" "-e" "SOURCE_DIR=/opt/rustwide/workdir" "-e" "CARGO_TARGET_DIR=/opt/rustwide/target" "-e" "CARGO_INCREMENTAL=0" "-e" "RUST_BACKTRACE=full" "-e" "RUSTFLAGS=--cap-lints=warn" "-e" "RUSTDOCFLAGS=--cap-lints=warn" "-e" "CARGO_HOME=/opt/rustwide/cargo-home" "-e" "RUSTUP_HOME=/opt/rustwide/rustup-home" "-w" "/opt/rustwide/workdir" "-m" "1610612736" "--user" "0:0" "--network" "none" "ghcr.io/rust-lang/crates-build-env/linux@sha256:2788e3201cd34a07e3172128adcd8b3090168a8e3bcc40d7c032b9dda1df7d1c" "/opt/rustwide/cargo-home/bin/cargo" "+beta-2023-12-22" "build" "--frozen" "--message-format=json", kill_on_drop: false }`
[INFO] [stdout] 537d8396ea0310ff8f3d4f5ff5254950307281bc6d2c47817270ac1ce70e0ce0
[INFO] running `Command { std: "docker" "start" "-a" "537d8396ea0310ff8f3d4f5ff5254950307281bc6d2c47817270ac1ce70e0ce0", kill_on_drop: false }`
[INFO] [stderr]    Compiling rustix v0.38.13
[INFO] [stderr]    Compiling bitflags v2.4.0
[INFO] [stderr]    Compiling linux-raw-sys v0.4.7
[INFO] [stderr]    Compiling libc v0.2.148
[INFO] [stderr]    Compiling unicode-width v0.1.11
[INFO] [stderr]    Compiling console v0.15.7
[INFO] [stderr]    Compiling is-terminal v0.4.9
[INFO] [stderr]    Compiling supports-unicode v2.0.0
[INFO] [stderr]    Compiling colored v2.0.4
[INFO] [stderr]    Compiling cli_prompts_rs v0.2.0 (/opt/rustwide/workdir)
[INFO] [stderr]     Finished dev [unoptimized + debuginfo] target(s) in 1.59s
[INFO] running `Command { std: "docker" "inspect" "537d8396ea0310ff8f3d4f5ff5254950307281bc6d2c47817270ac1ce70e0ce0", kill_on_drop: false }`
[INFO] running `Command { std: "docker" "rm" "-f" "537d8396ea0310ff8f3d4f5ff5254950307281bc6d2c47817270ac1ce70e0ce0", kill_on_drop: false }`
[INFO] [stdout] 537d8396ea0310ff8f3d4f5ff5254950307281bc6d2c47817270ac1ce70e0ce0
[INFO] running `Command { std: "docker" "create" "-v" "/var/lib/crater-agent-workspace/builds/worker-6-tc2/target:/opt/rustwide/target:rw,Z" "-v" "/var/lib/crater-agent-workspace/builds/worker-6-tc2/source:/opt/rustwide/workdir:ro,Z" "-v" "/var/lib/crater-agent-workspace/cargo-home:/opt/rustwide/cargo-home:ro,Z" "-v" "/var/lib/crater-agent-workspace/rustup-home:/opt/rustwide/rustup-home:ro,Z" "-e" "SOURCE_DIR=/opt/rustwide/workdir" "-e" "CARGO_TARGET_DIR=/opt/rustwide/target" "-e" "CARGO_INCREMENTAL=0" "-e" "RUST_BACKTRACE=full" "-e" "RUSTFLAGS=--cap-lints=warn" "-e" "RUSTDOCFLAGS=--cap-lints=warn" "-e" "CARGO_HOME=/opt/rustwide/cargo-home" "-e" "RUSTUP_HOME=/opt/rustwide/rustup-home" "-w" "/opt/rustwide/workdir" "-m" "1610612736" "--user" "0:0" "--network" "none" "ghcr.io/rust-lang/crates-build-env/linux@sha256:2788e3201cd34a07e3172128adcd8b3090168a8e3bcc40d7c032b9dda1df7d1c" "/opt/rustwide/cargo-home/bin/cargo" "+beta-2023-12-22" "test" "--frozen" "--no-run" "--message-format=json", kill_on_drop: false }`
[INFO] [stdout] 3d849fd77c2dabb21e96d45cd4e2d9d750ebd4e6fba4394acb57b20a5356de21
[INFO] running `Command { std: "docker" "start" "-a" "3d849fd77c2dabb21e96d45cd4e2d9d750ebd4e6fba4394acb57b20a5356de21", kill_on_drop: false }`
[INFO] [stderr]    Compiling cli_prompts_rs v0.2.0 (/opt/rustwide/workdir)
[INFO] [stdout] error[E0599]: no method named `get_term_output` found for struct `CliPrompt` in the current scope
[INFO] [stdout]    --> src/lib.rs:927:33
[INFO] [stdout]     |
[INFO] [stdout] 58  | pub struct CliPrompt {
[INFO] [stdout]     | -------------------- method `get_term_output` not found for this struct
[INFO] [stdout] ...
[INFO] [stdout] 927 |         let output = cli_prompt.get_term_output();
[INFO] [stdout]     |                                 ^^^^^^^^^^^^^^^ method not found in `CliPrompt`
[INFO] [stdout] 
[INFO] [stdout] 
[INFO] [stdout] error[E0599]: no method named `get_term_output` found for struct `CliPrompt` in the current scope
[INFO] [stdout]    --> src/lib.rs:945:33
[INFO] [stdout]     |
[INFO] [stdout] 58  | pub struct CliPrompt {
[INFO] [stdout]     | -------------------- method `get_term_output` not found for this struct
[INFO] [stdout] ...
[INFO] [stdout] 945 |         let output = cli_prompt.get_term_output();
[INFO] [stdout]     |                                 ^^^^^^^^^^^^^^^ method not found in `CliPrompt`
[INFO] [stdout] 
[INFO] [stdout] 
[INFO] [stdout] error[E0599]: no method named `get_term_output` found for struct `CliPrompt` in the current scope
[INFO] [stdout]    --> src/lib.rs:959:33
[INFO] [stdout]     |
[INFO] [stdout] 58  | pub struct CliPrompt {
[INFO] [stdout]     | -------------------- method `get_term_output` not found for this struct
[INFO] [stdout] ...
[INFO] [stdout] 959 |         let output = cli_prompt.get_term_output();
[INFO] [stdout]     |                                 ^^^^^^^^^^^^^^^ method not found in `CliPrompt`
[INFO] [stdout] 
[INFO] [stdout] 
[INFO] [stdout] error[E0599]: no method named `get_term_output` found for struct `CliPrompt` in the current scope
[INFO] [stdout]    --> src/lib.rs:979:37
[INFO] [stdout]     |
[INFO] [stdout] 58  | pub struct CliPrompt {
[INFO] [stdout]     | -------------------- method `get_term_output` not found for this struct
[INFO] [stdout] ...
[INFO] [stdout] 979 |         let mut output = cli_prompt.get_term_output();
[INFO] [stdout]     |                                     ^^^^^^^^^^^^^^^ method not found in `CliPrompt`
[INFO] [stdout] 
[INFO] [stdout] 
[INFO] [stdout] error[E0599]: no method named `clear_term_output` found for struct `CliPrompt` in the current scope
[INFO] [stdout]    --> src/lib.rs:991:20
[INFO] [stdout]     |
[INFO] [stdout] 58  | pub struct CliPrompt {
[INFO] [stdout]     | -------------------- method `clear_term_output` not found for this struct
[INFO] [stdout] ...
[INFO] [stdout] 991 |         cli_prompt.clear_term_output();
[INFO] [stdout]     |                    ^^^^^^^^^^^^^^^^^ method not found in `CliPrompt`
[INFO] [stdout] 
[INFO] [stdout] 
[INFO] [stdout] error[E0599]: no method named `get_term_output` found for struct `CliPrompt` in the current scope
[INFO] [stdout]    --> src/lib.rs:993:29
[INFO] [stdout]     |
[INFO] [stdout] 58  | pub struct CliPrompt {
[INFO] [stdout]     | -------------------- method `get_term_output` not found for this struct
[INFO] [stdout] ...
[INFO] [stdout] 993 |         output = cli_prompt.get_term_output();
[INFO] [stdout]     |                             ^^^^^^^^^^^^^^^ method not found in `CliPrompt`
[INFO] [stdout] 
[INFO] [stdout] 
[INFO] [stdout] error[E0599]: no method named `clear_term_output` found for struct `CliPrompt` in the current scope
[INFO] [stdout]     --> src/lib.rs:1005:20
[INFO] [stdout]      |
[INFO] [stdout] 58   | pub struct CliPrompt {
[INFO] [stdout]      | -------------------- method `clear_term_output` not found for this struct
[INFO] [stdout] ...
[INFO] [stdout] 1005 |         cli_prompt.clear_term_output();
[INFO] [stdout]      |                    ^^^^^^^^^^^^^^^^^ method not found in `CliPrompt`
[INFO] [stdout] 
[INFO] [stdout] 
[INFO] [stdout] error[E0599]: no method named `get_term_output` found for struct `CliPrompt` in the current scope
[INFO] [stdout]     --> src/lib.rs:1007:29
[INFO] [stdout]      |
[INFO] [stdout] 58   | pub struct CliPrompt {
[INFO] [stdout]      | -------------------- method `get_term_output` not found for this struct
[INFO] [stdout] ...
[INFO] [stdout] 1007 |         output = cli_prompt.get_term_output();
[INFO] [stdout]      |                             ^^^^^^^^^^^^^^^ method not found in `CliPrompt`
[INFO] [stdout] 
[INFO] [stdout] 
[INFO] [stdout] error[E0599]: no method named `set_term_input` found for struct `CliPrompt` in the current scope
[INFO] [stdout]     --> src/lib.rs:1026:20
[INFO] [stdout]      |
[INFO] [stdout] 58   | pub struct CliPrompt {
[INFO] [stdout]      | -------------------- method `set_term_input` not found for this struct
[INFO] [stdout] ...
[INFO] [stdout] 1026 |         cli_prompt.set_term_input("my name");
[INFO] [stdout]      |                    ^^^^^^^^^^^^^^ method not found in `CliPrompt`
[INFO] [stdout] 
[INFO] [stdout] 
[INFO] [stdout] error[E0599]: no method named `get_term_output` found for struct `CliPrompt` in the current scope
[INFO] [stdout]     --> src/lib.rs:1030:33
[INFO] [stdout]      |
[INFO] [stdout] 58   | pub struct CliPrompt {
[INFO] [stdout]      | -------------------- method `get_term_output` not found for this struct
[INFO] [stdout] ...
[INFO] [stdout] 1030 |         let output = cli_prompt.get_term_output();
[INFO] [stdout]      |                                 ^^^^^^^^^^^^^^^ method not found in `CliPrompt`
[INFO] [stdout] 
[INFO] [stdout] 
[INFO] [stdout] error[E0599]: no method named `get_term_output` found for struct `CliPrompt` in the current scope
[INFO] [stdout]     --> src/lib.rs:1052:33
[INFO] [stdout]      |
[INFO] [stdout] 58   | pub struct CliPrompt {
[INFO] [stdout]      | -------------------- method `get_term_output` not found for this struct
[INFO] [stdout] ...
[INFO] [stdout] 1052 |         let output = cli_prompt.get_term_output();
[INFO] [stdout]      |                                 ^^^^^^^^^^^^^^^ method not found in `CliPrompt`
[INFO] [stdout] 
[INFO] [stdout] 
[INFO] [stdout] error[E0599]: no method named `push_key_input` found for struct `CliPrompt` in the current scope
[INFO] [stdout]     --> src/lib.rs:1071:20
[INFO] [stdout]      |
[INFO] [stdout] 58   | pub struct CliPrompt {
[INFO] [stdout]      | -------------------- method `push_key_input` not found for this struct
[INFO] [stdout] ...
[INFO] [stdout] 1071 |         cli_prompt.push_key_input("enter");
[INFO] [stdout]      |                    ^^^^^^^^^^^^^^ method not found in `CliPrompt`
[INFO] [stdout] 
[INFO] [stdout] 
[INFO] [stdout] error[E0599]: no method named `push_key_input` found for struct `CliPrompt` in the current scope
[INFO] [stdout]     --> src/lib.rs:1081:20
[INFO] [stdout]      |
[INFO] [stdout] 58   | pub struct CliPrompt {
[INFO] [stdout]      | -------------------- method `push_key_input` not found for this struct
[INFO] [stdout] ...
[INFO] [stdout] 1081 |         cli_prompt.push_key_input("arrow right");
[INFO] [stdout]      |                    ^^^^^^^^^^^^^^ method not found in `CliPrompt`
[INFO] [stdout] 
[INFO] [stdout] 
[INFO] [stdout] error[E0599]: no method named `push_key_input` found for struct `CliPrompt` in the current scope
[INFO] [stdout]     --> src/lib.rs:1082:20
[INFO] [stdout]      |
[INFO] [stdout] 58   | pub struct CliPrompt {
[INFO] [stdout]      | -------------------- method `push_key_input` not found for this struct
[INFO] [stdout] ...
[INFO] [stdout] 1082 |         cli_prompt.push_key_input("enter");
[INFO] [stdout]      |                    ^^^^^^^^^^^^^^ method not found in `CliPrompt`
[INFO] [stdout] 
[INFO] [stdout] 
[INFO] [stdout] error[E0599]: no method named `get_term_output` found for struct `CliPrompt` in the current scope
[INFO] [stdout]     --> src/lib.rs:1099:33
[INFO] [stdout]      |
[INFO] [stdout] 58   | pub struct CliPrompt {
[INFO] [stdout]      | -------------------- method `get_term_output` not found for this struct
[INFO] [stdout] ...
[INFO] [stdout] 1099 |         let output = cli_prompt.get_term_output();
[INFO] [stdout]      |                                 ^^^^^^^^^^^^^^^ method not found in `CliPrompt`
[INFO] [stdout] 
[INFO] [stdout] 
[INFO] [stdout] error[E0599]: no method named `push_key_input` found for struct `CliPrompt` in the current scope
[INFO] [stdout]     --> src/lib.rs:1124:20
[INFO] [stdout]      |
[INFO] [stdout] 58   | pub struct CliPrompt {
[INFO] [stdout]      | -------------------- method `push_key_input` not found for this struct
[INFO] [stdout] ...
[INFO] [stdout] 1124 |         cli_prompt.push_key_input("enter");
[INFO] [stdout]      |                    ^^^^^^^^^^^^^^ method not found in `CliPrompt`
[INFO] [stdout] 
[INFO] [stdout] 
[INFO] [stdout] error[E0599]: no method named `push_key_input` found for struct `CliPrompt` in the current scope
[INFO] [stdout]     --> src/lib.rs:1139:20
[INFO] [stdout]      |
[INFO] [stdout] 58   | pub struct CliPrompt {
[INFO] [stdout]      | -------------------- method `push_key_input` not found for this struct
[INFO] [stdout] ...
[INFO] [stdout] 1139 |         cli_prompt.push_key_input("arrow down");
[INFO] [stdout]      |                    ^^^^^^^^^^^^^^ method not found in `CliPrompt`
[INFO] [stdout] 
[INFO] [stdout] 
[INFO] [stdout] error[E0599]: no method named `push_key_input` found for struct `CliPrompt` in the current scope
[INFO] [stdout]     --> src/lib.rs:1140:20
[INFO] [stdout]      |
[INFO] [stdout] 58   | pub struct CliPrompt {
[INFO] [stdout]      | -------------------- method `push_key_input` not found for this struct
[INFO] [stdout] ...
[INFO] [stdout] 1140 |         cli_prompt.push_key_input("enter");
[INFO] [stdout]      |                    ^^^^^^^^^^^^^^ method not found in `CliPrompt`
[INFO] [stdout] 
[INFO] [stdout] 
[INFO] [stdout] error[E0599]: no method named `get_term_output` found for struct `CliPrompt` in the current scope
[INFO] [stdout]     --> src/lib.rs:1163:33
[INFO] [stdout]      |
[INFO] [stdout] 58   | pub struct CliPrompt {
[INFO] [stdout]      | -------------------- method `get_term_output` not found for this struct
[INFO] [stdout] ...
[INFO] [stdout] 1163 |         let output = cli_prompt.get_term_output();
[INFO] [stdout]      |                                 ^^^^^^^^^^^^^^^ method not found in `CliPrompt`
[INFO] [stdout] 
[INFO] [stdout] 
[INFO] [stdout] error[E0599]: no method named `push_key_input` found for struct `CliPrompt` in the current scope
[INFO] [stdout]     --> src/lib.rs:1233:20
[INFO] [stdout]      |
[INFO] [stdout] 58   | pub struct CliPrompt {
[INFO] [stdout]      | -------------------- method `push_key_input` not found for this struct
[INFO] [stdout] ...
[INFO] [stdout] 1233 |         cli_prompt.push_key_input("arrow down");
[INFO] [stdout]      |                    ^^^^^^^^^^^^^^ method not found in `CliPrompt`
[INFO] [stdout] 
[INFO] [stdout] 
[INFO] [stdout] error[E0599]: no method named `push_key_input` found for struct `CliPrompt` in the current scope
[INFO] [stdout]     --> src/lib.rs:1234:20
[INFO] [stdout]      |
[INFO] [stdout] 58   | pub struct CliPrompt {
[INFO] [stdout]      | -------------------- method `push_key_input` not found for this struct
[INFO] [stdout] ...
[INFO] [stdout] 1234 |         cli_prompt.push_key_input("arrow down");
[INFO] [stdout]      |                    ^^^^^^^^^^^^^^ method not found in `CliPrompt`
[INFO] [stdout] 
[INFO] [stdout] 
[INFO] [stdout] error[E0599]: no method named `push_key_input` found for struct `CliPrompt` in the current scope
[INFO] [stdout]     --> src/lib.rs:1235:20
[INFO] [stdout]      |
[INFO] [stdout] 58   | pub struct CliPrompt {
[INFO] [stdout]      | -------------------- method `push_key_input` not found for this struct
[INFO] [stdout] ...
[INFO] [stdout] 1235 |         cli_prompt.push_key_input("enter");
[INFO] [stdout]      |                    ^^^^^^^^^^^^^^ method not found in `CliPrompt`
[INFO] [stdout] 
[INFO] [stdout] 
[INFO] [stdout] error[E0599]: no method named `push_key_input` found for struct `CliPrompt` in the current scope
[INFO] [stdout]     --> src/lib.rs:1249:20
[INFO] [stdout]      |
[INFO] [stdout] 58   | pub struct CliPrompt {
[INFO] [stdout]      | -------------------- method `push_key_input` not found for this struct
[INFO] [stdout] ...
[INFO] [stdout] 1249 |         cli_prompt.push_key_input("enter");
[INFO] [stdout]      |                    ^^^^^^^^^^^^^^ method not found in `CliPrompt`
[INFO] [stdout] 
[INFO] [stdout] 
[INFO] [stdout] error[E0599]: no method named `push_key_input` found for struct `CliPrompt` in the current scope
[INFO] [stdout]     --> src/lib.rs:1250:20
[INFO] [stdout]      |
[INFO] [stdout] 58   | pub struct CliPrompt {
[INFO] [stdout]      | -------------------- method `push_key_input` not found for this struct
[INFO] [stdout] ...
[INFO] [stdout] 1250 |         cli_prompt.push_key_input("arrow down");
[INFO] [stdout]      |                    ^^^^^^^^^^^^^^ method not found in `CliPrompt`
[INFO] [stdout] 
[INFO] [stdout] 
[INFO] [stdout] error[E0599]: no method named `push_key_input` found for struct `CliPrompt` in the current scope
[INFO] [stdout]     --> src/lib.rs:1251:20
[INFO] [stdout]      |
[INFO] [stdout] 58   | pub struct CliPrompt {
[INFO] [stdout]      | -------------------- method `push_key_input` not found for this struct
[INFO] [stdout] ...
[INFO] [stdout] 1251 |         cli_prompt.push_key_input("arrow down");
[INFO] [stdout]      |                    ^^^^^^^^^^^^^^ method not found in `CliPrompt`
[INFO] [stdout] 
[INFO] [stdout] 
[INFO] [stdout] error[E0599]: no method named `push_key_input` found for struct `CliPrompt` in the current scope
[INFO] [stdout]     --> src/lib.rs:1252:20
[INFO] [stdout]      |
[INFO] [stdout] 58   | pub struct CliPrompt {
[INFO] [stdout]      | -------------------- method `push_key_input` not found for this struct
[INFO] [stdout] ...
[INFO] [stdout] 1252 |         cli_prompt.push_key_input("enter");
[INFO] [stdout]      |                    ^^^^^^^^^^^^^^ method not found in `CliPrompt`
[INFO] [stdout] 
[INFO] [stdout] 
[INFO] [stdout] error[E0599]: no method named `push_key_input` found for struct `CliPrompt` in the current scope
[INFO] [stdout]     --> src/lib.rs:1268:20
[INFO] [stdout]      |
[INFO] [stdout] 58   | pub struct CliPrompt {
[INFO] [stdout]      | -------------------- method `push_key_input` not found for this struct
[INFO] [stdout] ...
[INFO] [stdout] 1268 |         cli_prompt.push_key_input("enter");
[INFO] [stdout]      |                    ^^^^^^^^^^^^^^ method not found in `CliPrompt`
[INFO] [stdout] 
[INFO] [stdout] 
[INFO] [stdout] error[E0599]: no method named `push_key_input` found for struct `CliPrompt` in the current scope
[INFO] [stdout]     --> src/lib.rs:1269:20
[INFO] [stdout]      |
[INFO] [stdout] 58   | pub struct CliPrompt {
[INFO] [stdout]      | -------------------- method `push_key_input` not found for this struct
[INFO] [stdout] ...
[INFO] [stdout] 1269 |         cli_prompt.push_key_input("arrow down");
[INFO] [stdout]      |                    ^^^^^^^^^^^^^^ method not found in `CliPrompt`
[INFO] [stdout] 
[INFO] [stdout] 
[INFO] [stdout] error[E0599]: no method named `push_key_input` found for struct `CliPrompt` in the current scope
[INFO] [stdout]     --> src/lib.rs:1270:20
[INFO] [stdout]      |
[INFO] [stdout] 58   | pub struct CliPrompt {
[INFO] [stdout]      | -------------------- method `push_key_input` not found for this struct
[INFO] [stdout] ...
[INFO] [stdout] 1270 |         cli_prompt.push_key_input("enter");
[INFO] [stdout]      |                    ^^^^^^^^^^^^^^ method not found in `CliPrompt`
[INFO] [stdout] 
[INFO] [stdout] 
[INFO] [stdout] error[E0599]: no method named `push_key_input` found for struct `CliPrompt` in the current scope
[INFO] [stdout]     --> src/lib.rs:1271:20
[INFO] [stdout]      |
[INFO] [stdout] 58   | pub struct CliPrompt {
[INFO] [stdout]      | -------------------- method `push_key_input` not found for this struct
[INFO] [stdout] ...
[INFO] [stdout] 1271 |         cli_prompt.push_key_input("arrow down");
[INFO] [stdout]      |                    ^^^^^^^^^^^^^^ method not found in `CliPrompt`
[INFO] [stdout] 
[INFO] [stdout] 
[INFO] [stdout] error[E0599]: no method named `push_key_input` found for struct `CliPrompt` in the current scope
[INFO] [stdout]     --> src/lib.rs:1272:20
[INFO] [stdout]      |
[INFO] [stdout] 58   | pub struct CliPrompt {
[INFO] [stdout]      | -------------------- method `push_key_input` not found for this struct
[INFO] [stdout] ...
[INFO] [stdout] 1272 |         cli_prompt.push_key_input("enter");
[INFO] [stdout]      |                    ^^^^^^^^^^^^^^ method not found in `CliPrompt`
[INFO] [stdout] 
[INFO] [stdout] 
[INFO] [stdout] error: aborting due to 31 previous errors
[INFO] [stdout] 
[INFO] [stdout] 
[INFO] [stdout] For more information about this error, try `rustc --explain E0599`.
[INFO] [stdout] 
[INFO] [stderr] error: could not compile `cli_prompts_rs` (lib test) due to 32 previous errors
[INFO] running `Command { std: "docker" "inspect" "3d849fd77c2dabb21e96d45cd4e2d9d750ebd4e6fba4394acb57b20a5356de21", kill_on_drop: false }`
[INFO] running `Command { std: "docker" "rm" "-f" "3d849fd77c2dabb21e96d45cd4e2d9d750ebd4e6fba4394acb57b20a5356de21", kill_on_drop: false }`
[INFO] [stdout] 3d849fd77c2dabb21e96d45cd4e2d9d750ebd4e6fba4394acb57b20a5356de21
