[INFO] fetching crate clapcmd 0.3.3...
[INFO] testing clapcmd-0.3.3 against 1.75.0 for beta-1.76-1
[INFO] extracting crate clapcmd 0.3.3 into /workspace/builds/worker-2-tc1/source
[INFO] validating manifest of crates.io crate clapcmd 0.3.3 on toolchain 1.75.0
[INFO] running `Command { std: CARGO_HOME="/workspace/cargo-home" RUSTUP_HOME="/workspace/rustup-home" "/workspace/cargo-home/bin/cargo" "+1.75.0" "metadata" "--manifest-path" "Cargo.toml" "--no-deps", kill_on_drop: false }`
[INFO] started tweaking crates.io crate clapcmd 0.3.3
[INFO] finished tweaking crates.io crate clapcmd 0.3.3
[INFO] tweaked toml for crates.io crate clapcmd 0.3.3 written to /workspace/builds/worker-2-tc1/source/Cargo.toml
[INFO] crate crates.io crate clapcmd 0.3.3 already has a lockfile, it will not be regenerated
[INFO] running `Command { std: CARGO_HOME="/workspace/cargo-home" RUSTUP_HOME="/workspace/rustup-home" "/workspace/cargo-home/bin/cargo" "+1.75.0" "fetch" "--manifest-path" "Cargo.toml", kill_on_drop: false }`
[INFO] [stderr]     Updating crates.io index
[INFO] [stderr]  Downloading crates ...
[INFO] [stderr]   Downloaded nibble_vec v0.1.0
[INFO] [stderr]   Downloaded fd-lock v3.0.13
[INFO] [stderr]   Downloaded endian-type v0.1.2
[INFO] [stderr]   Downloaded cc v1.0.82
[INFO] [stderr]   Downloaded rustyline v12.0.0
[INFO] [stderr]   Downloaded radix_trie v0.2.1
[INFO] running `Command { std: "docker" "create" "-v" "/var/lib/crater-agent-workspace/builds/worker-2-tc1/target:/opt/rustwide/target:rw,Z" "-v" "/var/lib/crater-agent-workspace/builds/worker-2-tc1/source:/opt/rustwide/workdir:ro,Z" "-v" "/var/lib/crater-agent-workspace/cargo-home:/opt/rustwide/cargo-home:ro,Z" "-v" "/var/lib/crater-agent-workspace/rustup-home:/opt/rustwide/rustup-home:ro,Z" "-e" "SOURCE_DIR=/opt/rustwide/workdir" "-e" "CARGO_TARGET_DIR=/opt/rustwide/target" "-e" "CARGO_HOME=/opt/rustwide/cargo-home" "-e" "RUSTUP_HOME=/opt/rustwide/rustup-home" "-w" "/opt/rustwide/workdir" "-m" "1610612736" "--user" "0:0" "--network" "none" "ghcr.io/rust-lang/crates-build-env/linux@sha256:2788e3201cd34a07e3172128adcd8b3090168a8e3bcc40d7c032b9dda1df7d1c" "/opt/rustwide/cargo-home/bin/cargo" "+1.75.0" "metadata" "--no-deps" "--format-version=1", kill_on_drop: false }`
[INFO] [stdout] 75600b61d67dc65821b3d939091e38f309d08af67c36e0843f7f3a40a746099b
[INFO] running `Command { std: "docker" "start" "-a" "75600b61d67dc65821b3d939091e38f309d08af67c36e0843f7f3a40a746099b", kill_on_drop: false }`
[INFO] running `Command { std: "docker" "inspect" "75600b61d67dc65821b3d939091e38f309d08af67c36e0843f7f3a40a746099b", kill_on_drop: false }`
[INFO] running `Command { std: "docker" "rm" "-f" "75600b61d67dc65821b3d939091e38f309d08af67c36e0843f7f3a40a746099b", kill_on_drop: false }`
[INFO] [stdout] 75600b61d67dc65821b3d939091e38f309d08af67c36e0843f7f3a40a746099b
[INFO] running `Command { std: "docker" "create" "-v" "/var/lib/crater-agent-workspace/builds/worker-2-tc1/target:/opt/rustwide/target:rw,Z" "-v" "/var/lib/crater-agent-workspace/builds/worker-2-tc1/source:/opt/rustwide/workdir:ro,Z" "-v" "/var/lib/crater-agent-workspace/cargo-home:/opt/rustwide/cargo-home:ro,Z" "-v" "/var/lib/crater-agent-workspace/rustup-home:/opt/rustwide/rustup-home:ro,Z" "-e" "SOURCE_DIR=/opt/rustwide/workdir" "-e" "CARGO_TARGET_DIR=/opt/rustwide/target" "-e" "CARGO_INCREMENTAL=0" "-e" "RUST_BACKTRACE=full" "-e" "RUSTFLAGS=--cap-lints=warn" "-e" "RUSTDOCFLAGS=--cap-lints=warn" "-e" "CARGO_HOME=/opt/rustwide/cargo-home" "-e" "RUSTUP_HOME=/opt/rustwide/rustup-home" "-w" "/opt/rustwide/workdir" "-m" "1610612736" "--user" "0:0" "--network" "none" "ghcr.io/rust-lang/crates-build-env/linux@sha256:2788e3201cd34a07e3172128adcd8b3090168a8e3bcc40d7c032b9dda1df7d1c" "/opt/rustwide/cargo-home/bin/cargo" "+1.75.0" "build" "--frozen" "--message-format=json", kill_on_drop: false }`
[INFO] [stdout] 92c146a6f54bf8cdc8a4dac1a2006cdebc8047cbe9d78df086529246c97fadff
[INFO] running `Command { std: "docker" "start" "-a" "92c146a6f54bf8cdc8a4dac1a2006cdebc8047cbe9d78df086529246c97fadff", kill_on_drop: false }`
[INFO] [stderr]    Compiling semver v1.0.18
[INFO] [stderr]    Compiling rustix v0.38.8
[INFO] [stderr]    Compiling anstyle-parse v0.2.1
[INFO] [stderr]    Compiling anstyle v1.0.1
[INFO] [stderr]    Compiling smallvec v1.11.0
[INFO] [stderr]    Compiling endian-type v0.1.2
[INFO] [stderr]    Compiling clap_lex v0.5.0
[INFO] [stderr]    Compiling nix v0.26.2
[INFO] [stderr]    Compiling unicode-width v0.1.10
[INFO] [stderr]    Compiling nibble_vec v0.1.0
[INFO] [stderr]    Compiling log v0.4.20
[INFO] [stderr]    Compiling unicode-segmentation v1.10.1
[INFO] [stderr]    Compiling radix_trie v0.2.1
[INFO] [stderr]    Compiling rustc_version v0.4.0
[INFO] [stderr]    Compiling clapcmd v0.3.3 (/opt/rustwide/workdir)
[INFO] [stderr]    Compiling is-terminal v0.4.9
[INFO] [stderr]    Compiling fd-lock v3.0.13
[INFO] [stderr]    Compiling anstream v0.3.2
[INFO] [stderr]    Compiling rustyline v12.0.0
[INFO] [stderr]    Compiling clap_builder v4.3.23
[INFO] [stderr]    Compiling clap v4.3.23
[INFO] [stderr]     Finished dev [unoptimized + debuginfo] target(s) in 9.83s
[INFO] running `Command { std: "docker" "inspect" "92c146a6f54bf8cdc8a4dac1a2006cdebc8047cbe9d78df086529246c97fadff", kill_on_drop: false }`
[INFO] running `Command { std: "docker" "rm" "-f" "92c146a6f54bf8cdc8a4dac1a2006cdebc8047cbe9d78df086529246c97fadff", kill_on_drop: false }`
[INFO] [stdout] 92c146a6f54bf8cdc8a4dac1a2006cdebc8047cbe9d78df086529246c97fadff
[INFO] running `Command { std: "docker" "create" "-v" "/var/lib/crater-agent-workspace/builds/worker-2-tc1/target:/opt/rustwide/target:rw,Z" "-v" "/var/lib/crater-agent-workspace/builds/worker-2-tc1/source:/opt/rustwide/workdir:ro,Z" "-v" "/var/lib/crater-agent-workspace/cargo-home:/opt/rustwide/cargo-home:ro,Z" "-v" "/var/lib/crater-agent-workspace/rustup-home:/opt/rustwide/rustup-home:ro,Z" "-e" "SOURCE_DIR=/opt/rustwide/workdir" "-e" "CARGO_TARGET_DIR=/opt/rustwide/target" "-e" "CARGO_INCREMENTAL=0" "-e" "RUST_BACKTRACE=full" "-e" "RUSTFLAGS=--cap-lints=warn" "-e" "RUSTDOCFLAGS=--cap-lints=warn" "-e" "CARGO_HOME=/opt/rustwide/cargo-home" "-e" "RUSTUP_HOME=/opt/rustwide/rustup-home" "-w" "/opt/rustwide/workdir" "-m" "1610612736" "--user" "0:0" "--network" "none" "ghcr.io/rust-lang/crates-build-env/linux@sha256:2788e3201cd34a07e3172128adcd8b3090168a8e3bcc40d7c032b9dda1df7d1c" "/opt/rustwide/cargo-home/bin/cargo" "+1.75.0" "test" "--frozen" "--no-run" "--message-format=json", kill_on_drop: false }`
[INFO] [stdout] 4b745f8a44349cca2cf52db3ff5d4c42d1ad0f798e2f0588b1c8134ad970762c
[INFO] running `Command { std: "docker" "start" "-a" "4b745f8a44349cca2cf52db3ff5d4c42d1ad0f798e2f0588b1c8134ad970762c", kill_on_drop: false }`
[INFO] [stderr]    Compiling clapcmd v0.3.3 (/opt/rustwide/workdir)
[INFO] [stdout] error[E0615]: attempted to take value of method `output` on type `ClapCmd`
[INFO] [stdout]    --> tests/basic.rs:230:17
[INFO] [stdout]     |
[INFO] [stdout] 230 |             cmd.output.contains("woof"),
[INFO] [stdout]     |                 ^^^^^^ method, not a field
[INFO] [stdout]     |
[INFO] [stdout] help: use parentheses to call the method
[INFO] [stdout]     |
[INFO] [stdout] 230 |             cmd.output(_).contains("woof"),
[INFO] [stdout]     |                       +++
[INFO] [stdout] 
[INFO] [stdout] 
[INFO] [stdout] error[E0615]: attempted to take value of method `output` on type `ClapCmd`
[INFO] [stdout]    --> tests/basic.rs:234:17
[INFO] [stdout]     |
[INFO] [stdout] 234 |             cmd.output.contains("nyan"),
[INFO] [stdout]     |                 ^^^^^^ method, not a field
[INFO] [stdout]     |
[INFO] [stdout] help: use parentheses to call the method
[INFO] [stdout]     |
[INFO] [stdout] 234 |             cmd.output(_).contains("nyan"),
[INFO] [stdout]     |                       +++
[INFO] [stdout] 
[INFO] [stdout] 
[INFO] [stdout] error[E0615]: attempted to take value of method `output` on type `ClapCmd`
[INFO] [stdout]    --> tests/basic.rs:239:17
[INFO] [stdout]     |
[INFO] [stdout] 239 |             cmd.output.contains("woof"),
[INFO] [stdout]     |                 ^^^^^^ method, not a field
[INFO] [stdout]     |
[INFO] [stdout] help: use parentheses to call the method
[INFO] [stdout]     |
[INFO] [stdout] 239 |             cmd.output(_).contains("woof"),
[INFO] [stdout]     |                       +++
[INFO] [stdout] 
[INFO] [stdout] 
[INFO] [stdout] error[E0615]: attempted to take value of method `output` on type `ClapCmd`
[INFO] [stdout]    --> tests/basic.rs:243:18
[INFO] [stdout]     |
[INFO] [stdout] 243 |             !cmd.output.contains("nyan"),
[INFO] [stdout]     |                  ^^^^^^ method, not a field
[INFO] [stdout]     |
[INFO] [stdout] help: use parentheses to call the method
[INFO] [stdout]     |
[INFO] [stdout] 243 |             !cmd.output(_).contains("nyan"),
[INFO] [stdout]     |                        +++
[INFO] [stdout] 
[INFO] [stdout] 
[INFO] [stdout] error[E0615]: attempted to take value of method `error` on type `ClapCmd`
[INFO] [stdout]    --> tests/basic.rs:247:21
[INFO] [stdout]     |
[INFO] [stdout] 247 |         assert!(cmd.error.contains("oops"), "error didn't print",);
[INFO] [stdout]     |                     ^^^^^ method, not a field
[INFO] [stdout]     |
[INFO] [stdout] help: use parentheses to call the method
[INFO] [stdout]     |
[INFO] [stdout] 247 |         assert!(cmd.error(_).contains("oops"), "error didn't print",);
[INFO] [stdout]     |                          +++
[INFO] [stdout] 
[INFO] [stdout] 
[INFO] [stdout] error[E0615]: attempted to take value of method `output` on type `ClapCmd`
[INFO] [stdout]    --> tests/basic.rs:249:18
[INFO] [stdout]     |
[INFO] [stdout] 249 |             !cmd.output.contains("woof"),
[INFO] [stdout]     |                  ^^^^^^ method, not a field
[INFO] [stdout]     |
[INFO] [stdout] help: use parentheses to call the method
[INFO] [stdout]     |
[INFO] [stdout] 249 |             !cmd.output(_).contains("woof"),
[INFO] [stdout]     |                        +++
[INFO] [stdout] 
[INFO] [stdout] 
[INFO] [stdout] error[E0615]: attempted to take value of method `error` on type `ClapCmd`
[INFO] [stdout]    --> tests/basic.rs:253:21
[INFO] [stdout]     |
[INFO] [stdout] 253 |         assert!(cmd.error.contains("oops"), "error didn't print",);
[INFO] [stdout]     |                     ^^^^^ method, not a field
[INFO] [stdout]     |
[INFO] [stdout] help: use parentheses to call the method
[INFO] [stdout]     |
[INFO] [stdout] 253 |         assert!(cmd.error(_).contains("oops"), "error didn't print",);
[INFO] [stdout]     |                          +++
[INFO] [stdout] 
[INFO] [stdout] 
[INFO] [stdout] error[E0615]: attempted to take value of method `output` on type `ClapCmd`
[INFO] [stdout]    --> tests/basic.rs:255:17
[INFO] [stdout]     |
[INFO] [stdout] 255 |             cmd.output.contains("woof"),
[INFO] [stdout]     |                 ^^^^^^ method, not a field
[INFO] [stdout]     |
[INFO] [stdout] help: use parentheses to call the method
[INFO] [stdout]     |
[INFO] [stdout] 255 |             cmd.output(_).contains("woof"),
[INFO] [stdout]     |                       +++
[INFO] [stdout] 
[INFO] [stdout] 
[INFO] [stdout] error[E0615]: attempted to take value of method `output` on type `ClapCmd`
[INFO] [stdout]    --> tests/basic.rs:260:17
[INFO] [stdout]     |
[INFO] [stdout] 260 |             cmd.output.contains("woof"),
[INFO] [stdout]     |                 ^^^^^^ method, not a field
[INFO] [stdout]     |
[INFO] [stdout] help: use parentheses to call the method
[INFO] [stdout]     |
[INFO] [stdout] 260 |             cmd.output(_).contains("woof"),
[INFO] [stdout]     |                       +++
[INFO] [stdout] 
[INFO] [stdout] 
[INFO] [stdout] error[E0615]: attempted to take value of method `error` on type `ClapCmd`
[INFO] [stdout]    --> tests/basic.rs:263:22
[INFO] [stdout]     |
[INFO] [stdout] 263 |         assert!(!cmd.error.contains("oops"), "error printed after an or",);
[INFO] [stdout]     |                      ^^^^^ method, not a field
[INFO] [stdout]     |
[INFO] [stdout] help: use parentheses to call the method
[INFO] [stdout]     |
[INFO] [stdout] 263 |         assert!(!cmd.error(_).contains("oops"), "error printed after an or",);
[INFO] [stdout]     |                           +++
[INFO] [stdout] 
[INFO] [stdout] 
[INFO] [stdout] error: aborting due to 10 previous errors
[INFO] [stdout] 
[INFO] [stdout] 
[INFO] [stdout] For more information about this error, try `rustc --explain E0615`.
[INFO] [stdout] 
[INFO] [stderr] error: could not compile `clapcmd` (test "basic") due to 11 previous errors
[INFO] [stderr] warning: build failed, waiting for other jobs to finish...
[INFO] running `Command { std: "docker" "inspect" "4b745f8a44349cca2cf52db3ff5d4c42d1ad0f798e2f0588b1c8134ad970762c", kill_on_drop: false }`
[INFO] running `Command { std: "docker" "rm" "-f" "4b745f8a44349cca2cf52db3ff5d4c42d1ad0f798e2f0588b1c8134ad970762c", kill_on_drop: false }`
[INFO] [stdout] 4b745f8a44349cca2cf52db3ff5d4c42d1ad0f798e2f0588b1c8134ad970762c
