[INFO] fetching crate clap_cryo 4.3.21-cryo...
[INFO] testing clap_cryo-4.3.21-cryo against 1.75.0 for beta-1.76-1
[INFO] extracting crate clap_cryo 4.3.21-cryo into /workspace/builds/worker-1-tc1/source
[INFO] validating manifest of crates.io crate clap_cryo 4.3.21-cryo on toolchain 1.75.0
[INFO] running `Command { std: CARGO_HOME="/workspace/cargo-home" RUSTUP_HOME="/workspace/rustup-home" "/workspace/cargo-home/bin/cargo" "+1.75.0" "metadata" "--manifest-path" "Cargo.toml" "--no-deps", kill_on_drop: false }`
[INFO] started tweaking crates.io crate clap_cryo 4.3.21-cryo
[INFO] removed 0 missing examples
[INFO] finished tweaking crates.io crate clap_cryo 4.3.21-cryo
[INFO] tweaked toml for crates.io crate clap_cryo 4.3.21-cryo written to /workspace/builds/worker-1-tc1/source/Cargo.toml
[INFO] crate crates.io crate clap_cryo 4.3.21-cryo already has a lockfile, it will not be regenerated
[INFO] running `Command { std: CARGO_HOME="/workspace/cargo-home" RUSTUP_HOME="/workspace/rustup-home" "/workspace/cargo-home/bin/cargo" "+1.75.0" "fetch" "--manifest-path" "Cargo.toml", kill_on_drop: false }`
[INFO] [stderr]     Updating crates.io index
[INFO] [stderr]  Downloading crates ...
[INFO] [stderr]   Downloaded unic-char-property v0.9.0
[INFO] [stderr]   Downloaded humantime-serde v1.1.1
[INFO] [stderr]   Downloaded trycmd v0.14.16
[INFO] [stderr]   Downloaded trybuild v1.0.82
[INFO] [stderr]   Downloaded unic-ucd-version v0.9.0
[INFO] [stderr]   Downloaded snapbox v0.4.11
[INFO] [stderr]   Downloaded unic-common v0.9.0
[INFO] [stderr]   Downloaded basic-toml v0.1.4
[INFO] [stderr]   Downloaded winnow v0.5.4
[INFO] [stderr]   Downloaded clap_derive_cryo v4.3.12
[INFO] [stderr]   Downloaded escargot v0.5.8
[INFO] [stderr]   Downloaded snapbox-macros v0.3.4
[INFO] [stderr]   Downloaded unic-char-range v0.9.0
[INFO] [stderr]   Downloaded unic-emoji-char v0.9.0
[INFO] [stderr]   Downloaded clap_lex_cryo v0.5.0
[INFO] [stderr]   Downloaded clap_builder_cryo v4.3.21-cryo
[INFO] running `Command { std: "docker" "create" "-v" "/var/lib/crater-agent-workspace/builds/worker-1-tc1/target:/opt/rustwide/target:rw,Z" "-v" "/var/lib/crater-agent-workspace/builds/worker-1-tc1/source:/opt/rustwide/workdir:ro,Z" "-v" "/var/lib/crater-agent-workspace/cargo-home:/opt/rustwide/cargo-home:ro,Z" "-v" "/var/lib/crater-agent-workspace/rustup-home:/opt/rustwide/rustup-home:ro,Z" "-e" "SOURCE_DIR=/opt/rustwide/workdir" "-e" "CARGO_TARGET_DIR=/opt/rustwide/target" "-e" "CARGO_HOME=/opt/rustwide/cargo-home" "-e" "RUSTUP_HOME=/opt/rustwide/rustup-home" "-w" "/opt/rustwide/workdir" "-m" "1610612736" "--user" "0:0" "--network" "none" "ghcr.io/rust-lang/crates-build-env/linux@sha256:2788e3201cd34a07e3172128adcd8b3090168a8e3bcc40d7c032b9dda1df7d1c" "/opt/rustwide/cargo-home/bin/cargo" "+1.75.0" "metadata" "--no-deps" "--format-version=1", kill_on_drop: false }`
[INFO] [stdout] f74b9285277b8764bb0a12862105509cf17c1004a85cc3b11dda1b917527c440
[INFO] running `Command { std: "docker" "start" "-a" "f74b9285277b8764bb0a12862105509cf17c1004a85cc3b11dda1b917527c440", kill_on_drop: false }`
[INFO] running `Command { std: "docker" "inspect" "f74b9285277b8764bb0a12862105509cf17c1004a85cc3b11dda1b917527c440", kill_on_drop: false }`
[INFO] running `Command { std: "docker" "rm" "-f" "f74b9285277b8764bb0a12862105509cf17c1004a85cc3b11dda1b917527c440", kill_on_drop: false }`
[INFO] [stdout] f74b9285277b8764bb0a12862105509cf17c1004a85cc3b11dda1b917527c440
[INFO] running `Command { std: "docker" "create" "-v" "/var/lib/crater-agent-workspace/builds/worker-1-tc1/target:/opt/rustwide/target:rw,Z" "-v" "/var/lib/crater-agent-workspace/builds/worker-1-tc1/source:/opt/rustwide/workdir:ro,Z" "-v" "/var/lib/crater-agent-workspace/cargo-home:/opt/rustwide/cargo-home:ro,Z" "-v" "/var/lib/crater-agent-workspace/rustup-home:/opt/rustwide/rustup-home:ro,Z" "-e" "SOURCE_DIR=/opt/rustwide/workdir" "-e" "CARGO_TARGET_DIR=/opt/rustwide/target" "-e" "CARGO_INCREMENTAL=0" "-e" "RUST_BACKTRACE=full" "-e" "RUSTFLAGS=--cap-lints=warn" "-e" "RUSTDOCFLAGS=--cap-lints=warn" "-e" "CARGO_HOME=/opt/rustwide/cargo-home" "-e" "RUSTUP_HOME=/opt/rustwide/rustup-home" "-w" "/opt/rustwide/workdir" "-m" "1610612736" "--user" "0:0" "--network" "none" "ghcr.io/rust-lang/crates-build-env/linux@sha256:2788e3201cd34a07e3172128adcd8b3090168a8e3bcc40d7c032b9dda1df7d1c" "/opt/rustwide/cargo-home/bin/cargo" "+1.75.0" "build" "--frozen" "--message-format=json", kill_on_drop: false }`
[INFO] [stdout] 370e0b430c724457b6a790ff230372fc37b2114c1d6bda2139cd664be21ac1b5
[INFO] running `Command { std: "docker" "start" "-a" "370e0b430c724457b6a790ff230372fc37b2114c1d6bda2139cd664be21ac1b5", kill_on_drop: false }`
[INFO] [stderr]    Compiling rustix v0.38.7
[INFO] [stderr]    Compiling linux-raw-sys v0.4.5
[INFO] [stderr]    Compiling bitflags v2.3.3
[INFO] [stderr]    Compiling utf8parse v0.2.1
[INFO] [stderr]    Compiling anstyle-query v1.0.0
[INFO] [stderr]    Compiling colorchoice v1.0.0
[INFO] [stderr]    Compiling anstyle v1.0.1
[INFO] [stderr]    Compiling strsim v0.10.0
[INFO] [stderr]    Compiling clap_lex_cryo v0.5.0
[INFO] [stderr]    Compiling anstyle-parse v0.2.1
[INFO] [stderr]    Compiling is-terminal v0.4.9
[INFO] [stderr]    Compiling anstream v0.3.2
[INFO] [stderr]    Compiling clap_builder_cryo v4.3.21-cryo
[INFO] [stderr]    Compiling clap_cryo v4.3.21-cryo (/opt/rustwide/workdir)
[INFO] [stderr]     Finished dev [unoptimized + debuginfo] target(s) in 3.50s
[INFO] running `Command { std: "docker" "inspect" "370e0b430c724457b6a790ff230372fc37b2114c1d6bda2139cd664be21ac1b5", kill_on_drop: false }`
[INFO] running `Command { std: "docker" "rm" "-f" "370e0b430c724457b6a790ff230372fc37b2114c1d6bda2139cd664be21ac1b5", kill_on_drop: false }`
[INFO] [stdout] 370e0b430c724457b6a790ff230372fc37b2114c1d6bda2139cd664be21ac1b5
[INFO] running `Command { std: "docker" "create" "-v" "/var/lib/crater-agent-workspace/builds/worker-1-tc1/target:/opt/rustwide/target:rw,Z" "-v" "/var/lib/crater-agent-workspace/builds/worker-1-tc1/source:/opt/rustwide/workdir:ro,Z" "-v" "/var/lib/crater-agent-workspace/cargo-home:/opt/rustwide/cargo-home:ro,Z" "-v" "/var/lib/crater-agent-workspace/rustup-home:/opt/rustwide/rustup-home:ro,Z" "-e" "SOURCE_DIR=/opt/rustwide/workdir" "-e" "CARGO_TARGET_DIR=/opt/rustwide/target" "-e" "CARGO_INCREMENTAL=0" "-e" "RUST_BACKTRACE=full" "-e" "RUSTFLAGS=--cap-lints=warn" "-e" "RUSTDOCFLAGS=--cap-lints=warn" "-e" "CARGO_HOME=/opt/rustwide/cargo-home" "-e" "RUSTUP_HOME=/opt/rustwide/rustup-home" "-w" "/opt/rustwide/workdir" "-m" "1610612736" "--user" "0:0" "--network" "none" "ghcr.io/rust-lang/crates-build-env/linux@sha256:2788e3201cd34a07e3172128adcd8b3090168a8e3bcc40d7c032b9dda1df7d1c" "/opt/rustwide/cargo-home/bin/cargo" "+1.75.0" "test" "--frozen" "--no-run" "--message-format=json", kill_on_drop: false }`
[INFO] [stdout] 2caddab57a40658ce8ad655ae6da79ad40b1e36f623ee0e11fdf2eaa6f2c469d
[INFO] running `Command { std: "docker" "start" "-a" "2caddab57a40658ce8ad655ae6da79ad40b1e36f623ee0e11fdf2eaa6f2c469d", kill_on_drop: false }`
[INFO] [stderr]    Compiling serde v1.0.183
[INFO] [stderr]    Compiling serde_derive v1.0.183
[INFO] [stderr]    Compiling libc v0.2.147
[INFO] [stderr]    Compiling bitflags v2.3.3
[INFO] [stderr]    Compiling linux-raw-sys v0.4.5
[INFO] [stderr]    Compiling crossbeam-utils v0.8.16
[INFO] [stderr]    Compiling cfg-if v1.0.0
[INFO] [stderr]    Compiling utf8parse v0.2.1
[INFO] [stderr]    Compiling anstyle v1.0.1
[INFO] [stderr]    Compiling anstyle-query v1.0.0
[INFO] [stderr]    Compiling colorchoice v1.0.0
[INFO] [stderr]    Compiling serde_json v1.0.104
[INFO] [stderr]    Compiling scopeguard v1.2.0
[INFO] [stderr]    Compiling ryu v1.0.15
[INFO] [stderr]    Compiling rustix v0.38.7
[INFO] [stderr]    Compiling memoffset v0.9.0
[INFO] [stderr]    Compiling crossbeam-epoch v0.9.15
[INFO] [stderr]    Compiling anstyle-parse v0.2.1
[INFO] [stderr]    Compiling itoa v1.0.9
[INFO] [stderr]    Compiling rayon-core v1.11.0
[INFO] [stderr]    Compiling once_cell v1.18.0
[INFO] [stderr]    Compiling escargot v0.5.8
[INFO] [stderr]    Compiling hashbrown v0.14.0
[INFO] [stderr]    Compiling log v0.4.19
[INFO] [stderr]    Compiling equivalent v1.0.1
[INFO] [stderr]    Compiling trybuild v1.0.82
[INFO] [stderr]    Compiling rustversion v1.0.14
[INFO] [stderr]    Compiling humantime v2.1.0
[INFO] [stderr]    Compiling unic-char-range v0.9.0
[INFO] [stderr]    Compiling glob v0.3.1
[INFO] [stderr]    Compiling either v1.9.0
[INFO] [stderr]    Compiling normalize-line-endings v0.3.0
[INFO] [stderr]    Compiling unic-common v0.9.0
[INFO] [stderr]    Compiling winnow v0.5.4
[INFO] [stderr]    Compiling clap_lex_cryo v0.5.0
[INFO] [stderr]    Compiling strsim v0.10.0
[INFO] [stderr]    Compiling similar v2.2.1
[INFO] [stderr]    Compiling unic-ucd-version v0.9.0
[INFO] [stderr]    Compiling unic-char-property v0.9.0
[INFO] [stderr]    Compiling termcolor v1.2.0
[INFO] [stderr]    Compiling shlex v1.1.0
[INFO] [stderr]    Compiling unic-emoji-char v0.9.0
[INFO] [stderr]    Compiling static_assertions v1.1.0
[INFO] [stderr]    Compiling crossbeam-channel v0.5.8
[INFO] [stderr]    Compiling indexmap v2.0.0
[INFO] [stderr]    Compiling crossbeam-deque v0.8.3
[INFO] [stderr]    Compiling num_cpus v1.16.0
[INFO] [stderr]    Compiling os_pipe v1.1.4
[INFO] [stderr]    Compiling wait-timeout v0.2.0
[INFO] [stderr]    Compiling is-terminal v0.4.9
[INFO] [stderr]    Compiling anstream v0.3.2
[INFO] [stderr]    Compiling snapbox-macros v0.3.4
[INFO] [stderr]    Compiling clap_builder_cryo v4.3.21-cryo
[INFO] [stderr]    Compiling rayon v1.7.0
[INFO] [stderr]    Compiling clap_cryo v4.3.21-cryo (/opt/rustwide/workdir)
[INFO] [stderr]    Compiling serde_spanned v0.6.3
[INFO] [stderr]    Compiling toml_datetime v0.6.3
[INFO] [stderr]    Compiling humantime-serde v1.1.1
[INFO] [stderr]    Compiling basic-toml v0.1.4
[INFO] [stderr]    Compiling toml_edit v0.19.14
[INFO] [stderr]    Compiling snapbox v0.4.11
[INFO] [stderr]    Compiling trycmd v0.14.16
[INFO] [stdout] error[E0432]: unresolved import `clap`
[INFO] [stdout]  --> examples/multicall-hostname.rs:1:5
[INFO] [stdout]   |
[INFO] [stdout] 1 | use clap::Command;
[INFO] [stdout]   |     ^^^^ use of undeclared crate or module `clap`
[INFO] [stdout] 
[INFO] [stdout] 
[INFO] [stdout] error[E0432]: unresolved import `clap`
[INFO] [stdout]  --> examples/repl.rs:3:5
[INFO] [stdout]   |
[INFO] [stdout] 3 | use clap::Command;
[INFO] [stdout]   |     ^^^^ use of undeclared crate or module `clap`
[INFO] [stdout] 
[INFO] [stdout] 
[INFO] [stdout] error[E0432]: unresolved import `clap`
[INFO] [stdout]  --> examples/tutorial_builder/02_apps.rs:1:5
[INFO] [stdout]   |
[INFO] [stdout] 1 | use clap::{arg, Command};
[INFO] [stdout]   |     ^^^^ use of undeclared crate or module `clap`
[INFO] [stdout] 
[INFO] [stdout] 
[INFO] [stdout] error[E0432]: unresolved import `clap`
[INFO] [stdout]  --> examples/git.rs:4:5
[INFO] [stdout]   |
[INFO] [stdout] 4 | use clap::{arg, Command};
[INFO] [stdout]   |     ^^^^ use of undeclared crate or module `clap`
[INFO] [stdout] 
[INFO] [stdout] 
[INFO] [stdout] error[E0433]: failed to resolve: use of undeclared crate or module `clap`
[INFO] [stdout]   --> examples/git.rs:43:67
[INFO] [stdout]    |
[INFO] [stdout] 43 |                 .arg(arg!(<PATH> ... "Stuff to add").value_parser(clap::value_parser!(PathBuf))),
[INFO] [stdout]    |                                                                   ^^^^ use of undeclared crate or module `clap`
[INFO] [stdout] 
[INFO] [stdout] 
[INFO] [stdout] error[E0432]: unresolved import `clap`
[INFO] [stdout]  --> examples/multicall-busybox.rs:4:5
[INFO] [stdout]   |
[INFO] [stdout] 4 | use clap::{value_parser, Arg, ArgAction, Command};
[INFO] [stdout]   |     ^^^^ use of undeclared crate or module `clap`
[INFO] [stdout] 
[INFO] [stdout] 
[INFO] [stdout] error[E0432]: unresolved import `clap`
[INFO] [stdout]  --> examples/pacman.rs:1:5
[INFO] [stdout]   |
[INFO] [stdout] 1 | use clap::{Arg, ArgAction, Command};
[INFO] [stdout]   |     ^^^^ use of undeclared crate or module `clap`
[INFO] [stdout] 
[INFO] [stdout] 
[INFO] [stdout] error: cannot determine resolution for the macro `arg`
[INFO] [stdout]  --> examples/tutorial_builder/02_apps.rs:8:14
[INFO] [stdout]   |
[INFO] [stdout] 8 |         .arg(arg!(--two <VALUE>).required(true))
[INFO] [stdout]   |              ^^^
[INFO] [stdout]   |
[INFO] [stdout]   = note: import resolution is stuck, try simplifying macro imports
[INFO] [stdout] 
[INFO] [stdout] 
[INFO] [stdout] error: cannot determine resolution for the macro `arg`
[INFO] [stdout]  --> examples/tutorial_builder/02_apps.rs:9:14
[INFO] [stdout]   |
[INFO] [stdout] 9 |         .arg(arg!(--one <VALUE>).required(true))
[INFO] [stdout]   |              ^^^
[INFO] [stdout]   |
[INFO] [stdout]   = note: import resolution is stuck, try simplifying macro imports
[INFO] [stdout] 
[INFO] [stdout] 
[INFO] [stdout] error: aborting due to previous error
[INFO] [stdout] 
[INFO] [stdout] 
[INFO] [stdout] For more information about this error, try `rustc --explain E0432`.
[INFO] [stdout] 
[INFO] [stdout] error: cannot determine resolution for the macro `arg`
[INFO] [stdout]   --> examples/git.rs:15:22
[INFO] [stdout]    |
[INFO] [stdout] 15 |                 .arg(arg!(<REMOTE> "The remote to clone"))
[INFO] [stdout]    |                      ^^^
[INFO] [stdout]    |
[INFO] [stdout]    = note: import resolution is stuck, try simplifying macro imports
[INFO] [stdout] 
[INFO] [stdout] 
[INFO] [stdout] error: cannot determine resolution for the macro `arg`
[INFO] [stdout]   --> examples/git.rs:21:22
[INFO] [stdout]    |
[INFO] [stdout] 21 |                 .arg(arg!(base: [COMMIT]))
[INFO] [stdout]    |                      ^^^
[INFO] [stdout]    |
[INFO] [stdout]    = note: import resolution is stuck, try simplifying macro imports
[INFO] [stdout] 
[INFO] [stdout] 
[INFO] [stdout] error: cannot determine resolution for the macro `arg`
[INFO] [stdout]   --> examples/git.rs:22:22
[INFO] [stdout]    |
[INFO] [stdout] 22 |                 .arg(arg!(head: [COMMIT]))
[INFO] [stdout]    |                      ^^^
[INFO] [stdout]    |
[INFO] [stdout]    = note: import resolution is stuck, try simplifying macro imports
[INFO] [stdout] 
[INFO] [stdout] 
[INFO] [stdout] error: cannot determine resolution for the macro `arg`
[INFO] [stdout]   --> examples/git.rs:23:22
[INFO] [stdout]    |
[INFO] [stdout] 23 |                 .arg(arg!(path: [PATH]).last(true))
[INFO] [stdout]    |                      ^^^
[INFO] [stdout]    |
[INFO] [stdout]    = note: import resolution is stuck, try simplifying macro imports
[INFO] [stdout] 
[INFO] [stdout] 
[INFO] [stdout] error: cannot determine resolution for the macro `arg`
[INFO] [stdout]   --> examples/git.rs:25:21
[INFO] [stdout]    |
[INFO] [stdout] 25 |                     arg!(--color <WHEN>)
[INFO] [stdout]    |                     ^^^
[INFO] [stdout]    |
[INFO] [stdout]    = note: import resolution is stuck, try simplifying macro imports
[INFO] [stdout] 
[INFO] [stdout] 
[INFO] [stdout] error: cannot determine resolution for the macro `arg`
[INFO] [stdout]   --> examples/git.rs:36:22
[INFO] [stdout]    |
[INFO] [stdout] 36 |                 .arg(arg!(<REMOTE> "The remote to target"))
[INFO] [stdout]    |                      ^^^
[INFO] [stdout]    |
[INFO] [stdout]    = note: import resolution is stuck, try simplifying macro imports
[INFO] [stdout] 
[INFO] [stdout] 
[INFO] [stdout] error: cannot determine resolution for the macro `arg`
[INFO] [stdout]   --> examples/git.rs:43:22
[INFO] [stdout]    |
[INFO] [stdout] 43 |                 .arg(arg!(<PATH> ... "Stuff to add").value_parser(clap::value_parser!(PathBuf))),
[INFO] [stdout]    |                      ^^^
[INFO] [stdout]    |
[INFO] [stdout]    = note: import resolution is stuck, try simplifying macro imports
[INFO] [stdout] 
[INFO] [stdout] 
[INFO] [stdout] error: cannot determine resolution for the macro `arg`
[INFO] [stdout]   --> examples/git.rs:50:53
[INFO] [stdout]    |
[INFO] [stdout] 50 |                 .subcommand(Command::new("pop").arg(arg!([STASH])))
[INFO] [stdout]    |                                                     ^^^
[INFO] [stdout]    |
[INFO] [stdout]    = note: import resolution is stuck, try simplifying macro imports
[INFO] [stdout] 
[INFO] [stdout] 
[INFO] [stdout] error: cannot determine resolution for the macro `arg`
[INFO] [stdout]   --> examples/git.rs:51:55
[INFO] [stdout]    |
[INFO] [stdout] 51 |                 .subcommand(Command::new("apply").arg(arg!([STASH]))),
[INFO] [stdout]    |                                                       ^^^
[INFO] [stdout]    |
[INFO] [stdout]    = note: import resolution is stuck, try simplifying macro imports
[INFO] [stdout] 
[INFO] [stdout] 
[INFO] [stdout] error: cannot determine resolution for the macro `arg`
[INFO] [stdout]   --> examples/git.rs:56:10
[INFO] [stdout]    |
[INFO] [stdout] 56 |     vec![arg!(-m --message <MESSAGE>)]
[INFO] [stdout]    |          ^^^
[INFO] [stdout]    |
[INFO] [stdout]    = note: import resolution is stuck, try simplifying macro imports
[INFO] [stdout] 
[INFO] [stdout] 
[INFO] [stdout] error: cannot determine resolution for the macro `value_parser`
[INFO] [stdout]   --> examples/multicall-busybox.rs:28:39
[INFO] [stdout]    |
[INFO] [stdout] 28 |                         .value_parser(value_parser!(PathBuf)),
[INFO] [stdout]    |                                       ^^^^^^^^^^^^
[INFO] [stdout]    |
[INFO] [stdout]    = note: import resolution is stuck, try simplifying macro imports
[INFO] [stdout] 
[INFO] [stdout] 
[INFO] [stdout] warning: unused import: `std::path::PathBuf`
[INFO] [stdout]  --> examples/multicall-busybox.rs:1:5
[INFO] [stdout]   |
[INFO] [stdout] 1 | use std::path::PathBuf;
[INFO] [stdout]   |     ^^^^^^^^^^^^^^^^^^
[INFO] [stdout]   |
[INFO] [stdout]   = note: `#[warn(unused_imports)]` on by default
[INFO] [stdout] 
[INFO] [stdout] 
[INFO] [stderr] error: could not compile `clap_cryo` (example "hostname") due to 2 previous errors
[INFO] [stderr] warning: build failed, waiting for other jobs to finish...
[INFO] [stdout] error: aborting due to 3 previous errors
[INFO] [stdout] 
[INFO] [stdout] 
[INFO] [stdout] For more information about this error, try `rustc --explain E0432`.
[INFO] [stdout] 
[INFO] [stdout] error: aborting due to 2 previous errors; 1 warning emitted
[INFO] [stdout] 
[INFO] [stdout] 
[INFO] [stdout] For more information about this error, try `rustc --explain E0432`.
[INFO] [stdout] 
[INFO] [stdout] error: aborting due to previous error
[INFO] [stdout] 
[INFO] [stdout] 
[INFO] [stdout] For more information about this error, try `rustc --explain E0432`.
[INFO] [stdout] 
[INFO] [stdout] error: aborting due to previous error
[INFO] [stdout] 
[INFO] [stdout] 
[INFO] [stdout] For more information about this error, try `rustc --explain E0432`.
[INFO] [stdout] 
[INFO] [stderr] error: could not compile `clap_cryo` (example "02_apps") due to 4 previous errors
[INFO] [stderr] error: could not compile `clap_cryo` (example "repl") due to 2 previous errors
[INFO] [stderr] error: could not compile `clap_cryo` (example "busybox") due to 3 previous errors; 1 warning emitted
[INFO] [stderr] error: could not compile `clap_cryo` (example "pacman") due to 2 previous errors
[INFO] [stdout] error[E0433]: failed to resolve: use of undeclared crate or module `clap`
[INFO] [stdout]   --> examples/git.rs:55:23
[INFO] [stdout]    |
[INFO] [stdout] 55 | fn push_args() -> Vec<clap::Arg> {
[INFO] [stdout]    |                       ^^^^ use of undeclared crate or module `clap`
[INFO] [stdout] 
[INFO] [stdout] 
[INFO] [stdout] error: aborting due to 13 previous errors
[INFO] [stdout] 
[INFO] [stdout] 
[INFO] [stdout] Some errors have detailed explanations: E0432, E0433.
[INFO] [stdout] 
[INFO] [stdout] For more information about an error, try `rustc --explain E0432`.
[INFO] [stdout] 
[INFO] [stderr] error: could not compile `clap_cryo` (example "git") due to 14 previous errors
[INFO] running `Command { std: "docker" "inspect" "2caddab57a40658ce8ad655ae6da79ad40b1e36f623ee0e11fdf2eaa6f2c469d", kill_on_drop: false }`
[INFO] running `Command { std: "docker" "rm" "-f" "2caddab57a40658ce8ad655ae6da79ad40b1e36f623ee0e11fdf2eaa6f2c469d", kill_on_drop: false }`
[INFO] [stdout] 2caddab57a40658ce8ad655ae6da79ad40b1e36f623ee0e11fdf2eaa6f2c469d
[INFO] testing clap_cryo-4.3.21-cryo against beta-2023-12-22 for beta-1.76-1
[INFO] extracting crate clap_cryo 4.3.21-cryo into /workspace/builds/worker-1-tc2/source
[INFO] validating manifest of crates.io crate clap_cryo 4.3.21-cryo on toolchain beta-2023-12-22
[INFO] running `Command { std: CARGO_HOME="/workspace/cargo-home" RUSTUP_HOME="/workspace/rustup-home" "/workspace/cargo-home/bin/cargo" "+beta-2023-12-22" "metadata" "--manifest-path" "Cargo.toml" "--no-deps", kill_on_drop: false }`
[INFO] started tweaking crates.io crate clap_cryo 4.3.21-cryo
[INFO] removed 0 missing examples
[INFO] finished tweaking crates.io crate clap_cryo 4.3.21-cryo
[INFO] tweaked toml for crates.io crate clap_cryo 4.3.21-cryo written to /workspace/builds/worker-1-tc2/source/Cargo.toml
[INFO] crate crates.io crate clap_cryo 4.3.21-cryo already has a lockfile, it will not be regenerated
[INFO] running `Command { std: CARGO_HOME="/workspace/cargo-home" RUSTUP_HOME="/workspace/rustup-home" "/workspace/cargo-home/bin/cargo" "+beta-2023-12-22" "fetch" "--manifest-path" "Cargo.toml", kill_on_drop: false }`
[INFO] running `Command { std: "docker" "create" "-v" "/var/lib/crater-agent-workspace/builds/worker-1-tc2/target:/opt/rustwide/target:rw,Z" "-v" "/var/lib/crater-agent-workspace/builds/worker-1-tc2/source:/opt/rustwide/workdir:ro,Z" "-v" "/var/lib/crater-agent-workspace/cargo-home:/opt/rustwide/cargo-home:ro,Z" "-v" "/var/lib/crater-agent-workspace/rustup-home:/opt/rustwide/rustup-home:ro,Z" "-e" "SOURCE_DIR=/opt/rustwide/workdir" "-e" "CARGO_TARGET_DIR=/opt/rustwide/target" "-e" "CARGO_HOME=/opt/rustwide/cargo-home" "-e" "RUSTUP_HOME=/opt/rustwide/rustup-home" "-w" "/opt/rustwide/workdir" "-m" "1610612736" "--user" "0:0" "--network" "none" "ghcr.io/rust-lang/crates-build-env/linux@sha256:2788e3201cd34a07e3172128adcd8b3090168a8e3bcc40d7c032b9dda1df7d1c" "/opt/rustwide/cargo-home/bin/cargo" "+beta-2023-12-22" "metadata" "--no-deps" "--format-version=1", kill_on_drop: false }`
[INFO] [stdout] 00be1109193c320341877044948b03d638d98619224397518e170dfbb54be761
[INFO] running `Command { std: "docker" "start" "-a" "00be1109193c320341877044948b03d638d98619224397518e170dfbb54be761", kill_on_drop: false }`
[INFO] running `Command { std: "docker" "inspect" "00be1109193c320341877044948b03d638d98619224397518e170dfbb54be761", kill_on_drop: false }`
[INFO] running `Command { std: "docker" "rm" "-f" "00be1109193c320341877044948b03d638d98619224397518e170dfbb54be761", kill_on_drop: false }`
[INFO] [stdout] 00be1109193c320341877044948b03d638d98619224397518e170dfbb54be761
[INFO] running `Command { std: "docker" "create" "-v" "/var/lib/crater-agent-workspace/builds/worker-1-tc2/target:/opt/rustwide/target:rw,Z" "-v" "/var/lib/crater-agent-workspace/builds/worker-1-tc2/source:/opt/rustwide/workdir:ro,Z" "-v" "/var/lib/crater-agent-workspace/cargo-home:/opt/rustwide/cargo-home:ro,Z" "-v" "/var/lib/crater-agent-workspace/rustup-home:/opt/rustwide/rustup-home:ro,Z" "-e" "SOURCE_DIR=/opt/rustwide/workdir" "-e" "CARGO_TARGET_DIR=/opt/rustwide/target" "-e" "CARGO_INCREMENTAL=0" "-e" "RUST_BACKTRACE=full" "-e" "RUSTFLAGS=--cap-lints=warn" "-e" "RUSTDOCFLAGS=--cap-lints=warn" "-e" "CARGO_HOME=/opt/rustwide/cargo-home" "-e" "RUSTUP_HOME=/opt/rustwide/rustup-home" "-w" "/opt/rustwide/workdir" "-m" "1610612736" "--user" "0:0" "--network" "none" "ghcr.io/rust-lang/crates-build-env/linux@sha256:2788e3201cd34a07e3172128adcd8b3090168a8e3bcc40d7c032b9dda1df7d1c" "/opt/rustwide/cargo-home/bin/cargo" "+beta-2023-12-22" "build" "--frozen" "--message-format=json", kill_on_drop: false }`
[INFO] [stdout] 14c697f8894d28039308d2690555d56895d61715650555d6f4bc1daa68593ac2
[INFO] running `Command { std: "docker" "start" "-a" "14c697f8894d28039308d2690555d56895d61715650555d6f4bc1daa68593ac2", kill_on_drop: false }`
[INFO] [stderr]    Compiling rustix v0.38.7
[INFO] [stderr]    Compiling bitflags v2.3.3
[INFO] [stderr]    Compiling linux-raw-sys v0.4.5
[INFO] [stderr]    Compiling utf8parse v0.2.1
[INFO] [stderr]    Compiling anstyle-query v1.0.0
[INFO] [stderr]    Compiling anstyle v1.0.1
[INFO] [stderr]    Compiling colorchoice v1.0.0
[INFO] [stderr]    Compiling clap_lex_cryo v0.5.0
[INFO] [stderr]    Compiling strsim v0.10.0
[INFO] [stderr]    Compiling anstyle-parse v0.2.1
[INFO] [stderr]    Compiling is-terminal v0.4.9
[INFO] [stderr]    Compiling anstream v0.3.2
[INFO] [stderr]    Compiling clap_builder_cryo v4.3.21-cryo
[INFO] [stderr]    Compiling clap_cryo v4.3.21-cryo (/opt/rustwide/workdir)
[INFO] [stderr]     Finished dev [unoptimized + debuginfo] target(s) in 3.47s
[INFO] running `Command { std: "docker" "inspect" "14c697f8894d28039308d2690555d56895d61715650555d6f4bc1daa68593ac2", kill_on_drop: false }`
[INFO] running `Command { std: "docker" "rm" "-f" "14c697f8894d28039308d2690555d56895d61715650555d6f4bc1daa68593ac2", kill_on_drop: false }`
[INFO] [stdout] 14c697f8894d28039308d2690555d56895d61715650555d6f4bc1daa68593ac2
[INFO] running `Command { std: "docker" "create" "-v" "/var/lib/crater-agent-workspace/builds/worker-1-tc2/target:/opt/rustwide/target:rw,Z" "-v" "/var/lib/crater-agent-workspace/builds/worker-1-tc2/source:/opt/rustwide/workdir:ro,Z" "-v" "/var/lib/crater-agent-workspace/cargo-home:/opt/rustwide/cargo-home:ro,Z" "-v" "/var/lib/crater-agent-workspace/rustup-home:/opt/rustwide/rustup-home:ro,Z" "-e" "SOURCE_DIR=/opt/rustwide/workdir" "-e" "CARGO_TARGET_DIR=/opt/rustwide/target" "-e" "CARGO_INCREMENTAL=0" "-e" "RUST_BACKTRACE=full" "-e" "RUSTFLAGS=--cap-lints=warn" "-e" "RUSTDOCFLAGS=--cap-lints=warn" "-e" "CARGO_HOME=/opt/rustwide/cargo-home" "-e" "RUSTUP_HOME=/opt/rustwide/rustup-home" "-w" "/opt/rustwide/workdir" "-m" "1610612736" "--user" "0:0" "--network" "none" "ghcr.io/rust-lang/crates-build-env/linux@sha256:2788e3201cd34a07e3172128adcd8b3090168a8e3bcc40d7c032b9dda1df7d1c" "/opt/rustwide/cargo-home/bin/cargo" "+beta-2023-12-22" "test" "--frozen" "--no-run" "--message-format=json", kill_on_drop: false }`
[INFO] [stdout] 0c52fcb7b7f1b4f9d9af1540c210de80ab7f8e504678451e44ab1265abd2f173
[INFO] running `Command { std: "docker" "start" "-a" "0c52fcb7b7f1b4f9d9af1540c210de80ab7f8e504678451e44ab1265abd2f173", kill_on_drop: false }`
[INFO] [stderr]    Compiling serde v1.0.183
[INFO] [stderr]    Compiling serde_derive v1.0.183
[INFO] [stderr]    Compiling libc v0.2.147
[INFO] [stderr]    Compiling bitflags v2.3.3
[INFO] [stderr]    Compiling linux-raw-sys v0.4.5
[INFO] [stderr]    Compiling crossbeam-utils v0.8.16
[INFO] [stderr]    Compiling utf8parse v0.2.1
[INFO] [stderr]    Compiling cfg-if v1.0.0
[INFO] [stderr]    Compiling anstyle v1.0.1
[INFO] [stderr]    Compiling colorchoice v1.0.0
[INFO] [stderr]    Compiling serde_json v1.0.104
[INFO] [stderr]    Compiling anstyle-query v1.0.0
[INFO] [stderr]    Compiling ryu v1.0.15
[INFO] [stderr]    Compiling itoa v1.0.9
[INFO] [stderr]    Compiling rustix v0.38.7
[INFO] [stderr]    Compiling memoffset v0.9.0
[INFO] [stderr]    Compiling anstyle-parse v0.2.1
[INFO] [stderr]    Compiling crossbeam-epoch v0.9.15
[INFO] [stderr]    Compiling scopeguard v1.2.0
[INFO] [stderr]    Compiling rayon-core v1.11.0
[INFO] [stderr]    Compiling escargot v0.5.8
[INFO] [stderr]    Compiling once_cell v1.18.0
[INFO] [stderr]    Compiling log v0.4.19
[INFO] [stderr]    Compiling hashbrown v0.14.0
[INFO] [stderr]    Compiling equivalent v1.0.1
[INFO] [stderr]    Compiling unic-char-range v0.9.0
[INFO] [stderr]    Compiling clap_lex_cryo v0.5.0
[INFO] [stderr]    Compiling either v1.9.0
[INFO] [stderr]    Compiling humantime v2.1.0
[INFO] [stderr]    Compiling rustversion v1.0.14
[INFO] [stderr]    Compiling unic-common v0.9.0
[INFO] [stderr]    Compiling glob v0.3.1
[INFO] [stderr]    Compiling normalize-line-endings v0.3.0
[INFO] [stderr]    Compiling strsim v0.10.0
[INFO] [stderr]    Compiling similar v2.2.1
[INFO] [stderr]    Compiling trybuild v1.0.82
[INFO] [stderr]    Compiling winnow v0.5.4
[INFO] [stderr]    Compiling unic-ucd-version v0.9.0
[INFO] [stderr]    Compiling unic-char-property v0.9.0
[INFO] [stderr]    Compiling shlex v1.1.0
[INFO] [stderr]    Compiling termcolor v1.2.0
[INFO] [stderr]    Compiling unic-emoji-char v0.9.0
[INFO] [stderr]    Compiling crossbeam-channel v0.5.8
[INFO] [stderr]    Compiling static_assertions v1.1.0
[INFO] [stderr]    Compiling crossbeam-deque v0.8.3
[INFO] [stderr]    Compiling indexmap v2.0.0
[INFO] [stderr]    Compiling num_cpus v1.16.0
[INFO] [stderr]    Compiling wait-timeout v0.2.0
[INFO] [stderr]    Compiling os_pipe v1.1.4
[INFO] [stderr]    Compiling is-terminal v0.4.9
[INFO] [stderr]    Compiling anstream v0.3.2
[INFO] [stderr]    Compiling snapbox-macros v0.3.4
[INFO] [stderr]    Compiling clap_builder_cryo v4.3.21-cryo
[INFO] [stderr]    Compiling rayon v1.7.0
[INFO] [stderr]    Compiling serde_spanned v0.6.3
[INFO] [stderr]    Compiling toml_datetime v0.6.3
[INFO] [stderr]    Compiling humantime-serde v1.1.1
[INFO] [stderr]    Compiling basic-toml v0.1.4
[INFO] [stderr]    Compiling toml_edit v0.19.14
[INFO] [stderr]    Compiling clap_cryo v4.3.21-cryo (/opt/rustwide/workdir)
[INFO] [stderr]    Compiling snapbox v0.4.11
[INFO] [stderr]    Compiling trycmd v0.14.16
[INFO] [stdout] error[E0432]: unresolved import `clap`
[INFO] [stdout]  --> examples/repl.rs:3:5
[INFO] [stdout]   |
[INFO] [stdout] 3 | use clap::Command;
[INFO] [stdout]   |     ^^^^ use of undeclared crate or module `clap`
[INFO] [stdout] 
[INFO] [stdout] 
[INFO] [stdout] error[E0432]: unresolved import `clap`
[INFO] [stdout]  --> examples/pacman.rs:1:5
[INFO] [stdout]   |
[INFO] [stdout] 1 | use clap::{Arg, ArgAction, Command};
[INFO] [stdout]   |     ^^^^ use of undeclared crate or module `clap`
[INFO] [stdout] 
[INFO] [stdout] 
[INFO] [stdout] error[E0432]: unresolved import `clap`
[INFO] [stdout]  --> examples/git.rs:4:5
[INFO] [stdout]   |
[INFO] [stdout] 4 | use clap::{arg, Command};
[INFO] [stdout]   |     ^^^^ use of undeclared crate or module `clap`
[INFO] [stdout] 
[INFO] [stdout] 
[INFO] [stdout] error[E0433]: failed to resolve: use of undeclared crate or module `clap`
[INFO] [stdout]   --> examples/git.rs:43:67
[INFO] [stdout]    |
[INFO] [stdout] 43 |                 .arg(arg!(<PATH> ... "Stuff to add").value_parser(clap::value_parser!(PathBuf))),
[INFO] [stdout]    |                                                                   ^^^^ use of undeclared crate or module `clap`
[INFO] [stdout] 
[INFO] [stdout] 
[INFO] [stdout] error[E0432]: unresolved import `clap`
[INFO] [stdout]  --> examples/multicall-hostname.rs:1:5
[INFO] [stdout]   |
[INFO] [stdout] 1 | use clap::Command;
[INFO] [stdout]   |     ^^^^ use of undeclared crate or module `clap`
[INFO] [stdout] 
[INFO] [stdout] 
[INFO] [stdout] error[E0432]: unresolved import `clap`
[INFO] [stdout]  --> examples/multicall-busybox.rs:4:5
[INFO] [stdout]   |
[INFO] [stdout] 4 | use clap::{value_parser, Arg, ArgAction, Command};
[INFO] [stdout]   |     ^^^^ use of undeclared crate or module `clap`
[INFO] [stdout] 
[INFO] [stdout] 
[INFO] [stdout] error[E0432]: unresolved import `clap`
[INFO] [stdout]  --> examples/tutorial_builder/02_apps.rs:1:5
[INFO] [stdout]   |
[INFO] [stdout] 1 | use clap::{arg, Command};
[INFO] [stdout]   |     ^^^^ use of undeclared crate or module `clap`
[INFO] [stdout] 
[INFO] [stdout] 
[INFO] [stdout] error: cannot determine resolution for the macro `arg`
[INFO] [stdout]   --> examples/git.rs:15:22
[INFO] [stdout]    |
[INFO] [stdout] 15 |                 .arg(arg!(<REMOTE> "The remote to clone"))
[INFO] [stdout]    |                      ^^^
[INFO] [stdout]    |
[INFO] [stdout]    = note: import resolution is stuck, try simplifying macro imports
[INFO] [stdout] 
[INFO] [stdout] 
[INFO] [stdout] error: cannot determine resolution for the macro `arg`
[INFO] [stdout]   --> examples/git.rs:21:22
[INFO] [stdout]    |
[INFO] [stdout] 21 |                 .arg(arg!(base: [COMMIT]))
[INFO] [stdout]    |                      ^^^
[INFO] [stdout]    |
[INFO] [stdout]    = note: import resolution is stuck, try simplifying macro imports
[INFO] [stdout] 
[INFO] [stdout] 
[INFO] [stdout] error: cannot determine resolution for the macro `arg`
[INFO] [stdout]   --> examples/git.rs:22:22
[INFO] [stdout]    |
[INFO] [stdout] 22 |                 .arg(arg!(head: [COMMIT]))
[INFO] [stdout]    |                      ^^^
[INFO] [stdout]    |
[INFO] [stdout]    = note: import resolution is stuck, try simplifying macro imports
[INFO] [stdout] 
[INFO] [stdout] 
[INFO] [stdout] error: cannot determine resolution for the macro `arg`
[INFO] [stdout]   --> examples/git.rs:23:22
[INFO] [stdout]    |
[INFO] [stdout] 23 |                 .arg(arg!(path: [PATH]).last(true))
[INFO] [stdout]    |                      ^^^
[INFO] [stdout]    |
[INFO] [stdout]    = note: import resolution is stuck, try simplifying macro imports
[INFO] [stdout] 
[INFO] [stdout] 
[INFO] [stdout] error: cannot determine resolution for the macro `arg`
[INFO] [stdout]   --> examples/git.rs:25:21
[INFO] [stdout]    |
[INFO] [stdout] 25 |                     arg!(--color <WHEN>)
[INFO] [stdout]    |                     ^^^
[INFO] [stdout]    |
[INFO] [stdout]    = note: import resolution is stuck, try simplifying macro imports
[INFO] [stdout] 
[INFO] [stdout] 
[INFO] [stdout] error: cannot determine resolution for the macro `arg`
[INFO] [stdout]   --> examples/git.rs:36:22
[INFO] [stdout]    |
[INFO] [stdout] 36 |                 .arg(arg!(<REMOTE> "The remote to target"))
[INFO] [stdout]    |                      ^^^
[INFO] [stdout]    |
[INFO] [stdout]    = note: import resolution is stuck, try simplifying macro imports
[INFO] [stdout] 
[INFO] [stdout] 
[INFO] [stdout] error: cannot determine resolution for the macro `arg`
[INFO] [stdout]   --> examples/git.rs:43:22
[INFO] [stdout]    |
[INFO] [stdout] 43 |                 .arg(arg!(<PATH> ... "Stuff to add").value_parser(clap::value_parser!(PathBuf))),
[INFO] [stdout]    |                      ^^^
[INFO] [stdout]    |
[INFO] [stdout]    = note: import resolution is stuck, try simplifying macro imports
[INFO] [stdout] 
[INFO] [stdout] 
[INFO] [stdout] error: cannot determine resolution for the macro `arg`
[INFO] [stdout]   --> examples/git.rs:50:53
[INFO] [stdout]    |
[INFO] [stdout] 50 |                 .subcommand(Command::new("pop").arg(arg!([STASH])))
[INFO] [stdout]    |                                                     ^^^
[INFO] [stdout]    |
[INFO] [stdout]    = note: import resolution is stuck, try simplifying macro imports
[INFO] [stdout] 
[INFO] [stdout] 
[INFO] [stdout] error: cannot determine resolution for the macro `arg`
[INFO] [stdout]   --> examples/git.rs:51:55
[INFO] [stdout]    |
[INFO] [stdout] 51 |                 .subcommand(Command::new("apply").arg(arg!([STASH]))),
[INFO] [stdout]    |                                                       ^^^
[INFO] [stdout]    |
[INFO] [stdout]    = note: import resolution is stuck, try simplifying macro imports
[INFO] [stdout] 
[INFO] [stdout] 
[INFO] [stdout] error: cannot determine resolution for the macro `arg`
[INFO] [stdout]   --> examples/git.rs:56:10
[INFO] [stdout]    |
[INFO] [stdout] 56 |     vec![arg!(-m --message <MESSAGE>)]
[INFO] [stdout]    |          ^^^
[INFO] [stdout]    |
[INFO] [stdout]    = note: import resolution is stuck, try simplifying macro imports
[INFO] [stdout] 
[INFO] [stdout] 
[INFO] [stdout] error: cannot determine resolution for the macro `arg`
[INFO] [stdout]  --> examples/tutorial_builder/02_apps.rs:8:14
[INFO] [stdout]   |
[INFO] [stdout] 8 |         .arg(arg!(--two <VALUE>).required(true))
[INFO] [stdout]   |              ^^^
[INFO] [stdout]   |
[INFO] [stdout]   = note: import resolution is stuck, try simplifying macro imports
[INFO] [stdout] 
[INFO] [stdout] 
[INFO] [stdout] error: cannot determine resolution for the macro `arg`
[INFO] [stdout]  --> examples/tutorial_builder/02_apps.rs:9:14
[INFO] [stdout]   |
[INFO] [stdout] 9 |         .arg(arg!(--one <VALUE>).required(true))
[INFO] [stdout]   |              ^^^
[INFO] [stdout]   |
[INFO] [stdout]   = note: import resolution is stuck, try simplifying macro imports
[INFO] [stdout] 
[INFO] [stdout] 
[INFO] [stdout] error: cannot determine resolution for the macro `value_parser`
[INFO] [stdout]   --> examples/multicall-busybox.rs:28:39
[INFO] [stdout]    |
[INFO] [stdout] 28 |                         .value_parser(value_parser!(PathBuf)),
[INFO] [stdout]    |                                       ^^^^^^^^^^^^
[INFO] [stdout]    |
[INFO] [stdout]    = note: import resolution is stuck, try simplifying macro imports
[INFO] [stdout] 
[INFO] [stdout] 
[INFO] [stdout] error: aborting due to 1 previous error
[INFO] [stdout] 
[INFO] [stdout] 
[INFO] [stdout] For more information about this error, try `rustc --explain E0432`.
[INFO] [stdout] 
[INFO] [stdout] warning: unused import: `std::path::PathBuf`
[INFO] [stdout]  --> examples/multicall-busybox.rs:1:5
[INFO] [stdout]   |
[INFO] [stdout] 1 | use std::path::PathBuf;
[INFO] [stdout]   |     ^^^^^^^^^^^^^^^^^^
[INFO] [stdout]   |
[INFO] [stdout]   = note: `#[warn(unused_imports)]` on by default
[INFO] [stdout] 
[INFO] [stdout] 
[INFO] [stderr] error: could not compile `clap_cryo` (example "hostname") due to 2 previous errors
[INFO] [stderr] warning: build failed, waiting for other jobs to finish...
[INFO] [stdout] error: aborting due to 2 previous errors; 1 warning emitted
[INFO] [stdout] 
[INFO] [stdout] 
[INFO] [stdout] error: aborting due to 3 previous errors
[INFO] [stdout] 
[INFO] [stdout] 
[INFO] [stdout] For more information about this error, try `rustc --explain E0432`.
[INFO] [stdout] 
[INFO] [stdout] For more information about this error, try `rustc --explain E0432`.
[INFO] [stdout] 
[INFO] [stdout] error: aborting due to 1 previous error
[INFO] [stdout] 
[INFO] [stdout] 
[INFO] [stdout] For more information about this error, try `rustc --explain E0432`.
[INFO] [stdout] 
[INFO] [stdout] error: aborting due to 1 previous error
[INFO] [stdout] 
[INFO] [stdout] 
[INFO] [stdout] For more information about this error, try `rustc --explain E0432`.
[INFO] [stdout] 
[INFO] [stderr] error: could not compile `clap_cryo` (example "02_apps") due to 4 previous errors
[INFO] [stderr] error: could not compile `clap_cryo` (example "busybox") due to 3 previous errors; 1 warning emitted
[INFO] [stderr] error: could not compile `clap_cryo` (example "repl") due to 2 previous errors
[INFO] [stderr] error: could not compile `clap_cryo` (example "pacman") due to 2 previous errors
[INFO] [stdout] error[E0433]: failed to resolve: use of undeclared crate or module `clap`
[INFO] [stdout]   --> examples/git.rs:55:23
[INFO] [stdout]    |
[INFO] [stdout] 55 | fn push_args() -> Vec<clap::Arg> {
[INFO] [stdout]    |                       ^^^^ use of undeclared crate or module `clap`
[INFO] [stdout] 
[INFO] [stdout] 
[INFO] [stdout] error: aborting due to 13 previous errors
[INFO] [stdout] 
[INFO] [stdout] 
[INFO] [stdout] Some errors have detailed explanations: E0432, E0433.
[INFO] [stdout] 
[INFO] [stdout] For more information about an error, try `rustc --explain E0432`.
[INFO] [stdout] 
[INFO] [stderr] error: could not compile `clap_cryo` (example "git") due to 14 previous errors
[INFO] running `Command { std: "docker" "inspect" "0c52fcb7b7f1b4f9d9af1540c210de80ab7f8e504678451e44ab1265abd2f173", kill_on_drop: false }`
[INFO] running `Command { std: "docker" "rm" "-f" "0c52fcb7b7f1b4f9d9af1540c210de80ab7f8e504678451e44ab1265abd2f173", kill_on_drop: false }`
[INFO] [stdout] 0c52fcb7b7f1b4f9d9af1540c210de80ab7f8e504678451e44ab1265abd2f173
