[INFO] fetching crate clang-sys-linkage 1.0.0...
[INFO] testing clang-sys-linkage-1.0.0 against 1.75.0 for beta-1.76-1
[INFO] extracting crate clang-sys-linkage 1.0.0 into /workspace/builds/worker-0-tc1/source
[INFO] validating manifest of crates.io crate clang-sys-linkage 1.0.0 on toolchain 1.75.0
[INFO] running `Command { std: CARGO_HOME="/workspace/cargo-home" RUSTUP_HOME="/workspace/rustup-home" "/workspace/cargo-home/bin/cargo" "+1.75.0" "metadata" "--manifest-path" "Cargo.toml" "--no-deps", kill_on_drop: false }`
[INFO] started tweaking crates.io crate clang-sys-linkage 1.0.0
[INFO] finished tweaking crates.io crate clang-sys-linkage 1.0.0
[INFO] tweaked toml for crates.io crate clang-sys-linkage 1.0.0 written to /workspace/builds/worker-0-tc1/source/Cargo.toml
[INFO] running `Command { std: CARGO_HOME="/workspace/cargo-home" RUSTUP_HOME="/workspace/rustup-home" "/workspace/cargo-home/bin/cargo" "+1.75.0" "generate-lockfile" "--manifest-path" "Cargo.toml", kill_on_drop: false }`
[INFO] [stderr]     Updating crates.io index
[INFO] running `Command { std: CARGO_HOME="/workspace/cargo-home" RUSTUP_HOME="/workspace/rustup-home" "/workspace/cargo-home/bin/cargo" "+1.75.0" "fetch" "--manifest-path" "Cargo.toml", kill_on_drop: false }`
[INFO] running `Command { std: "docker" "create" "-v" "/var/lib/crater-agent-workspace/builds/worker-0-tc1/target:/opt/rustwide/target:rw,Z" "-v" "/var/lib/crater-agent-workspace/builds/worker-0-tc1/source:/opt/rustwide/workdir:ro,Z" "-v" "/var/lib/crater-agent-workspace/cargo-home:/opt/rustwide/cargo-home:ro,Z" "-v" "/var/lib/crater-agent-workspace/rustup-home:/opt/rustwide/rustup-home:ro,Z" "-e" "SOURCE_DIR=/opt/rustwide/workdir" "-e" "CARGO_TARGET_DIR=/opt/rustwide/target" "-e" "CARGO_HOME=/opt/rustwide/cargo-home" "-e" "RUSTUP_HOME=/opt/rustwide/rustup-home" "-w" "/opt/rustwide/workdir" "-m" "1610612736" "--user" "0:0" "--network" "none" "ghcr.io/rust-lang/crates-build-env/linux@sha256:2788e3201cd34a07e3172128adcd8b3090168a8e3bcc40d7c032b9dda1df7d1c" "/opt/rustwide/cargo-home/bin/cargo" "+1.75.0" "metadata" "--no-deps" "--format-version=1", kill_on_drop: false }`
[INFO] [stdout] 818911be7b3aa11f3f782e2c1f3806dd52d1671b8adad4340ac6f01741303de0
[INFO] running `Command { std: "docker" "start" "-a" "818911be7b3aa11f3f782e2c1f3806dd52d1671b8adad4340ac6f01741303de0", kill_on_drop: false }`
[INFO] running `Command { std: "docker" "inspect" "818911be7b3aa11f3f782e2c1f3806dd52d1671b8adad4340ac6f01741303de0", kill_on_drop: false }`
[INFO] running `Command { std: "docker" "rm" "-f" "818911be7b3aa11f3f782e2c1f3806dd52d1671b8adad4340ac6f01741303de0", kill_on_drop: false }`
[INFO] [stdout] 818911be7b3aa11f3f782e2c1f3806dd52d1671b8adad4340ac6f01741303de0
[INFO] running `Command { std: "docker" "create" "-v" "/var/lib/crater-agent-workspace/builds/worker-0-tc1/target:/opt/rustwide/target:rw,Z" "-v" "/var/lib/crater-agent-workspace/builds/worker-0-tc1/source:/opt/rustwide/workdir:ro,Z" "-v" "/var/lib/crater-agent-workspace/cargo-home:/opt/rustwide/cargo-home:ro,Z" "-v" "/var/lib/crater-agent-workspace/rustup-home:/opt/rustwide/rustup-home:ro,Z" "-e" "SOURCE_DIR=/opt/rustwide/workdir" "-e" "CARGO_TARGET_DIR=/opt/rustwide/target" "-e" "CARGO_INCREMENTAL=0" "-e" "RUST_BACKTRACE=full" "-e" "RUSTFLAGS=--cap-lints=warn" "-e" "RUSTDOCFLAGS=--cap-lints=warn" "-e" "CARGO_HOME=/opt/rustwide/cargo-home" "-e" "RUSTUP_HOME=/opt/rustwide/rustup-home" "-w" "/opt/rustwide/workdir" "-m" "1610612736" "--user" "0:0" "--network" "none" "ghcr.io/rust-lang/crates-build-env/linux@sha256:2788e3201cd34a07e3172128adcd8b3090168a8e3bcc40d7c032b9dda1df7d1c" "/opt/rustwide/cargo-home/bin/cargo" "+1.75.0" "build" "--frozen" "--message-format=json", kill_on_drop: false }`
[INFO] [stdout] 2c0a88812f95d7fe8e1b03b26d6fbed5522ae9e4c901d96e0da63dd900219074
[INFO] running `Command { std: "docker" "start" "-a" "2c0a88812f95d7fe8e1b03b26d6fbed5522ae9e4c901d96e0da63dd900219074", kill_on_drop: false }`
[INFO] [stderr]    Compiling clang-sys-linkage v1.0.0 (/opt/rustwide/workdir)
[INFO] [stderr]     Finished dev [unoptimized + debuginfo] target(s) in 0.79s
[INFO] running `Command { std: "docker" "inspect" "2c0a88812f95d7fe8e1b03b26d6fbed5522ae9e4c901d96e0da63dd900219074", kill_on_drop: false }`
[INFO] running `Command { std: "docker" "rm" "-f" "2c0a88812f95d7fe8e1b03b26d6fbed5522ae9e4c901d96e0da63dd900219074", kill_on_drop: false }`
[INFO] [stdout] 2c0a88812f95d7fe8e1b03b26d6fbed5522ae9e4c901d96e0da63dd900219074
[INFO] running `Command { std: "docker" "create" "-v" "/var/lib/crater-agent-workspace/builds/worker-0-tc1/target:/opt/rustwide/target:rw,Z" "-v" "/var/lib/crater-agent-workspace/builds/worker-0-tc1/source:/opt/rustwide/workdir:ro,Z" "-v" "/var/lib/crater-agent-workspace/cargo-home:/opt/rustwide/cargo-home:ro,Z" "-v" "/var/lib/crater-agent-workspace/rustup-home:/opt/rustwide/rustup-home:ro,Z" "-e" "SOURCE_DIR=/opt/rustwide/workdir" "-e" "CARGO_TARGET_DIR=/opt/rustwide/target" "-e" "CARGO_INCREMENTAL=0" "-e" "RUST_BACKTRACE=full" "-e" "RUSTFLAGS=--cap-lints=warn" "-e" "RUSTDOCFLAGS=--cap-lints=warn" "-e" "CARGO_HOME=/opt/rustwide/cargo-home" "-e" "RUSTUP_HOME=/opt/rustwide/rustup-home" "-w" "/opt/rustwide/workdir" "-m" "1610612736" "--user" "0:0" "--network" "none" "ghcr.io/rust-lang/crates-build-env/linux@sha256:2788e3201cd34a07e3172128adcd8b3090168a8e3bcc40d7c032b9dda1df7d1c" "/opt/rustwide/cargo-home/bin/cargo" "+1.75.0" "test" "--frozen" "--no-run" "--message-format=json", kill_on_drop: false }`
[INFO] [stdout] 4626fc7b81fd6edb812dd9bf256b0eef7b060dafa80b2782455f66cda99d4f69
[INFO] running `Command { std: "docker" "start" "-a" "4626fc7b81fd6edb812dd9bf256b0eef7b060dafa80b2782455f66cda99d4f69", kill_on_drop: false }`
[INFO] [stderr]    Compiling clang-sys-linkage v1.0.0 (/opt/rustwide/workdir)
[INFO] [stdout] error[E0463]: can't find crate for `clang_sys`
[INFO] [stdout]  --> tests/lib.rs:1:1
[INFO] [stdout]   |
[INFO] [stdout] 1 | extern crate clang_sys;
[INFO] [stdout]   | ^^^^^^^^^^^^^^^^^^^^^^^ can't find crate
[INFO] [stdout] 
[INFO] [stdout] 
[INFO] [stdout] error[E0433]: failed to resolve: use of undeclared crate or module `support`
[INFO] [stdout]   --> tests/lib.rs:46:17
[INFO] [stdout]    |
[INFO] [stdout] 46 |     let clang = support::Clang::find(None, &[]).unwrap();
[INFO] [stdout]    |                 ^^^^^^^ use of undeclared crate or module `support`
[INFO] [stdout] 
[INFO] [stdout] 
[INFO] [stdout] error[E0425]: cannot find function `clang_createIndex` in this scope
[INFO] [stdout]   --> tests/lib.rs:12:21
[INFO] [stdout]    |
[INFO] [stdout] 12 |         let index = clang_createIndex(0, 0);
[INFO] [stdout]    |                     ^^^^^^^^^^^^^^^^^ not found in this scope
[INFO] [stdout] 
[INFO] [stdout] 
[INFO] [stdout] error[E0425]: cannot find function `clang_parseTranslationUnit` in this scope
[INFO] [stdout]   --> tests/lib.rs:15:18
[INFO] [stdout]    |
[INFO] [stdout] 15 |         let tu = clang_parseTranslationUnit(
[INFO] [stdout]    |                  ^^^^^^^^^^^^^^^^^^^^^^^^^^ not found in this scope
[INFO] [stdout] 
[INFO] [stdout] 
[INFO] [stdout] error: aborting due to 4 previous errors
[INFO] [stdout] 
[INFO] [stdout] 
[INFO] [stdout] Some errors have detailed explanations: E0425, E0433, E0463.
[INFO] [stdout] 
[INFO] [stdout] For more information about an error, try `rustc --explain E0425`.
[INFO] [stdout] 
[INFO] [stderr] error: could not compile `clang-sys-linkage` (test "lib") due to 5 previous errors
[INFO] [stderr] warning: build failed, waiting for other jobs to finish...
[INFO] running `Command { std: "docker" "inspect" "4626fc7b81fd6edb812dd9bf256b0eef7b060dafa80b2782455f66cda99d4f69", kill_on_drop: false }`
[INFO] running `Command { std: "docker" "rm" "-f" "4626fc7b81fd6edb812dd9bf256b0eef7b060dafa80b2782455f66cda99d4f69", kill_on_drop: false }`
[INFO] [stdout] 4626fc7b81fd6edb812dd9bf256b0eef7b060dafa80b2782455f66cda99d4f69
[INFO] testing clang-sys-linkage-1.0.0 against beta-2023-12-22 for beta-1.76-1
[INFO] extracting crate clang-sys-linkage 1.0.0 into /workspace/builds/worker-0-tc2/source
[INFO] validating manifest of crates.io crate clang-sys-linkage 1.0.0 on toolchain beta-2023-12-22
[INFO] running `Command { std: CARGO_HOME="/workspace/cargo-home" RUSTUP_HOME="/workspace/rustup-home" "/workspace/cargo-home/bin/cargo" "+beta-2023-12-22" "metadata" "--manifest-path" "Cargo.toml" "--no-deps", kill_on_drop: false }`
[INFO] started tweaking crates.io crate clang-sys-linkage 1.0.0
[INFO] finished tweaking crates.io crate clang-sys-linkage 1.0.0
[INFO] tweaked toml for crates.io crate clang-sys-linkage 1.0.0 written to /workspace/builds/worker-0-tc2/source/Cargo.toml
[INFO] running `Command { std: CARGO_HOME="/workspace/cargo-home" RUSTUP_HOME="/workspace/rustup-home" "/workspace/cargo-home/bin/cargo" "+beta-2023-12-22" "generate-lockfile" "--manifest-path" "Cargo.toml", kill_on_drop: false }`
[INFO] [stderr]     Updating crates.io index
[INFO] running `Command { std: CARGO_HOME="/workspace/cargo-home" RUSTUP_HOME="/workspace/rustup-home" "/workspace/cargo-home/bin/cargo" "+beta-2023-12-22" "fetch" "--manifest-path" "Cargo.toml", kill_on_drop: false }`
[INFO] running `Command { std: "docker" "create" "-v" "/var/lib/crater-agent-workspace/builds/worker-0-tc2/target:/opt/rustwide/target:rw,Z" "-v" "/var/lib/crater-agent-workspace/builds/worker-0-tc2/source:/opt/rustwide/workdir:ro,Z" "-v" "/var/lib/crater-agent-workspace/cargo-home:/opt/rustwide/cargo-home:ro,Z" "-v" "/var/lib/crater-agent-workspace/rustup-home:/opt/rustwide/rustup-home:ro,Z" "-e" "SOURCE_DIR=/opt/rustwide/workdir" "-e" "CARGO_TARGET_DIR=/opt/rustwide/target" "-e" "CARGO_HOME=/opt/rustwide/cargo-home" "-e" "RUSTUP_HOME=/opt/rustwide/rustup-home" "-w" "/opt/rustwide/workdir" "-m" "1610612736" "--user" "0:0" "--network" "none" "ghcr.io/rust-lang/crates-build-env/linux@sha256:2788e3201cd34a07e3172128adcd8b3090168a8e3bcc40d7c032b9dda1df7d1c" "/opt/rustwide/cargo-home/bin/cargo" "+beta-2023-12-22" "metadata" "--no-deps" "--format-version=1", kill_on_drop: false }`
[INFO] [stdout] b51d7b776a8b21a7e94f6e8b1afc260d51c4c02fbddc54d529dc92577bfacede
[INFO] running `Command { std: "docker" "start" "-a" "b51d7b776a8b21a7e94f6e8b1afc260d51c4c02fbddc54d529dc92577bfacede", kill_on_drop: false }`
[INFO] running `Command { std: "docker" "inspect" "b51d7b776a8b21a7e94f6e8b1afc260d51c4c02fbddc54d529dc92577bfacede", kill_on_drop: false }`
[INFO] running `Command { std: "docker" "rm" "-f" "b51d7b776a8b21a7e94f6e8b1afc260d51c4c02fbddc54d529dc92577bfacede", kill_on_drop: false }`
[INFO] [stdout] b51d7b776a8b21a7e94f6e8b1afc260d51c4c02fbddc54d529dc92577bfacede
[INFO] running `Command { std: "docker" "create" "-v" "/var/lib/crater-agent-workspace/builds/worker-0-tc2/target:/opt/rustwide/target:rw,Z" "-v" "/var/lib/crater-agent-workspace/builds/worker-0-tc2/source:/opt/rustwide/workdir:ro,Z" "-v" "/var/lib/crater-agent-workspace/cargo-home:/opt/rustwide/cargo-home:ro,Z" "-v" "/var/lib/crater-agent-workspace/rustup-home:/opt/rustwide/rustup-home:ro,Z" "-e" "SOURCE_DIR=/opt/rustwide/workdir" "-e" "CARGO_TARGET_DIR=/opt/rustwide/target" "-e" "CARGO_INCREMENTAL=0" "-e" "RUST_BACKTRACE=full" "-e" "RUSTFLAGS=--cap-lints=warn" "-e" "RUSTDOCFLAGS=--cap-lints=warn" "-e" "CARGO_HOME=/opt/rustwide/cargo-home" "-e" "RUSTUP_HOME=/opt/rustwide/rustup-home" "-w" "/opt/rustwide/workdir" "-m" "1610612736" "--user" "0:0" "--network" "none" "ghcr.io/rust-lang/crates-build-env/linux@sha256:2788e3201cd34a07e3172128adcd8b3090168a8e3bcc40d7c032b9dda1df7d1c" "/opt/rustwide/cargo-home/bin/cargo" "+beta-2023-12-22" "build" "--frozen" "--message-format=json", kill_on_drop: false }`
[INFO] [stdout] c66dc89a34bd7d4132a91a0d4dfa29799d6d7abe755918ba05fe1fb43a02cb94
[INFO] running `Command { std: "docker" "start" "-a" "c66dc89a34bd7d4132a91a0d4dfa29799d6d7abe755918ba05fe1fb43a02cb94", kill_on_drop: false }`
[INFO] [stderr]    Compiling clang-sys-linkage v1.0.0 (/opt/rustwide/workdir)
[INFO] [stderr]     Finished dev [unoptimized + debuginfo] target(s) in 0.75s
[INFO] running `Command { std: "docker" "inspect" "c66dc89a34bd7d4132a91a0d4dfa29799d6d7abe755918ba05fe1fb43a02cb94", kill_on_drop: false }`
[INFO] running `Command { std: "docker" "rm" "-f" "c66dc89a34bd7d4132a91a0d4dfa29799d6d7abe755918ba05fe1fb43a02cb94", kill_on_drop: false }`
[INFO] [stdout] c66dc89a34bd7d4132a91a0d4dfa29799d6d7abe755918ba05fe1fb43a02cb94
[INFO] running `Command { std: "docker" "create" "-v" "/var/lib/crater-agent-workspace/builds/worker-0-tc2/target:/opt/rustwide/target:rw,Z" "-v" "/var/lib/crater-agent-workspace/builds/worker-0-tc2/source:/opt/rustwide/workdir:ro,Z" "-v" "/var/lib/crater-agent-workspace/cargo-home:/opt/rustwide/cargo-home:ro,Z" "-v" "/var/lib/crater-agent-workspace/rustup-home:/opt/rustwide/rustup-home:ro,Z" "-e" "SOURCE_DIR=/opt/rustwide/workdir" "-e" "CARGO_TARGET_DIR=/opt/rustwide/target" "-e" "CARGO_INCREMENTAL=0" "-e" "RUST_BACKTRACE=full" "-e" "RUSTFLAGS=--cap-lints=warn" "-e" "RUSTDOCFLAGS=--cap-lints=warn" "-e" "CARGO_HOME=/opt/rustwide/cargo-home" "-e" "RUSTUP_HOME=/opt/rustwide/rustup-home" "-w" "/opt/rustwide/workdir" "-m" "1610612736" "--user" "0:0" "--network" "none" "ghcr.io/rust-lang/crates-build-env/linux@sha256:2788e3201cd34a07e3172128adcd8b3090168a8e3bcc40d7c032b9dda1df7d1c" "/opt/rustwide/cargo-home/bin/cargo" "+beta-2023-12-22" "test" "--frozen" "--no-run" "--message-format=json", kill_on_drop: false }`
[INFO] [stdout] 95dd0cae83d7535f7377fd73acac1e33b45cf2a86892750bd822c8df98b63353
[INFO] running `Command { std: "docker" "start" "-a" "95dd0cae83d7535f7377fd73acac1e33b45cf2a86892750bd822c8df98b63353", kill_on_drop: false }`
[INFO] [stderr]    Compiling clang-sys-linkage v1.0.0 (/opt/rustwide/workdir)
[INFO] [stdout] error[E0463]: can't find crate for `clang_sys`
[INFO] [stdout]  --> tests/lib.rs:1:1
[INFO] [stdout]   |
[INFO] [stdout] 1 | extern crate clang_sys;
[INFO] [stdout]   | ^^^^^^^^^^^^^^^^^^^^^^^ can't find crate
[INFO] [stdout] 
[INFO] [stdout] 
[INFO] [stdout] error[E0433]: failed to resolve: use of undeclared crate or module `support`
[INFO] [stdout]   --> tests/lib.rs:46:17
[INFO] [stdout]    |
[INFO] [stdout] 46 |     let clang = support::Clang::find(None, &[]).unwrap();
[INFO] [stdout]    |                 ^^^^^^^ use of undeclared crate or module `support`
[INFO] [stdout] 
[INFO] [stdout] 
[INFO] [stdout] error[E0425]: cannot find function `clang_createIndex` in this scope
[INFO] [stdout]   --> tests/lib.rs:12:21
[INFO] [stdout]    |
[INFO] [stdout] 12 |         let index = clang_createIndex(0, 0);
[INFO] [stdout]    |                     ^^^^^^^^^^^^^^^^^ not found in this scope
[INFO] [stdout] 
[INFO] [stdout] 
[INFO] [stdout] error[E0425]: cannot find function `clang_parseTranslationUnit` in this scope
[INFO] [stdout]   --> tests/lib.rs:15:18
[INFO] [stdout]    |
[INFO] [stdout] 15 |         let tu = clang_parseTranslationUnit(
[INFO] [stdout]    |                  ^^^^^^^^^^^^^^^^^^^^^^^^^^ not found in this scope
[INFO] [stdout] 
[INFO] [stdout] 
[INFO] [stdout] error: aborting due to 4 previous errors
[INFO] [stdout] 
[INFO] [stdout] 
[INFO] [stdout] Some errors have detailed explanations: E0425, E0433, E0463.
[INFO] [stdout] 
[INFO] [stdout] For more information about an error, try `rustc --explain E0425`.
[INFO] [stdout] 
[INFO] [stderr] error: could not compile `clang-sys-linkage` (test "lib") due to 5 previous errors
[INFO] [stderr] warning: build failed, waiting for other jobs to finish...
[INFO] running `Command { std: "docker" "inspect" "95dd0cae83d7535f7377fd73acac1e33b45cf2a86892750bd822c8df98b63353", kill_on_drop: false }`
[INFO] running `Command { std: "docker" "rm" "-f" "95dd0cae83d7535f7377fd73acac1e33b45cf2a86892750bd822c8df98b63353", kill_on_drop: false }`
[INFO] [stdout] 95dd0cae83d7535f7377fd73acac1e33b45cf2a86892750bd822c8df98b63353
