[INFO] fetching crate ckb-vm-debug-utils 0.112.1...
[INFO] testing ckb-vm-debug-utils-0.112.1 against 1.75.0 for beta-1.76-1
[INFO] extracting crate ckb-vm-debug-utils 0.112.1 into /workspace/builds/worker-6-tc1/source
[INFO] validating manifest of crates.io crate ckb-vm-debug-utils 0.112.1 on toolchain 1.75.0
[INFO] running `Command { std: CARGO_HOME="/workspace/cargo-home" RUSTUP_HOME="/workspace/rustup-home" "/workspace/cargo-home/bin/cargo" "+1.75.0" "metadata" "--manifest-path" "Cargo.toml" "--no-deps", kill_on_drop: false }`
[INFO] started tweaking crates.io crate ckb-vm-debug-utils 0.112.1
[INFO] finished tweaking crates.io crate ckb-vm-debug-utils 0.112.1
[INFO] tweaked toml for crates.io crate ckb-vm-debug-utils 0.112.1 written to /workspace/builds/worker-6-tc1/source/Cargo.toml
[INFO] crate crates.io crate ckb-vm-debug-utils 0.112.1 already has a lockfile, it will not be regenerated
[INFO] running `Command { std: CARGO_HOME="/workspace/cargo-home" RUSTUP_HOME="/workspace/rustup-home" "/workspace/cargo-home/bin/cargo" "+1.75.0" "fetch" "--manifest-path" "Cargo.toml", kill_on_drop: false }`
[INFO] [stderr]     Updating crates.io index
[INFO] [stderr]  Downloading crates ...
[INFO] [stderr]   Downloaded goblin v0.4.0
[INFO] [stderr]   Downloaded managed v0.8.0
[INFO] [stderr]   Downloaded ckb-gdb-remote-protocol v0.112.1
[INFO] [stderr]   Downloaded memchr v1.0.2
[INFO] [stderr]   Downloaded strum_macros v0.8.0
[INFO] [stderr]   Downloaded gdbstub v0.6.6
[INFO] [stderr]   Downloaded nom v3.2.1
[INFO] [stderr]   Downloaded ckb-vm v0.24.6
[INFO] [stderr]   Downloaded goblin v0.2.3
[INFO] [stderr]   Downloaded strum v0.8.0
[INFO] [stderr]   Downloaded ckb-vm-definitions v0.24.6
[INFO] [stderr]   Downloaded gdbstub_arch v0.2.4
[INFO] running `Command { std: "docker" "create" "-v" "/var/lib/crater-agent-workspace/builds/worker-6-tc1/target:/opt/rustwide/target:rw,Z" "-v" "/var/lib/crater-agent-workspace/builds/worker-6-tc1/source:/opt/rustwide/workdir:ro,Z" "-v" "/var/lib/crater-agent-workspace/cargo-home:/opt/rustwide/cargo-home:ro,Z" "-v" "/var/lib/crater-agent-workspace/rustup-home:/opt/rustwide/rustup-home:ro,Z" "-e" "SOURCE_DIR=/opt/rustwide/workdir" "-e" "CARGO_TARGET_DIR=/opt/rustwide/target" "-e" "CARGO_HOME=/opt/rustwide/cargo-home" "-e" "RUSTUP_HOME=/opt/rustwide/rustup-home" "-w" "/opt/rustwide/workdir" "-m" "1610612736" "--user" "0:0" "--network" "none" "ghcr.io/rust-lang/crates-build-env/linux@sha256:2788e3201cd34a07e3172128adcd8b3090168a8e3bcc40d7c032b9dda1df7d1c" "/opt/rustwide/cargo-home/bin/cargo" "+1.75.0" "metadata" "--no-deps" "--format-version=1", kill_on_drop: false }`
[INFO] [stdout] 58eb31ccf903078784cae890cf705aebb828f206f1a5d7cb58419b70b08910d3
[INFO] running `Command { std: "docker" "start" "-a" "58eb31ccf903078784cae890cf705aebb828f206f1a5d7cb58419b70b08910d3", kill_on_drop: false }`
[INFO] running `Command { std: "docker" "inspect" "58eb31ccf903078784cae890cf705aebb828f206f1a5d7cb58419b70b08910d3", kill_on_drop: false }`
[INFO] running `Command { std: "docker" "rm" "-f" "58eb31ccf903078784cae890cf705aebb828f206f1a5d7cb58419b70b08910d3", kill_on_drop: false }`
[INFO] [stdout] 58eb31ccf903078784cae890cf705aebb828f206f1a5d7cb58419b70b08910d3
[INFO] running `Command { std: "docker" "create" "-v" "/var/lib/crater-agent-workspace/builds/worker-6-tc1/target:/opt/rustwide/target:rw,Z" "-v" "/var/lib/crater-agent-workspace/builds/worker-6-tc1/source:/opt/rustwide/workdir:ro,Z" "-v" "/var/lib/crater-agent-workspace/cargo-home:/opt/rustwide/cargo-home:ro,Z" "-v" "/var/lib/crater-agent-workspace/rustup-home:/opt/rustwide/rustup-home:ro,Z" "-e" "SOURCE_DIR=/opt/rustwide/workdir" "-e" "CARGO_TARGET_DIR=/opt/rustwide/target" "-e" "CARGO_INCREMENTAL=0" "-e" "RUST_BACKTRACE=full" "-e" "RUSTFLAGS=--cap-lints=warn" "-e" "RUSTDOCFLAGS=--cap-lints=warn" "-e" "CARGO_HOME=/opt/rustwide/cargo-home" "-e" "RUSTUP_HOME=/opt/rustwide/rustup-home" "-w" "/opt/rustwide/workdir" "-m" "1610612736" "--user" "0:0" "--network" "none" "ghcr.io/rust-lang/crates-build-env/linux@sha256:2788e3201cd34a07e3172128adcd8b3090168a8e3bcc40d7c032b9dda1df7d1c" "/opt/rustwide/cargo-home/bin/cargo" "+1.75.0" "build" "--frozen" "--message-format=json", kill_on_drop: false }`
[INFO] [stdout] db87f58dc8116c8b0b92a0da9979d9841ef7fc2883e568ecb81e28a02a8ec14f
[INFO] running `Command { std: "docker" "start" "-a" "db87f58dc8116c8b0b92a0da9979d9841ef7fc2883e568ecb81e28a02a8ec14f", kill_on_drop: false }`
[INFO] [stderr]    Compiling proc-macro2 v1.0.67
[INFO] [stderr]    Compiling libc v0.2.148
[INFO] [stderr]    Compiling syn v1.0.109
[INFO] [stderr]    Compiling getrandom v0.1.16
[INFO] [stderr]    Compiling paste v1.0.14
[INFO] [stderr]    Compiling log v0.4.20
[INFO] [stderr]    Compiling unicode-xid v0.0.4
[INFO] [stderr]    Compiling quote v0.3.15
[INFO] [stderr]    Compiling serde v1.0.188
[INFO] [stderr]    Compiling plain v0.2.3
[INFO] [stderr]    Compiling ppv-lite86 v0.2.17
[INFO] [stderr]    Compiling convert_case v0.4.0
[INFO] [stderr]    Compiling managed v0.8.0
[INFO] [stderr]    Compiling num-traits v0.2.16
[INFO] [stderr]    Compiling byteorder v1.4.3
[INFO] [stderr]    Compiling memchr v2.6.3
[INFO] [stderr]    Compiling synom v0.11.3
[INFO] [stderr]    Compiling bytes v1.5.0
[INFO] [stderr]    Compiling strum v0.8.0
[INFO] [stderr]    Compiling syn v0.11.11
[INFO] [stderr]    Compiling quote v1.0.33
[INFO] [stderr]    Compiling ckb-vm-definitions v0.24.6
[INFO] [stderr]    Compiling cc v1.0.83
[INFO] [stderr]    Compiling memchr v1.0.2
[INFO] [stderr]    Compiling syn v2.0.37
[INFO] [stderr]    Compiling nom v3.2.1
[INFO] [stderr]    Compiling rand_core v0.5.1
[INFO] [stderr]    Compiling rand_chacha v0.2.2
[INFO] [stderr]    Compiling strum_macros v0.8.0
[INFO] [stderr]    Compiling rand v0.7.3
[INFO] [stderr]    Compiling gdbstub v0.6.6
[INFO] [stderr]    Compiling ckb-vm v0.24.6
[INFO] [stderr]    Compiling gdbstub_arch v0.2.4
[INFO] [stderr]    Compiling serde_derive v1.0.188
[INFO] [stderr]    Compiling scroll_derive v0.10.5
[INFO] [stderr]    Compiling num-derive v0.3.3
[INFO] [stderr]    Compiling derive_more v0.99.17
[INFO] [stderr]    Compiling scroll v0.10.2
[INFO] [stderr]    Compiling goblin v0.2.3
[INFO] [stderr]    Compiling goblin v0.4.0
[INFO] [stderr]    Compiling ckb-gdb-remote-protocol v0.112.1
[INFO] [stderr]    Compiling ckb-vm-debug-utils v0.112.1 (/opt/rustwide/workdir)
[INFO] [stderr]     Finished dev [unoptimized + debuginfo] target(s) in 15.00s
[INFO] [stderr] warning: the following packages contain code that will be rejected by a future version of Rust: nom v3.2.1
[INFO] [stderr] note: to see what the problems were, use the option `--future-incompat-report`, or run `cargo report future-incompatibilities --id 1`
[INFO] running `Command { std: "docker" "inspect" "db87f58dc8116c8b0b92a0da9979d9841ef7fc2883e568ecb81e28a02a8ec14f", kill_on_drop: false }`
[INFO] running `Command { std: "docker" "rm" "-f" "db87f58dc8116c8b0b92a0da9979d9841ef7fc2883e568ecb81e28a02a8ec14f", kill_on_drop: false }`
[INFO] [stdout] db87f58dc8116c8b0b92a0da9979d9841ef7fc2883e568ecb81e28a02a8ec14f
[INFO] running `Command { std: "docker" "create" "-v" "/var/lib/crater-agent-workspace/builds/worker-6-tc1/target:/opt/rustwide/target:rw,Z" "-v" "/var/lib/crater-agent-workspace/builds/worker-6-tc1/source:/opt/rustwide/workdir:ro,Z" "-v" "/var/lib/crater-agent-workspace/cargo-home:/opt/rustwide/cargo-home:ro,Z" "-v" "/var/lib/crater-agent-workspace/rustup-home:/opt/rustwide/rustup-home:ro,Z" "-e" "SOURCE_DIR=/opt/rustwide/workdir" "-e" "CARGO_TARGET_DIR=/opt/rustwide/target" "-e" "CARGO_INCREMENTAL=0" "-e" "RUST_BACKTRACE=full" "-e" "RUSTFLAGS=--cap-lints=warn" "-e" "RUSTDOCFLAGS=--cap-lints=warn" "-e" "CARGO_HOME=/opt/rustwide/cargo-home" "-e" "RUSTUP_HOME=/opt/rustwide/rustup-home" "-w" "/opt/rustwide/workdir" "-m" "1610612736" "--user" "0:0" "--network" "none" "ghcr.io/rust-lang/crates-build-env/linux@sha256:2788e3201cd34a07e3172128adcd8b3090168a8e3bcc40d7c032b9dda1df7d1c" "/opt/rustwide/cargo-home/bin/cargo" "+1.75.0" "test" "--frozen" "--no-run" "--message-format=json", kill_on_drop: false }`
[INFO] [stdout] 24d259291f1a05a98135a847b335d07d63b9d9f243b474ed4fc6b98bfe6700e1
[INFO] running `Command { std: "docker" "start" "-a" "24d259291f1a05a98135a847b335d07d63b9d9f243b474ed4fc6b98bfe6700e1", kill_on_drop: false }`
[INFO] [stderr]    Compiling ckb-vm-debug-utils v0.112.1 (/opt/rustwide/workdir)
[INFO] [stdout] error[E0432]: unresolved import `gdb_remote_protocol`
[INFO] [stdout]   --> examples/gdb_remote_protocol_debugger.rs:13:5
[INFO] [stdout]    |
[INFO] [stdout] 13 | use gdb_remote_protocol::process_packets_from;
[INFO] [stdout]    |     ^^^^^^^^^^^^^^^^^^^ use of undeclared crate or module `gdb_remote_protocol`
[INFO] [stdout]    |
[INFO] [stdout] help: there is a crate or module with a similar name
[INFO] [stdout]    |
[INFO] [stdout] 13 | use ckb_gdb_remote_protocol::process_packets_from;
[INFO] [stdout]    |     ~~~~~~~~~~~~~~~~~~~~~~~
[INFO] [stdout] 
[INFO] [stdout] 
[INFO] [stdout] error[E0433]: failed to resolve: use of undeclared crate or module `env_logger`
[INFO] [stdout]   --> examples/gdbstub_debugger.rs:19:10
[INFO] [stdout]    |
[INFO] [stdout] 19 |     drop(env_logger::init());
[INFO] [stdout]    |          ^^^^^^^^^^ use of undeclared crate or module `env_logger`
[INFO] [stdout] 
[INFO] [stdout] 
[INFO] [stdout] error[E0433]: failed to resolve: use of undeclared crate or module `env_logger`
[INFO] [stdout]   --> examples/gdb_remote_protocol_debugger.rs:20:10
[INFO] [stdout]    |
[INFO] [stdout] 20 |     drop(env_logger::init());
[INFO] [stdout]    |          ^^^^^^^^^^ use of undeclared crate or module `env_logger`
[INFO] [stdout] 
[INFO] [stdout] 
[INFO] [stdout] error: aborting due to 2 previous errors
[INFO] [stdout] 
[INFO] [stdout] 
[INFO] [stdout] Some errors have detailed explanations: E0432, E0433.
[INFO] [stdout] 
[INFO] [stdout] For more information about an error, try `rustc --explain E0432`.
[INFO] [stdout] 
[INFO] [stdout] error: aborting due to previous error
[INFO] [stdout] 
[INFO] [stdout] 
[INFO] [stdout] For more information about this error, try `rustc --explain E0433`.
[INFO] [stdout] 
[INFO] [stderr] error: could not compile `ckb-vm-debug-utils` (example "gdb_remote_protocol_debugger") due to 3 previous errors
[INFO] [stderr] warning: build failed, waiting for other jobs to finish...
[INFO] [stderr] error: could not compile `ckb-vm-debug-utils` (example "gdbstub_debugger") due to 2 previous errors
[INFO] running `Command { std: "docker" "inspect" "24d259291f1a05a98135a847b335d07d63b9d9f243b474ed4fc6b98bfe6700e1", kill_on_drop: false }`
[INFO] running `Command { std: "docker" "rm" "-f" "24d259291f1a05a98135a847b335d07d63b9d9f243b474ed4fc6b98bfe6700e1", kill_on_drop: false }`
[INFO] [stdout] 24d259291f1a05a98135a847b335d07d63b9d9f243b474ed4fc6b98bfe6700e1
[INFO] testing ckb-vm-debug-utils-0.112.1 against beta-2023-12-22 for beta-1.76-1
[INFO] extracting crate ckb-vm-debug-utils 0.112.1 into /workspace/builds/worker-6-tc2/source
[INFO] validating manifest of crates.io crate ckb-vm-debug-utils 0.112.1 on toolchain beta-2023-12-22
[INFO] running `Command { std: CARGO_HOME="/workspace/cargo-home" RUSTUP_HOME="/workspace/rustup-home" "/workspace/cargo-home/bin/cargo" "+beta-2023-12-22" "metadata" "--manifest-path" "Cargo.toml" "--no-deps", kill_on_drop: false }`
[INFO] started tweaking crates.io crate ckb-vm-debug-utils 0.112.1
[INFO] finished tweaking crates.io crate ckb-vm-debug-utils 0.112.1
[INFO] tweaked toml for crates.io crate ckb-vm-debug-utils 0.112.1 written to /workspace/builds/worker-6-tc2/source/Cargo.toml
[INFO] crate crates.io crate ckb-vm-debug-utils 0.112.1 already has a lockfile, it will not be regenerated
[INFO] running `Command { std: CARGO_HOME="/workspace/cargo-home" RUSTUP_HOME="/workspace/rustup-home" "/workspace/cargo-home/bin/cargo" "+beta-2023-12-22" "fetch" "--manifest-path" "Cargo.toml", kill_on_drop: false }`
[INFO] running `Command { std: "docker" "create" "-v" "/var/lib/crater-agent-workspace/builds/worker-6-tc2/target:/opt/rustwide/target:rw,Z" "-v" "/var/lib/crater-agent-workspace/builds/worker-6-tc2/source:/opt/rustwide/workdir:ro,Z" "-v" "/var/lib/crater-agent-workspace/cargo-home:/opt/rustwide/cargo-home:ro,Z" "-v" "/var/lib/crater-agent-workspace/rustup-home:/opt/rustwide/rustup-home:ro,Z" "-e" "SOURCE_DIR=/opt/rustwide/workdir" "-e" "CARGO_TARGET_DIR=/opt/rustwide/target" "-e" "CARGO_HOME=/opt/rustwide/cargo-home" "-e" "RUSTUP_HOME=/opt/rustwide/rustup-home" "-w" "/opt/rustwide/workdir" "-m" "1610612736" "--user" "0:0" "--network" "none" "ghcr.io/rust-lang/crates-build-env/linux@sha256:2788e3201cd34a07e3172128adcd8b3090168a8e3bcc40d7c032b9dda1df7d1c" "/opt/rustwide/cargo-home/bin/cargo" "+beta-2023-12-22" "metadata" "--no-deps" "--format-version=1", kill_on_drop: false }`
[INFO] [stdout] 9d778ae621ba34a68f8a05b7d78f7e460e869c3d1e6302026189bfdd8199a0a4
[INFO] running `Command { std: "docker" "start" "-a" "9d778ae621ba34a68f8a05b7d78f7e460e869c3d1e6302026189bfdd8199a0a4", kill_on_drop: false }`
[INFO] running `Command { std: "docker" "inspect" "9d778ae621ba34a68f8a05b7d78f7e460e869c3d1e6302026189bfdd8199a0a4", kill_on_drop: false }`
[INFO] running `Command { std: "docker" "rm" "-f" "9d778ae621ba34a68f8a05b7d78f7e460e869c3d1e6302026189bfdd8199a0a4", kill_on_drop: false }`
[INFO] [stdout] 9d778ae621ba34a68f8a05b7d78f7e460e869c3d1e6302026189bfdd8199a0a4
[INFO] running `Command { std: "docker" "create" "-v" "/var/lib/crater-agent-workspace/builds/worker-6-tc2/target:/opt/rustwide/target:rw,Z" "-v" "/var/lib/crater-agent-workspace/builds/worker-6-tc2/source:/opt/rustwide/workdir:ro,Z" "-v" "/var/lib/crater-agent-workspace/cargo-home:/opt/rustwide/cargo-home:ro,Z" "-v" "/var/lib/crater-agent-workspace/rustup-home:/opt/rustwide/rustup-home:ro,Z" "-e" "SOURCE_DIR=/opt/rustwide/workdir" "-e" "CARGO_TARGET_DIR=/opt/rustwide/target" "-e" "CARGO_INCREMENTAL=0" "-e" "RUST_BACKTRACE=full" "-e" "RUSTFLAGS=--cap-lints=warn" "-e" "RUSTDOCFLAGS=--cap-lints=warn" "-e" "CARGO_HOME=/opt/rustwide/cargo-home" "-e" "RUSTUP_HOME=/opt/rustwide/rustup-home" "-w" "/opt/rustwide/workdir" "-m" "1610612736" "--user" "0:0" "--network" "none" "ghcr.io/rust-lang/crates-build-env/linux@sha256:2788e3201cd34a07e3172128adcd8b3090168a8e3bcc40d7c032b9dda1df7d1c" "/opt/rustwide/cargo-home/bin/cargo" "+beta-2023-12-22" "build" "--frozen" "--message-format=json", kill_on_drop: false }`
[INFO] [stdout] 3e72baee1e173496f14b5159e25d08ba1765c573bf87dc8ec9ee64da9d92deb3
[INFO] running `Command { std: "docker" "start" "-a" "3e72baee1e173496f14b5159e25d08ba1765c573bf87dc8ec9ee64da9d92deb3", kill_on_drop: false }`
[INFO] [stderr]    Compiling proc-macro2 v1.0.67
[INFO] [stderr]    Compiling libc v0.2.148
[INFO] [stderr]    Compiling syn v1.0.109
[INFO] [stderr]    Compiling log v0.4.20
[INFO] [stderr]    Compiling paste v1.0.14
[INFO] [stderr]    Compiling getrandom v0.1.16
[INFO] [stderr]    Compiling unicode-xid v0.0.4
[INFO] [stderr]    Compiling plain v0.2.3
[INFO] [stderr]    Compiling ppv-lite86 v0.2.17
[INFO] [stderr]    Compiling serde v1.0.188
[INFO] [stderr]    Compiling quote v0.3.15
[INFO] [stderr]    Compiling convert_case v0.4.0
[INFO] [stderr]    Compiling byteorder v1.4.3
[INFO] [stderr]    Compiling num-traits v0.2.16
[INFO] [stderr]    Compiling managed v0.8.0
[INFO] [stderr]    Compiling memchr v2.6.3
[INFO] [stderr]    Compiling bytes v1.5.0
[INFO] [stderr]    Compiling synom v0.11.3
[INFO] [stderr]    Compiling strum v0.8.0
[INFO] [stderr]    Compiling syn v0.11.11
[INFO] [stderr]    Compiling quote v1.0.33
[INFO] [stderr]    Compiling ckb-vm-definitions v0.24.6
[INFO] [stderr]    Compiling syn v2.0.37
[INFO] [stderr]    Compiling cc v1.0.83
[INFO] [stderr]    Compiling memchr v1.0.2
[INFO] [stderr]    Compiling nom v3.2.1
[INFO] [stderr]    Compiling rand_core v0.5.1
[INFO] [stderr]    Compiling strum_macros v0.8.0
[INFO] [stderr]    Compiling rand_chacha v0.2.2
[INFO] [stderr]    Compiling rand v0.7.3
[INFO] [stderr]    Compiling gdbstub v0.6.6
[INFO] [stderr]    Compiling ckb-vm v0.24.6
[INFO] [stderr]    Compiling gdbstub_arch v0.2.4
[INFO] [stderr]    Compiling serde_derive v1.0.188
[INFO] [stderr]    Compiling scroll_derive v0.10.5
[INFO] [stderr]    Compiling num-derive v0.3.3
[INFO] [stderr]    Compiling derive_more v0.99.17
[INFO] [stderr]    Compiling scroll v0.10.2
[INFO] [stderr]    Compiling goblin v0.2.3
[INFO] [stderr]    Compiling goblin v0.4.0
[INFO] [stderr]    Compiling ckb-gdb-remote-protocol v0.112.1
[INFO] [stderr]    Compiling ckb-vm-debug-utils v0.112.1 (/opt/rustwide/workdir)
[INFO] [stderr]     Finished dev [unoptimized + debuginfo] target(s) in 13.03s
[INFO] [stderr] warning: the following packages contain code that will be rejected by a future version of Rust: nom v3.2.1
[INFO] [stderr] note: to see what the problems were, use the option `--future-incompat-report`, or run `cargo report future-incompatibilities --id 1`
[INFO] running `Command { std: "docker" "inspect" "3e72baee1e173496f14b5159e25d08ba1765c573bf87dc8ec9ee64da9d92deb3", kill_on_drop: false }`
[INFO] running `Command { std: "docker" "rm" "-f" "3e72baee1e173496f14b5159e25d08ba1765c573bf87dc8ec9ee64da9d92deb3", kill_on_drop: false }`
[INFO] [stdout] 3e72baee1e173496f14b5159e25d08ba1765c573bf87dc8ec9ee64da9d92deb3
[INFO] running `Command { std: "docker" "create" "-v" "/var/lib/crater-agent-workspace/builds/worker-6-tc2/target:/opt/rustwide/target:rw,Z" "-v" "/var/lib/crater-agent-workspace/builds/worker-6-tc2/source:/opt/rustwide/workdir:ro,Z" "-v" "/var/lib/crater-agent-workspace/cargo-home:/opt/rustwide/cargo-home:ro,Z" "-v" "/var/lib/crater-agent-workspace/rustup-home:/opt/rustwide/rustup-home:ro,Z" "-e" "SOURCE_DIR=/opt/rustwide/workdir" "-e" "CARGO_TARGET_DIR=/opt/rustwide/target" "-e" "CARGO_INCREMENTAL=0" "-e" "RUST_BACKTRACE=full" "-e" "RUSTFLAGS=--cap-lints=warn" "-e" "RUSTDOCFLAGS=--cap-lints=warn" "-e" "CARGO_HOME=/opt/rustwide/cargo-home" "-e" "RUSTUP_HOME=/opt/rustwide/rustup-home" "-w" "/opt/rustwide/workdir" "-m" "1610612736" "--user" "0:0" "--network" "none" "ghcr.io/rust-lang/crates-build-env/linux@sha256:2788e3201cd34a07e3172128adcd8b3090168a8e3bcc40d7c032b9dda1df7d1c" "/opt/rustwide/cargo-home/bin/cargo" "+beta-2023-12-22" "test" "--frozen" "--no-run" "--message-format=json", kill_on_drop: false }`
[INFO] [stdout] e666cb2e8d8976bf5d39c714215db86e4fbdd65deca3bc566f9ed093cba6f0e2
[INFO] running `Command { std: "docker" "start" "-a" "e666cb2e8d8976bf5d39c714215db86e4fbdd65deca3bc566f9ed093cba6f0e2", kill_on_drop: false }`
[INFO] [stderr]    Compiling ckb-vm-debug-utils v0.112.1 (/opt/rustwide/workdir)
[INFO] [stdout] error[E0432]: unresolved import `gdb_remote_protocol`
[INFO] [stdout]   --> examples/gdb_remote_protocol_debugger.rs:13:5
[INFO] [stdout]    |
[INFO] [stdout] 13 | use gdb_remote_protocol::process_packets_from;
[INFO] [stdout]    |     ^^^^^^^^^^^^^^^^^^^ use of undeclared crate or module `gdb_remote_protocol`
[INFO] [stdout]    |
[INFO] [stdout] help: there is a crate or module with a similar name
[INFO] [stdout]    |
[INFO] [stdout] 13 | use ckb_gdb_remote_protocol::process_packets_from;
[INFO] [stdout]    |     ~~~~~~~~~~~~~~~~~~~~~~~
[INFO] [stdout] 
[INFO] [stdout] 
[INFO] [stdout] error[E0433]: failed to resolve: use of undeclared crate or module `env_logger`
[INFO] [stdout]   --> examples/gdbstub_debugger.rs:19:10
[INFO] [stdout]    |
[INFO] [stdout] 19 |     drop(env_logger::init());
[INFO] [stdout]    |          ^^^^^^^^^^ use of undeclared crate or module `env_logger`
[INFO] [stdout] 
[INFO] [stdout] 
[INFO] [stdout] error[E0433]: failed to resolve: use of undeclared crate or module `env_logger`
[INFO] [stdout]   --> examples/gdb_remote_protocol_debugger.rs:20:10
[INFO] [stdout]    |
[INFO] [stdout] 20 |     drop(env_logger::init());
[INFO] [stdout]    |          ^^^^^^^^^^ use of undeclared crate or module `env_logger`
[INFO] [stdout] 
[INFO] [stdout] 
[INFO] [stdout] error: aborting due to 1 previous error
[INFO] [stdout] 
[INFO] [stdout] 
[INFO] [stdout] For more information about this error, try `rustc --explain E0433`.
[INFO] [stdout] 
[INFO] [stderr] error: could not compile `ckb-vm-debug-utils` (example "gdbstub_debugger") due to 2 previous errors
[INFO] [stderr] warning: build failed, waiting for other jobs to finish...
[INFO] [stdout] error: aborting due to 2 previous errors
[INFO] [stdout] 
[INFO] [stdout] 
[INFO] [stdout] Some errors have detailed explanations: E0432, E0433.
[INFO] [stdout] 
[INFO] [stdout] For more information about an error, try `rustc --explain E0432`.
[INFO] [stdout] 
[INFO] [stderr] error: could not compile `ckb-vm-debug-utils` (example "gdb_remote_protocol_debugger") due to 3 previous errors
[INFO] running `Command { std: "docker" "inspect" "e666cb2e8d8976bf5d39c714215db86e4fbdd65deca3bc566f9ed093cba6f0e2", kill_on_drop: false }`
[INFO] running `Command { std: "docker" "rm" "-f" "e666cb2e8d8976bf5d39c714215db86e4fbdd65deca3bc566f9ed093cba6f0e2", kill_on_drop: false }`
[INFO] [stdout] e666cb2e8d8976bf5d39c714215db86e4fbdd65deca3bc566f9ed093cba6f0e2
