[INFO] fetching crate ckb-resource 0.112.1...
[INFO] testing ckb-resource-0.112.1 against 1.75.0 for beta-1.76-1
[INFO] extracting crate ckb-resource 0.112.1 into /workspace/builds/worker-4-tc1/source
[INFO] validating manifest of crates.io crate ckb-resource 0.112.1 on toolchain 1.75.0
[INFO] running `Command { std: CARGO_HOME="/workspace/cargo-home" RUSTUP_HOME="/workspace/rustup-home" "/workspace/cargo-home/bin/cargo" "+1.75.0" "metadata" "--manifest-path" "Cargo.toml" "--no-deps", kill_on_drop: false }`
[INFO] started tweaking crates.io crate ckb-resource 0.112.1
[INFO] finished tweaking crates.io crate ckb-resource 0.112.1
[INFO] tweaked toml for crates.io crate ckb-resource 0.112.1 written to /workspace/builds/worker-4-tc1/source/Cargo.toml
[INFO] running `Command { std: CARGO_HOME="/workspace/cargo-home" RUSTUP_HOME="/workspace/rustup-home" "/workspace/cargo-home/bin/cargo" "+1.75.0" "generate-lockfile" "--manifest-path" "Cargo.toml", kill_on_drop: false }`
[INFO] [stderr]     Updating crates.io index
[INFO] running `Command { std: CARGO_HOME="/workspace/cargo-home" RUSTUP_HOME="/workspace/rustup-home" "/workspace/cargo-home/bin/cargo" "+1.75.0" "fetch" "--manifest-path" "Cargo.toml", kill_on_drop: false }`
[INFO] [stderr]  Downloading crates ...
[INFO] [stderr]   Downloaded golomb-coded-set v0.2.0
[INFO] [stderr]   Downloaded ckb-occupied-capacity-core v0.112.1
[INFO] [stderr]   Downloaded ckb-merkle-mountain-range v0.5.2
[INFO] [stderr]   Downloaded ckb-occupied-capacity-macros v0.112.1
[INFO] [stderr]   Downloaded ckb-hash v0.112.1
[INFO] [stderr]   Downloaded blake2b-rs v0.2.0
[INFO] [stderr]   Downloaded molecule v0.7.5
[INFO] [stderr]   Downloaded includedir v0.6.0
[INFO] [stderr]   Downloaded ckb-constant v0.112.1
[INFO] [stderr]   Downloaded ckb-error v0.112.1
[INFO] [stderr]   Downloaded ckb-rational v0.112.1
[INFO] [stderr]   Downloaded includedir_codegen v0.6.0
[INFO] [stderr]   Downloaded faster-hex v0.6.1
[INFO] [stderr]   Downloaded merkle-cbt v0.3.2
[INFO] [stderr]   Downloaded numext-fixed-uint-core v0.1.6
[INFO] [stderr]   Downloaded blake2b-ref v0.3.1
[INFO] [stderr]   Downloaded ckb-types v0.112.1
[INFO] [stderr]   Downloaded ckb-system-scripts v0.5.4
[INFO] [stderr]   Downloaded heapsize v0.4.2
[INFO] [stderr]   Downloaded ckb-gen-types v0.112.1
[INFO] [stderr]   Downloaded ckb-fixed-hash-macros v0.112.1
[INFO] [stderr]   Downloaded numext-fixed-uint v0.1.6
[INFO] [stderr]   Downloaded ckb-channel v0.112.1
[INFO] [stderr]   Downloaded ckb-fixed-hash-core v0.112.1
[INFO] [stderr]   Downloaded ckb-fixed-hash v0.112.1
[INFO] [stderr]   Downloaded numext-fixed-uint-hack v0.1.6
[INFO] [stderr]   Downloaded numext-constructor v0.1.6
[INFO] [stderr]   Downloaded ckb-occupied-capacity v0.112.1
[INFO] running `Command { std: "docker" "create" "-v" "/var/lib/crater-agent-workspace/builds/worker-4-tc1/target:/opt/rustwide/target:rw,Z" "-v" "/var/lib/crater-agent-workspace/builds/worker-4-tc1/source:/opt/rustwide/workdir:ro,Z" "-v" "/var/lib/crater-agent-workspace/cargo-home:/opt/rustwide/cargo-home:ro,Z" "-v" "/var/lib/crater-agent-workspace/rustup-home:/opt/rustwide/rustup-home:ro,Z" "-e" "SOURCE_DIR=/opt/rustwide/workdir" "-e" "CARGO_TARGET_DIR=/opt/rustwide/target" "-e" "CARGO_HOME=/opt/rustwide/cargo-home" "-e" "RUSTUP_HOME=/opt/rustwide/rustup-home" "-w" "/opt/rustwide/workdir" "-m" "1610612736" "--user" "0:0" "--network" "none" "ghcr.io/rust-lang/crates-build-env/linux@sha256:2788e3201cd34a07e3172128adcd8b3090168a8e3bcc40d7c032b9dda1df7d1c" "/opt/rustwide/cargo-home/bin/cargo" "+1.75.0" "metadata" "--no-deps" "--format-version=1", kill_on_drop: false }`
[INFO] [stdout] dc4cc41ab20f80b3bcd5a99d6709a2157e9ecab8990ef462100707815c0cce50
[INFO] running `Command { std: "docker" "start" "-a" "dc4cc41ab20f80b3bcd5a99d6709a2157e9ecab8990ef462100707815c0cce50", kill_on_drop: false }`
[INFO] running `Command { std: "docker" "inspect" "dc4cc41ab20f80b3bcd5a99d6709a2157e9ecab8990ef462100707815c0cce50", kill_on_drop: false }`
[INFO] running `Command { std: "docker" "rm" "-f" "dc4cc41ab20f80b3bcd5a99d6709a2157e9ecab8990ef462100707815c0cce50", kill_on_drop: false }`
[INFO] [stdout] dc4cc41ab20f80b3bcd5a99d6709a2157e9ecab8990ef462100707815c0cce50
[INFO] running `Command { std: "docker" "create" "-v" "/var/lib/crater-agent-workspace/builds/worker-4-tc1/target:/opt/rustwide/target:rw,Z" "-v" "/var/lib/crater-agent-workspace/builds/worker-4-tc1/source:/opt/rustwide/workdir:ro,Z" "-v" "/var/lib/crater-agent-workspace/cargo-home:/opt/rustwide/cargo-home:ro,Z" "-v" "/var/lib/crater-agent-workspace/rustup-home:/opt/rustwide/rustup-home:ro,Z" "-e" "SOURCE_DIR=/opt/rustwide/workdir" "-e" "CARGO_TARGET_DIR=/opt/rustwide/target" "-e" "CARGO_INCREMENTAL=0" "-e" "RUST_BACKTRACE=full" "-e" "RUSTFLAGS=--cap-lints=warn" "-e" "RUSTDOCFLAGS=--cap-lints=warn" "-e" "CARGO_HOME=/opt/rustwide/cargo-home" "-e" "RUSTUP_HOME=/opt/rustwide/rustup-home" "-w" "/opt/rustwide/workdir" "-m" "1610612736" "--user" "0:0" "--network" "none" "ghcr.io/rust-lang/crates-build-env/linux@sha256:2788e3201cd34a07e3172128adcd8b3090168a8e3bcc40d7c032b9dda1df7d1c" "/opt/rustwide/cargo-home/bin/cargo" "+1.75.0" "build" "--frozen" "--message-format=json", kill_on_drop: false }`
[INFO] [stdout] 62c4a983fec59f9969706d35bab6630e28f2e0ab915cbe73c79025df4329cf4b
[INFO] running `Command { std: "docker" "start" "-a" "62c4a983fec59f9969706d35bab6630e28f2e0ab915cbe73c79025df4329cf4b", kill_on_drop: false }`
[INFO] [stderr]    Compiling libc v0.2.151
[INFO] [stderr]    Compiling getrandom v0.1.16
[INFO] [stderr]    Compiling serde v1.0.194
[INFO] [stderr]    Compiling syn v1.0.109
[INFO] [stderr]    Compiling ppv-lite86 v0.2.17
[INFO] [stderr]    Compiling thiserror v1.0.56
[INFO] [stderr]    Compiling heapsize v0.4.2
[INFO] [stderr]    Compiling syn v2.0.48
[INFO] [stderr]    Compiling siphasher v0.3.11
[INFO] [stderr]    Compiling faster-hex v0.6.1
[INFO] [stderr]    Compiling cty v0.2.2
[INFO] [stderr]    Compiling crc32fast v1.3.2
[INFO] [stderr]    Compiling adler v1.0.2
[INFO] [stderr]    Compiling phf_shared v0.8.0
[INFO] [stderr]    Compiling anyhow v1.0.79
[INFO] [stderr]    Compiling miniz_oxide v0.7.1
[INFO] [stderr]    Compiling crossbeam-utils v0.8.18
[INFO] [stderr]    Compiling blake2b-ref v0.3.1
[INFO] [stderr]    Compiling same-file v1.0.6
[INFO] [stderr]    Compiling walkdir v2.4.0
[INFO] [stderr]    Compiling flate2 v1.0.28
[INFO] [stderr]    Compiling cc v1.0.83
[INFO] [stderr]    Compiling paste v1.0.14
[INFO] [stderr]    Compiling rand_core v0.5.1
[INFO] [stderr]    Compiling crossbeam-channel v0.5.10
[INFO] [stderr]    Compiling phf v0.8.0
[INFO] [stderr]    Compiling rand_chacha v0.2.2
[INFO] [stderr]    Compiling rand_pcg v0.2.1
[INFO] [stderr]    Compiling ckb-channel v0.112.1
[INFO] [stderr]    Compiling golomb-coded-set v0.2.0
[INFO] [stderr]    Compiling ckb-merkle-mountain-range v0.5.2
[INFO] [stderr]    Compiling rand v0.7.3
[INFO] [stderr]    Compiling merkle-cbt v0.3.2
[INFO] [stderr]    Compiling ckb-constant v0.112.1
[INFO] [stderr]    Compiling bit-vec v0.6.3
[INFO] [stderr]    Compiling includedir v0.6.0
[INFO] [stderr]    Compiling phf_generator v0.8.0
[INFO] [stderr]    Compiling blake2b-rs v0.2.0
[INFO] [stderr]    Compiling phf_codegen v0.8.0
[INFO] [stderr]    Compiling includedir_codegen v0.6.0
[INFO] [stderr]    Compiling serde_derive v1.0.194
[INFO] [stderr]    Compiling thiserror-impl v1.0.56
[INFO] [stderr]    Compiling numext-constructor v0.1.6
[INFO] [stderr]    Compiling derive_more v0.99.17
[INFO] [stderr]    Compiling ckb-hash v0.112.1
[INFO] [stderr]    Compiling ckb-system-scripts v0.5.4
[INFO] [stderr]    Compiling numext-fixed-uint-core v0.1.6
[INFO] [stderr]    Compiling ckb-occupied-capacity-core v0.112.1
[INFO] [stderr]    Compiling ckb-fixed-hash-core v0.112.1
[INFO] [stderr]    Compiling bytes v1.5.0
[INFO] [stderr]    Compiling ckb-occupied-capacity-macros v0.112.1
[INFO] [stderr]    Compiling ckb-fixed-hash-macros v0.112.1
[INFO] [stderr]    Compiling molecule v0.7.5
[INFO] [stderr]    Compiling ckb-occupied-capacity v0.112.1
[INFO] [stderr]    Compiling ckb-error v0.112.1
[INFO] [stderr]    Compiling ckb-fixed-hash v0.112.1
[INFO] [stderr]    Compiling numext-fixed-uint-hack v0.1.6
[INFO] [stderr]    Compiling numext-fixed-uint v0.1.6
[INFO] [stderr]    Compiling ckb-gen-types v0.112.1
[INFO] [stderr]    Compiling ckb-rational v0.112.1
[INFO] [stderr]    Compiling ckb-types v0.112.1
[INFO] [stderr]    Compiling ckb-resource v0.112.1 (/opt/rustwide/workdir)
[INFO] [stderr]     Finished dev [unoptimized + debuginfo] target(s) in 44.66s
[INFO] running `Command { std: "docker" "inspect" "62c4a983fec59f9969706d35bab6630e28f2e0ab915cbe73c79025df4329cf4b", kill_on_drop: false }`
[INFO] running `Command { std: "docker" "rm" "-f" "62c4a983fec59f9969706d35bab6630e28f2e0ab915cbe73c79025df4329cf4b", kill_on_drop: false }`
[INFO] [stdout] 62c4a983fec59f9969706d35bab6630e28f2e0ab915cbe73c79025df4329cf4b
[INFO] running `Command { std: "docker" "create" "-v" "/var/lib/crater-agent-workspace/builds/worker-4-tc1/target:/opt/rustwide/target:rw,Z" "-v" "/var/lib/crater-agent-workspace/builds/worker-4-tc1/source:/opt/rustwide/workdir:ro,Z" "-v" "/var/lib/crater-agent-workspace/cargo-home:/opt/rustwide/cargo-home:ro,Z" "-v" "/var/lib/crater-agent-workspace/rustup-home:/opt/rustwide/rustup-home:ro,Z" "-e" "SOURCE_DIR=/opt/rustwide/workdir" "-e" "CARGO_TARGET_DIR=/opt/rustwide/target" "-e" "CARGO_INCREMENTAL=0" "-e" "RUST_BACKTRACE=full" "-e" "RUSTFLAGS=--cap-lints=warn" "-e" "RUSTDOCFLAGS=--cap-lints=warn" "-e" "CARGO_HOME=/opt/rustwide/cargo-home" "-e" "RUSTUP_HOME=/opt/rustwide/rustup-home" "-w" "/opt/rustwide/workdir" "-m" "1610612736" "--user" "0:0" "--network" "none" "ghcr.io/rust-lang/crates-build-env/linux@sha256:2788e3201cd34a07e3172128adcd8b3090168a8e3bcc40d7c032b9dda1df7d1c" "/opt/rustwide/cargo-home/bin/cargo" "+1.75.0" "test" "--frozen" "--no-run" "--message-format=json", kill_on_drop: false }`
[INFO] [stdout] e630f69968eafb1229055a923d083f9bd7ec25ade6349ff72e32aada20c0240c
[INFO] running `Command { std: "docker" "start" "-a" "e630f69968eafb1229055a923d083f9bd7ec25ade6349ff72e32aada20c0240c", kill_on_drop: false }`
[INFO] [stderr]    Compiling ckb-resource v0.112.1 (/opt/rustwide/workdir)
[INFO] [stdout] error[E0433]: failed to resolve: use of undeclared crate or module `tempfile`
[INFO] [stdout]  --> src/tests.rs:7:5
[INFO] [stdout]   |
[INFO] [stdout] 7 |     tempfile::Builder::new()
[INFO] [stdout]   |     ^^^^^^^^ use of undeclared crate or module `tempfile`
[INFO] [stdout]   |
[INFO] [stdout] help: consider importing one of these items
[INFO] [stdout]   |
[INFO] [stdout] 1 + use ckb_types::prelude::Builder;
[INFO] [stdout]   |
[INFO] [stdout] 1 + use std::thread::Builder;
[INFO] [stdout]   |
[INFO] [stdout] help: if you import `Builder`, refer to it directly
[INFO] [stdout]   |
[INFO] [stdout] 7 -     tempfile::Builder::new()
[INFO] [stdout] 7 +     Builder::new()
[INFO] [stdout]   |
[INFO] [stdout] 
[INFO] [stdout] 
[INFO] [stdout] error[E0433]: failed to resolve: use of undeclared crate or module `tempfile`
[INFO] [stdout]  --> src/tests.rs:6:15
[INFO] [stdout]   |
[INFO] [stdout] 6 | fn mkdir() -> tempfile::TempDir {
[INFO] [stdout]   |               ^^^^^^^^ use of undeclared crate or module `tempfile`
[INFO] [stdout] 
[INFO] [stdout] 
[INFO] [stdout] error: aborting due to 2 previous errors
[INFO] [stdout] 
[INFO] [stdout] 
[INFO] [stdout] For more information about this error, try `rustc --explain E0433`.
[INFO] [stdout] 
[INFO] [stderr] error: could not compile `ckb-resource` (lib test) due to 3 previous errors
[INFO] running `Command { std: "docker" "inspect" "e630f69968eafb1229055a923d083f9bd7ec25ade6349ff72e32aada20c0240c", kill_on_drop: false }`
[INFO] running `Command { std: "docker" "rm" "-f" "e630f69968eafb1229055a923d083f9bd7ec25ade6349ff72e32aada20c0240c", kill_on_drop: false }`
[INFO] [stdout] e630f69968eafb1229055a923d083f9bd7ec25ade6349ff72e32aada20c0240c
[INFO] testing ckb-resource-0.112.1 against beta-2023-12-22 for beta-1.76-1
[INFO] extracting crate ckb-resource 0.112.1 into /workspace/builds/worker-4-tc2/source
[INFO] validating manifest of crates.io crate ckb-resource 0.112.1 on toolchain beta-2023-12-22
[INFO] running `Command { std: CARGO_HOME="/workspace/cargo-home" RUSTUP_HOME="/workspace/rustup-home" "/workspace/cargo-home/bin/cargo" "+beta-2023-12-22" "metadata" "--manifest-path" "Cargo.toml" "--no-deps", kill_on_drop: false }`
[INFO] started tweaking crates.io crate ckb-resource 0.112.1
[INFO] finished tweaking crates.io crate ckb-resource 0.112.1
[INFO] tweaked toml for crates.io crate ckb-resource 0.112.1 written to /workspace/builds/worker-4-tc2/source/Cargo.toml
[INFO] running `Command { std: CARGO_HOME="/workspace/cargo-home" RUSTUP_HOME="/workspace/rustup-home" "/workspace/cargo-home/bin/cargo" "+beta-2023-12-22" "generate-lockfile" "--manifest-path" "Cargo.toml", kill_on_drop: false }`
[INFO] [stderr]     Updating crates.io index
[INFO] running `Command { std: CARGO_HOME="/workspace/cargo-home" RUSTUP_HOME="/workspace/rustup-home" "/workspace/cargo-home/bin/cargo" "+beta-2023-12-22" "fetch" "--manifest-path" "Cargo.toml", kill_on_drop: false }`
[INFO] running `Command { std: "docker" "create" "-v" "/var/lib/crater-agent-workspace/builds/worker-4-tc2/target:/opt/rustwide/target:rw,Z" "-v" "/var/lib/crater-agent-workspace/builds/worker-4-tc2/source:/opt/rustwide/workdir:ro,Z" "-v" "/var/lib/crater-agent-workspace/cargo-home:/opt/rustwide/cargo-home:ro,Z" "-v" "/var/lib/crater-agent-workspace/rustup-home:/opt/rustwide/rustup-home:ro,Z" "-e" "SOURCE_DIR=/opt/rustwide/workdir" "-e" "CARGO_TARGET_DIR=/opt/rustwide/target" "-e" "CARGO_HOME=/opt/rustwide/cargo-home" "-e" "RUSTUP_HOME=/opt/rustwide/rustup-home" "-w" "/opt/rustwide/workdir" "-m" "1610612736" "--user" "0:0" "--network" "none" "ghcr.io/rust-lang/crates-build-env/linux@sha256:2788e3201cd34a07e3172128adcd8b3090168a8e3bcc40d7c032b9dda1df7d1c" "/opt/rustwide/cargo-home/bin/cargo" "+beta-2023-12-22" "metadata" "--no-deps" "--format-version=1", kill_on_drop: false }`
[INFO] [stdout] 384dac419b128b012454c350fc149fe22c8ce497141604bc4c2aaa2e8f51b0ce
[INFO] running `Command { std: "docker" "start" "-a" "384dac419b128b012454c350fc149fe22c8ce497141604bc4c2aaa2e8f51b0ce", kill_on_drop: false }`
[INFO] running `Command { std: "docker" "inspect" "384dac419b128b012454c350fc149fe22c8ce497141604bc4c2aaa2e8f51b0ce", kill_on_drop: false }`
[INFO] running `Command { std: "docker" "rm" "-f" "384dac419b128b012454c350fc149fe22c8ce497141604bc4c2aaa2e8f51b0ce", kill_on_drop: false }`
[INFO] [stdout] 384dac419b128b012454c350fc149fe22c8ce497141604bc4c2aaa2e8f51b0ce
[INFO] running `Command { std: "docker" "create" "-v" "/var/lib/crater-agent-workspace/builds/worker-4-tc2/target:/opt/rustwide/target:rw,Z" "-v" "/var/lib/crater-agent-workspace/builds/worker-4-tc2/source:/opt/rustwide/workdir:ro,Z" "-v" "/var/lib/crater-agent-workspace/cargo-home:/opt/rustwide/cargo-home:ro,Z" "-v" "/var/lib/crater-agent-workspace/rustup-home:/opt/rustwide/rustup-home:ro,Z" "-e" "SOURCE_DIR=/opt/rustwide/workdir" "-e" "CARGO_TARGET_DIR=/opt/rustwide/target" "-e" "CARGO_INCREMENTAL=0" "-e" "RUST_BACKTRACE=full" "-e" "RUSTFLAGS=--cap-lints=warn" "-e" "RUSTDOCFLAGS=--cap-lints=warn" "-e" "CARGO_HOME=/opt/rustwide/cargo-home" "-e" "RUSTUP_HOME=/opt/rustwide/rustup-home" "-w" "/opt/rustwide/workdir" "-m" "1610612736" "--user" "0:0" "--network" "none" "ghcr.io/rust-lang/crates-build-env/linux@sha256:2788e3201cd34a07e3172128adcd8b3090168a8e3bcc40d7c032b9dda1df7d1c" "/opt/rustwide/cargo-home/bin/cargo" "+beta-2023-12-22" "build" "--frozen" "--message-format=json", kill_on_drop: false }`
[INFO] [stdout] aca0de1414d012db29113df46cc7c1d0c37c5b503c41c4bf5fd3cf67cdd79338
[INFO] running `Command { std: "docker" "start" "-a" "aca0de1414d012db29113df46cc7c1d0c37c5b503c41c4bf5fd3cf67cdd79338", kill_on_drop: false }`
[INFO] [stderr]    Compiling libc v0.2.151
[INFO] [stderr]    Compiling getrandom v0.1.16
[INFO] [stderr]    Compiling serde v1.0.194
[INFO] [stderr]    Compiling ppv-lite86 v0.2.17
[INFO] [stderr]    Compiling syn v1.0.109
[INFO] [stderr]    Compiling thiserror v1.0.56
[INFO] [stderr]    Compiling heapsize v0.4.2
[INFO] [stderr]    Compiling syn v2.0.48
[INFO] [stderr]    Compiling siphasher v0.3.11
[INFO] [stderr]    Compiling faster-hex v0.6.1
[INFO] [stderr]    Compiling cty v0.2.2
[INFO] [stderr]    Compiling crc32fast v1.3.2
[INFO] [stderr]    Compiling phf_shared v0.8.0
[INFO] [stderr]    Compiling adler v1.0.2
[INFO] [stderr]    Compiling anyhow v1.0.79
[INFO] [stderr]    Compiling miniz_oxide v0.7.1
[INFO] [stderr]    Compiling crossbeam-utils v0.8.18
[INFO] [stderr]    Compiling same-file v1.0.6
[INFO] [stderr]    Compiling blake2b-ref v0.3.1
[INFO] [stderr]    Compiling walkdir v2.4.0
[INFO] [stderr]    Compiling flate2 v1.0.28
[INFO] [stderr]    Compiling rand_core v0.5.1
[INFO] [stderr]    Compiling cc v1.0.83
[INFO] [stderr]    Compiling paste v1.0.14
[INFO] [stderr]    Compiling crossbeam-channel v0.5.10
[INFO] [stderr]    Compiling rand_chacha v0.2.2
[INFO] [stderr]    Compiling rand_pcg v0.2.1
[INFO] [stderr]    Compiling phf v0.8.0
[INFO] [stderr]    Compiling rand v0.7.3
[INFO] [stderr]    Compiling ckb-channel v0.112.1
[INFO] [stderr]    Compiling golomb-coded-set v0.2.0
[INFO] [stderr]    Compiling ckb-merkle-mountain-range v0.5.2
[INFO] [stderr]    Compiling merkle-cbt v0.3.2
[INFO] [stderr]    Compiling ckb-constant v0.112.1
[INFO] [stderr]    Compiling bit-vec v0.6.3
[INFO] [stderr]    Compiling includedir v0.6.0
[INFO] [stderr]    Compiling phf_generator v0.8.0
[INFO] [stderr]    Compiling phf_codegen v0.8.0
[INFO] [stderr]    Compiling blake2b-rs v0.2.0
[INFO] [stderr]    Compiling includedir_codegen v0.6.0
[INFO] [stderr]    Compiling serde_derive v1.0.194
[INFO] [stderr]    Compiling thiserror-impl v1.0.56
[INFO] [stderr]    Compiling numext-constructor v0.1.6
[INFO] [stderr]    Compiling derive_more v0.99.17
[INFO] [stderr]    Compiling ckb-hash v0.112.1
[INFO] [stderr]    Compiling ckb-system-scripts v0.5.4
[INFO] [stderr]    Compiling numext-fixed-uint-core v0.1.6
[INFO] [stderr]    Compiling ckb-occupied-capacity-core v0.112.1
[INFO] [stderr]    Compiling ckb-fixed-hash-core v0.112.1
[INFO] [stderr]    Compiling bytes v1.5.0
[INFO] [stderr]    Compiling ckb-occupied-capacity-macros v0.112.1
[INFO] [stderr]    Compiling ckb-fixed-hash-macros v0.112.1
[INFO] [stderr]    Compiling molecule v0.7.5
[INFO] [stderr]    Compiling ckb-occupied-capacity v0.112.1
[INFO] [stderr]    Compiling ckb-error v0.112.1
[INFO] [stderr]    Compiling ckb-fixed-hash v0.112.1
[INFO] [stderr]    Compiling numext-fixed-uint-hack v0.1.6
[INFO] [stderr]    Compiling numext-fixed-uint v0.1.6
[INFO] [stderr]    Compiling ckb-gen-types v0.112.1
[INFO] [stderr]    Compiling ckb-rational v0.112.1
[INFO] [stderr]    Compiling ckb-types v0.112.1
[INFO] [stderr]    Compiling ckb-resource v0.112.1 (/opt/rustwide/workdir)
[INFO] [stderr]     Finished dev [unoptimized + debuginfo] target(s) in 58.08s
[INFO] running `Command { std: "docker" "inspect" "aca0de1414d012db29113df46cc7c1d0c37c5b503c41c4bf5fd3cf67cdd79338", kill_on_drop: false }`
[INFO] running `Command { std: "docker" "rm" "-f" "aca0de1414d012db29113df46cc7c1d0c37c5b503c41c4bf5fd3cf67cdd79338", kill_on_drop: false }`
[INFO] [stdout] aca0de1414d012db29113df46cc7c1d0c37c5b503c41c4bf5fd3cf67cdd79338
[INFO] running `Command { std: "docker" "create" "-v" "/var/lib/crater-agent-workspace/builds/worker-4-tc2/target:/opt/rustwide/target:rw,Z" "-v" "/var/lib/crater-agent-workspace/builds/worker-4-tc2/source:/opt/rustwide/workdir:ro,Z" "-v" "/var/lib/crater-agent-workspace/cargo-home:/opt/rustwide/cargo-home:ro,Z" "-v" "/var/lib/crater-agent-workspace/rustup-home:/opt/rustwide/rustup-home:ro,Z" "-e" "SOURCE_DIR=/opt/rustwide/workdir" "-e" "CARGO_TARGET_DIR=/opt/rustwide/target" "-e" "CARGO_INCREMENTAL=0" "-e" "RUST_BACKTRACE=full" "-e" "RUSTFLAGS=--cap-lints=warn" "-e" "RUSTDOCFLAGS=--cap-lints=warn" "-e" "CARGO_HOME=/opt/rustwide/cargo-home" "-e" "RUSTUP_HOME=/opt/rustwide/rustup-home" "-w" "/opt/rustwide/workdir" "-m" "1610612736" "--user" "0:0" "--network" "none" "ghcr.io/rust-lang/crates-build-env/linux@sha256:2788e3201cd34a07e3172128adcd8b3090168a8e3bcc40d7c032b9dda1df7d1c" "/opt/rustwide/cargo-home/bin/cargo" "+beta-2023-12-22" "test" "--frozen" "--no-run" "--message-format=json", kill_on_drop: false }`
[INFO] [stdout] 284c82aa4eef9cb647457ca6a7ee23625cea2b5c4eff8314bc3bd368995fba6c
[INFO] running `Command { std: "docker" "start" "-a" "284c82aa4eef9cb647457ca6a7ee23625cea2b5c4eff8314bc3bd368995fba6c", kill_on_drop: false }`
[INFO] [stderr]    Compiling ckb-resource v0.112.1 (/opt/rustwide/workdir)
[INFO] [stdout] error[E0433]: failed to resolve: use of undeclared crate or module `tempfile`
[INFO] [stdout]  --> src/tests.rs:7:5
[INFO] [stdout]   |
[INFO] [stdout] 7 |     tempfile::Builder::new()
[INFO] [stdout]   |     ^^^^^^^^ use of undeclared crate or module `tempfile`
[INFO] [stdout]   |
[INFO] [stdout] help: consider importing one of these items
[INFO] [stdout]   |
[INFO] [stdout] 1 + use ckb_types::prelude::Builder;
[INFO] [stdout]   |
[INFO] [stdout] 1 + use std::thread::Builder;
[INFO] [stdout]   |
[INFO] [stdout] help: if you import `Builder`, refer to it directly
[INFO] [stdout]   |
[INFO] [stdout] 7 -     tempfile::Builder::new()
[INFO] [stdout] 7 +     Builder::new()
[INFO] [stdout]   |
[INFO] [stdout] 
[INFO] [stdout] 
[INFO] [stdout] error[E0433]: failed to resolve: use of undeclared crate or module `tempfile`
[INFO] [stdout]  --> src/tests.rs:6:15
[INFO] [stdout]   |
[INFO] [stdout] 6 | fn mkdir() -> tempfile::TempDir {
[INFO] [stdout]   |               ^^^^^^^^ use of undeclared crate or module `tempfile`
[INFO] [stdout] 
[INFO] [stdout] 
[INFO] [stdout] error: aborting due to 2 previous errors
[INFO] [stdout] 
[INFO] [stdout] 
[INFO] [stdout] For more information about this error, try `rustc --explain E0433`.
[INFO] [stdout] 
[INFO] [stderr] error: could not compile `ckb-resource` (lib test) due to 3 previous errors
[INFO] running `Command { std: "docker" "inspect" "284c82aa4eef9cb647457ca6a7ee23625cea2b5c4eff8314bc3bd368995fba6c", kill_on_drop: false }`
[INFO] running `Command { std: "docker" "rm" "-f" "284c82aa4eef9cb647457ca6a7ee23625cea2b5c4eff8314bc3bd368995fba6c", kill_on_drop: false }`
[INFO] [stdout] 284c82aa4eef9cb647457ca6a7ee23625cea2b5c4eff8314bc3bd368995fba6c
