[INFO] fetching crate ckb-gdb-remote-protocol 0.112.1...
[INFO] testing ckb-gdb-remote-protocol-0.112.1 against 1.75.0 for beta-1.76-1
[INFO] extracting crate ckb-gdb-remote-protocol 0.112.1 into /workspace/builds/worker-5-tc1/source
[INFO] validating manifest of crates.io crate ckb-gdb-remote-protocol 0.112.1 on toolchain 1.75.0
[INFO] running `Command { std: CARGO_HOME="/workspace/cargo-home" RUSTUP_HOME="/workspace/rustup-home" "/workspace/cargo-home/bin/cargo" "+1.75.0" "metadata" "--manifest-path" "Cargo.toml" "--no-deps", kill_on_drop: false }`
[INFO] started tweaking crates.io crate ckb-gdb-remote-protocol 0.112.1
[INFO] finished tweaking crates.io crate ckb-gdb-remote-protocol 0.112.1
[INFO] tweaked toml for crates.io crate ckb-gdb-remote-protocol 0.112.1 written to /workspace/builds/worker-5-tc1/source/Cargo.toml
[INFO] crate crates.io crate ckb-gdb-remote-protocol 0.112.1 already has a lockfile, it will not be regenerated
[INFO] running `Command { std: CARGO_HOME="/workspace/cargo-home" RUSTUP_HOME="/workspace/rustup-home" "/workspace/cargo-home/bin/cargo" "+1.75.0" "fetch" "--manifest-path" "Cargo.toml", kill_on_drop: false }`
[INFO] [stderr]     Updating crates.io index
[INFO] [stderr]  Downloading crates ...
[INFO] [stderr]   Downloaded environment v0.1.1
[INFO] [stderr]   Downloaded error-chain v0.11.0
[INFO] [stderr]   Downloaded which v1.0.5
[INFO] [stderr]   Downloaded assert_cli v0.5.4
[INFO] [stderr]   Downloaded cargo-platform v0.1.4
[INFO] [stderr]   Downloaded difference v1.0.0
[INFO] running `Command { std: "docker" "create" "-v" "/var/lib/crater-agent-workspace/builds/worker-5-tc1/target:/opt/rustwide/target:rw,Z" "-v" "/var/lib/crater-agent-workspace/builds/worker-5-tc1/source:/opt/rustwide/workdir:ro,Z" "-v" "/var/lib/crater-agent-workspace/cargo-home:/opt/rustwide/cargo-home:ro,Z" "-v" "/var/lib/crater-agent-workspace/rustup-home:/opt/rustwide/rustup-home:ro,Z" "-e" "SOURCE_DIR=/opt/rustwide/workdir" "-e" "CARGO_TARGET_DIR=/opt/rustwide/target" "-e" "CARGO_HOME=/opt/rustwide/cargo-home" "-e" "RUSTUP_HOME=/opt/rustwide/rustup-home" "-w" "/opt/rustwide/workdir" "-m" "1610612736" "--user" "0:0" "--network" "none" "ghcr.io/rust-lang/crates-build-env/linux@sha256:2788e3201cd34a07e3172128adcd8b3090168a8e3bcc40d7c032b9dda1df7d1c" "/opt/rustwide/cargo-home/bin/cargo" "+1.75.0" "metadata" "--no-deps" "--format-version=1", kill_on_drop: false }`
[INFO] [stdout] e0dd99d8e96c452048783b36345e16f57c6b48f862eba46eef4795be1038ed34
[INFO] running `Command { std: "docker" "start" "-a" "e0dd99d8e96c452048783b36345e16f57c6b48f862eba46eef4795be1038ed34", kill_on_drop: false }`
[INFO] running `Command { std: "docker" "inspect" "e0dd99d8e96c452048783b36345e16f57c6b48f862eba46eef4795be1038ed34", kill_on_drop: false }`
[INFO] running `Command { std: "docker" "rm" "-f" "e0dd99d8e96c452048783b36345e16f57c6b48f862eba46eef4795be1038ed34", kill_on_drop: false }`
[INFO] [stdout] e0dd99d8e96c452048783b36345e16f57c6b48f862eba46eef4795be1038ed34
[INFO] running `Command { std: "docker" "create" "-v" "/var/lib/crater-agent-workspace/builds/worker-5-tc1/target:/opt/rustwide/target:rw,Z" "-v" "/var/lib/crater-agent-workspace/builds/worker-5-tc1/source:/opt/rustwide/workdir:ro,Z" "-v" "/var/lib/crater-agent-workspace/cargo-home:/opt/rustwide/cargo-home:ro,Z" "-v" "/var/lib/crater-agent-workspace/rustup-home:/opt/rustwide/rustup-home:ro,Z" "-e" "SOURCE_DIR=/opt/rustwide/workdir" "-e" "CARGO_TARGET_DIR=/opt/rustwide/target" "-e" "CARGO_INCREMENTAL=0" "-e" "RUST_BACKTRACE=full" "-e" "RUSTFLAGS=--cap-lints=warn" "-e" "RUSTDOCFLAGS=--cap-lints=warn" "-e" "CARGO_HOME=/opt/rustwide/cargo-home" "-e" "RUSTUP_HOME=/opt/rustwide/rustup-home" "-w" "/opt/rustwide/workdir" "-m" "1610612736" "--user" "0:0" "--network" "none" "ghcr.io/rust-lang/crates-build-env/linux@sha256:2788e3201cd34a07e3172128adcd8b3090168a8e3bcc40d7c032b9dda1df7d1c" "/opt/rustwide/cargo-home/bin/cargo" "+1.75.0" "build" "--frozen" "--message-format=json", kill_on_drop: false }`
[INFO] [stdout] 1551f4a1e14a88d7a60b508592746f927d9e942167f604efc3c91be35251f856
[INFO] running `Command { std: "docker" "start" "-a" "1551f4a1e14a88d7a60b508592746f927d9e942167f604efc3c91be35251f856", kill_on_drop: false }`
[INFO] [stderr]    Compiling proc-macro2 v1.0.67
[INFO] [stderr]    Compiling libc v0.2.148
[INFO] [stderr]    Compiling syn v1.0.109
[INFO] [stderr]    Compiling unicode-xid v0.0.4
[INFO] [stderr]    Compiling quote v0.3.15
[INFO] [stderr]    Compiling memchr v2.6.3
[INFO] [stderr]    Compiling log v0.4.20
[INFO] [stderr]    Compiling strum v0.8.0
[INFO] [stderr]    Compiling num-traits v0.2.16
[INFO] [stderr]    Compiling synom v0.11.3
[INFO] [stderr]    Compiling syn v0.11.11
[INFO] [stderr]    Compiling quote v1.0.33
[INFO] [stderr]    Compiling strum_macros v0.8.0
[INFO] [stderr]    Compiling memchr v1.0.2
[INFO] [stderr]    Compiling nom v3.2.1
[INFO] [stderr]    Compiling num-derive v0.3.3
[INFO] [stderr]    Compiling ckb-gdb-remote-protocol v0.112.1 (/opt/rustwide/workdir)
[INFO] [stderr]     Finished dev [unoptimized + debuginfo] target(s) in 4.03s
[INFO] [stderr] warning: the following packages contain code that will be rejected by a future version of Rust: nom v3.2.1
[INFO] [stderr] note: to see what the problems were, use the option `--future-incompat-report`, or run `cargo report future-incompatibilities --id 1`
[INFO] running `Command { std: "docker" "inspect" "1551f4a1e14a88d7a60b508592746f927d9e942167f604efc3c91be35251f856", kill_on_drop: false }`
[INFO] running `Command { std: "docker" "rm" "-f" "1551f4a1e14a88d7a60b508592746f927d9e942167f604efc3c91be35251f856", kill_on_drop: false }`
[INFO] [stdout] 1551f4a1e14a88d7a60b508592746f927d9e942167f604efc3c91be35251f856
[INFO] running `Command { std: "docker" "create" "-v" "/var/lib/crater-agent-workspace/builds/worker-5-tc1/target:/opt/rustwide/target:rw,Z" "-v" "/var/lib/crater-agent-workspace/builds/worker-5-tc1/source:/opt/rustwide/workdir:ro,Z" "-v" "/var/lib/crater-agent-workspace/cargo-home:/opt/rustwide/cargo-home:ro,Z" "-v" "/var/lib/crater-agent-workspace/rustup-home:/opt/rustwide/rustup-home:ro,Z" "-e" "SOURCE_DIR=/opt/rustwide/workdir" "-e" "CARGO_TARGET_DIR=/opt/rustwide/target" "-e" "CARGO_INCREMENTAL=0" "-e" "RUST_BACKTRACE=full" "-e" "RUSTFLAGS=--cap-lints=warn" "-e" "RUSTDOCFLAGS=--cap-lints=warn" "-e" "CARGO_HOME=/opt/rustwide/cargo-home" "-e" "RUSTUP_HOME=/opt/rustwide/rustup-home" "-w" "/opt/rustwide/workdir" "-m" "1610612736" "--user" "0:0" "--network" "none" "ghcr.io/rust-lang/crates-build-env/linux@sha256:2788e3201cd34a07e3172128adcd8b3090168a8e3bcc40d7c032b9dda1df7d1c" "/opt/rustwide/cargo-home/bin/cargo" "+1.75.0" "test" "--frozen" "--no-run" "--message-format=json", kill_on_drop: false }`
[INFO] [stdout] 4a35703ca3f743384725268b112a4d9a39d2a24b2cedb3f39cae38c8ca442389
[INFO] running `Command { std: "docker" "start" "-a" "4a35703ca3f743384725268b112a4d9a39d2a24b2cedb3f39cae38c8ca442389", kill_on_drop: false }`
[INFO] [stderr]    Compiling serde v1.0.188
[INFO] [stderr]    Compiling rustix v0.38.14
[INFO] [stderr]    Compiling linux-raw-sys v0.4.7
[INFO] [stderr]    Compiling bitflags v2.4.0
[INFO] [stderr]    Compiling serde_json v1.0.107
[INFO] [stderr]    Compiling camino v1.1.6
[INFO] [stderr]    Compiling semver v1.0.18
[INFO] [stderr]    Compiling pulldown-cmark v0.9.3
[INFO] [stderr]    Compiling itoa v1.0.9
[INFO] [stderr]    Compiling error-chain v0.12.4
[INFO] [stderr]    Compiling ryu v1.0.15
[INFO] [stderr]    Compiling same-file v1.0.6
[INFO] [stderr]    Compiling fastrand v2.0.0
[INFO] [stderr]    Compiling unicase v2.7.0
[INFO] [stderr]    Compiling syn v2.0.37
[INFO] [stderr]    Compiling cc v1.0.83
[INFO] [stderr]    Compiling walkdir v2.4.0
[INFO] [stderr]    Compiling gimli v0.28.0
[INFO] [stderr]    Compiling bytecount v0.6.7
[INFO] [stderr]    Compiling glob v0.3.1
[INFO] [stderr]    Compiling miniz_oxide v0.7.1
[INFO] [stderr]    Compiling object v0.32.1
[INFO] [stderr]    Compiling regex v0.2.11
[INFO] [stderr]    Compiling ucd-util v0.1.10
[INFO] [stderr]    Compiling thread_local v0.3.6
[INFO] [stderr]    Compiling aho-corasick v0.6.10
[INFO] [stderr]    Compiling utf8-ranges v1.0.5
[INFO] [stderr]    Compiling regex-syntax v0.5.6
[INFO] [stderr]    Compiling log v0.3.9
[INFO] [stderr]    Compiling difference v1.0.0
[INFO] [stderr]    Compiling environment v0.1.1
[INFO] [stderr]    Compiling which v1.0.5
[INFO] [stderr]    Compiling backtrace v0.3.69
[INFO] [stderr]    Compiling serde_derive v1.0.188
[INFO] [stderr]    Compiling addr2line v0.21.0
[INFO] [stderr]    Compiling tempfile v3.8.0
[INFO] [stderr]    Compiling is-terminal v0.4.9
[INFO] [stderr]    Compiling colored v1.9.4
[INFO] [stderr]    Compiling env_logger v0.4.3
[INFO] [stderr]    Compiling error-chain v0.11.0
[INFO] [stderr]    Compiling cargo-platform v0.1.4
[INFO] [stderr]    Compiling cargo_metadata v0.14.2
[INFO] [stderr]    Compiling skeptic v0.13.7
[INFO] [stderr]    Compiling assert_cli v0.5.4
[INFO] [stderr]    Compiling ckb-gdb-remote-protocol v0.112.1 (/opt/rustwide/workdir)
[INFO] [stdout] error[E0432]: unresolved import `gdb_remote_protocol`
[INFO] [stdout]  --> examples/noop-server.rs:1:5
[INFO] [stdout]   |
[INFO] [stdout] 1 | use gdb_remote_protocol::{process_packets_from, Error, Handler, ProcessType, StopReason};
[INFO] [stdout]   |     ^^^^^^^^^^^^^^^^^^^ use of undeclared crate or module `gdb_remote_protocol`
[INFO] [stdout]   |
[INFO] [stdout] help: there is a crate or module with a similar name
[INFO] [stdout]   |
[INFO] [stdout] 1 | use ckb_gdb_remote_protocol::{process_packets_from, Error, Handler, ProcessType, StopReason};
[INFO] [stdout]   |     ~~~~~~~~~~~~~~~~~~~~~~~
[INFO] [stdout] 
[INFO] [stdout] 
[INFO] [stdout] error[E0432]: unresolved import `gdb_remote_protocol`
[INFO] [stdout]   --> tests/integration.rs:17:5
[INFO] [stdout]    |
[INFO] [stdout] 17 | use gdb_remote_protocol::{process_packets_from, Error, Handler, ProcessType, StopReason};
[INFO] [stdout]    |     ^^^^^^^^^^^^^^^^^^^ use of undeclared crate or module `gdb_remote_protocol`
[INFO] [stdout]    |
[INFO] [stdout] help: there is a crate or module with a similar name
[INFO] [stdout]    |
[INFO] [stdout] 17 | use ckb_gdb_remote_protocol::{process_packets_from, Error, Handler, ProcessType, StopReason};
[INFO] [stdout]    |     ~~~~~~~~~~~~~~~~~~~~~~~
[INFO] [stdout] 
[INFO] [stdout] 
[INFO] [stdout] error: aborting due to previous error
[INFO] [stdout] 
[INFO] [stdout] 
[INFO] [stdout] For more information about this error, try `rustc --explain E0432`.
[INFO] [stdout] 
[INFO] [stdout] error: aborting due to previous error
[INFO] [stdout] 
[INFO] [stdout] 
[INFO] [stdout] For more information about this error, try `rustc --explain E0432`.
[INFO] [stdout] 
[INFO] [stderr] error: could not compile `ckb-gdb-remote-protocol` (example "noop-server") due to 2 previous errors
[INFO] [stderr] warning: build failed, waiting for other jobs to finish...
[INFO] [stderr] error: could not compile `ckb-gdb-remote-protocol` (test "integration") due to 2 previous errors
[INFO] running `Command { std: "docker" "inspect" "4a35703ca3f743384725268b112a4d9a39d2a24b2cedb3f39cae38c8ca442389", kill_on_drop: false }`
[INFO] running `Command { std: "docker" "rm" "-f" "4a35703ca3f743384725268b112a4d9a39d2a24b2cedb3f39cae38c8ca442389", kill_on_drop: false }`
[INFO] [stdout] 4a35703ca3f743384725268b112a4d9a39d2a24b2cedb3f39cae38c8ca442389
[INFO] testing ckb-gdb-remote-protocol-0.112.1 against beta-2023-12-22 for beta-1.76-1
[INFO] extracting crate ckb-gdb-remote-protocol 0.112.1 into /workspace/builds/worker-5-tc2/source
[INFO] validating manifest of crates.io crate ckb-gdb-remote-protocol 0.112.1 on toolchain beta-2023-12-22
[INFO] running `Command { std: CARGO_HOME="/workspace/cargo-home" RUSTUP_HOME="/workspace/rustup-home" "/workspace/cargo-home/bin/cargo" "+beta-2023-12-22" "metadata" "--manifest-path" "Cargo.toml" "--no-deps", kill_on_drop: false }`
[INFO] started tweaking crates.io crate ckb-gdb-remote-protocol 0.112.1
[INFO] finished tweaking crates.io crate ckb-gdb-remote-protocol 0.112.1
[INFO] tweaked toml for crates.io crate ckb-gdb-remote-protocol 0.112.1 written to /workspace/builds/worker-5-tc2/source/Cargo.toml
[INFO] crate crates.io crate ckb-gdb-remote-protocol 0.112.1 already has a lockfile, it will not be regenerated
[INFO] running `Command { std: CARGO_HOME="/workspace/cargo-home" RUSTUP_HOME="/workspace/rustup-home" "/workspace/cargo-home/bin/cargo" "+beta-2023-12-22" "fetch" "--manifest-path" "Cargo.toml", kill_on_drop: false }`
[INFO] running `Command { std: "docker" "create" "-v" "/var/lib/crater-agent-workspace/builds/worker-5-tc2/target:/opt/rustwide/target:rw,Z" "-v" "/var/lib/crater-agent-workspace/builds/worker-5-tc2/source:/opt/rustwide/workdir:ro,Z" "-v" "/var/lib/crater-agent-workspace/cargo-home:/opt/rustwide/cargo-home:ro,Z" "-v" "/var/lib/crater-agent-workspace/rustup-home:/opt/rustwide/rustup-home:ro,Z" "-e" "SOURCE_DIR=/opt/rustwide/workdir" "-e" "CARGO_TARGET_DIR=/opt/rustwide/target" "-e" "CARGO_HOME=/opt/rustwide/cargo-home" "-e" "RUSTUP_HOME=/opt/rustwide/rustup-home" "-w" "/opt/rustwide/workdir" "-m" "1610612736" "--user" "0:0" "--network" "none" "ghcr.io/rust-lang/crates-build-env/linux@sha256:2788e3201cd34a07e3172128adcd8b3090168a8e3bcc40d7c032b9dda1df7d1c" "/opt/rustwide/cargo-home/bin/cargo" "+beta-2023-12-22" "metadata" "--no-deps" "--format-version=1", kill_on_drop: false }`
[INFO] [stdout] 1a485c70010a77bea60c07e45f8ba079d36426532b54522c7f0043a261c1e646
[INFO] running `Command { std: "docker" "start" "-a" "1a485c70010a77bea60c07e45f8ba079d36426532b54522c7f0043a261c1e646", kill_on_drop: false }`
[INFO] running `Command { std: "docker" "inspect" "1a485c70010a77bea60c07e45f8ba079d36426532b54522c7f0043a261c1e646", kill_on_drop: false }`
[INFO] running `Command { std: "docker" "rm" "-f" "1a485c70010a77bea60c07e45f8ba079d36426532b54522c7f0043a261c1e646", kill_on_drop: false }`
[INFO] [stdout] 1a485c70010a77bea60c07e45f8ba079d36426532b54522c7f0043a261c1e646
[INFO] running `Command { std: "docker" "create" "-v" "/var/lib/crater-agent-workspace/builds/worker-5-tc2/target:/opt/rustwide/target:rw,Z" "-v" "/var/lib/crater-agent-workspace/builds/worker-5-tc2/source:/opt/rustwide/workdir:ro,Z" "-v" "/var/lib/crater-agent-workspace/cargo-home:/opt/rustwide/cargo-home:ro,Z" "-v" "/var/lib/crater-agent-workspace/rustup-home:/opt/rustwide/rustup-home:ro,Z" "-e" "SOURCE_DIR=/opt/rustwide/workdir" "-e" "CARGO_TARGET_DIR=/opt/rustwide/target" "-e" "CARGO_INCREMENTAL=0" "-e" "RUST_BACKTRACE=full" "-e" "RUSTFLAGS=--cap-lints=warn" "-e" "RUSTDOCFLAGS=--cap-lints=warn" "-e" "CARGO_HOME=/opt/rustwide/cargo-home" "-e" "RUSTUP_HOME=/opt/rustwide/rustup-home" "-w" "/opt/rustwide/workdir" "-m" "1610612736" "--user" "0:0" "--network" "none" "ghcr.io/rust-lang/crates-build-env/linux@sha256:2788e3201cd34a07e3172128adcd8b3090168a8e3bcc40d7c032b9dda1df7d1c" "/opt/rustwide/cargo-home/bin/cargo" "+beta-2023-12-22" "build" "--frozen" "--message-format=json", kill_on_drop: false }`
[INFO] [stdout] 5a41082a5cc71e0f7241bd6b4b5c074fe2bf9055ffe8fc7419f3a8ce778b5c76
[INFO] running `Command { std: "docker" "start" "-a" "5a41082a5cc71e0f7241bd6b4b5c074fe2bf9055ffe8fc7419f3a8ce778b5c76", kill_on_drop: false }`
[INFO] [stderr]    Compiling proc-macro2 v1.0.67
[INFO] [stderr]    Compiling libc v0.2.148
[INFO] [stderr]    Compiling unicode-xid v0.0.4
[INFO] [stderr]    Compiling syn v1.0.109
[INFO] [stderr]    Compiling quote v0.3.15
[INFO] [stderr]    Compiling memchr v2.6.3
[INFO] [stderr]    Compiling log v0.4.20
[INFO] [stderr]    Compiling strum v0.8.0
[INFO] [stderr]    Compiling num-traits v0.2.16
[INFO] [stderr]    Compiling synom v0.11.3
[INFO] [stderr]    Compiling syn v0.11.11
[INFO] [stderr]    Compiling quote v1.0.33
[INFO] [stderr]    Compiling strum_macros v0.8.0
[INFO] [stderr]    Compiling memchr v1.0.2
[INFO] [stderr]    Compiling nom v3.2.1
[INFO] [stderr]    Compiling num-derive v0.3.3
[INFO] [stderr]    Compiling ckb-gdb-remote-protocol v0.112.1 (/opt/rustwide/workdir)
[INFO] [stderr]     Finished dev [unoptimized + debuginfo] target(s) in 3.74s
[INFO] [stderr] warning: the following packages contain code that will be rejected by a future version of Rust: nom v3.2.1
[INFO] [stderr] note: to see what the problems were, use the option `--future-incompat-report`, or run `cargo report future-incompatibilities --id 1`
[INFO] running `Command { std: "docker" "inspect" "5a41082a5cc71e0f7241bd6b4b5c074fe2bf9055ffe8fc7419f3a8ce778b5c76", kill_on_drop: false }`
[INFO] running `Command { std: "docker" "rm" "-f" "5a41082a5cc71e0f7241bd6b4b5c074fe2bf9055ffe8fc7419f3a8ce778b5c76", kill_on_drop: false }`
[INFO] [stdout] 5a41082a5cc71e0f7241bd6b4b5c074fe2bf9055ffe8fc7419f3a8ce778b5c76
[INFO] running `Command { std: "docker" "create" "-v" "/var/lib/crater-agent-workspace/builds/worker-5-tc2/target:/opt/rustwide/target:rw,Z" "-v" "/var/lib/crater-agent-workspace/builds/worker-5-tc2/source:/opt/rustwide/workdir:ro,Z" "-v" "/var/lib/crater-agent-workspace/cargo-home:/opt/rustwide/cargo-home:ro,Z" "-v" "/var/lib/crater-agent-workspace/rustup-home:/opt/rustwide/rustup-home:ro,Z" "-e" "SOURCE_DIR=/opt/rustwide/workdir" "-e" "CARGO_TARGET_DIR=/opt/rustwide/target" "-e" "CARGO_INCREMENTAL=0" "-e" "RUST_BACKTRACE=full" "-e" "RUSTFLAGS=--cap-lints=warn" "-e" "RUSTDOCFLAGS=--cap-lints=warn" "-e" "CARGO_HOME=/opt/rustwide/cargo-home" "-e" "RUSTUP_HOME=/opt/rustwide/rustup-home" "-w" "/opt/rustwide/workdir" "-m" "1610612736" "--user" "0:0" "--network" "none" "ghcr.io/rust-lang/crates-build-env/linux@sha256:2788e3201cd34a07e3172128adcd8b3090168a8e3bcc40d7c032b9dda1df7d1c" "/opt/rustwide/cargo-home/bin/cargo" "+beta-2023-12-22" "test" "--frozen" "--no-run" "--message-format=json", kill_on_drop: false }`
[INFO] [stdout] ef13048830100b85c1d8e9cdfb29e9b3580d37aba5266724b5982eb395d6187f
[INFO] running `Command { std: "docker" "start" "-a" "ef13048830100b85c1d8e9cdfb29e9b3580d37aba5266724b5982eb395d6187f", kill_on_drop: false }`
[INFO] [stderr]    Compiling serde v1.0.188
[INFO] [stderr]    Compiling rustix v0.38.14
[INFO] [stderr]    Compiling bitflags v2.4.0
[INFO] [stderr]    Compiling linux-raw-sys v0.4.7
[INFO] [stderr]    Compiling serde_json v1.0.107
[INFO] [stderr]    Compiling semver v1.0.18
[INFO] [stderr]    Compiling camino v1.1.6
[INFO] [stderr]    Compiling error-chain v0.12.4
[INFO] [stderr]    Compiling itoa v1.0.9
[INFO] [stderr]    Compiling pulldown-cmark v0.9.3
[INFO] [stderr]    Compiling ryu v1.0.15
[INFO] [stderr]    Compiling fastrand v2.0.0
[INFO] [stderr]    Compiling unicase v2.7.0
[INFO] [stderr]    Compiling same-file v1.0.6
[INFO] [stderr]    Compiling syn v2.0.37
[INFO] [stderr]    Compiling cc v1.0.83
[INFO] [stderr]    Compiling walkdir v2.4.0
[INFO] [stderr]    Compiling glob v0.3.1
[INFO] [stderr]    Compiling bytecount v0.6.7
[INFO] [stderr]    Compiling gimli v0.28.0
[INFO] [stderr]    Compiling miniz_oxide v0.7.1
[INFO] [stderr]    Compiling object v0.32.1
[INFO] [stderr]    Compiling regex v0.2.11
[INFO] [stderr]    Compiling ucd-util v0.1.10
[INFO] [stderr]    Compiling thread_local v0.3.6
[INFO] [stderr]    Compiling aho-corasick v0.6.10
[INFO] [stderr]    Compiling regex-syntax v0.5.6
[INFO] [stderr]    Compiling utf8-ranges v1.0.5
[INFO] [stderr]    Compiling log v0.3.9
[INFO] [stderr]    Compiling difference v1.0.0
[INFO] [stderr]    Compiling environment v0.1.1
[INFO] [stderr]    Compiling which v1.0.5
[INFO] [stderr]    Compiling backtrace v0.3.69
[INFO] [stderr]    Compiling serde_derive v1.0.188
[INFO] [stderr]    Compiling tempfile v3.8.0
[INFO] [stderr]    Compiling is-terminal v0.4.9
[INFO] [stderr]    Compiling colored v1.9.4
[INFO] [stderr]    Compiling addr2line v0.21.0
[INFO] [stderr]    Compiling env_logger v0.4.3
[INFO] [stderr]    Compiling error-chain v0.11.0
[INFO] [stderr]    Compiling cargo-platform v0.1.4
[INFO] [stderr]    Compiling cargo_metadata v0.14.2
[INFO] [stderr]    Compiling skeptic v0.13.7
[INFO] [stderr]    Compiling assert_cli v0.5.4
[INFO] [stderr]    Compiling ckb-gdb-remote-protocol v0.112.1 (/opt/rustwide/workdir)
[INFO] [stdout] error[E0432]: unresolved import `gdb_remote_protocol`
[INFO] [stdout]   --> tests/integration.rs:17:5
[INFO] [stdout]    |
[INFO] [stdout] 17 | use gdb_remote_protocol::{process_packets_from, Error, Handler, ProcessType, StopReason};
[INFO] [stdout]    |     ^^^^^^^^^^^^^^^^^^^ use of undeclared crate or module `gdb_remote_protocol`
[INFO] [stdout]    |
[INFO] [stdout] help: there is a crate or module with a similar name
[INFO] [stdout]    |
[INFO] [stdout] 17 | use ckb_gdb_remote_protocol::{process_packets_from, Error, Handler, ProcessType, StopReason};
[INFO] [stdout]    |     ~~~~~~~~~~~~~~~~~~~~~~~
[INFO] [stdout] 
[INFO] [stdout] 
[INFO] [stdout] error[E0432]: unresolved import `gdb_remote_protocol`
[INFO] [stdout]  --> examples/noop-server.rs:1:5
[INFO] [stdout]   |
[INFO] [stdout] 1 | use gdb_remote_protocol::{process_packets_from, Error, Handler, ProcessType, StopReason};
[INFO] [stdout]   |     ^^^^^^^^^^^^^^^^^^^ use of undeclared crate or module `gdb_remote_protocol`
[INFO] [stdout]   |
[INFO] [stdout] help: there is a crate or module with a similar name
[INFO] [stdout]   |
[INFO] [stdout] 1 | use ckb_gdb_remote_protocol::{process_packets_from, Error, Handler, ProcessType, StopReason};
[INFO] [stdout]   |     ~~~~~~~~~~~~~~~~~~~~~~~
[INFO] [stdout] 
[INFO] [stdout] 
[INFO] [stdout] error: aborting due to 1 previous error
[INFO] [stdout] 
[INFO] [stdout] 
[INFO] [stdout] For more information about this error, try `rustc --explain E0432`.
[INFO] [stdout] 
[INFO] [stdout] error: aborting due to 1 previous error
[INFO] [stdout] 
[INFO] [stdout] 
[INFO] [stdout] For more information about this error, try `rustc --explain E0432`.
[INFO] [stdout] 
[INFO] [stderr] error: could not compile `ckb-gdb-remote-protocol` (example "noop-server") due to 2 previous errors
[INFO] [stderr] warning: build failed, waiting for other jobs to finish...
[INFO] [stderr] error: could not compile `ckb-gdb-remote-protocol` (test "integration") due to 2 previous errors
[INFO] running `Command { std: "docker" "inspect" "ef13048830100b85c1d8e9cdfb29e9b3580d37aba5266724b5982eb395d6187f", kill_on_drop: false }`
[INFO] running `Command { std: "docker" "rm" "-f" "ef13048830100b85c1d8e9cdfb29e9b3580d37aba5266724b5982eb395d6187f", kill_on_drop: false }`
[INFO] [stdout] ef13048830100b85c1d8e9cdfb29e9b3580d37aba5266724b5982eb395d6187f
