[INFO] fetching crate ckb-fixed-hash-core 0.112.1...
[INFO] testing ckb-fixed-hash-core-0.112.1 against 1.75.0 for beta-1.76-1
[INFO] extracting crate ckb-fixed-hash-core 0.112.1 into /workspace/builds/worker-0-tc1/source
[INFO] validating manifest of crates.io crate ckb-fixed-hash-core 0.112.1 on toolchain 1.75.0
[INFO] running `Command { std: CARGO_HOME="/workspace/cargo-home" RUSTUP_HOME="/workspace/rustup-home" "/workspace/cargo-home/bin/cargo" "+1.75.0" "metadata" "--manifest-path" "Cargo.toml" "--no-deps", kill_on_drop: false }`
[INFO] started tweaking crates.io crate ckb-fixed-hash-core 0.112.1
[INFO] finished tweaking crates.io crate ckb-fixed-hash-core 0.112.1
[INFO] tweaked toml for crates.io crate ckb-fixed-hash-core 0.112.1 written to /workspace/builds/worker-0-tc1/source/Cargo.toml
[INFO] running `Command { std: CARGO_HOME="/workspace/cargo-home" RUSTUP_HOME="/workspace/rustup-home" "/workspace/cargo-home/bin/cargo" "+1.75.0" "generate-lockfile" "--manifest-path" "Cargo.toml", kill_on_drop: false }`
[INFO] [stderr]     Blocking waiting for file lock on package cache
[INFO] [stderr]     Updating crates.io index
[INFO] running `Command { std: CARGO_HOME="/workspace/cargo-home" RUSTUP_HOME="/workspace/rustup-home" "/workspace/cargo-home/bin/cargo" "+1.75.0" "fetch" "--manifest-path" "Cargo.toml", kill_on_drop: false }`
[INFO] running `Command { std: "docker" "create" "-v" "/var/lib/crater-agent-workspace/builds/worker-0-tc1/target:/opt/rustwide/target:rw,Z" "-v" "/var/lib/crater-agent-workspace/builds/worker-0-tc1/source:/opt/rustwide/workdir:ro,Z" "-v" "/var/lib/crater-agent-workspace/cargo-home:/opt/rustwide/cargo-home:ro,Z" "-v" "/var/lib/crater-agent-workspace/rustup-home:/opt/rustwide/rustup-home:ro,Z" "-e" "SOURCE_DIR=/opt/rustwide/workdir" "-e" "CARGO_TARGET_DIR=/opt/rustwide/target" "-e" "CARGO_HOME=/opt/rustwide/cargo-home" "-e" "RUSTUP_HOME=/opt/rustwide/rustup-home" "-w" "/opt/rustwide/workdir" "-m" "1610612736" "--user" "0:0" "--network" "none" "ghcr.io/rust-lang/crates-build-env/linux@sha256:2788e3201cd34a07e3172128adcd8b3090168a8e3bcc40d7c032b9dda1df7d1c" "/opt/rustwide/cargo-home/bin/cargo" "+1.75.0" "metadata" "--no-deps" "--format-version=1", kill_on_drop: false }`
[INFO] [stdout] 89ba5c21483006a9c1e1c8ab1f0d047540ee11444e922c813979fc6554a4ac8b
[INFO] running `Command { std: "docker" "start" "-a" "89ba5c21483006a9c1e1c8ab1f0d047540ee11444e922c813979fc6554a4ac8b", kill_on_drop: false }`
[INFO] running `Command { std: "docker" "inspect" "89ba5c21483006a9c1e1c8ab1f0d047540ee11444e922c813979fc6554a4ac8b", kill_on_drop: false }`
[INFO] running `Command { std: "docker" "rm" "-f" "89ba5c21483006a9c1e1c8ab1f0d047540ee11444e922c813979fc6554a4ac8b", kill_on_drop: false }`
[INFO] [stdout] 89ba5c21483006a9c1e1c8ab1f0d047540ee11444e922c813979fc6554a4ac8b
[INFO] running `Command { std: "docker" "create" "-v" "/var/lib/crater-agent-workspace/builds/worker-0-tc1/target:/opt/rustwide/target:rw,Z" "-v" "/var/lib/crater-agent-workspace/builds/worker-0-tc1/source:/opt/rustwide/workdir:ro,Z" "-v" "/var/lib/crater-agent-workspace/cargo-home:/opt/rustwide/cargo-home:ro,Z" "-v" "/var/lib/crater-agent-workspace/rustup-home:/opt/rustwide/rustup-home:ro,Z" "-e" "SOURCE_DIR=/opt/rustwide/workdir" "-e" "CARGO_TARGET_DIR=/opt/rustwide/target" "-e" "CARGO_INCREMENTAL=0" "-e" "RUST_BACKTRACE=full" "-e" "RUSTFLAGS=--cap-lints=warn" "-e" "RUSTDOCFLAGS=--cap-lints=warn" "-e" "CARGO_HOME=/opt/rustwide/cargo-home" "-e" "RUSTUP_HOME=/opt/rustwide/rustup-home" "-w" "/opt/rustwide/workdir" "-m" "1610612736" "--user" "0:0" "--network" "none" "ghcr.io/rust-lang/crates-build-env/linux@sha256:2788e3201cd34a07e3172128adcd8b3090168a8e3bcc40d7c032b9dda1df7d1c" "/opt/rustwide/cargo-home/bin/cargo" "+1.75.0" "build" "--frozen" "--message-format=json", kill_on_drop: false }`
[INFO] [stdout] e0aeb84377412cd960b758a0eae580cb2e2455afcd91f79a895c7dcf042d2dab
[INFO] running `Command { std: "docker" "start" "-a" "e0aeb84377412cd960b758a0eae580cb2e2455afcd91f79a895c7dcf042d2dab", kill_on_drop: false }`
[INFO] [stderr]    Compiling proc-macro2 v1.0.75
[INFO] [stderr]    Compiling unicode-ident v1.0.12
[INFO] [stderr]    Compiling thiserror v1.0.56
[INFO] [stderr]    Compiling serde v1.0.194
[INFO] [stderr]    Compiling faster-hex v0.6.1
[INFO] [stderr]    Compiling quote v1.0.35
[INFO] [stderr]    Compiling syn v2.0.48
[INFO] [stderr]    Compiling thiserror-impl v1.0.56
[INFO] [stderr]    Compiling serde_derive v1.0.194
[INFO] [stderr]    Compiling ckb-fixed-hash-core v0.112.1 (/opt/rustwide/workdir)
[INFO] [stderr]     Finished dev [unoptimized + debuginfo] target(s) in 11.33s
[INFO] running `Command { std: "docker" "inspect" "e0aeb84377412cd960b758a0eae580cb2e2455afcd91f79a895c7dcf042d2dab", kill_on_drop: false }`
[INFO] running `Command { std: "docker" "rm" "-f" "e0aeb84377412cd960b758a0eae580cb2e2455afcd91f79a895c7dcf042d2dab", kill_on_drop: false }`
[INFO] [stdout] e0aeb84377412cd960b758a0eae580cb2e2455afcd91f79a895c7dcf042d2dab
[INFO] running `Command { std: "docker" "create" "-v" "/var/lib/crater-agent-workspace/builds/worker-0-tc1/target:/opt/rustwide/target:rw,Z" "-v" "/var/lib/crater-agent-workspace/builds/worker-0-tc1/source:/opt/rustwide/workdir:ro,Z" "-v" "/var/lib/crater-agent-workspace/cargo-home:/opt/rustwide/cargo-home:ro,Z" "-v" "/var/lib/crater-agent-workspace/rustup-home:/opt/rustwide/rustup-home:ro,Z" "-e" "SOURCE_DIR=/opt/rustwide/workdir" "-e" "CARGO_TARGET_DIR=/opt/rustwide/target" "-e" "CARGO_INCREMENTAL=0" "-e" "RUST_BACKTRACE=full" "-e" "RUSTFLAGS=--cap-lints=warn" "-e" "RUSTDOCFLAGS=--cap-lints=warn" "-e" "CARGO_HOME=/opt/rustwide/cargo-home" "-e" "RUSTUP_HOME=/opt/rustwide/rustup-home" "-w" "/opt/rustwide/workdir" "-m" "1610612736" "--user" "0:0" "--network" "none" "ghcr.io/rust-lang/crates-build-env/linux@sha256:2788e3201cd34a07e3172128adcd8b3090168a8e3bcc40d7c032b9dda1df7d1c" "/opt/rustwide/cargo-home/bin/cargo" "+1.75.0" "test" "--frozen" "--no-run" "--message-format=json", kill_on_drop: false }`
[INFO] [stdout] 1994e15e31ff541dead2c7f447b809d2117e57da1cd0c7308caf36aba4558e43
[INFO] running `Command { std: "docker" "start" "-a" "1994e15e31ff541dead2c7f447b809d2117e57da1cd0c7308caf36aba4558e43", kill_on_drop: false }`
[INFO] [stderr]    Compiling ckb-fixed-hash-core v0.112.1 (/opt/rustwide/workdir)
[INFO] [stdout] error[E0432]: unresolved import `serde_json`
[INFO] [stdout]  --> src/tests/serde.rs:2:5
[INFO] [stdout]   |
[INFO] [stdout] 2 | use serde_json::json;
[INFO] [stdout]   |     ^^^^^^^^^^ use of undeclared crate or module `serde_json`
[INFO] [stdout] 
[INFO] [stdout] 
[INFO] [stdout] error: cannot determine resolution for the macro `json`
[INFO] [stdout]   --> src/tests/serde.rs:15:64
[INFO] [stdout]    |
[INFO] [stdout] 15 |                 let from_serde: $type = serde_json::from_value(json!(simple_0x_str)).unwrap();
[INFO] [stdout]    |                                                                ^^^^
[INFO] [stdout] ...
[INFO] [stdout] 44 | add_tests!(test_h160, H160, 20);
[INFO] [stdout]    | ------------------------------- in this macro invocation
[INFO] [stdout]    |
[INFO] [stdout]    = note: import resolution is stuck, try simplifying macro imports
[INFO] [stdout]    = note: this error originates in the macro `add_tests` (in Nightly builds, run with -Z macro-backtrace for more info)
[INFO] [stdout] 
[INFO] [stdout] 
[INFO] [stdout] error: cannot determine resolution for the macro `json`
[INFO] [stdout]   --> src/tests/serde.rs:21:79
[INFO] [stdout]    |
[INFO] [stdout] 21 |                 let from_serde_res: Result<$type, _> = serde_json::from_value(json!(short_0x_str));
[INFO] [stdout]    |                                                                               ^^^^
[INFO] [stdout] ...
[INFO] [stdout] 44 | add_tests!(test_h160, H160, 20);
[INFO] [stdout]    | ------------------------------- in this macro invocation
[INFO] [stdout]    |
[INFO] [stdout]    = note: import resolution is stuck, try simplifying macro imports
[INFO] [stdout]    = note: this error originates in the macro `add_tests` (in Nightly builds, run with -Z macro-backtrace for more info)
[INFO] [stdout] 
[INFO] [stdout] 
[INFO] [stdout] error: cannot determine resolution for the macro `json`
[INFO] [stdout]   --> src/tests/serde.rs:26:79
[INFO] [stdout]    |
[INFO] [stdout] 26 |                 let from_serde_res: Result<$type, _> = serde_json::from_value(json!(long_0x_str));
[INFO] [stdout]    |                                                                               ^^^^
[INFO] [stdout] ...
[INFO] [stdout] 44 | add_tests!(test_h160, H160, 20);
[INFO] [stdout]    | ------------------------------- in this macro invocation
[INFO] [stdout]    |
[INFO] [stdout]    = note: import resolution is stuck, try simplifying macro imports
[INFO] [stdout]    = note: this error originates in the macro `add_tests` (in Nightly builds, run with -Z macro-backtrace for more info)
[INFO] [stdout] 
[INFO] [stdout] 
[INFO] [stdout] error: cannot determine resolution for the macro `json`
[INFO] [stdout]   --> src/tests/serde.rs:31:79
[INFO] [stdout]    |
[INFO] [stdout] 31 |                 let from_serde_res: Result<$type, _> = serde_json::from_value(json!(invalid_str));
[INFO] [stdout]    |                                                                               ^^^^
[INFO] [stdout] ...
[INFO] [stdout] 44 | add_tests!(test_h160, H160, 20);
[INFO] [stdout]    | ------------------------------- in this macro invocation
[INFO] [stdout]    |
[INFO] [stdout]    = note: import resolution is stuck, try simplifying macro imports
[INFO] [stdout]    = note: this error originates in the macro `add_tests` (in Nightly builds, run with -Z macro-backtrace for more info)
[INFO] [stdout] 
[INFO] [stdout] 
[INFO] [stdout] error: cannot determine resolution for the macro `json`
[INFO] [stdout]   --> src/tests/serde.rs:37:44
[INFO] [stdout]    |
[INFO] [stdout] 37 |                     serde_json::from_value(json!(invalid_0x_str));
[INFO] [stdout]    |                                            ^^^^
[INFO] [stdout] ...
[INFO] [stdout] 44 | add_tests!(test_h160, H160, 20);
[INFO] [stdout]    | ------------------------------- in this macro invocation
[INFO] [stdout]    |
[INFO] [stdout]    = note: import resolution is stuck, try simplifying macro imports
[INFO] [stdout]    = note: this error originates in the macro `add_tests` (in Nightly builds, run with -Z macro-backtrace for more info)
[INFO] [stdout] 
[INFO] [stdout] 
[INFO] [stdout] error: cannot determine resolution for the macro `json`
[INFO] [stdout]   --> src/tests/serde.rs:15:64
[INFO] [stdout]    |
[INFO] [stdout] 15 |                 let from_serde: $type = serde_json::from_value(json!(simple_0x_str)).unwrap();
[INFO] [stdout]    |                                                                ^^^^
[INFO] [stdout] ...
[INFO] [stdout] 45 | add_tests!(test_h256, H256, 32);
[INFO] [stdout]    | ------------------------------- in this macro invocation
[INFO] [stdout]    |
[INFO] [stdout]    = note: import resolution is stuck, try simplifying macro imports
[INFO] [stdout]    = note: this error originates in the macro `add_tests` (in Nightly builds, run with -Z macro-backtrace for more info)
[INFO] [stdout] 
[INFO] [stdout] 
[INFO] [stdout] error: cannot determine resolution for the macro `json`
[INFO] [stdout]   --> src/tests/serde.rs:21:79
[INFO] [stdout]    |
[INFO] [stdout] 21 |                 let from_serde_res: Result<$type, _> = serde_json::from_value(json!(short_0x_str));
[INFO] [stdout]    |                                                                               ^^^^
[INFO] [stdout] ...
[INFO] [stdout] 45 | add_tests!(test_h256, H256, 32);
[INFO] [stdout]    | ------------------------------- in this macro invocation
[INFO] [stdout]    |
[INFO] [stdout]    = note: import resolution is stuck, try simplifying macro imports
[INFO] [stdout]    = note: this error originates in the macro `add_tests` (in Nightly builds, run with -Z macro-backtrace for more info)
[INFO] [stdout] 
[INFO] [stdout] 
[INFO] [stdout] error: cannot determine resolution for the macro `json`
[INFO] [stdout]   --> src/tests/serde.rs:26:79
[INFO] [stdout]    |
[INFO] [stdout] 26 |                 let from_serde_res: Result<$type, _> = serde_json::from_value(json!(long_0x_str));
[INFO] [stdout]    |                                                                               ^^^^
[INFO] [stdout] ...
[INFO] [stdout] 45 | add_tests!(test_h256, H256, 32);
[INFO] [stdout]    | ------------------------------- in this macro invocation
[INFO] [stdout]    |
[INFO] [stdout]    = note: import resolution is stuck, try simplifying macro imports
[INFO] [stdout]    = note: this error originates in the macro `add_tests` (in Nightly builds, run with -Z macro-backtrace for more info)
[INFO] [stdout] 
[INFO] [stdout] 
[INFO] [stdout] error: cannot determine resolution for the macro `json`
[INFO] [stdout]   --> src/tests/serde.rs:31:79
[INFO] [stdout]    |
[INFO] [stdout] 31 |                 let from_serde_res: Result<$type, _> = serde_json::from_value(json!(invalid_str));
[INFO] [stdout]    |                                                                               ^^^^
[INFO] [stdout] ...
[INFO] [stdout] 45 | add_tests!(test_h256, H256, 32);
[INFO] [stdout]    | ------------------------------- in this macro invocation
[INFO] [stdout]    |
[INFO] [stdout]    = note: import resolution is stuck, try simplifying macro imports
[INFO] [stdout]    = note: this error originates in the macro `add_tests` (in Nightly builds, run with -Z macro-backtrace for more info)
[INFO] [stdout] 
[INFO] [stdout] 
[INFO] [stdout] error: cannot determine resolution for the macro `json`
[INFO] [stdout]   --> src/tests/serde.rs:37:44
[INFO] [stdout]    |
[INFO] [stdout] 37 |                     serde_json::from_value(json!(invalid_0x_str));
[INFO] [stdout]    |                                            ^^^^
[INFO] [stdout] ...
[INFO] [stdout] 45 | add_tests!(test_h256, H256, 32);
[INFO] [stdout]    | ------------------------------- in this macro invocation
[INFO] [stdout]    |
[INFO] [stdout]    = note: import resolution is stuck, try simplifying macro imports
[INFO] [stdout]    = note: this error originates in the macro `add_tests` (in Nightly builds, run with -Z macro-backtrace for more info)
[INFO] [stdout] 
[INFO] [stdout] 
[INFO] [stdout] error: cannot determine resolution for the macro `json`
[INFO] [stdout]   --> src/tests/serde.rs:15:64
[INFO] [stdout]    |
[INFO] [stdout] 15 |                 let from_serde: $type = serde_json::from_value(json!(simple_0x_str)).unwrap();
[INFO] [stdout]    |                                                                ^^^^
[INFO] [stdout] ...
[INFO] [stdout] 46 | add_tests!(test_h512, H512, 64);
[INFO] [stdout]    | ------------------------------- in this macro invocation
[INFO] [stdout]    |
[INFO] [stdout]    = note: import resolution is stuck, try simplifying macro imports
[INFO] [stdout]    = note: this error originates in the macro `add_tests` (in Nightly builds, run with -Z macro-backtrace for more info)
[INFO] [stdout] 
[INFO] [stdout] 
[INFO] [stdout] error: cannot determine resolution for the macro `json`
[INFO] [stdout]   --> src/tests/serde.rs:21:79
[INFO] [stdout]    |
[INFO] [stdout] 21 |                 let from_serde_res: Result<$type, _> = serde_json::from_value(json!(short_0x_str));
[INFO] [stdout]    |                                                                               ^^^^
[INFO] [stdout] ...
[INFO] [stdout] 46 | add_tests!(test_h512, H512, 64);
[INFO] [stdout]    | ------------------------------- in this macro invocation
[INFO] [stdout]    |
[INFO] [stdout]    = note: import resolution is stuck, try simplifying macro imports
[INFO] [stdout]    = note: this error originates in the macro `add_tests` (in Nightly builds, run with -Z macro-backtrace for more info)
[INFO] [stdout] 
[INFO] [stdout] 
[INFO] [stdout] error: cannot determine resolution for the macro `json`
[INFO] [stdout]   --> src/tests/serde.rs:26:79
[INFO] [stdout]    |
[INFO] [stdout] 26 |                 let from_serde_res: Result<$type, _> = serde_json::from_value(json!(long_0x_str));
[INFO] [stdout]    |                                                                               ^^^^
[INFO] [stdout] ...
[INFO] [stdout] 46 | add_tests!(test_h512, H512, 64);
[INFO] [stdout]    | ------------------------------- in this macro invocation
[INFO] [stdout]    |
[INFO] [stdout]    = note: import resolution is stuck, try simplifying macro imports
[INFO] [stdout]    = note: this error originates in the macro `add_tests` (in Nightly builds, run with -Z macro-backtrace for more info)
[INFO] [stdout] 
[INFO] [stdout] 
[INFO] [stdout] error: cannot determine resolution for the macro `json`
[INFO] [stdout]   --> src/tests/serde.rs:31:79
[INFO] [stdout]    |
[INFO] [stdout] 31 |                 let from_serde_res: Result<$type, _> = serde_json::from_value(json!(invalid_str));
[INFO] [stdout]    |                                                                               ^^^^
[INFO] [stdout] ...
[INFO] [stdout] 46 | add_tests!(test_h512, H512, 64);
[INFO] [stdout]    | ------------------------------- in this macro invocation
[INFO] [stdout]    |
[INFO] [stdout]    = note: import resolution is stuck, try simplifying macro imports
[INFO] [stdout]    = note: this error originates in the macro `add_tests` (in Nightly builds, run with -Z macro-backtrace for more info)
[INFO] [stdout] 
[INFO] [stdout] 
[INFO] [stdout] error: cannot determine resolution for the macro `json`
[INFO] [stdout]   --> src/tests/serde.rs:37:44
[INFO] [stdout]    |
[INFO] [stdout] 37 |                     serde_json::from_value(json!(invalid_0x_str));
[INFO] [stdout]    |                                            ^^^^
[INFO] [stdout] ...
[INFO] [stdout] 46 | add_tests!(test_h512, H512, 64);
[INFO] [stdout]    | ------------------------------- in this macro invocation
[INFO] [stdout]    |
[INFO] [stdout]    = note: import resolution is stuck, try simplifying macro imports
[INFO] [stdout]    = note: this error originates in the macro `add_tests` (in Nightly builds, run with -Z macro-backtrace for more info)
[INFO] [stdout] 
[INFO] [stdout] 
[INFO] [stdout] error: cannot determine resolution for the macro `json`
[INFO] [stdout]   --> src/tests/serde.rs:15:64
[INFO] [stdout]    |
[INFO] [stdout] 15 |                 let from_serde: $type = serde_json::from_value(json!(simple_0x_str)).unwrap();
[INFO] [stdout]    |                                                                ^^^^
[INFO] [stdout] ...
[INFO] [stdout] 47 | add_tests!(test_h520, H520, 65);
[INFO] [stdout]    | ------------------------------- in this macro invocation
[INFO] [stdout]    |
[INFO] [stdout]    = note: import resolution is stuck, try simplifying macro imports
[INFO] [stdout]    = note: this error originates in the macro `add_tests` (in Nightly builds, run with -Z macro-backtrace for more info)
[INFO] [stdout] 
[INFO] [stdout] 
[INFO] [stdout] error: cannot determine resolution for the macro `json`
[INFO] [stdout]   --> src/tests/serde.rs:21:79
[INFO] [stdout]    |
[INFO] [stdout] 21 |                 let from_serde_res: Result<$type, _> = serde_json::from_value(json!(short_0x_str));
[INFO] [stdout]    |                                                                               ^^^^
[INFO] [stdout] ...
[INFO] [stdout] 47 | add_tests!(test_h520, H520, 65);
[INFO] [stdout]    | ------------------------------- in this macro invocation
[INFO] [stdout]    |
[INFO] [stdout]    = note: import resolution is stuck, try simplifying macro imports
[INFO] [stdout]    = note: this error originates in the macro `add_tests` (in Nightly builds, run with -Z macro-backtrace for more info)
[INFO] [stdout] 
[INFO] [stdout] 
[INFO] [stdout] error: cannot determine resolution for the macro `json`
[INFO] [stdout]   --> src/tests/serde.rs:26:79
[INFO] [stdout]    |
[INFO] [stdout] 26 |                 let from_serde_res: Result<$type, _> = serde_json::from_value(json!(long_0x_str));
[INFO] [stdout]    |                                                                               ^^^^
[INFO] [stdout] ...
[INFO] [stdout] 47 | add_tests!(test_h520, H520, 65);
[INFO] [stdout]    | ------------------------------- in this macro invocation
[INFO] [stdout]    |
[INFO] [stdout]    = note: import resolution is stuck, try simplifying macro imports
[INFO] [stdout]    = note: this error originates in the macro `add_tests` (in Nightly builds, run with -Z macro-backtrace for more info)
[INFO] [stdout] 
[INFO] [stdout] 
[INFO] [stdout] error: cannot determine resolution for the macro `json`
[INFO] [stdout]   --> src/tests/serde.rs:31:79
[INFO] [stdout]    |
[INFO] [stdout] 31 |                 let from_serde_res: Result<$type, _> = serde_json::from_value(json!(invalid_str));
[INFO] [stdout]    |                                                                               ^^^^
[INFO] [stdout] ...
[INFO] [stdout] 47 | add_tests!(test_h520, H520, 65);
[INFO] [stdout]    | ------------------------------- in this macro invocation
[INFO] [stdout]    |
[INFO] [stdout]    = note: import resolution is stuck, try simplifying macro imports
[INFO] [stdout]    = note: this error originates in the macro `add_tests` (in Nightly builds, run with -Z macro-backtrace for more info)
[INFO] [stdout] 
[INFO] [stdout] 
[INFO] [stdout] error: cannot determine resolution for the macro `json`
[INFO] [stdout]   --> src/tests/serde.rs:37:44
[INFO] [stdout]    |
[INFO] [stdout] 37 |                     serde_json::from_value(json!(invalid_0x_str));
[INFO] [stdout]    |                                            ^^^^
[INFO] [stdout] ...
[INFO] [stdout] 47 | add_tests!(test_h520, H520, 65);
[INFO] [stdout]    | ------------------------------- in this macro invocation
[INFO] [stdout]    |
[INFO] [stdout]    = note: import resolution is stuck, try simplifying macro imports
[INFO] [stdout]    = note: this error originates in the macro `add_tests` (in Nightly builds, run with -Z macro-backtrace for more info)
[INFO] [stdout] 
[INFO] [stdout] 
[INFO] [stdout] error[E0433]: failed to resolve: use of undeclared crate or module `serde_json`
[INFO] [stdout]   --> src/tests/serde.rs:15:41
[INFO] [stdout]    |
[INFO] [stdout] 15 |                 let from_serde: $type = serde_json::from_value(json!(simple_0x_str)).unwrap();
[INFO] [stdout]    |                                         ^^^^^^^^^^ use of undeclared crate or module `serde_json`
[INFO] [stdout] ...
[INFO] [stdout] 44 | add_tests!(test_h160, H160, 20);
[INFO] [stdout]    | ------------------------------- in this macro invocation
[INFO] [stdout]    |
[INFO] [stdout]    = note: this error originates in the macro `add_tests` (in Nightly builds, run with -Z macro-backtrace for more info)
[INFO] [stdout] 
[INFO] [stdout] 
[INFO] [stdout] error[E0433]: failed to resolve: use of undeclared crate or module `serde_json`
[INFO] [stdout]   --> src/tests/serde.rs:21:56
[INFO] [stdout]    |
[INFO] [stdout] 21 |                 let from_serde_res: Result<$type, _> = serde_json::from_value(json!(short_0x_str));
[INFO] [stdout]    |                                                        ^^^^^^^^^^ use of undeclared crate or module `serde_json`
[INFO] [stdout] ...
[INFO] [stdout] 44 | add_tests!(test_h160, H160, 20);
[INFO] [stdout]    | ------------------------------- in this macro invocation
[INFO] [stdout]    |
[INFO] [stdout]    = note: this error originates in the macro `add_tests` (in Nightly builds, run with -Z macro-backtrace for more info)
[INFO] [stdout] 
[INFO] [stdout] 
[INFO] [stdout] error[E0433]: failed to resolve: use of undeclared crate or module `serde_json`
[INFO] [stdout]   --> src/tests/serde.rs:26:56
[INFO] [stdout]    |
[INFO] [stdout] 26 |                 let from_serde_res: Result<$type, _> = serde_json::from_value(json!(long_0x_str));
[INFO] [stdout]    |                                                        ^^^^^^^^^^ use of undeclared crate or module `serde_json`
[INFO] [stdout] ...
[INFO] [stdout] 44 | add_tests!(test_h160, H160, 20);
[INFO] [stdout]    | ------------------------------- in this macro invocation
[INFO] [stdout]    |
[INFO] [stdout]    = note: this error originates in the macro `add_tests` (in Nightly builds, run with -Z macro-backtrace for more info)
[INFO] [stdout] 
[INFO] [stdout] 
[INFO] [stdout] error[E0433]: failed to resolve: use of undeclared crate or module `serde_json`
[INFO] [stdout]   --> src/tests/serde.rs:31:56
[INFO] [stdout]    |
[INFO] [stdout] 31 |                 let from_serde_res: Result<$type, _> = serde_json::from_value(json!(invalid_str));
[INFO] [stdout]    |                                                        ^^^^^^^^^^ use of undeclared crate or module `serde_json`
[INFO] [stdout] ...
[INFO] [stdout] 44 | add_tests!(test_h160, H160, 20);
[INFO] [stdout]    | ------------------------------- in this macro invocation
[INFO] [stdout]    |
[INFO] [stdout]    = note: this error originates in the macro `add_tests` (in Nightly builds, run with -Z macro-backtrace for more info)
[INFO] [stdout] 
[INFO] [stdout] 
[INFO] [stdout] error[E0433]: failed to resolve: use of undeclared crate or module `serde_json`
[INFO] [stdout]   --> src/tests/serde.rs:37:21
[INFO] [stdout]    |
[INFO] [stdout] 37 |                     serde_json::from_value(json!(invalid_0x_str));
[INFO] [stdout]    |                     ^^^^^^^^^^ use of undeclared crate or module `serde_json`
[INFO] [stdout] ...
[INFO] [stdout] 44 | add_tests!(test_h160, H160, 20);
[INFO] [stdout]    | ------------------------------- in this macro invocation
[INFO] [stdout]    |
[INFO] [stdout]    = note: this error originates in the macro `add_tests` (in Nightly builds, run with -Z macro-backtrace for more info)
[INFO] [stdout] 
[INFO] [stdout] 
[INFO] [stdout] error[E0433]: failed to resolve: use of undeclared crate or module `serde_json`
[INFO] [stdout]   --> src/tests/serde.rs:15:41
[INFO] [stdout]    |
[INFO] [stdout] 15 |                 let from_serde: $type = serde_json::from_value(json!(simple_0x_str)).unwrap();
[INFO] [stdout]    |                                         ^^^^^^^^^^ use of undeclared crate or module `serde_json`
[INFO] [stdout] ...
[INFO] [stdout] 45 | add_tests!(test_h256, H256, 32);
[INFO] [stdout]    | ------------------------------- in this macro invocation
[INFO] [stdout]    |
[INFO] [stdout]    = note: this error originates in the macro `add_tests` (in Nightly builds, run with -Z macro-backtrace for more info)
[INFO] [stdout] 
[INFO] [stdout] 
[INFO] [stdout] error[E0433]: failed to resolve: use of undeclared crate or module `serde_json`
[INFO] [stdout]   --> src/tests/serde.rs:21:56
[INFO] [stdout]    |
[INFO] [stdout] 21 |                 let from_serde_res: Result<$type, _> = serde_json::from_value(json!(short_0x_str));
[INFO] [stdout]    |                                                        ^^^^^^^^^^ use of undeclared crate or module `serde_json`
[INFO] [stdout] ...
[INFO] [stdout] 45 | add_tests!(test_h256, H256, 32);
[INFO] [stdout]    | ------------------------------- in this macro invocation
[INFO] [stdout]    |
[INFO] [stdout]    = note: this error originates in the macro `add_tests` (in Nightly builds, run with -Z macro-backtrace for more info)
[INFO] [stdout] 
[INFO] [stdout] 
[INFO] [stdout] error[E0433]: failed to resolve: use of undeclared crate or module `serde_json`
[INFO] [stdout]   --> src/tests/serde.rs:26:56
[INFO] [stdout]    |
[INFO] [stdout] 26 |                 let from_serde_res: Result<$type, _> = serde_json::from_value(json!(long_0x_str));
[INFO] [stdout]    |                                                        ^^^^^^^^^^ use of undeclared crate or module `serde_json`
[INFO] [stdout] ...
[INFO] [stdout] 45 | add_tests!(test_h256, H256, 32);
[INFO] [stdout]    | ------------------------------- in this macro invocation
[INFO] [stdout]    |
[INFO] [stdout]    = note: this error originates in the macro `add_tests` (in Nightly builds, run with -Z macro-backtrace for more info)
[INFO] [stdout] 
[INFO] [stdout] 
[INFO] [stdout] error[E0433]: failed to resolve: use of undeclared crate or module `serde_json`
[INFO] [stdout]   --> src/tests/serde.rs:31:56
[INFO] [stdout]    |
[INFO] [stdout] 31 |                 let from_serde_res: Result<$type, _> = serde_json::from_value(json!(invalid_str));
[INFO] [stdout]    |                                                        ^^^^^^^^^^ use of undeclared crate or module `serde_json`
[INFO] [stdout] ...
[INFO] [stdout] 45 | add_tests!(test_h256, H256, 32);
[INFO] [stdout]    | ------------------------------- in this macro invocation
[INFO] [stdout]    |
[INFO] [stdout]    = note: this error originates in the macro `add_tests` (in Nightly builds, run with -Z macro-backtrace for more info)
[INFO] [stdout] 
[INFO] [stdout] 
[INFO] [stdout] error[E0433]: failed to resolve: use of undeclared crate or module `serde_json`
[INFO] [stdout]   --> src/tests/serde.rs:37:21
[INFO] [stdout]    |
[INFO] [stdout] 37 |                     serde_json::from_value(json!(invalid_0x_str));
[INFO] [stdout]    |                     ^^^^^^^^^^ use of undeclared crate or module `serde_json`
[INFO] [stdout] ...
[INFO] [stdout] 45 | add_tests!(test_h256, H256, 32);
[INFO] [stdout]    | ------------------------------- in this macro invocation
[INFO] [stdout]    |
[INFO] [stdout]    = note: this error originates in the macro `add_tests` (in Nightly builds, run with -Z macro-backtrace for more info)
[INFO] [stdout] 
[INFO] [stdout] 
[INFO] [stdout] error[E0433]: failed to resolve: use of undeclared crate or module `serde_json`
[INFO] [stdout]   --> src/tests/serde.rs:15:41
[INFO] [stdout]    |
[INFO] [stdout] 15 |                 let from_serde: $type = serde_json::from_value(json!(simple_0x_str)).unwrap();
[INFO] [stdout]    |                                         ^^^^^^^^^^ use of undeclared crate or module `serde_json`
[INFO] [stdout] ...
[INFO] [stdout] 46 | add_tests!(test_h512, H512, 64);
[INFO] [stdout]    | ------------------------------- in this macro invocation
[INFO] [stdout]    |
[INFO] [stdout]    = note: this error originates in the macro `add_tests` (in Nightly builds, run with -Z macro-backtrace for more info)
[INFO] [stdout] 
[INFO] [stdout] 
[INFO] [stdout] error[E0433]: failed to resolve: use of undeclared crate or module `serde_json`
[INFO] [stdout]   --> src/tests/serde.rs:21:56
[INFO] [stdout]    |
[INFO] [stdout] 21 |                 let from_serde_res: Result<$type, _> = serde_json::from_value(json!(short_0x_str));
[INFO] [stdout]    |                                                        ^^^^^^^^^^ use of undeclared crate or module `serde_json`
[INFO] [stdout] ...
[INFO] [stdout] 46 | add_tests!(test_h512, H512, 64);
[INFO] [stdout]    | ------------------------------- in this macro invocation
[INFO] [stdout]    |
[INFO] [stdout]    = note: this error originates in the macro `add_tests` (in Nightly builds, run with -Z macro-backtrace for more info)
[INFO] [stdout] 
[INFO] [stdout] 
[INFO] [stdout] error[E0433]: failed to resolve: use of undeclared crate or module `serde_json`
[INFO] [stdout]   --> src/tests/serde.rs:26:56
[INFO] [stdout]    |
[INFO] [stdout] 26 |                 let from_serde_res: Result<$type, _> = serde_json::from_value(json!(long_0x_str));
[INFO] [stdout]    |                                                        ^^^^^^^^^^ use of undeclared crate or module `serde_json`
[INFO] [stdout] ...
[INFO] [stdout] 46 | add_tests!(test_h512, H512, 64);
[INFO] [stdout]    | ------------------------------- in this macro invocation
[INFO] [stdout]    |
[INFO] [stdout]    = note: this error originates in the macro `add_tests` (in Nightly builds, run with -Z macro-backtrace for more info)
[INFO] [stdout] 
[INFO] [stdout] 
[INFO] [stdout] error[E0433]: failed to resolve: use of undeclared crate or module `serde_json`
[INFO] [stdout]   --> src/tests/serde.rs:31:56
[INFO] [stdout]    |
[INFO] [stdout] 31 |                 let from_serde_res: Result<$type, _> = serde_json::from_value(json!(invalid_str));
[INFO] [stdout]    |                                                        ^^^^^^^^^^ use of undeclared crate or module `serde_json`
[INFO] [stdout] ...
[INFO] [stdout] 46 | add_tests!(test_h512, H512, 64);
[INFO] [stdout]    | ------------------------------- in this macro invocation
[INFO] [stdout]    |
[INFO] [stdout]    = note: this error originates in the macro `add_tests` (in Nightly builds, run with -Z macro-backtrace for more info)
[INFO] [stdout] 
[INFO] [stdout] 
[INFO] [stdout] error[E0433]: failed to resolve: use of undeclared crate or module `serde_json`
[INFO] [stdout]   --> src/tests/serde.rs:37:21
[INFO] [stdout]    |
[INFO] [stdout] 37 |                     serde_json::from_value(json!(invalid_0x_str));
[INFO] [stdout]    |                     ^^^^^^^^^^ use of undeclared crate or module `serde_json`
[INFO] [stdout] ...
[INFO] [stdout] 46 | add_tests!(test_h512, H512, 64);
[INFO] [stdout]    | ------------------------------- in this macro invocation
[INFO] [stdout]    |
[INFO] [stdout]    = note: this error originates in the macro `add_tests` (in Nightly builds, run with -Z macro-backtrace for more info)
[INFO] [stdout] 
[INFO] [stdout] 
[INFO] [stdout] error[E0433]: failed to resolve: use of undeclared crate or module `serde_json`
[INFO] [stdout]   --> src/tests/serde.rs:15:41
[INFO] [stdout]    |
[INFO] [stdout] 15 |                 let from_serde: $type = serde_json::from_value(json!(simple_0x_str)).unwrap();
[INFO] [stdout]    |                                         ^^^^^^^^^^ use of undeclared crate or module `serde_json`
[INFO] [stdout] ...
[INFO] [stdout] 47 | add_tests!(test_h520, H520, 65);
[INFO] [stdout]    | ------------------------------- in this macro invocation
[INFO] [stdout]    |
[INFO] [stdout]    = note: this error originates in the macro `add_tests` (in Nightly builds, run with -Z macro-backtrace for more info)
[INFO] [stdout] 
[INFO] [stdout] 
[INFO] [stdout] error[E0433]: failed to resolve: use of undeclared crate or module `serde_json`
[INFO] [stdout]   --> src/tests/serde.rs:21:56
[INFO] [stdout]    |
[INFO] [stdout] 21 |                 let from_serde_res: Result<$type, _> = serde_json::from_value(json!(short_0x_str));
[INFO] [stdout]    |                                                        ^^^^^^^^^^ use of undeclared crate or module `serde_json`
[INFO] [stdout] ...
[INFO] [stdout] 47 | add_tests!(test_h520, H520, 65);
[INFO] [stdout]    | ------------------------------- in this macro invocation
[INFO] [stdout]    |
[INFO] [stdout]    = note: this error originates in the macro `add_tests` (in Nightly builds, run with -Z macro-backtrace for more info)
[INFO] [stdout] 
[INFO] [stdout] 
[INFO] [stdout] error[E0433]: failed to resolve: use of undeclared crate or module `serde_json`
[INFO] [stdout]   --> src/tests/serde.rs:26:56
[INFO] [stdout]    |
[INFO] [stdout] 26 |                 let from_serde_res: Result<$type, _> = serde_json::from_value(json!(long_0x_str));
[INFO] [stdout]    |                                                        ^^^^^^^^^^ use of undeclared crate or module `serde_json`
[INFO] [stdout] ...
[INFO] [stdout] 47 | add_tests!(test_h520, H520, 65);
[INFO] [stdout]    | ------------------------------- in this macro invocation
[INFO] [stdout]    |
[INFO] [stdout]    = note: this error originates in the macro `add_tests` (in Nightly builds, run with -Z macro-backtrace for more info)
[INFO] [stdout] 
[INFO] [stdout] 
[INFO] [stdout] error[E0433]: failed to resolve: use of undeclared crate or module `serde_json`
[INFO] [stdout]   --> src/tests/serde.rs:31:56
[INFO] [stdout]    |
[INFO] [stdout] 31 |                 let from_serde_res: Result<$type, _> = serde_json::from_value(json!(invalid_str));
[INFO] [stdout]    |                                                        ^^^^^^^^^^ use of undeclared crate or module `serde_json`
[INFO] [stdout] ...
[INFO] [stdout] 47 | add_tests!(test_h520, H520, 65);
[INFO] [stdout]    | ------------------------------- in this macro invocation
[INFO] [stdout]    |
[INFO] [stdout]    = note: this error originates in the macro `add_tests` (in Nightly builds, run with -Z macro-backtrace for more info)
[INFO] [stdout] 
[INFO] [stdout] 
[INFO] [stdout] error[E0433]: failed to resolve: use of undeclared crate or module `serde_json`
[INFO] [stdout]   --> src/tests/serde.rs:37:21
[INFO] [stdout]    |
[INFO] [stdout] 37 |                     serde_json::from_value(json!(invalid_0x_str));
[INFO] [stdout]    |                     ^^^^^^^^^^ use of undeclared crate or module `serde_json`
[INFO] [stdout] ...
[INFO] [stdout] 47 | add_tests!(test_h520, H520, 65);
[INFO] [stdout]    | ------------------------------- in this macro invocation
[INFO] [stdout]    |
[INFO] [stdout]    = note: this error originates in the macro `add_tests` (in Nightly builds, run with -Z macro-backtrace for more info)
[INFO] [stdout] 
[INFO] [stdout] 
[INFO] [stdout] error: aborting due to 41 previous errors
[INFO] [stdout] 
[INFO] [stdout] 
[INFO] [stdout] Some errors have detailed explanations: E0432, E0433.
[INFO] [stdout] 
[INFO] [stdout] For more information about an error, try `rustc --explain E0432`.
[INFO] [stdout] 
[INFO] [stderr] error: could not compile `ckb-fixed-hash-core` (lib test) due to 42 previous errors
[INFO] running `Command { std: "docker" "inspect" "1994e15e31ff541dead2c7f447b809d2117e57da1cd0c7308caf36aba4558e43", kill_on_drop: false }`
[INFO] running `Command { std: "docker" "rm" "-f" "1994e15e31ff541dead2c7f447b809d2117e57da1cd0c7308caf36aba4558e43", kill_on_drop: false }`
[INFO] [stdout] 1994e15e31ff541dead2c7f447b809d2117e57da1cd0c7308caf36aba4558e43
[INFO] testing ckb-fixed-hash-core-0.112.1 against beta-2023-12-22 for beta-1.76-1
[INFO] extracting crate ckb-fixed-hash-core 0.112.1 into /workspace/builds/worker-0-tc2/source
[INFO] validating manifest of crates.io crate ckb-fixed-hash-core 0.112.1 on toolchain beta-2023-12-22
[INFO] running `Command { std: CARGO_HOME="/workspace/cargo-home" RUSTUP_HOME="/workspace/rustup-home" "/workspace/cargo-home/bin/cargo" "+beta-2023-12-22" "metadata" "--manifest-path" "Cargo.toml" "--no-deps", kill_on_drop: false }`
[INFO] started tweaking crates.io crate ckb-fixed-hash-core 0.112.1
[INFO] finished tweaking crates.io crate ckb-fixed-hash-core 0.112.1
[INFO] tweaked toml for crates.io crate ckb-fixed-hash-core 0.112.1 written to /workspace/builds/worker-0-tc2/source/Cargo.toml
[INFO] running `Command { std: CARGO_HOME="/workspace/cargo-home" RUSTUP_HOME="/workspace/rustup-home" "/workspace/cargo-home/bin/cargo" "+beta-2023-12-22" "generate-lockfile" "--manifest-path" "Cargo.toml", kill_on_drop: false }`
[INFO] [stderr]     Updating crates.io index
[INFO] running `Command { std: CARGO_HOME="/workspace/cargo-home" RUSTUP_HOME="/workspace/rustup-home" "/workspace/cargo-home/bin/cargo" "+beta-2023-12-22" "fetch" "--manifest-path" "Cargo.toml", kill_on_drop: false }`
[INFO] running `Command { std: "docker" "create" "-v" "/var/lib/crater-agent-workspace/builds/worker-0-tc2/target:/opt/rustwide/target:rw,Z" "-v" "/var/lib/crater-agent-workspace/builds/worker-0-tc2/source:/opt/rustwide/workdir:ro,Z" "-v" "/var/lib/crater-agent-workspace/cargo-home:/opt/rustwide/cargo-home:ro,Z" "-v" "/var/lib/crater-agent-workspace/rustup-home:/opt/rustwide/rustup-home:ro,Z" "-e" "SOURCE_DIR=/opt/rustwide/workdir" "-e" "CARGO_TARGET_DIR=/opt/rustwide/target" "-e" "CARGO_HOME=/opt/rustwide/cargo-home" "-e" "RUSTUP_HOME=/opt/rustwide/rustup-home" "-w" "/opt/rustwide/workdir" "-m" "1610612736" "--user" "0:0" "--network" "none" "ghcr.io/rust-lang/crates-build-env/linux@sha256:2788e3201cd34a07e3172128adcd8b3090168a8e3bcc40d7c032b9dda1df7d1c" "/opt/rustwide/cargo-home/bin/cargo" "+beta-2023-12-22" "metadata" "--no-deps" "--format-version=1", kill_on_drop: false }`
[INFO] [stdout] f1b0c0265d75309bb15fa93a75b66dba63d88c53c2cb5e6b43c70863f0955391
[INFO] running `Command { std: "docker" "start" "-a" "f1b0c0265d75309bb15fa93a75b66dba63d88c53c2cb5e6b43c70863f0955391", kill_on_drop: false }`
[INFO] running `Command { std: "docker" "inspect" "f1b0c0265d75309bb15fa93a75b66dba63d88c53c2cb5e6b43c70863f0955391", kill_on_drop: false }`
[INFO] running `Command { std: "docker" "rm" "-f" "f1b0c0265d75309bb15fa93a75b66dba63d88c53c2cb5e6b43c70863f0955391", kill_on_drop: false }`
[INFO] [stdout] f1b0c0265d75309bb15fa93a75b66dba63d88c53c2cb5e6b43c70863f0955391
[INFO] running `Command { std: "docker" "create" "-v" "/var/lib/crater-agent-workspace/builds/worker-0-tc2/target:/opt/rustwide/target:rw,Z" "-v" "/var/lib/crater-agent-workspace/builds/worker-0-tc2/source:/opt/rustwide/workdir:ro,Z" "-v" "/var/lib/crater-agent-workspace/cargo-home:/opt/rustwide/cargo-home:ro,Z" "-v" "/var/lib/crater-agent-workspace/rustup-home:/opt/rustwide/rustup-home:ro,Z" "-e" "SOURCE_DIR=/opt/rustwide/workdir" "-e" "CARGO_TARGET_DIR=/opt/rustwide/target" "-e" "CARGO_INCREMENTAL=0" "-e" "RUST_BACKTRACE=full" "-e" "RUSTFLAGS=--cap-lints=warn" "-e" "RUSTDOCFLAGS=--cap-lints=warn" "-e" "CARGO_HOME=/opt/rustwide/cargo-home" "-e" "RUSTUP_HOME=/opt/rustwide/rustup-home" "-w" "/opt/rustwide/workdir" "-m" "1610612736" "--user" "0:0" "--network" "none" "ghcr.io/rust-lang/crates-build-env/linux@sha256:2788e3201cd34a07e3172128adcd8b3090168a8e3bcc40d7c032b9dda1df7d1c" "/opt/rustwide/cargo-home/bin/cargo" "+beta-2023-12-22" "build" "--frozen" "--message-format=json", kill_on_drop: false }`
[INFO] [stdout] 6fcce0997870287bc118aab3ed9107a36e16cd76f597b7658399e677e98e0186
[INFO] running `Command { std: "docker" "start" "-a" "6fcce0997870287bc118aab3ed9107a36e16cd76f597b7658399e677e98e0186", kill_on_drop: false }`
[INFO] [stderr]    Compiling proc-macro2 v1.0.75
[INFO] [stderr]    Compiling unicode-ident v1.0.12
[INFO] [stderr]    Compiling thiserror v1.0.56
[INFO] [stderr]    Compiling serde v1.0.194
[INFO] [stderr]    Compiling faster-hex v0.6.1
[INFO] [stderr]    Compiling quote v1.0.35
[INFO] [stderr]    Compiling syn v2.0.48
[INFO] [stderr]    Compiling serde_derive v1.0.194
[INFO] [stderr]    Compiling thiserror-impl v1.0.56
[INFO] [stderr]    Compiling ckb-fixed-hash-core v0.112.1 (/opt/rustwide/workdir)
[INFO] [stderr]     Finished dev [unoptimized + debuginfo] target(s) in 11.51s
[INFO] running `Command { std: "docker" "inspect" "6fcce0997870287bc118aab3ed9107a36e16cd76f597b7658399e677e98e0186", kill_on_drop: false }`
[INFO] running `Command { std: "docker" "rm" "-f" "6fcce0997870287bc118aab3ed9107a36e16cd76f597b7658399e677e98e0186", kill_on_drop: false }`
[INFO] [stdout] 6fcce0997870287bc118aab3ed9107a36e16cd76f597b7658399e677e98e0186
[INFO] running `Command { std: "docker" "create" "-v" "/var/lib/crater-agent-workspace/builds/worker-0-tc2/target:/opt/rustwide/target:rw,Z" "-v" "/var/lib/crater-agent-workspace/builds/worker-0-tc2/source:/opt/rustwide/workdir:ro,Z" "-v" "/var/lib/crater-agent-workspace/cargo-home:/opt/rustwide/cargo-home:ro,Z" "-v" "/var/lib/crater-agent-workspace/rustup-home:/opt/rustwide/rustup-home:ro,Z" "-e" "SOURCE_DIR=/opt/rustwide/workdir" "-e" "CARGO_TARGET_DIR=/opt/rustwide/target" "-e" "CARGO_INCREMENTAL=0" "-e" "RUST_BACKTRACE=full" "-e" "RUSTFLAGS=--cap-lints=warn" "-e" "RUSTDOCFLAGS=--cap-lints=warn" "-e" "CARGO_HOME=/opt/rustwide/cargo-home" "-e" "RUSTUP_HOME=/opt/rustwide/rustup-home" "-w" "/opt/rustwide/workdir" "-m" "1610612736" "--user" "0:0" "--network" "none" "ghcr.io/rust-lang/crates-build-env/linux@sha256:2788e3201cd34a07e3172128adcd8b3090168a8e3bcc40d7c032b9dda1df7d1c" "/opt/rustwide/cargo-home/bin/cargo" "+beta-2023-12-22" "test" "--frozen" "--no-run" "--message-format=json", kill_on_drop: false }`
[INFO] [stdout] f15002be734b6f51fbf98669c05142a05b80b334cfd33de1f56c0d09d37b4cb1
[INFO] running `Command { std: "docker" "start" "-a" "f15002be734b6f51fbf98669c05142a05b80b334cfd33de1f56c0d09d37b4cb1", kill_on_drop: false }`
[INFO] [stderr]    Compiling ckb-fixed-hash-core v0.112.1 (/opt/rustwide/workdir)
[INFO] [stdout] error[E0432]: unresolved import `serde_json`
[INFO] [stdout]  --> src/tests/serde.rs:2:5
[INFO] [stdout]   |
[INFO] [stdout] 2 | use serde_json::json;
[INFO] [stdout]   |     ^^^^^^^^^^ use of undeclared crate or module `serde_json`
[INFO] [stdout] 
[INFO] [stdout] 
[INFO] [stdout] error: cannot determine resolution for the macro `json`
[INFO] [stdout]   --> src/tests/serde.rs:15:64
[INFO] [stdout]    |
[INFO] [stdout] 15 |                 let from_serde: $type = serde_json::from_value(json!(simple_0x_str)).unwrap();
[INFO] [stdout]    |                                                                ^^^^
[INFO] [stdout] ...
[INFO] [stdout] 44 | add_tests!(test_h160, H160, 20);
[INFO] [stdout]    | ------------------------------- in this macro invocation
[INFO] [stdout]    |
[INFO] [stdout]    = note: import resolution is stuck, try simplifying macro imports
[INFO] [stdout]    = note: this error originates in the macro `add_tests` (in Nightly builds, run with -Z macro-backtrace for more info)
[INFO] [stdout] 
[INFO] [stdout] 
[INFO] [stdout] error: cannot determine resolution for the macro `json`
[INFO] [stdout]   --> src/tests/serde.rs:21:79
[INFO] [stdout]    |
[INFO] [stdout] 21 |                 let from_serde_res: Result<$type, _> = serde_json::from_value(json!(short_0x_str));
[INFO] [stdout]    |                                                                               ^^^^
[INFO] [stdout] ...
[INFO] [stdout] 44 | add_tests!(test_h160, H160, 20);
[INFO] [stdout]    | ------------------------------- in this macro invocation
[INFO] [stdout]    |
[INFO] [stdout]    = note: import resolution is stuck, try simplifying macro imports
[INFO] [stdout]    = note: this error originates in the macro `add_tests` (in Nightly builds, run with -Z macro-backtrace for more info)
[INFO] [stdout] 
[INFO] [stdout] 
[INFO] [stdout] error: cannot determine resolution for the macro `json`
[INFO] [stdout]   --> src/tests/serde.rs:26:79
[INFO] [stdout]    |
[INFO] [stdout] 26 |                 let from_serde_res: Result<$type, _> = serde_json::from_value(json!(long_0x_str));
[INFO] [stdout]    |                                                                               ^^^^
[INFO] [stdout] ...
[INFO] [stdout] 44 | add_tests!(test_h160, H160, 20);
[INFO] [stdout]    | ------------------------------- in this macro invocation
[INFO] [stdout]    |
[INFO] [stdout]    = note: import resolution is stuck, try simplifying macro imports
[INFO] [stdout]    = note: this error originates in the macro `add_tests` (in Nightly builds, run with -Z macro-backtrace for more info)
[INFO] [stdout] 
[INFO] [stdout] 
[INFO] [stdout] error: cannot determine resolution for the macro `json`
[INFO] [stdout]   --> src/tests/serde.rs:31:79
[INFO] [stdout]    |
[INFO] [stdout] 31 |                 let from_serde_res: Result<$type, _> = serde_json::from_value(json!(invalid_str));
[INFO] [stdout]    |                                                                               ^^^^
[INFO] [stdout] ...
[INFO] [stdout] 44 | add_tests!(test_h160, H160, 20);
[INFO] [stdout]    | ------------------------------- in this macro invocation
[INFO] [stdout]    |
[INFO] [stdout]    = note: import resolution is stuck, try simplifying macro imports
[INFO] [stdout]    = note: this error originates in the macro `add_tests` (in Nightly builds, run with -Z macro-backtrace for more info)
[INFO] [stdout] 
[INFO] [stdout] 
[INFO] [stdout] error: cannot determine resolution for the macro `json`
[INFO] [stdout]   --> src/tests/serde.rs:37:44
[INFO] [stdout]    |
[INFO] [stdout] 37 |                     serde_json::from_value(json!(invalid_0x_str));
[INFO] [stdout]    |                                            ^^^^
[INFO] [stdout] ...
[INFO] [stdout] 44 | add_tests!(test_h160, H160, 20);
[INFO] [stdout]    | ------------------------------- in this macro invocation
[INFO] [stdout]    |
[INFO] [stdout]    = note: import resolution is stuck, try simplifying macro imports
[INFO] [stdout]    = note: this error originates in the macro `add_tests` (in Nightly builds, run with -Z macro-backtrace for more info)
[INFO] [stdout] 
[INFO] [stdout] 
[INFO] [stdout] error: cannot determine resolution for the macro `json`
[INFO] [stdout]   --> src/tests/serde.rs:15:64
[INFO] [stdout]    |
[INFO] [stdout] 15 |                 let from_serde: $type = serde_json::from_value(json!(simple_0x_str)).unwrap();
[INFO] [stdout]    |                                                                ^^^^
[INFO] [stdout] ...
[INFO] [stdout] 45 | add_tests!(test_h256, H256, 32);
[INFO] [stdout]    | ------------------------------- in this macro invocation
[INFO] [stdout]    |
[INFO] [stdout]    = note: import resolution is stuck, try simplifying macro imports
[INFO] [stdout]    = note: this error originates in the macro `add_tests` (in Nightly builds, run with -Z macro-backtrace for more info)
[INFO] [stdout] 
[INFO] [stdout] 
[INFO] [stdout] error: cannot determine resolution for the macro `json`
[INFO] [stdout]   --> src/tests/serde.rs:21:79
[INFO] [stdout]    |
[INFO] [stdout] 21 |                 let from_serde_res: Result<$type, _> = serde_json::from_value(json!(short_0x_str));
[INFO] [stdout]    |                                                                               ^^^^
[INFO] [stdout] ...
[INFO] [stdout] 45 | add_tests!(test_h256, H256, 32);
[INFO] [stdout]    | ------------------------------- in this macro invocation
[INFO] [stdout]    |
[INFO] [stdout]    = note: import resolution is stuck, try simplifying macro imports
[INFO] [stdout]    = note: this error originates in the macro `add_tests` (in Nightly builds, run with -Z macro-backtrace for more info)
[INFO] [stdout] 
[INFO] [stdout] 
[INFO] [stdout] error: cannot determine resolution for the macro `json`
[INFO] [stdout]   --> src/tests/serde.rs:26:79
[INFO] [stdout]    |
[INFO] [stdout] 26 |                 let from_serde_res: Result<$type, _> = serde_json::from_value(json!(long_0x_str));
[INFO] [stdout]    |                                                                               ^^^^
[INFO] [stdout] ...
[INFO] [stdout] 45 | add_tests!(test_h256, H256, 32);
[INFO] [stdout]    | ------------------------------- in this macro invocation
[INFO] [stdout]    |
[INFO] [stdout]    = note: import resolution is stuck, try simplifying macro imports
[INFO] [stdout]    = note: this error originates in the macro `add_tests` (in Nightly builds, run with -Z macro-backtrace for more info)
[INFO] [stdout] 
[INFO] [stdout] 
[INFO] [stdout] error: cannot determine resolution for the macro `json`
[INFO] [stdout]   --> src/tests/serde.rs:31:79
[INFO] [stdout]    |
[INFO] [stdout] 31 |                 let from_serde_res: Result<$type, _> = serde_json::from_value(json!(invalid_str));
[INFO] [stdout]    |                                                                               ^^^^
[INFO] [stdout] ...
[INFO] [stdout] 45 | add_tests!(test_h256, H256, 32);
[INFO] [stdout]    | ------------------------------- in this macro invocation
[INFO] [stdout]    |
[INFO] [stdout]    = note: import resolution is stuck, try simplifying macro imports
[INFO] [stdout]    = note: this error originates in the macro `add_tests` (in Nightly builds, run with -Z macro-backtrace for more info)
[INFO] [stdout] 
[INFO] [stdout] 
[INFO] [stdout] error: cannot determine resolution for the macro `json`
[INFO] [stdout]   --> src/tests/serde.rs:37:44
[INFO] [stdout]    |
[INFO] [stdout] 37 |                     serde_json::from_value(json!(invalid_0x_str));
[INFO] [stdout]    |                                            ^^^^
[INFO] [stdout] ...
[INFO] [stdout] 45 | add_tests!(test_h256, H256, 32);
[INFO] [stdout]    | ------------------------------- in this macro invocation
[INFO] [stdout]    |
[INFO] [stdout]    = note: import resolution is stuck, try simplifying macro imports
[INFO] [stdout]    = note: this error originates in the macro `add_tests` (in Nightly builds, run with -Z macro-backtrace for more info)
[INFO] [stdout] 
[INFO] [stdout] 
[INFO] [stdout] error: cannot determine resolution for the macro `json`
[INFO] [stdout]   --> src/tests/serde.rs:15:64
[INFO] [stdout]    |
[INFO] [stdout] 15 |                 let from_serde: $type = serde_json::from_value(json!(simple_0x_str)).unwrap();
[INFO] [stdout]    |                                                                ^^^^
[INFO] [stdout] ...
[INFO] [stdout] 46 | add_tests!(test_h512, H512, 64);
[INFO] [stdout]    | ------------------------------- in this macro invocation
[INFO] [stdout]    |
[INFO] [stdout]    = note: import resolution is stuck, try simplifying macro imports
[INFO] [stdout]    = note: this error originates in the macro `add_tests` (in Nightly builds, run with -Z macro-backtrace for more info)
[INFO] [stdout] 
[INFO] [stdout] 
[INFO] [stdout] error: cannot determine resolution for the macro `json`
[INFO] [stdout]   --> src/tests/serde.rs:21:79
[INFO] [stdout]    |
[INFO] [stdout] 21 |                 let from_serde_res: Result<$type, _> = serde_json::from_value(json!(short_0x_str));
[INFO] [stdout]    |                                                                               ^^^^
[INFO] [stdout] ...
[INFO] [stdout] 46 | add_tests!(test_h512, H512, 64);
[INFO] [stdout]    | ------------------------------- in this macro invocation
[INFO] [stdout]    |
[INFO] [stdout]    = note: import resolution is stuck, try simplifying macro imports
[INFO] [stdout]    = note: this error originates in the macro `add_tests` (in Nightly builds, run with -Z macro-backtrace for more info)
[INFO] [stdout] 
[INFO] [stdout] 
[INFO] [stdout] error: cannot determine resolution for the macro `json`
[INFO] [stdout]   --> src/tests/serde.rs:26:79
[INFO] [stdout]    |
[INFO] [stdout] 26 |                 let from_serde_res: Result<$type, _> = serde_json::from_value(json!(long_0x_str));
[INFO] [stdout]    |                                                                               ^^^^
[INFO] [stdout] ...
[INFO] [stdout] 46 | add_tests!(test_h512, H512, 64);
[INFO] [stdout]    | ------------------------------- in this macro invocation
[INFO] [stdout]    |
[INFO] [stdout]    = note: import resolution is stuck, try simplifying macro imports
[INFO] [stdout]    = note: this error originates in the macro `add_tests` (in Nightly builds, run with -Z macro-backtrace for more info)
[INFO] [stdout] 
[INFO] [stdout] 
[INFO] [stdout] error: cannot determine resolution for the macro `json`
[INFO] [stdout]   --> src/tests/serde.rs:31:79
[INFO] [stdout]    |
[INFO] [stdout] 31 |                 let from_serde_res: Result<$type, _> = serde_json::from_value(json!(invalid_str));
[INFO] [stdout]    |                                                                               ^^^^
[INFO] [stdout] ...
[INFO] [stdout] 46 | add_tests!(test_h512, H512, 64);
[INFO] [stdout]    | ------------------------------- in this macro invocation
[INFO] [stdout]    |
[INFO] [stdout]    = note: import resolution is stuck, try simplifying macro imports
[INFO] [stdout]    = note: this error originates in the macro `add_tests` (in Nightly builds, run with -Z macro-backtrace for more info)
[INFO] [stdout] 
[INFO] [stdout] 
[INFO] [stdout] error: cannot determine resolution for the macro `json`
[INFO] [stdout]   --> src/tests/serde.rs:37:44
[INFO] [stdout]    |
[INFO] [stdout] 37 |                     serde_json::from_value(json!(invalid_0x_str));
[INFO] [stdout]    |                                            ^^^^
[INFO] [stdout] ...
[INFO] [stdout] 46 | add_tests!(test_h512, H512, 64);
[INFO] [stdout]    | ------------------------------- in this macro invocation
[INFO] [stdout]    |
[INFO] [stdout]    = note: import resolution is stuck, try simplifying macro imports
[INFO] [stdout]    = note: this error originates in the macro `add_tests` (in Nightly builds, run with -Z macro-backtrace for more info)
[INFO] [stdout] 
[INFO] [stdout] 
[INFO] [stdout] error: cannot determine resolution for the macro `json`
[INFO] [stdout]   --> src/tests/serde.rs:15:64
[INFO] [stdout]    |
[INFO] [stdout] 15 |                 let from_serde: $type = serde_json::from_value(json!(simple_0x_str)).unwrap();
[INFO] [stdout]    |                                                                ^^^^
[INFO] [stdout] ...
[INFO] [stdout] 47 | add_tests!(test_h520, H520, 65);
[INFO] [stdout]    | ------------------------------- in this macro invocation
[INFO] [stdout]    |
[INFO] [stdout]    = note: import resolution is stuck, try simplifying macro imports
[INFO] [stdout]    = note: this error originates in the macro `add_tests` (in Nightly builds, run with -Z macro-backtrace for more info)
[INFO] [stdout] 
[INFO] [stdout] 
[INFO] [stdout] error: cannot determine resolution for the macro `json`
[INFO] [stdout]   --> src/tests/serde.rs:21:79
[INFO] [stdout]    |
[INFO] [stdout] 21 |                 let from_serde_res: Result<$type, _> = serde_json::from_value(json!(short_0x_str));
[INFO] [stdout]    |                                                                               ^^^^
[INFO] [stdout] ...
[INFO] [stdout] 47 | add_tests!(test_h520, H520, 65);
[INFO] [stdout]    | ------------------------------- in this macro invocation
[INFO] [stdout]    |
[INFO] [stdout]    = note: import resolution is stuck, try simplifying macro imports
[INFO] [stdout]    = note: this error originates in the macro `add_tests` (in Nightly builds, run with -Z macro-backtrace for more info)
[INFO] [stdout] 
[INFO] [stdout] 
[INFO] [stdout] error: cannot determine resolution for the macro `json`
[INFO] [stdout]   --> src/tests/serde.rs:26:79
[INFO] [stdout]    |
[INFO] [stdout] 26 |                 let from_serde_res: Result<$type, _> = serde_json::from_value(json!(long_0x_str));
[INFO] [stdout]    |                                                                               ^^^^
[INFO] [stdout] ...
[INFO] [stdout] 47 | add_tests!(test_h520, H520, 65);
[INFO] [stdout]    | ------------------------------- in this macro invocation
[INFO] [stdout]    |
[INFO] [stdout]    = note: import resolution is stuck, try simplifying macro imports
[INFO] [stdout]    = note: this error originates in the macro `add_tests` (in Nightly builds, run with -Z macro-backtrace for more info)
[INFO] [stdout] 
[INFO] [stdout] 
[INFO] [stdout] error: cannot determine resolution for the macro `json`
[INFO] [stdout]   --> src/tests/serde.rs:31:79
[INFO] [stdout]    |
[INFO] [stdout] 31 |                 let from_serde_res: Result<$type, _> = serde_json::from_value(json!(invalid_str));
[INFO] [stdout]    |                                                                               ^^^^
[INFO] [stdout] ...
[INFO] [stdout] 47 | add_tests!(test_h520, H520, 65);
[INFO] [stdout]    | ------------------------------- in this macro invocation
[INFO] [stdout]    |
[INFO] [stdout]    = note: import resolution is stuck, try simplifying macro imports
[INFO] [stdout]    = note: this error originates in the macro `add_tests` (in Nightly builds, run with -Z macro-backtrace for more info)
[INFO] [stdout] 
[INFO] [stdout] 
[INFO] [stdout] error: cannot determine resolution for the macro `json`
[INFO] [stdout]   --> src/tests/serde.rs:37:44
[INFO] [stdout]    |
[INFO] [stdout] 37 |                     serde_json::from_value(json!(invalid_0x_str));
[INFO] [stdout]    |                                            ^^^^
[INFO] [stdout] ...
[INFO] [stdout] 47 | add_tests!(test_h520, H520, 65);
[INFO] [stdout]    | ------------------------------- in this macro invocation
[INFO] [stdout]    |
[INFO] [stdout]    = note: import resolution is stuck, try simplifying macro imports
[INFO] [stdout]    = note: this error originates in the macro `add_tests` (in Nightly builds, run with -Z macro-backtrace for more info)
[INFO] [stdout] 
[INFO] [stdout] 
[INFO] [stdout] error[E0433]: failed to resolve: use of undeclared crate or module `serde_json`
[INFO] [stdout]   --> src/tests/serde.rs:15:41
[INFO] [stdout]    |
[INFO] [stdout] 15 |                 let from_serde: $type = serde_json::from_value(json!(simple_0x_str)).unwrap();
[INFO] [stdout]    |                                         ^^^^^^^^^^ use of undeclared crate or module `serde_json`
[INFO] [stdout] ...
[INFO] [stdout] 44 | add_tests!(test_h160, H160, 20);
[INFO] [stdout]    | ------------------------------- in this macro invocation
[INFO] [stdout]    |
[INFO] [stdout]    = note: this error originates in the macro `add_tests` (in Nightly builds, run with -Z macro-backtrace for more info)
[INFO] [stdout] 
[INFO] [stdout] 
[INFO] [stdout] error[E0433]: failed to resolve: use of undeclared crate or module `serde_json`
[INFO] [stdout]   --> src/tests/serde.rs:21:56
[INFO] [stdout]    |
[INFO] [stdout] 21 |                 let from_serde_res: Result<$type, _> = serde_json::from_value(json!(short_0x_str));
[INFO] [stdout]    |                                                        ^^^^^^^^^^ use of undeclared crate or module `serde_json`
[INFO] [stdout] ...
[INFO] [stdout] 44 | add_tests!(test_h160, H160, 20);
[INFO] [stdout]    | ------------------------------- in this macro invocation
[INFO] [stdout]    |
[INFO] [stdout]    = note: this error originates in the macro `add_tests` (in Nightly builds, run with -Z macro-backtrace for more info)
[INFO] [stdout] 
[INFO] [stdout] 
[INFO] [stdout] error[E0433]: failed to resolve: use of undeclared crate or module `serde_json`
[INFO] [stdout]   --> src/tests/serde.rs:26:56
[INFO] [stdout]    |
[INFO] [stdout] 26 |                 let from_serde_res: Result<$type, _> = serde_json::from_value(json!(long_0x_str));
[INFO] [stdout]    |                                                        ^^^^^^^^^^ use of undeclared crate or module `serde_json`
[INFO] [stdout] ...
[INFO] [stdout] 44 | add_tests!(test_h160, H160, 20);
[INFO] [stdout]    | ------------------------------- in this macro invocation
[INFO] [stdout]    |
[INFO] [stdout]    = note: this error originates in the macro `add_tests` (in Nightly builds, run with -Z macro-backtrace for more info)
[INFO] [stdout] 
[INFO] [stdout] 
[INFO] [stdout] error[E0433]: failed to resolve: use of undeclared crate or module `serde_json`
[INFO] [stdout]   --> src/tests/serde.rs:31:56
[INFO] [stdout]    |
[INFO] [stdout] 31 |                 let from_serde_res: Result<$type, _> = serde_json::from_value(json!(invalid_str));
[INFO] [stdout]    |                                                        ^^^^^^^^^^ use of undeclared crate or module `serde_json`
[INFO] [stdout] ...
[INFO] [stdout] 44 | add_tests!(test_h160, H160, 20);
[INFO] [stdout]    | ------------------------------- in this macro invocation
[INFO] [stdout]    |
[INFO] [stdout]    = note: this error originates in the macro `add_tests` (in Nightly builds, run with -Z macro-backtrace for more info)
[INFO] [stdout] 
[INFO] [stdout] 
[INFO] [stdout] error[E0433]: failed to resolve: use of undeclared crate or module `serde_json`
[INFO] [stdout]   --> src/tests/serde.rs:37:21
[INFO] [stdout]    |
[INFO] [stdout] 37 |                     serde_json::from_value(json!(invalid_0x_str));
[INFO] [stdout]    |                     ^^^^^^^^^^ use of undeclared crate or module `serde_json`
[INFO] [stdout] ...
[INFO] [stdout] 44 | add_tests!(test_h160, H160, 20);
[INFO] [stdout]    | ------------------------------- in this macro invocation
[INFO] [stdout]    |
[INFO] [stdout]    = note: this error originates in the macro `add_tests` (in Nightly builds, run with -Z macro-backtrace for more info)
[INFO] [stdout] 
[INFO] [stdout] 
[INFO] [stdout] error[E0433]: failed to resolve: use of undeclared crate or module `serde_json`
[INFO] [stdout]   --> src/tests/serde.rs:15:41
[INFO] [stdout]    |
[INFO] [stdout] 15 |                 let from_serde: $type = serde_json::from_value(json!(simple_0x_str)).unwrap();
[INFO] [stdout]    |                                         ^^^^^^^^^^ use of undeclared crate or module `serde_json`
[INFO] [stdout] ...
[INFO] [stdout] 45 | add_tests!(test_h256, H256, 32);
[INFO] [stdout]    | ------------------------------- in this macro invocation
[INFO] [stdout]    |
[INFO] [stdout]    = note: this error originates in the macro `add_tests` (in Nightly builds, run with -Z macro-backtrace for more info)
[INFO] [stdout] 
[INFO] [stdout] 
[INFO] [stdout] error[E0433]: failed to resolve: use of undeclared crate or module `serde_json`
[INFO] [stdout]   --> src/tests/serde.rs:21:56
[INFO] [stdout]    |
[INFO] [stdout] 21 |                 let from_serde_res: Result<$type, _> = serde_json::from_value(json!(short_0x_str));
[INFO] [stdout]    |                                                        ^^^^^^^^^^ use of undeclared crate or module `serde_json`
[INFO] [stdout] ...
[INFO] [stdout] 45 | add_tests!(test_h256, H256, 32);
[INFO] [stdout]    | ------------------------------- in this macro invocation
[INFO] [stdout]    |
[INFO] [stdout]    = note: this error originates in the macro `add_tests` (in Nightly builds, run with -Z macro-backtrace for more info)
[INFO] [stdout] 
[INFO] [stdout] 
[INFO] [stdout] error[E0433]: failed to resolve: use of undeclared crate or module `serde_json`
[INFO] [stdout]   --> src/tests/serde.rs:26:56
[INFO] [stdout]    |
[INFO] [stdout] 26 |                 let from_serde_res: Result<$type, _> = serde_json::from_value(json!(long_0x_str));
[INFO] [stdout]    |                                                        ^^^^^^^^^^ use of undeclared crate or module `serde_json`
[INFO] [stdout] ...
[INFO] [stdout] 45 | add_tests!(test_h256, H256, 32);
[INFO] [stdout]    | ------------------------------- in this macro invocation
[INFO] [stdout]    |
[INFO] [stdout]    = note: this error originates in the macro `add_tests` (in Nightly builds, run with -Z macro-backtrace for more info)
[INFO] [stdout] 
[INFO] [stdout] 
[INFO] [stdout] error[E0433]: failed to resolve: use of undeclared crate or module `serde_json`
[INFO] [stdout]   --> src/tests/serde.rs:31:56
[INFO] [stdout]    |
[INFO] [stdout] 31 |                 let from_serde_res: Result<$type, _> = serde_json::from_value(json!(invalid_str));
[INFO] [stdout]    |                                                        ^^^^^^^^^^ use of undeclared crate or module `serde_json`
[INFO] [stdout] ...
[INFO] [stdout] 45 | add_tests!(test_h256, H256, 32);
[INFO] [stdout]    | ------------------------------- in this macro invocation
[INFO] [stdout]    |
[INFO] [stdout]    = note: this error originates in the macro `add_tests` (in Nightly builds, run with -Z macro-backtrace for more info)
[INFO] [stdout] 
[INFO] [stdout] 
[INFO] [stdout] error[E0433]: failed to resolve: use of undeclared crate or module `serde_json`
[INFO] [stdout]   --> src/tests/serde.rs:37:21
[INFO] [stdout]    |
[INFO] [stdout] 37 |                     serde_json::from_value(json!(invalid_0x_str));
[INFO] [stdout]    |                     ^^^^^^^^^^ use of undeclared crate or module `serde_json`
[INFO] [stdout] ...
[INFO] [stdout] 45 | add_tests!(test_h256, H256, 32);
[INFO] [stdout]    | ------------------------------- in this macro invocation
[INFO] [stdout]    |
[INFO] [stdout]    = note: this error originates in the macro `add_tests` (in Nightly builds, run with -Z macro-backtrace for more info)
[INFO] [stdout] 
[INFO] [stdout] 
[INFO] [stdout] error[E0433]: failed to resolve: use of undeclared crate or module `serde_json`
[INFO] [stdout]   --> src/tests/serde.rs:15:41
[INFO] [stdout]    |
[INFO] [stdout] 15 |                 let from_serde: $type = serde_json::from_value(json!(simple_0x_str)).unwrap();
[INFO] [stdout]    |                                         ^^^^^^^^^^ use of undeclared crate or module `serde_json`
[INFO] [stdout] ...
[INFO] [stdout] 46 | add_tests!(test_h512, H512, 64);
[INFO] [stdout]    | ------------------------------- in this macro invocation
[INFO] [stdout]    |
[INFO] [stdout]    = note: this error originates in the macro `add_tests` (in Nightly builds, run with -Z macro-backtrace for more info)
[INFO] [stdout] 
[INFO] [stdout] 
[INFO] [stdout] error[E0433]: failed to resolve: use of undeclared crate or module `serde_json`
[INFO] [stdout]   --> src/tests/serde.rs:21:56
[INFO] [stdout]    |
[INFO] [stdout] 21 |                 let from_serde_res: Result<$type, _> = serde_json::from_value(json!(short_0x_str));
[INFO] [stdout]    |                                                        ^^^^^^^^^^ use of undeclared crate or module `serde_json`
[INFO] [stdout] ...
[INFO] [stdout] 46 | add_tests!(test_h512, H512, 64);
[INFO] [stdout]    | ------------------------------- in this macro invocation
[INFO] [stdout]    |
[INFO] [stdout]    = note: this error originates in the macro `add_tests` (in Nightly builds, run with -Z macro-backtrace for more info)
[INFO] [stdout] 
[INFO] [stdout] 
[INFO] [stdout] error[E0433]: failed to resolve: use of undeclared crate or module `serde_json`
[INFO] [stdout]   --> src/tests/serde.rs:26:56
[INFO] [stdout]    |
[INFO] [stdout] 26 |                 let from_serde_res: Result<$type, _> = serde_json::from_value(json!(long_0x_str));
[INFO] [stdout]    |                                                        ^^^^^^^^^^ use of undeclared crate or module `serde_json`
[INFO] [stdout] ...
[INFO] [stdout] 46 | add_tests!(test_h512, H512, 64);
[INFO] [stdout]    | ------------------------------- in this macro invocation
[INFO] [stdout]    |
[INFO] [stdout]    = note: this error originates in the macro `add_tests` (in Nightly builds, run with -Z macro-backtrace for more info)
[INFO] [stdout] 
[INFO] [stdout] 
[INFO] [stdout] error[E0433]: failed to resolve: use of undeclared crate or module `serde_json`
[INFO] [stdout]   --> src/tests/serde.rs:31:56
[INFO] [stdout]    |
[INFO] [stdout] 31 |                 let from_serde_res: Result<$type, _> = serde_json::from_value(json!(invalid_str));
[INFO] [stdout]    |                                                        ^^^^^^^^^^ use of undeclared crate or module `serde_json`
[INFO] [stdout] ...
[INFO] [stdout] 46 | add_tests!(test_h512, H512, 64);
[INFO] [stdout]    | ------------------------------- in this macro invocation
[INFO] [stdout]    |
[INFO] [stdout]    = note: this error originates in the macro `add_tests` (in Nightly builds, run with -Z macro-backtrace for more info)
[INFO] [stdout] 
[INFO] [stdout] 
[INFO] [stdout] error[E0433]: failed to resolve: use of undeclared crate or module `serde_json`
[INFO] [stdout]   --> src/tests/serde.rs:37:21
[INFO] [stdout]    |
[INFO] [stdout] 37 |                     serde_json::from_value(json!(invalid_0x_str));
[INFO] [stdout]    |                     ^^^^^^^^^^ use of undeclared crate or module `serde_json`
[INFO] [stdout] ...
[INFO] [stdout] 46 | add_tests!(test_h512, H512, 64);
[INFO] [stdout]    | ------------------------------- in this macro invocation
[INFO] [stdout]    |
[INFO] [stdout]    = note: this error originates in the macro `add_tests` (in Nightly builds, run with -Z macro-backtrace for more info)
[INFO] [stdout] 
[INFO] [stdout] 
[INFO] [stdout] error[E0433]: failed to resolve: use of undeclared crate or module `serde_json`
[INFO] [stdout]   --> src/tests/serde.rs:15:41
[INFO] [stdout]    |
[INFO] [stdout] 15 |                 let from_serde: $type = serde_json::from_value(json!(simple_0x_str)).unwrap();
[INFO] [stdout]    |                                         ^^^^^^^^^^ use of undeclared crate or module `serde_json`
[INFO] [stdout] ...
[INFO] [stdout] 47 | add_tests!(test_h520, H520, 65);
[INFO] [stdout]    | ------------------------------- in this macro invocation
[INFO] [stdout]    |
[INFO] [stdout]    = note: this error originates in the macro `add_tests` (in Nightly builds, run with -Z macro-backtrace for more info)
[INFO] [stdout] 
[INFO] [stdout] 
[INFO] [stdout] error[E0433]: failed to resolve: use of undeclared crate or module `serde_json`
[INFO] [stdout]   --> src/tests/serde.rs:21:56
[INFO] [stdout]    |
[INFO] [stdout] 21 |                 let from_serde_res: Result<$type, _> = serde_json::from_value(json!(short_0x_str));
[INFO] [stdout]    |                                                        ^^^^^^^^^^ use of undeclared crate or module `serde_json`
[INFO] [stdout] ...
[INFO] [stdout] 47 | add_tests!(test_h520, H520, 65);
[INFO] [stdout]    | ------------------------------- in this macro invocation
[INFO] [stdout]    |
[INFO] [stdout]    = note: this error originates in the macro `add_tests` (in Nightly builds, run with -Z macro-backtrace for more info)
[INFO] [stdout] 
[INFO] [stdout] 
[INFO] [stdout] error[E0433]: failed to resolve: use of undeclared crate or module `serde_json`
[INFO] [stdout]   --> src/tests/serde.rs:26:56
[INFO] [stdout]    |
[INFO] [stdout] 26 |                 let from_serde_res: Result<$type, _> = serde_json::from_value(json!(long_0x_str));
[INFO] [stdout]    |                                                        ^^^^^^^^^^ use of undeclared crate or module `serde_json`
[INFO] [stdout] ...
[INFO] [stdout] 47 | add_tests!(test_h520, H520, 65);
[INFO] [stdout]    | ------------------------------- in this macro invocation
[INFO] [stdout]    |
[INFO] [stdout]    = note: this error originates in the macro `add_tests` (in Nightly builds, run with -Z macro-backtrace for more info)
[INFO] [stdout] 
[INFO] [stdout] 
[INFO] [stdout] error[E0433]: failed to resolve: use of undeclared crate or module `serde_json`
[INFO] [stdout]   --> src/tests/serde.rs:31:56
[INFO] [stdout]    |
[INFO] [stdout] 31 |                 let from_serde_res: Result<$type, _> = serde_json::from_value(json!(invalid_str));
[INFO] [stdout]    |                                                        ^^^^^^^^^^ use of undeclared crate or module `serde_json`
[INFO] [stdout] ...
[INFO] [stdout] 47 | add_tests!(test_h520, H520, 65);
[INFO] [stdout]    | ------------------------------- in this macro invocation
[INFO] [stdout]    |
[INFO] [stdout]    = note: this error originates in the macro `add_tests` (in Nightly builds, run with -Z macro-backtrace for more info)
[INFO] [stdout] 
[INFO] [stdout] 
[INFO] [stdout] error[E0433]: failed to resolve: use of undeclared crate or module `serde_json`
[INFO] [stdout]   --> src/tests/serde.rs:37:21
[INFO] [stdout]    |
[INFO] [stdout] 37 |                     serde_json::from_value(json!(invalid_0x_str));
[INFO] [stdout]    |                     ^^^^^^^^^^ use of undeclared crate or module `serde_json`
[INFO] [stdout] ...
[INFO] [stdout] 47 | add_tests!(test_h520, H520, 65);
[INFO] [stdout]    | ------------------------------- in this macro invocation
[INFO] [stdout]    |
[INFO] [stdout]    = note: this error originates in the macro `add_tests` (in Nightly builds, run with -Z macro-backtrace for more info)
[INFO] [stdout] 
[INFO] [stdout] 
[INFO] [stdout] error: aborting due to 41 previous errors
[INFO] [stdout] 
[INFO] [stdout] 
[INFO] [stdout] Some errors have detailed explanations: E0432, E0433.
[INFO] [stdout] 
[INFO] [stdout] For more information about an error, try `rustc --explain E0432`.
[INFO] [stdout] 
[INFO] [stderr] error: could not compile `ckb-fixed-hash-core` (lib test) due to 42 previous errors
[INFO] running `Command { std: "docker" "inspect" "f15002be734b6f51fbf98669c05142a05b80b334cfd33de1f56c0d09d37b4cb1", kill_on_drop: false }`
[INFO] running `Command { std: "docker" "rm" "-f" "f15002be734b6f51fbf98669c05142a05b80b334cfd33de1f56c0d09d37b4cb1", kill_on_drop: false }`
[INFO] [stdout] f15002be734b6f51fbf98669c05142a05b80b334cfd33de1f56c0d09d37b4cb1
