[INFO] fetching crate ciid 0.2.0...
[INFO] testing ciid-0.2.0 against 1.75.0 for beta-1.76-1
[INFO] extracting crate ciid 0.2.0 into /workspace/builds/worker-1-tc1/source
[INFO] validating manifest of crates.io crate ciid 0.2.0 on toolchain 1.75.0
[INFO] running `Command { std: CARGO_HOME="/workspace/cargo-home" RUSTUP_HOME="/workspace/rustup-home" "/workspace/cargo-home/bin/cargo" "+1.75.0" "metadata" "--manifest-path" "Cargo.toml" "--no-deps", kill_on_drop: false }`
[INFO] started tweaking crates.io crate ciid 0.2.0
[INFO] finished tweaking crates.io crate ciid 0.2.0
[INFO] tweaked toml for crates.io crate ciid 0.2.0 written to /workspace/builds/worker-1-tc1/source/Cargo.toml
[INFO] crate crates.io crate ciid 0.2.0 already has a lockfile, it will not be regenerated
[INFO] running `Command { std: CARGO_HOME="/workspace/cargo-home" RUSTUP_HOME="/workspace/rustup-home" "/workspace/cargo-home/bin/cargo" "+1.75.0" "fetch" "--manifest-path" "Cargo.toml", kill_on_drop: false }`
[INFO] [stderr]  Downloading crates ...
[INFO] [stderr]   Downloaded adler32 v1.0.4
[INFO] [stderr]   Downloaded autocfg v0.1.6
[INFO] [stderr]   Downloaded bitflags v1.2.0
[INFO] [stderr]   Downloaded color_quant v1.0.1
[INFO] [stderr]   Downloaded crossbeam-epoch v0.7.2
[INFO] [stderr]   Downloaded proc-macro2 v1.0.7
[INFO] [stderr]   Downloaded which v3.1.0
[INFO] [stderr]   Downloaded block-padding v0.1.4
[INFO] [stderr]   Downloaded libloading v0.5.2
[INFO] [stderr]   Downloaded tiff v0.4.0
[INFO] [stderr]   Downloaded data-encoding v2.1.2
[INFO] [stderr]   Downloaded miniz_oxide v0.3.6
[INFO] [stderr]   Downloaded rayon v1.2.0
[INFO] [stderr]   Downloaded regex v1.3.4
[INFO] [stderr]   Downloaded regex-syntax v0.6.14
[INFO] [stderr]   Downloaded syn v1.0.14
[INFO] [stderr]   Downloaded image v0.23.0
[INFO] [stderr]   Downloaded rayon-core v1.6.0
[INFO] [stderr]   Downloaded rustc-hash v1.0.1
[INFO] [stderr]   Downloaded crossbeam-utils v0.6.6
[INFO] [stderr]   Downloaded num-traits v0.2.8
[INFO] [stderr]   Downloaded crossbeam-deque v0.7.1
[INFO] [stderr]   Downloaded lazycell v1.2.1
[INFO] [stderr]   Downloaded clang-sys v0.28.1
[INFO] [stderr]   Downloaded jpeg-decoder v0.1.16
[INFO] [stderr]   Downloaded num-rational v0.2.2
[INFO] [stderr]   Downloaded memoffset v0.5.1
[INFO] [stderr]   Downloaded cexpr v0.3.6
[INFO] [stderr]   Downloaded crossbeam-queue v0.1.2
[INFO] [stderr]   Downloaded num_cpus v1.10.1
[INFO] [stderr]   Downloaded bytemuck v1.2.0
[INFO] [stderr]   Downloaded num-iter v0.1.39
[INFO] [stderr]   Downloaded num-integer v0.1.41
[INFO] [stderr]   Downloaded unicode-width v0.1.6
[INFO] [stderr]   Downloaded bindgen v0.53.1
[INFO] running `Command { std: "docker" "create" "-v" "/var/lib/crater-agent-workspace/builds/worker-1-tc1/target:/opt/rustwide/target:rw,Z" "-v" "/var/lib/crater-agent-workspace/builds/worker-1-tc1/source:/opt/rustwide/workdir:ro,Z" "-v" "/var/lib/crater-agent-workspace/cargo-home:/opt/rustwide/cargo-home:ro,Z" "-v" "/var/lib/crater-agent-workspace/rustup-home:/opt/rustwide/rustup-home:ro,Z" "-e" "SOURCE_DIR=/opt/rustwide/workdir" "-e" "CARGO_TARGET_DIR=/opt/rustwide/target" "-e" "CARGO_HOME=/opt/rustwide/cargo-home" "-e" "RUSTUP_HOME=/opt/rustwide/rustup-home" "-w" "/opt/rustwide/workdir" "-m" "1610612736" "--user" "0:0" "--network" "none" "ghcr.io/rust-lang/crates-build-env/linux@sha256:2788e3201cd34a07e3172128adcd8b3090168a8e3bcc40d7c032b9dda1df7d1c" "/opt/rustwide/cargo-home/bin/cargo" "+1.75.0" "metadata" "--no-deps" "--format-version=1", kill_on_drop: false }`
[INFO] [stdout] 52dab92c4fd62d6ca21a75f9416b5d4742460239fc27ea97b49032179cde7064
[INFO] running `Command { std: "docker" "start" "-a" "52dab92c4fd62d6ca21a75f9416b5d4742460239fc27ea97b49032179cde7064", kill_on_drop: false }`
[INFO] running `Command { std: "docker" "inspect" "52dab92c4fd62d6ca21a75f9416b5d4742460239fc27ea97b49032179cde7064", kill_on_drop: false }`
[INFO] running `Command { std: "docker" "rm" "-f" "52dab92c4fd62d6ca21a75f9416b5d4742460239fc27ea97b49032179cde7064", kill_on_drop: false }`
[INFO] [stdout] 52dab92c4fd62d6ca21a75f9416b5d4742460239fc27ea97b49032179cde7064
[INFO] running `Command { std: "docker" "create" "-v" "/var/lib/crater-agent-workspace/builds/worker-1-tc1/target:/opt/rustwide/target:rw,Z" "-v" "/var/lib/crater-agent-workspace/builds/worker-1-tc1/source:/opt/rustwide/workdir:ro,Z" "-v" "/var/lib/crater-agent-workspace/cargo-home:/opt/rustwide/cargo-home:ro,Z" "-v" "/var/lib/crater-agent-workspace/rustup-home:/opt/rustwide/rustup-home:ro,Z" "-e" "SOURCE_DIR=/opt/rustwide/workdir" "-e" "CARGO_TARGET_DIR=/opt/rustwide/target" "-e" "CARGO_INCREMENTAL=0" "-e" "RUST_BACKTRACE=full" "-e" "RUSTFLAGS=--cap-lints=warn" "-e" "RUSTDOCFLAGS=--cap-lints=warn" "-e" "CARGO_HOME=/opt/rustwide/cargo-home" "-e" "RUSTUP_HOME=/opt/rustwide/rustup-home" "-w" "/opt/rustwide/workdir" "-m" "1610612736" "--user" "0:0" "--network" "none" "ghcr.io/rust-lang/crates-build-env/linux@sha256:2788e3201cd34a07e3172128adcd8b3090168a8e3bcc40d7c032b9dda1df7d1c" "/opt/rustwide/cargo-home/bin/cargo" "+1.75.0" "build" "--frozen" "--message-format=json", kill_on_drop: false }`
[INFO] [stdout] 2b5902aa47f051e15f4e7b9bf7decd9062c6961a192e8878cb0c105685f6099c
[INFO] running `Command { std: "docker" "start" "-a" "2b5902aa47f051e15f4e7b9bf7decd9062c6961a192e8878cb0c105685f6099c", kill_on_drop: false }`
[INFO] [stderr]    Compiling libc v0.2.66
[INFO] [stderr]    Compiling cfg-if v0.1.10
[INFO] [stderr]    Compiling autocfg v0.1.6
[INFO] [stderr]    Compiling byteorder v1.3.2
[INFO] [stderr]    Compiling semver-parser v0.7.0
[INFO] [stderr]    Compiling proc-macro2 v1.0.7
[INFO] [stderr]    Compiling memchr v2.2.1
[INFO] [stderr]    Compiling unicode-xid v0.2.0
[INFO] [stderr]    Compiling bitflags v1.2.0
[INFO] [stderr]    Compiling arrayvec v0.4.12
[INFO] [stderr]    Compiling version_check v0.1.5
[INFO] [stderr]    Compiling nodrop v0.1.14
[INFO] [stderr]    Compiling cc v1.0.50
[INFO] [stderr]    Compiling glob v0.3.0
[INFO] [stderr]    Compiling log v0.4.8
[INFO] [stderr]    Compiling adler32 v1.0.4
[INFO] [stderr]    Compiling crossbeam-utils v0.6.6
[INFO] [stderr]    Compiling typenum v1.11.2
[INFO] [stderr]    Compiling scopeguard v1.0.0
[INFO] [stderr]    Compiling thread_local v1.0.1
[INFO] [stderr]    Compiling rayon-core v1.6.0
[INFO] [stderr]    Compiling semver v0.9.0
[INFO] [stderr]    Compiling num-traits v0.2.8
[INFO] [stderr]    Compiling nom v4.2.3
[INFO] [stderr]    Compiling num-integer v0.1.41
[INFO] [stderr]    Compiling rustc_version v0.2.3
[INFO] [stderr]    Compiling syn v1.0.14
[INFO] [stderr]    Compiling regex-syntax v0.6.14
[INFO] [stderr]    Compiling quick-error v1.2.3
[INFO] [stderr]    Compiling clang-sys v0.28.1
[INFO] [stderr]    Compiling aho-corasick v0.7.6
[INFO] [stderr]    Compiling unicode-width v0.1.6
[INFO] [stderr]    Compiling humantime v1.3.0
[INFO] [stderr]    Compiling memoffset v0.5.1
[INFO] [stderr]    Compiling textwrap v0.11.0
[INFO] [stderr]    Compiling crossbeam-queue v0.1.2
[INFO] [stderr]    Compiling bindgen v0.53.1
[INFO] [stderr]    Compiling quote v1.0.2
[INFO] [stderr]    Compiling termcolor v1.1.0
[INFO] [stderr]    Compiling crc32fast v1.2.0
[INFO] [stderr]    Compiling atty v0.2.13
[INFO] [stderr]    Compiling num_cpus v1.10.1
[INFO] [stderr]    Compiling ansi_term v0.11.0
[INFO] [stderr]    Compiling vec_map v0.8.1
[INFO] [stderr]    Compiling which v3.1.0
[INFO] [stderr]    Compiling crossbeam-epoch v0.7.2
[INFO] [stderr]    Compiling clap v2.33.0
[INFO] [stderr]    Compiling libloading v0.5.2
[INFO] [stderr]    Compiling rustc-hash v1.0.1
[INFO] [stderr]    Compiling num-iter v0.1.39
[INFO] [stderr]    Compiling num-rational v0.2.2
[INFO] [stderr]    Compiling shlex v0.1.1
[INFO] [stderr]    Compiling peeking_take_while v0.1.2
[INFO] [stderr]    Compiling ryu v1.0.2
[INFO] [stderr]    Compiling crossbeam-deque v0.7.1
[INFO] [stderr]    Compiling generic-array v0.12.3
[INFO] [stderr]    Compiling lzw v0.10.0
[INFO] [stderr]    Compiling cexpr v0.3.6
[INFO] [stderr]    Compiling lazycell v1.2.1
[INFO] [stderr]    Compiling serde v1.0.104
[INFO] [stderr]    Compiling byte-tools v0.3.1
[INFO] [stderr]    Compiling either v1.5.3
[INFO] [stderr]    Compiling block-padding v0.1.4
[INFO] [stderr]    Compiling deflate v0.7.20
[INFO] [stderr]    Compiling miniz_oxide v0.3.6
[INFO] [stderr]    Compiling inflate v0.4.5
[INFO] [stderr]    Compiling color_quant v1.0.1
[INFO] [stderr]    Compiling block-buffer v0.7.3
[INFO] [stderr]    Compiling gif v0.10.3
[INFO] [stderr]    Compiling rayon v1.2.0
[INFO] [stderr]    Compiling digest v0.8.1
[INFO] [stderr]    Compiling time v0.1.42
[INFO] [stderr]    Compiling itoa v0.4.5
[INFO] [stderr]    Compiling tiff v0.4.0
[INFO] [stderr]    Compiling png v0.15.3
[INFO] [stderr]    Compiling scoped_threadpool v0.1.9
[INFO] [stderr]    Compiling opaque-debug v0.2.3
[INFO] [stderr]    Compiling bytemuck v1.2.0
[INFO] [stderr]    Compiling fake-simd v0.1.2
[INFO] [stderr]    Compiling regex v1.3.4
[INFO] [stderr]    Compiling sha2 v0.8.1
[INFO] [stderr]    Compiling chrono v0.4.10
[INFO] [stderr]    Compiling data-encoding v2.1.2
[INFO] [stderr]    Compiling jpeg-decoder v0.1.16
[INFO] [stderr]    Compiling env_logger v0.7.1
[INFO] [stderr]    Compiling serde_derive v1.0.104
[INFO] [stderr]    Compiling image v0.23.0
[INFO] [stderr]    Compiling ciid v0.2.0 (/opt/rustwide/workdir)
[INFO] [stderr]    Compiling serde_json v1.0.48
[INFO] [stderr] error: failed to run custom build command for `ciid v0.2.0 (/opt/rustwide/workdir)`
[INFO] [stderr] note: To improve backtraces for build dependencies, set the CARGO_PROFILE_DEV_BUILD_OVERRIDE_DEBUG=true environment variable to enable debug information generation.
[INFO] [stderr] 
[INFO] [stderr] Caused by:
[INFO] [stderr]   process didn't exit successfully: `/opt/rustwide/target/debug/build/ciid-cd223ce3fb67ed68/build-script-build` (exit status: 1)
[INFO] [stderr]   --- stdout
[INFO] [stderr]   cargo:rustc-flags=-l raw
[INFO] [stderr] 
[INFO] [stderr]   --- stderr
[INFO] [stderr]   src/libraw.h:1:10: fatal error: 'libraw/libraw.h' file not found
[INFO] [stderr]   src/libraw.h:1:10: fatal error: 'libraw/libraw.h' file not found, err: true
[INFO] [stderr]   Error: "Failed generating bindings: ()"
[INFO] [stderr] warning: build failed, waiting for other jobs to finish...
[INFO] running `Command { std: "docker" "inspect" "2b5902aa47f051e15f4e7b9bf7decd9062c6961a192e8878cb0c105685f6099c", kill_on_drop: false }`
[INFO] running `Command { std: "docker" "rm" "-f" "2b5902aa47f051e15f4e7b9bf7decd9062c6961a192e8878cb0c105685f6099c", kill_on_drop: false }`
[INFO] [stdout] 2b5902aa47f051e15f4e7b9bf7decd9062c6961a192e8878cb0c105685f6099c
[INFO] testing ciid-0.2.0 against beta-2023-12-22 for beta-1.76-1
[INFO] extracting crate ciid 0.2.0 into /workspace/builds/worker-1-tc2/source
[INFO] validating manifest of crates.io crate ciid 0.2.0 on toolchain beta-2023-12-22
[INFO] running `Command { std: CARGO_HOME="/workspace/cargo-home" RUSTUP_HOME="/workspace/rustup-home" "/workspace/cargo-home/bin/cargo" "+beta-2023-12-22" "metadata" "--manifest-path" "Cargo.toml" "--no-deps", kill_on_drop: false }`
[INFO] started tweaking crates.io crate ciid 0.2.0
[INFO] finished tweaking crates.io crate ciid 0.2.0
[INFO] tweaked toml for crates.io crate ciid 0.2.0 written to /workspace/builds/worker-1-tc2/source/Cargo.toml
[INFO] crate crates.io crate ciid 0.2.0 already has a lockfile, it will not be regenerated
[INFO] running `Command { std: CARGO_HOME="/workspace/cargo-home" RUSTUP_HOME="/workspace/rustup-home" "/workspace/cargo-home/bin/cargo" "+beta-2023-12-22" "fetch" "--manifest-path" "Cargo.toml", kill_on_drop: false }`
[INFO] running `Command { std: "docker" "create" "-v" "/var/lib/crater-agent-workspace/builds/worker-1-tc2/target:/opt/rustwide/target:rw,Z" "-v" "/var/lib/crater-agent-workspace/builds/worker-1-tc2/source:/opt/rustwide/workdir:ro,Z" "-v" "/var/lib/crater-agent-workspace/cargo-home:/opt/rustwide/cargo-home:ro,Z" "-v" "/var/lib/crater-agent-workspace/rustup-home:/opt/rustwide/rustup-home:ro,Z" "-e" "SOURCE_DIR=/opt/rustwide/workdir" "-e" "CARGO_TARGET_DIR=/opt/rustwide/target" "-e" "CARGO_HOME=/opt/rustwide/cargo-home" "-e" "RUSTUP_HOME=/opt/rustwide/rustup-home" "-w" "/opt/rustwide/workdir" "-m" "1610612736" "--user" "0:0" "--network" "none" "ghcr.io/rust-lang/crates-build-env/linux@sha256:2788e3201cd34a07e3172128adcd8b3090168a8e3bcc40d7c032b9dda1df7d1c" "/opt/rustwide/cargo-home/bin/cargo" "+beta-2023-12-22" "metadata" "--no-deps" "--format-version=1", kill_on_drop: false }`
[INFO] [stdout] 683aca9014773bc9c135e7b4ec04e9c1f07a40c6195aa62cd6ea6deacd7a4d04
[INFO] running `Command { std: "docker" "start" "-a" "683aca9014773bc9c135e7b4ec04e9c1f07a40c6195aa62cd6ea6deacd7a4d04", kill_on_drop: false }`
[INFO] running `Command { std: "docker" "inspect" "683aca9014773bc9c135e7b4ec04e9c1f07a40c6195aa62cd6ea6deacd7a4d04", kill_on_drop: false }`
[INFO] running `Command { std: "docker" "rm" "-f" "683aca9014773bc9c135e7b4ec04e9c1f07a40c6195aa62cd6ea6deacd7a4d04", kill_on_drop: false }`
[INFO] [stdout] 683aca9014773bc9c135e7b4ec04e9c1f07a40c6195aa62cd6ea6deacd7a4d04
[INFO] running `Command { std: "docker" "create" "-v" "/var/lib/crater-agent-workspace/builds/worker-1-tc2/target:/opt/rustwide/target:rw,Z" "-v" "/var/lib/crater-agent-workspace/builds/worker-1-tc2/source:/opt/rustwide/workdir:ro,Z" "-v" "/var/lib/crater-agent-workspace/cargo-home:/opt/rustwide/cargo-home:ro,Z" "-v" "/var/lib/crater-agent-workspace/rustup-home:/opt/rustwide/rustup-home:ro,Z" "-e" "SOURCE_DIR=/opt/rustwide/workdir" "-e" "CARGO_TARGET_DIR=/opt/rustwide/target" "-e" "CARGO_INCREMENTAL=0" "-e" "RUST_BACKTRACE=full" "-e" "RUSTFLAGS=--cap-lints=warn" "-e" "RUSTDOCFLAGS=--cap-lints=warn" "-e" "CARGO_HOME=/opt/rustwide/cargo-home" "-e" "RUSTUP_HOME=/opt/rustwide/rustup-home" "-w" "/opt/rustwide/workdir" "-m" "1610612736" "--user" "0:0" "--network" "none" "ghcr.io/rust-lang/crates-build-env/linux@sha256:2788e3201cd34a07e3172128adcd8b3090168a8e3bcc40d7c032b9dda1df7d1c" "/opt/rustwide/cargo-home/bin/cargo" "+beta-2023-12-22" "build" "--frozen" "--message-format=json", kill_on_drop: false }`
[INFO] [stdout] 6c8c775ac75bb06464b81992cf533c1194cf9fc19a868b05f1303b71dd4bc869
[INFO] running `Command { std: "docker" "start" "-a" "6c8c775ac75bb06464b81992cf533c1194cf9fc19a868b05f1303b71dd4bc869", kill_on_drop: false }`
[INFO] [stderr]    Compiling libc v0.2.66
[INFO] [stderr]    Compiling cfg-if v0.1.10
[INFO] [stderr]    Compiling autocfg v0.1.6
[INFO] [stderr]    Compiling byteorder v1.3.2
[INFO] [stderr]    Compiling semver-parser v0.7.0
[INFO] [stderr]    Compiling proc-macro2 v1.0.7
[INFO] [stderr]    Compiling memchr v2.2.1
[INFO] [stderr]    Compiling unicode-xid v0.2.0
[INFO] [stderr]    Compiling arrayvec v0.4.12
[INFO] [stderr]    Compiling bitflags v1.2.0
[INFO] [stderr]    Compiling glob v0.3.0
[INFO] [stderr]    Compiling version_check v0.1.5
[INFO] [stderr]    Compiling cc v1.0.50
[INFO] [stderr]    Compiling nodrop v0.1.14
[INFO] [stderr]    Compiling adler32 v1.0.4
[INFO] [stderr]    Compiling scopeguard v1.0.0
[INFO] [stderr]    Compiling typenum v1.11.2
[INFO] [stderr]    Compiling log v0.4.8
[INFO] [stderr]    Compiling crossbeam-utils v0.6.6
[INFO] [stderr]    Compiling thread_local v1.0.1
[INFO] [stderr]    Compiling quick-error v1.2.3
[INFO] [stderr]    Compiling semver v0.9.0
[INFO] [stderr]    Compiling num-traits v0.2.8
[INFO] [stderr]    Compiling num-integer v0.1.41
[INFO] [stderr]    Compiling nom v4.2.3
[INFO] [stderr]    Compiling rustc_version v0.2.3
[INFO] [stderr]    Compiling regex-syntax v0.6.14
[INFO] [stderr]    Compiling syn v1.0.14
[INFO] [stderr]    Compiling rayon-core v1.6.0
[INFO] [stderr]    Compiling memoffset v0.5.1
[INFO] [stderr]    Compiling unicode-width v0.1.6
[INFO] [stderr]    Compiling crossbeam-queue v0.1.2
[INFO] [stderr]    Compiling textwrap v0.11.0
[INFO] [stderr]    Compiling humantime v1.3.0
[INFO] [stderr]    Compiling bindgen v0.53.1
[INFO] [stderr]    Compiling vec_map v0.8.1
[INFO] [stderr]    Compiling clang-sys v0.28.1
[INFO] [stderr]    Compiling aho-corasick v0.7.6
[INFO] [stderr]    Compiling crossbeam-epoch v0.7.2
[INFO] [stderr]    Compiling termcolor v1.1.0
[INFO] [stderr]    Compiling crc32fast v1.2.0
[INFO] [stderr]    Compiling quote v1.0.2
[INFO] [stderr]    Compiling ansi_term v0.11.0
[INFO] [stderr]    Compiling rustc-hash v1.0.1
[INFO] [stderr]    Compiling num-rational v0.2.2
[INFO] [stderr]    Compiling atty v0.2.13
[INFO] [stderr]    Compiling num_cpus v1.10.1
[INFO] [stderr]    Compiling clap v2.33.0
[INFO] [stderr]    Compiling which v3.1.0
[INFO] [stderr]    Compiling crossbeam-deque v0.7.1
[INFO] [stderr]    Compiling num-iter v0.1.39
[INFO] [stderr]    Compiling lzw v0.10.0
[INFO] [stderr]    Compiling ryu v1.0.2
[INFO] [stderr]    Compiling shlex v0.1.1
[INFO] [stderr]    Compiling libloading v0.5.2
[INFO] [stderr]    Compiling peeking_take_while v0.1.2
[INFO] [stderr]    Compiling either v1.5.3
[INFO] [stderr]    Compiling lazycell v1.2.1
[INFO] [stderr]    Compiling serde v1.0.104
[INFO] [stderr]    Compiling byte-tools v0.3.1
[INFO] [stderr]    Compiling generic-array v0.12.3
[INFO] [stderr]    Compiling block-padding v0.1.4
[INFO] [stderr]    Compiling deflate v0.7.20
[INFO] [stderr]    Compiling inflate v0.4.5
[INFO] [stderr]    Compiling miniz_oxide v0.3.6
[INFO] [stderr]    Compiling color_quant v1.0.1
[INFO] [stderr]    Compiling gif v0.10.3
[INFO] [stderr]    Compiling block-buffer v0.7.3
[INFO] [stderr]    Compiling digest v0.8.1
[INFO] [stderr]    Compiling time v0.1.42
[INFO] [stderr]    Compiling cexpr v0.3.6
[INFO] [stderr]    Compiling rayon v1.2.0
[INFO] [stderr]    Compiling png v0.15.3
[INFO] [stderr]    Compiling tiff v0.4.0
[INFO] [stderr]    Compiling regex v1.3.4
[INFO] [stderr]    Compiling opaque-debug v0.2.3
[INFO] [stderr]    Compiling bytemuck v1.2.0
[INFO] [stderr]    Compiling scoped_threadpool v0.1.9
[INFO] [stderr]    Compiling fake-simd v0.1.2
[INFO] [stderr]    Compiling itoa v0.4.5
[INFO] [stderr]    Compiling sha2 v0.8.1
[INFO] [stderr]    Compiling chrono v0.4.10
[INFO] [stderr]    Compiling data-encoding v2.1.2
[INFO] [stderr]    Compiling env_logger v0.7.1
[INFO] [stderr]    Compiling serde_derive v1.0.104
[INFO] [stderr]    Compiling jpeg-decoder v0.1.16
[INFO] [stderr]    Compiling image v0.23.0
[INFO] [stderr]    Compiling ciid v0.2.0 (/opt/rustwide/workdir)
[INFO] [stderr]    Compiling serde_json v1.0.48
[INFO] [stderr] error: failed to run custom build command for `ciid v0.2.0 (/opt/rustwide/workdir)`
[INFO] [stderr] note: To improve backtraces for build dependencies, set the CARGO_PROFILE_DEV_BUILD_OVERRIDE_DEBUG=true environment variable to enable debug information generation.
[INFO] [stderr] 
[INFO] [stderr] Caused by:
[INFO] [stderr]   process didn't exit successfully: `/opt/rustwide/target/debug/build/ciid-254822bded02ed0a/build-script-build` (exit status: 1)
[INFO] [stderr]   --- stdout
[INFO] [stderr]   cargo:rustc-flags=-l raw
[INFO] [stderr] 
[INFO] [stderr]   --- stderr
[INFO] [stderr]   src/libraw.h:1:10: fatal error: 'libraw/libraw.h' file not found
[INFO] [stderr]   src/libraw.h:1:10: fatal error: 'libraw/libraw.h' file not found, err: true
[INFO] [stderr]   Error: "Failed generating bindings: ()"
[INFO] [stderr] warning: build failed, waiting for other jobs to finish...
[INFO] running `Command { std: "docker" "inspect" "6c8c775ac75bb06464b81992cf533c1194cf9fc19a868b05f1303b71dd4bc869", kill_on_drop: false }`
[INFO] running `Command { std: "docker" "rm" "-f" "6c8c775ac75bb06464b81992cf533c1194cf9fc19a868b05f1303b71dd4bc869", kill_on_drop: false }`
[INFO] [stdout] 6c8c775ac75bb06464b81992cf533c1194cf9fc19a868b05f1303b71dd4bc869
