[INFO] fetching crate chronos-parser-rs 0.1.382...
[INFO] testing chronos-parser-rs-0.1.382 against 1.75.0 for beta-1.76-1
[INFO] extracting crate chronos-parser-rs 0.1.382 into /workspace/builds/worker-4-tc1/source
[INFO] validating manifest of crates.io crate chronos-parser-rs 0.1.382 on toolchain 1.75.0
[INFO] running `Command { std: CARGO_HOME="/workspace/cargo-home" RUSTUP_HOME="/workspace/rustup-home" "/workspace/cargo-home/bin/cargo" "+1.75.0" "metadata" "--manifest-path" "Cargo.toml" "--no-deps", kill_on_drop: false }`
[INFO] removed /workspace/builds/worker-4-tc1/source/rust-toolchain.toml
[INFO] started tweaking crates.io crate chronos-parser-rs 0.1.382
[INFO] finished tweaking crates.io crate chronos-parser-rs 0.1.382
[INFO] tweaked toml for crates.io crate chronos-parser-rs 0.1.382 written to /workspace/builds/worker-4-tc1/source/Cargo.toml
[INFO] running `Command { std: CARGO_HOME="/workspace/cargo-home" RUSTUP_HOME="/workspace/rustup-home" "/workspace/cargo-home/bin/cargo" "+1.75.0" "generate-lockfile" "--manifest-path" "Cargo.toml", kill_on_drop: false }`
[INFO] [stderr]     Updating crates.io index
[INFO] running `Command { std: CARGO_HOME="/workspace/cargo-home" RUSTUP_HOME="/workspace/rustup-home" "/workspace/cargo-home/bin/cargo" "+1.75.0" "fetch" "--manifest-path" "Cargo.toml", kill_on_drop: false }`
[INFO] [stderr]  Downloading crates ...
[INFO] [stderr]   Downloaded rust-fp-categories v0.0.5
[INFO] [stderr]   Downloaded rust-fp-categories v0.0.4
[INFO] [stderr]   Downloaded intervals-rs v0.0.5
[INFO] [stderr]   Downloaded rust-fp-pfds v0.0.4
[INFO] [stderr]   Downloaded oni-comb-parser-rs v0.0.277
[INFO] running `Command { std: "docker" "create" "-v" "/var/lib/crater-agent-workspace/builds/worker-4-tc1/target:/opt/rustwide/target:rw,Z" "-v" "/var/lib/crater-agent-workspace/builds/worker-4-tc1/source:/opt/rustwide/workdir:ro,Z" "-v" "/var/lib/crater-agent-workspace/cargo-home:/opt/rustwide/cargo-home:ro,Z" "-v" "/var/lib/crater-agent-workspace/rustup-home:/opt/rustwide/rustup-home:ro,Z" "-e" "SOURCE_DIR=/opt/rustwide/workdir" "-e" "CARGO_TARGET_DIR=/opt/rustwide/target" "-e" "CARGO_HOME=/opt/rustwide/cargo-home" "-e" "RUSTUP_HOME=/opt/rustwide/rustup-home" "-w" "/opt/rustwide/workdir" "-m" "1610612736" "--user" "0:0" "--network" "none" "ghcr.io/rust-lang/crates-build-env/linux@sha256:2788e3201cd34a07e3172128adcd8b3090168a8e3bcc40d7c032b9dda1df7d1c" "/opt/rustwide/cargo-home/bin/cargo" "+1.75.0" "metadata" "--no-deps" "--format-version=1", kill_on_drop: false }`
[INFO] [stdout] 9e9b6b4ed1d308cc8b102f9002775f88c6742cb820c818e648d6bbfeec0b8d7a
[INFO] running `Command { std: "docker" "start" "-a" "9e9b6b4ed1d308cc8b102f9002775f88c6742cb820c818e648d6bbfeec0b8d7a", kill_on_drop: false }`
[INFO] running `Command { std: "docker" "inspect" "9e9b6b4ed1d308cc8b102f9002775f88c6742cb820c818e648d6bbfeec0b8d7a", kill_on_drop: false }`
[INFO] running `Command { std: "docker" "rm" "-f" "9e9b6b4ed1d308cc8b102f9002775f88c6742cb820c818e648d6bbfeec0b8d7a", kill_on_drop: false }`
[INFO] [stdout] 9e9b6b4ed1d308cc8b102f9002775f88c6742cb820c818e648d6bbfeec0b8d7a
[INFO] running `Command { std: "docker" "create" "-v" "/var/lib/crater-agent-workspace/builds/worker-4-tc1/target:/opt/rustwide/target:rw,Z" "-v" "/var/lib/crater-agent-workspace/builds/worker-4-tc1/source:/opt/rustwide/workdir:ro,Z" "-v" "/var/lib/crater-agent-workspace/cargo-home:/opt/rustwide/cargo-home:ro,Z" "-v" "/var/lib/crater-agent-workspace/rustup-home:/opt/rustwide/rustup-home:ro,Z" "-e" "SOURCE_DIR=/opt/rustwide/workdir" "-e" "CARGO_TARGET_DIR=/opt/rustwide/target" "-e" "CARGO_INCREMENTAL=0" "-e" "RUST_BACKTRACE=full" "-e" "RUSTFLAGS=--cap-lints=warn" "-e" "RUSTDOCFLAGS=--cap-lints=warn" "-e" "CARGO_HOME=/opt/rustwide/cargo-home" "-e" "RUSTUP_HOME=/opt/rustwide/rustup-home" "-w" "/opt/rustwide/workdir" "-m" "1610612736" "--user" "0:0" "--network" "none" "ghcr.io/rust-lang/crates-build-env/linux@sha256:2788e3201cd34a07e3172128adcd8b3090168a8e3bcc40d7c032b9dda1df7d1c" "/opt/rustwide/cargo-home/bin/cargo" "+1.75.0" "build" "--frozen" "--message-format=json", kill_on_drop: false }`
[INFO] [stdout] 4dd17fc84f07f9abfa6a0576191906daed085d7691c9b4e76829706da06d2fd7
[INFO] running `Command { std: "docker" "start" "-a" "4dd17fc84f07f9abfa6a0576191906daed085d7691c9b4e76829706da06d2fd7", kill_on_drop: false }`
[INFO] [stderr]    Compiling libc v0.2.151
[INFO] [stderr]    Compiling rust-fp-categories v0.0.4
[INFO] [stderr]    Compiling rust-fp-categories v0.0.5
[INFO] [stderr]    Compiling anyhow v1.0.79
[INFO] [stderr]    Compiling num-traits v0.2.17
[INFO] [stderr]    Compiling oni-comb-parser-rs v0.0.277
[INFO] [stdout] error[E0554]: `#![feature]` may not be used on the stable release channel
[INFO] [stdout]  --> /opt/rustwide/cargo-home/registry/src/index.crates.io-6f17d22bba15001f/rust-fp-categories-0.0.5/src/lib.rs:1:1
[INFO] [stdout]   |
[INFO] [stdout] 1 | #![feature(generic_associated_types)]
[INFO] [stdout]   | ^^^^^^^^^^^^^^^^^^^^^^^^^^^^^^^^^^^^^ help: remove the attribute
[INFO] [stdout]   |
[INFO] [stdout]   = help: the feature `generic_associated_types` has been stable since `1.65.0` and no longer requires an attribute to enable
[INFO] [stdout] 
[INFO] [stdout] 
[INFO] [stdout] error[E0554]: `#![feature]` may not be used on the stable release channel
[INFO] [stdout]  --> /opt/rustwide/cargo-home/registry/src/index.crates.io-6f17d22bba15001f/rust-fp-categories-0.0.4/src/lib.rs:1:1
[INFO] [stdout]   |
[INFO] [stdout] 1 | #![feature(generic_associated_types)]
[INFO] [stdout]   | ^^^^^^^^^^^^^^^^^^^^^^^^^^^^^^^^^^^^^ help: remove the attribute
[INFO] [stdout]   |
[INFO] [stdout]   = help: the feature `generic_associated_types` has been stable since `1.65.0` and no longer requires an attribute to enable
[INFO] [stdout] 
[INFO] [stdout] 
[INFO] [stdout] error: aborting due to previous error
[INFO] [stdout] 
[INFO] [stdout] 
[INFO] [stdout] For more information about this error, try `rustc --explain E0554`.
[INFO] [stdout] 
[INFO] [stderr] error: could not compile `rust-fp-categories` (lib) due to 2 previous errors
[INFO] [stderr] warning: build failed, waiting for other jobs to finish...
[INFO] [stdout] error: aborting due to previous error
[INFO] [stdout] 
[INFO] [stdout] 
[INFO] [stdout] For more information about this error, try `rustc --explain E0554`.
[INFO] [stdout] 
[INFO] [stderr] error: could not compile `rust-fp-categories` (lib) due to 2 previous errors
[INFO] running `Command { std: "docker" "inspect" "4dd17fc84f07f9abfa6a0576191906daed085d7691c9b4e76829706da06d2fd7", kill_on_drop: false }`
[INFO] running `Command { std: "docker" "rm" "-f" "4dd17fc84f07f9abfa6a0576191906daed085d7691c9b4e76829706da06d2fd7", kill_on_drop: false }`
[INFO] [stdout] 4dd17fc84f07f9abfa6a0576191906daed085d7691c9b4e76829706da06d2fd7
[INFO] testing chronos-parser-rs-0.1.382 against beta-2023-12-22 for beta-1.76-1
[INFO] extracting crate chronos-parser-rs 0.1.382 into /workspace/builds/worker-4-tc2/source
[INFO] validating manifest of crates.io crate chronos-parser-rs 0.1.382 on toolchain beta-2023-12-22
[INFO] running `Command { std: CARGO_HOME="/workspace/cargo-home" RUSTUP_HOME="/workspace/rustup-home" "/workspace/cargo-home/bin/cargo" "+beta-2023-12-22" "metadata" "--manifest-path" "Cargo.toml" "--no-deps", kill_on_drop: false }`
[INFO] removed /workspace/builds/worker-4-tc2/source/rust-toolchain.toml
[INFO] started tweaking crates.io crate chronos-parser-rs 0.1.382
[INFO] finished tweaking crates.io crate chronos-parser-rs 0.1.382
[INFO] tweaked toml for crates.io crate chronos-parser-rs 0.1.382 written to /workspace/builds/worker-4-tc2/source/Cargo.toml
[INFO] running `Command { std: CARGO_HOME="/workspace/cargo-home" RUSTUP_HOME="/workspace/rustup-home" "/workspace/cargo-home/bin/cargo" "+beta-2023-12-22" "generate-lockfile" "--manifest-path" "Cargo.toml", kill_on_drop: false }`
[INFO] [stderr]     Updating crates.io index
[INFO] running `Command { std: CARGO_HOME="/workspace/cargo-home" RUSTUP_HOME="/workspace/rustup-home" "/workspace/cargo-home/bin/cargo" "+beta-2023-12-22" "fetch" "--manifest-path" "Cargo.toml", kill_on_drop: false }`
[INFO] running `Command { std: "docker" "create" "-v" "/var/lib/crater-agent-workspace/builds/worker-4-tc2/target:/opt/rustwide/target:rw,Z" "-v" "/var/lib/crater-agent-workspace/builds/worker-4-tc2/source:/opt/rustwide/workdir:ro,Z" "-v" "/var/lib/crater-agent-workspace/cargo-home:/opt/rustwide/cargo-home:ro,Z" "-v" "/var/lib/crater-agent-workspace/rustup-home:/opt/rustwide/rustup-home:ro,Z" "-e" "SOURCE_DIR=/opt/rustwide/workdir" "-e" "CARGO_TARGET_DIR=/opt/rustwide/target" "-e" "CARGO_HOME=/opt/rustwide/cargo-home" "-e" "RUSTUP_HOME=/opt/rustwide/rustup-home" "-w" "/opt/rustwide/workdir" "-m" "1610612736" "--user" "0:0" "--network" "none" "ghcr.io/rust-lang/crates-build-env/linux@sha256:2788e3201cd34a07e3172128adcd8b3090168a8e3bcc40d7c032b9dda1df7d1c" "/opt/rustwide/cargo-home/bin/cargo" "+beta-2023-12-22" "metadata" "--no-deps" "--format-version=1", kill_on_drop: false }`
[INFO] [stdout] 06af912d5eb95c93ee3b2ceda06d017ee8877cef3ea1cb3fdf8f3cec058019b2
[INFO] running `Command { std: "docker" "start" "-a" "06af912d5eb95c93ee3b2ceda06d017ee8877cef3ea1cb3fdf8f3cec058019b2", kill_on_drop: false }`
[INFO] running `Command { std: "docker" "inspect" "06af912d5eb95c93ee3b2ceda06d017ee8877cef3ea1cb3fdf8f3cec058019b2", kill_on_drop: false }`
[INFO] running `Command { std: "docker" "rm" "-f" "06af912d5eb95c93ee3b2ceda06d017ee8877cef3ea1cb3fdf8f3cec058019b2", kill_on_drop: false }`
[INFO] [stdout] 06af912d5eb95c93ee3b2ceda06d017ee8877cef3ea1cb3fdf8f3cec058019b2
[INFO] running `Command { std: "docker" "create" "-v" "/var/lib/crater-agent-workspace/builds/worker-4-tc2/target:/opt/rustwide/target:rw,Z" "-v" "/var/lib/crater-agent-workspace/builds/worker-4-tc2/source:/opt/rustwide/workdir:ro,Z" "-v" "/var/lib/crater-agent-workspace/cargo-home:/opt/rustwide/cargo-home:ro,Z" "-v" "/var/lib/crater-agent-workspace/rustup-home:/opt/rustwide/rustup-home:ro,Z" "-e" "SOURCE_DIR=/opt/rustwide/workdir" "-e" "CARGO_TARGET_DIR=/opt/rustwide/target" "-e" "CARGO_INCREMENTAL=0" "-e" "RUST_BACKTRACE=full" "-e" "RUSTFLAGS=--cap-lints=warn" "-e" "RUSTDOCFLAGS=--cap-lints=warn" "-e" "CARGO_HOME=/opt/rustwide/cargo-home" "-e" "RUSTUP_HOME=/opt/rustwide/rustup-home" "-w" "/opt/rustwide/workdir" "-m" "1610612736" "--user" "0:0" "--network" "none" "ghcr.io/rust-lang/crates-build-env/linux@sha256:2788e3201cd34a07e3172128adcd8b3090168a8e3bcc40d7c032b9dda1df7d1c" "/opt/rustwide/cargo-home/bin/cargo" "+beta-2023-12-22" "build" "--frozen" "--message-format=json", kill_on_drop: false }`
[INFO] [stdout] ea7191468b7c8abe69032c6cd52bff46bd6d87ede2c0efd1f58122e1bb25bb10
[INFO] running `Command { std: "docker" "start" "-a" "ea7191468b7c8abe69032c6cd52bff46bd6d87ede2c0efd1f58122e1bb25bb10", kill_on_drop: false }`
[INFO] [stderr]    Compiling libc v0.2.151
[INFO] [stderr]    Compiling rust-fp-categories v0.0.4
[INFO] [stderr]    Compiling rust-fp-categories v0.0.5
[INFO] [stderr]    Compiling anyhow v1.0.79
[INFO] [stderr]    Compiling num-traits v0.2.17
[INFO] [stderr]    Compiling oni-comb-parser-rs v0.0.277
[INFO] [stdout] error[E0554]: `#![feature]` may not be used on the beta release channel
[INFO] [stdout]  --> /opt/rustwide/cargo-home/registry/src/index.crates.io-6f17d22bba15001f/rust-fp-categories-0.0.4/src/lib.rs:1:1
[INFO] [stdout]   |
[INFO] [stdout] 1 | #![feature(generic_associated_types)]
[INFO] [stdout]   | ^^^^^^^^^^^^^^^^^^^^^^^^^^^^^^^^^^^^^ help: remove the attribute
[INFO] [stdout]   |
[INFO] [stdout]   = help: the feature `generic_associated_types` has been stable since `1.65.0` and no longer requires an attribute to enable
[INFO] [stdout] 
[INFO] [stdout] 
[INFO] [stdout] error[E0554]: `#![feature]` may not be used on the beta release channel
[INFO] [stdout]  --> /opt/rustwide/cargo-home/registry/src/index.crates.io-6f17d22bba15001f/rust-fp-categories-0.0.5/src/lib.rs:1:1
[INFO] [stdout]   |
[INFO] [stdout] 1 | #![feature(generic_associated_types)]
[INFO] [stdout]   | ^^^^^^^^^^^^^^^^^^^^^^^^^^^^^^^^^^^^^ help: remove the attribute
[INFO] [stdout]   |
[INFO] [stdout]   = help: the feature `generic_associated_types` has been stable since `1.65.0` and no longer requires an attribute to enable
[INFO] [stdout] 
[INFO] [stdout] 
[INFO] [stdout] error: aborting due to 1 previous error
[INFO] [stdout] 
[INFO] [stdout] 
[INFO] [stdout] For more information about this error, try `rustc --explain E0554`.
[INFO] [stdout] 
[INFO] [stdout] error: aborting due to 1 previous error
[INFO] [stdout] 
[INFO] [stdout] 
[INFO] [stdout] For more information about this error, try `rustc --explain E0554`.
[INFO] [stdout] 
[INFO] [stderr] error: could not compile `rust-fp-categories` (lib) due to 2 previous errors
[INFO] [stderr] warning: build failed, waiting for other jobs to finish...
[INFO] [stderr] error: could not compile `rust-fp-categories` (lib) due to 2 previous errors
[INFO] running `Command { std: "docker" "inspect" "ea7191468b7c8abe69032c6cd52bff46bd6d87ede2c0efd1f58122e1bb25bb10", kill_on_drop: false }`
[INFO] running `Command { std: "docker" "rm" "-f" "ea7191468b7c8abe69032c6cd52bff46bd6d87ede2c0efd1f58122e1bb25bb10", kill_on_drop: false }`
[INFO] [stdout] ea7191468b7c8abe69032c6cd52bff46bd6d87ede2c0efd1f58122e1bb25bb10
