[INFO] fetching crate chorus 0.12.0...
[INFO] testing chorus-0.12.0 against 1.75.0 for beta-1.76-1
[INFO] extracting crate chorus 0.12.0 into /workspace/builds/worker-7-tc1/source
[INFO] validating manifest of crates.io crate chorus 0.12.0 on toolchain 1.75.0
[INFO] running `Command { std: CARGO_HOME="/workspace/cargo-home" RUSTUP_HOME="/workspace/rustup-home" "/workspace/cargo-home/bin/cargo" "+1.75.0" "metadata" "--manifest-path" "Cargo.toml" "--no-deps", kill_on_drop: false }`
[INFO] removed /workspace/builds/worker-7-tc1/source/.cargo/config.toml
[INFO] started tweaking crates.io crate chorus 0.12.0
[INFO] finished tweaking crates.io crate chorus 0.12.0
[INFO] tweaked toml for crates.io crate chorus 0.12.0 written to /workspace/builds/worker-7-tc1/source/Cargo.toml
[INFO] crate crates.io crate chorus 0.12.0 already has a lockfile, it will not be regenerated
[INFO] running `Command { std: CARGO_HOME="/workspace/cargo-home" RUSTUP_HOME="/workspace/rustup-home" "/workspace/cargo-home/bin/cargo" "+1.75.0" "fetch" "--manifest-path" "Cargo.toml", kill_on_drop: false }`
[INFO] [stderr]     Updating crates.io index
[INFO] [stderr]  Downloading crates ...
[INFO] [stderr]   Downloaded poem-derive v1.3.58
[INFO] [stderr]   Downloaded rfc7239 v0.1.0
[INFO] [stderr]   Downloaded sqlformat v0.2.2
[INFO] [stderr]   Downloaded serde_repr v0.1.17
[INFO] [stderr]   Downloaded serde-aux v4.2.0
[INFO] [stderr]   Downloaded chorus-macros v0.2.0
[INFO] [stderr]   Downloaded md-5 v0.10.6
[INFO] [stderr]   Downloaded hashlink v0.8.4
[INFO] [stderr]   Downloaded ipnetwork v0.20.0
[INFO] [stderr]   Downloaded cc v1.0.84
[INFO] [stderr]   Downloaded rustix v0.38.23
[INFO] [stderr]   Downloaded finl_unicode v1.2.0
[INFO] [stderr]   Downloaded poem v1.3.58
[INFO] [stderr]   Downloaded pharos v0.5.3
[INFO] [stderr]   Downloaded stringprep v0.1.4
[INFO] [stderr]   Downloaded errno v0.3.6
[INFO] [stderr]   Downloaded ws_stream_wasm v0.7.4
[INFO] [stderr]   Downloaded send_wrapper v0.6.0
[INFO] [stderr]   Downloaded wasm-bindgen-test v0.3.38
[INFO] [stderr]   Downloaded async_io_stream v0.3.3
[INFO] [stderr]   Downloaded wasm-bindgen-test-macro v0.3.38
[INFO] [stderr]   Downloaded custom_error v1.9.2
[INFO] [stderr]   Downloaded headers v0.3.9
[INFO] [stderr]   Downloaded safina-timer v0.1.11
[INFO] running `Command { std: "docker" "create" "-v" "/var/lib/crater-agent-workspace/builds/worker-7-tc1/target:/opt/rustwide/target:rw,Z" "-v" "/var/lib/crater-agent-workspace/builds/worker-7-tc1/source:/opt/rustwide/workdir:ro,Z" "-v" "/var/lib/crater-agent-workspace/cargo-home:/opt/rustwide/cargo-home:ro,Z" "-v" "/var/lib/crater-agent-workspace/rustup-home:/opt/rustwide/rustup-home:ro,Z" "-e" "SOURCE_DIR=/opt/rustwide/workdir" "-e" "CARGO_TARGET_DIR=/opt/rustwide/target" "-e" "CARGO_HOME=/opt/rustwide/cargo-home" "-e" "RUSTUP_HOME=/opt/rustwide/rustup-home" "-w" "/opt/rustwide/workdir" "-m" "1610612736" "--user" "0:0" "--network" "none" "ghcr.io/rust-lang/crates-build-env/linux@sha256:2788e3201cd34a07e3172128adcd8b3090168a8e3bcc40d7c032b9dda1df7d1c" "/opt/rustwide/cargo-home/bin/cargo" "+1.75.0" "metadata" "--no-deps" "--format-version=1", kill_on_drop: false }`
[INFO] [stdout] 6e34f91da2c3980519841244825b84242f008542a28c454922c2472f3ee12fea
[INFO] running `Command { std: "docker" "start" "-a" "6e34f91da2c3980519841244825b84242f008542a28c454922c2472f3ee12fea", kill_on_drop: false }`
[INFO] running `Command { std: "docker" "inspect" "6e34f91da2c3980519841244825b84242f008542a28c454922c2472f3ee12fea", kill_on_drop: false }`
[INFO] running `Command { std: "docker" "rm" "-f" "6e34f91da2c3980519841244825b84242f008542a28c454922c2472f3ee12fea", kill_on_drop: false }`
[INFO] [stdout] 6e34f91da2c3980519841244825b84242f008542a28c454922c2472f3ee12fea
[INFO] running `Command { std: "docker" "create" "-v" "/var/lib/crater-agent-workspace/builds/worker-7-tc1/target:/opt/rustwide/target:rw,Z" "-v" "/var/lib/crater-agent-workspace/builds/worker-7-tc1/source:/opt/rustwide/workdir:ro,Z" "-v" "/var/lib/crater-agent-workspace/cargo-home:/opt/rustwide/cargo-home:ro,Z" "-v" "/var/lib/crater-agent-workspace/rustup-home:/opt/rustwide/rustup-home:ro,Z" "-e" "SOURCE_DIR=/opt/rustwide/workdir" "-e" "CARGO_TARGET_DIR=/opt/rustwide/target" "-e" "CARGO_INCREMENTAL=0" "-e" "RUST_BACKTRACE=full" "-e" "RUSTFLAGS=--cap-lints=warn" "-e" "RUSTDOCFLAGS=--cap-lints=warn" "-e" "CARGO_HOME=/opt/rustwide/cargo-home" "-e" "RUSTUP_HOME=/opt/rustwide/rustup-home" "-w" "/opt/rustwide/workdir" "-m" "1610612736" "--user" "0:0" "--network" "none" "ghcr.io/rust-lang/crates-build-env/linux@sha256:2788e3201cd34a07e3172128adcd8b3090168a8e3bcc40d7c032b9dda1df7d1c" "/opt/rustwide/cargo-home/bin/cargo" "+1.75.0" "build" "--frozen" "--message-format=json", kill_on_drop: false }`
[INFO] [stdout] b6087cd5bff4e462dbd99d64c860914484cecf8679ef89bb85c58cf9d90f7ff6
[INFO] running `Command { std: "docker" "start" "-a" "b6087cd5bff4e462dbd99d64c860914484cecf8679ef89bb85c58cf9d90f7ff6", kill_on_drop: false }`
[INFO] [stderr]    Compiling proc-macro2 v1.0.69
[INFO] [stderr]    Compiling unicode-ident v1.0.12
[INFO] [stderr]    Compiling libc v0.2.150
[INFO] [stderr]    Compiling itoa v1.0.9
[INFO] [stderr]    Compiling serde v1.0.192
[INFO] [stderr]    Compiling vcpkg v0.2.15
[INFO] [stderr]    Compiling num-traits v0.2.17
[INFO] [stderr]    Compiling futures-util v0.3.29
[INFO] [stderr]    Compiling http v0.2.11
[INFO] [stderr]    Compiling unicase v2.7.0
[INFO] [stderr]    Compiling openssl v0.10.59
[INFO] [stderr]    Compiling openssl-probe v0.1.5
[INFO] [stderr]    Compiling percent-encoding v2.3.0
[INFO] [stderr]    Compiling quote v1.0.33
[INFO] [stderr]    Compiling thiserror v1.0.50
[INFO] [stderr]    Compiling syn v2.0.39
[INFO] [stderr]    Compiling getrandom v0.2.11
[INFO] [stderr]    Compiling socket2 v0.5.5
[INFO] [stderr]    Compiling num_cpus v1.16.0
[INFO] [stderr]    Compiling mio v0.8.9
[INFO] [stderr]    Compiling foreign-types-shared v0.1.1
[INFO] [stderr]    Compiling cc v1.0.84
[INFO] [stderr]    Compiling foreign-types v0.3.2
[INFO] [stderr]    Compiling form_urlencoded v1.2.0
[INFO] [stderr]    Compiling num-integer v0.1.45
[INFO] [stderr]    Compiling strsim v0.10.0
[INFO] [stderr]    Compiling native-tls v0.2.11
[INFO] [stderr]    Compiling rustls v0.21.8
[INFO] [stderr]    Compiling ryu v1.0.15
[INFO] [stderr]    Compiling serde_json v1.0.108
[INFO] [stderr]    Compiling unicode-bidi v0.3.13
[INFO] [stderr]    Compiling ident_case v1.0.1
[INFO] [stderr]    Compiling rand_core v0.6.4
[INFO] [stderr]    Compiling crypto-common v0.1.6
[INFO] [stderr]    Compiling num-bigint v0.4.4
[INFO] [stderr]    Compiling powerfmt v0.2.0
[INFO] [stderr]    Compiling time-core v0.1.2
[INFO] [stderr]    Compiling mime_guess v2.0.4
[INFO] [stderr]    Compiling deranged v0.3.9
[INFO] [stderr]    Compiling time-macros v0.2.15
[INFO] [stderr]    Compiling rand_chacha v0.3.1
[INFO] [stderr]    Compiling idna v0.4.0
[INFO] [stderr]    Compiling digest v0.10.7
[INFO] [stderr]    Compiling url v2.4.1
[INFO] [stderr]    Compiling ring v0.17.5
[INFO] [stderr]    Compiling openssl-sys v0.9.95
[INFO] [stderr]    Compiling ring v0.16.20
[INFO] [stderr]    Compiling http-body v0.4.5
[INFO] [stderr]    Compiling socket2 v0.4.10
[INFO] [stderr]    Compiling memchr v2.6.4
[INFO] [stderr]    Compiling cpufeatures v0.2.11
[INFO] [stderr]    Compiling async-trait v0.1.74
[INFO] [stderr]    Compiling sha1 v0.10.6
[INFO] [stderr]    Compiling time v0.3.30
[INFO] [stderr]    Compiling aho-corasick v1.1.2
[INFO] [stderr]    Compiling rand v0.8.5
[INFO] [stderr]    Compiling rustls-pemfile v1.0.4
[INFO] [stderr]    Compiling data-encoding v2.4.0
[INFO] [stderr]    Compiling darling_core v0.20.3
[INFO] [stderr]    Compiling iana-time-zone v0.1.58
[INFO] [stderr]    Compiling untrusted v0.7.1
[INFO] [stderr]    Compiling base64 v0.13.1
[INFO] [stderr]    Compiling spin v0.5.2
[INFO] [stderr]    Compiling utf-8 v0.7.6
[INFO] [stderr]    Compiling regex-automata v0.4.3
[INFO] [stderr]    Compiling pem v1.1.1
[INFO] [stderr]    Compiling rustls-native-certs v0.6.3
[INFO] [stderr]    Compiling match_cfg v0.1.0
[INFO] [stderr]    Compiling hostname v0.3.1
[INFO] [stderr]    Compiling safina-timer v0.1.11
[INFO] [stderr]    Compiling custom_error v1.9.2
[INFO] [stderr]    Compiling serde_derive v1.0.192
[INFO] [stderr]    Compiling tokio-macros v2.2.0
[INFO] [stderr]    Compiling futures-macro v0.3.29
[INFO] [stderr]    Compiling openssl-macros v0.1.1
[INFO] [stderr]    Compiling thiserror-impl v1.0.50
[INFO] [stderr]    Compiling sct v0.7.1
[INFO] [stderr]    Compiling rustls-webpki v0.101.7
[INFO] [stderr]    Compiling darling_macro v0.20.3
[INFO] [stderr]    Compiling tokio v1.34.0
[INFO] [stderr]    Compiling darling v0.20.3
[INFO] [stderr]    Compiling serde_with_macros v3.4.0
[INFO] [stderr]    Compiling simple_asn1 v0.6.2
[INFO] [stderr]    Compiling regex v1.10.2
[INFO] [stderr]    Compiling serde_repr v0.1.17
[INFO] [stderr]    Compiling chorus-macros v0.2.0
[INFO] [stderr]    Compiling tungstenite v0.20.1
[INFO] [stderr]    Compiling tokio-util v0.7.10
[INFO] [stderr]    Compiling tokio-rustls v0.24.1
[INFO] [stderr]    Compiling tokio-tungstenite v0.20.1
[INFO] [stderr]    Compiling h2 v0.3.21
[INFO] [stderr]    Compiling hyper v0.14.27
[INFO] [stderr]    Compiling bitflags v2.4.1
[INFO] [stderr]    Compiling serde_urlencoded v0.7.1
[INFO] [stderr]    Compiling chrono v0.4.31
[INFO] [stderr]    Compiling serde_with v3.4.0
[INFO] [stderr]    Compiling jsonwebtoken v8.3.0
[INFO] [stderr]    Compiling serde-aux v4.2.0
[INFO] [stderr]    Compiling tokio-native-tls v0.3.1
[INFO] [stderr]    Compiling hyper-tls v0.5.0
[INFO] [stderr]    Compiling reqwest v0.11.22
[INFO] [stderr]    Compiling chorus v0.12.0 (/opt/rustwide/workdir)
[INFO] [stdout] warning: unused import: `channels::messages::*`
[INFO] [stdout]  --> src/api/mod.rs:2:9
[INFO] [stdout]   |
[INFO] [stdout] 2 | pub use channels::messages::*;
[INFO] [stdout]   |         ^^^^^^^^^^^^^^^^^^^^^
[INFO] [stdout]   |
[INFO] [stdout]   = note: `#[warn(unused_imports)]` on by default
[INFO] [stdout] 
[INFO] [stdout] 
[INFO] [stdout] warning: unused import: `invites::*`
[INFO] [stdout]  --> src/api/mod.rs:4:9
[INFO] [stdout]   |
[INFO] [stdout] 4 | pub use invites::*;
[INFO] [stdout]   |         ^^^^^^^^^^
[INFO] [stdout] 
[INFO] [stdout] 
[INFO] [stdout] warning: unused import: `policies::instance::instance::*`
[INFO] [stdout]  --> src/api/mod.rs:5:9
[INFO] [stdout]   |
[INFO] [stdout] 5 | pub use policies::instance::instance::*;
[INFO] [stdout]   |         ^^^^^^^^^^^^^^^^^^^^^^^^^^^^^^^
[INFO] [stdout] 
[INFO] [stdout] 
[INFO] [stdout] warning: unused import: `login::*`
[INFO] [stdout]  --> src/api/auth/mod.rs:3:9
[INFO] [stdout]   |
[INFO] [stdout] 3 | pub use login::*;
[INFO] [stdout]   |         ^^^^^^^^
[INFO] [stdout] 
[INFO] [stdout] 
[INFO] [stdout] warning: unused import: `register::*`
[INFO] [stdout]  --> src/api/auth/mod.rs:4:9
[INFO] [stdout]   |
[INFO] [stdout] 4 | pub use register::*;
[INFO] [stdout]   |         ^^^^^^^^^^^
[INFO] [stdout] 
[INFO] [stdout] 
[INFO] [stdout] warning: unused import: `channels::*`
[INFO] [stdout]  --> src/api/channels/mod.rs:1:9
[INFO] [stdout]   |
[INFO] [stdout] 1 | pub use channels::*;
[INFO] [stdout]   |         ^^^^^^^^^^^
[INFO] [stdout] 
[INFO] [stdout] 
[INFO] [stdout] warning: unused import: `messages::*`
[INFO] [stdout]  --> src/api/channels/mod.rs:2:9
[INFO] [stdout]   |
[INFO] [stdout] 2 | pub use messages::*;
[INFO] [stdout]   |         ^^^^^^^^^^^
[INFO] [stdout] 
[INFO] [stdout] 
[INFO] [stdout] warning: unused import: `permissions::*`
[INFO] [stdout]  --> src/api/channels/mod.rs:3:9
[INFO] [stdout]   |
[INFO] [stdout] 3 | pub use permissions::*;
[INFO] [stdout]   |         ^^^^^^^^^^^^^^
[INFO] [stdout] 
[INFO] [stdout] 
[INFO] [stdout] warning: unused import: `guilds::*`
[INFO] [stdout]  --> src/api/guilds/mod.rs:1:9
[INFO] [stdout]   |
[INFO] [stdout] 1 | pub use guilds::*;
[INFO] [stdout]   |         ^^^^^^^^^
[INFO] [stdout] 
[INFO] [stdout] 
[INFO] [stdout] warning: unused import: `messages::*`
[INFO] [stdout]  --> src/api/guilds/mod.rs:2:9
[INFO] [stdout]   |
[INFO] [stdout] 2 | pub use messages::*;
[INFO] [stdout]   |         ^^^^^^^^^^^
[INFO] [stdout] 
[INFO] [stdout] 
[INFO] [stdout] warning: unused import: `roles::*`
[INFO] [stdout]  --> src/api/guilds/mod.rs:3:9
[INFO] [stdout]   |
[INFO] [stdout] 3 | pub use roles::*;
[INFO] [stdout]   |         ^^^^^^^^
[INFO] [stdout] 
[INFO] [stdout] 
[INFO] [stdout] warning: unused import: `roles::*`
[INFO] [stdout]  --> src/api/guilds/mod.rs:4:9
[INFO] [stdout]   |
[INFO] [stdout] 4 | pub use roles::*;
[INFO] [stdout]   |         ^^^^^^^^
[INFO] [stdout] 
[INFO] [stdout] 
[INFO] [stdout] warning: unused import: `instance::*`
[INFO] [stdout]  --> src/api/policies/instance/mod.rs:1:9
[INFO] [stdout]   |
[INFO] [stdout] 1 | pub use instance::*;
[INFO] [stdout]   |         ^^^^^^^^^^^
[INFO] [stdout] 
[INFO] [stdout] 
[INFO] [stdout] warning: unused import: `channels::*`
[INFO] [stdout]  --> src/api/users/mod.rs:1:9
[INFO] [stdout]   |
[INFO] [stdout] 1 | pub use channels::*;
[INFO] [stdout]   |         ^^^^^^^^^^^
[INFO] [stdout] 
[INFO] [stdout] 
[INFO] [stdout] warning: unused import: `guilds::*`
[INFO] [stdout]  --> src/api/users/mod.rs:2:9
[INFO] [stdout]   |
[INFO] [stdout] 2 | pub use guilds::*;
[INFO] [stdout]   |         ^^^^^^^^^
[INFO] [stdout] 
[INFO] [stdout] 
[INFO] [stdout] warning: unused import: `relationships::*`
[INFO] [stdout]  --> src/api/users/mod.rs:3:9
[INFO] [stdout]   |
[INFO] [stdout] 3 | pub use relationships::*;
[INFO] [stdout]   |         ^^^^^^^^^^^^^^^^
[INFO] [stdout] 
[INFO] [stdout] 
[INFO] [stdout] warning: unused import: `users::*`
[INFO] [stdout]  --> src/api/users/mod.rs:4:9
[INFO] [stdout]   |
[INFO] [stdout] 4 | pub use users::*;
[INFO] [stdout]   |         ^^^^^^^^
[INFO] [stdout] 
[INFO] [stdout] 
[INFO] [stdout] warning: unused import: `connected_account::*`
[INFO] [stdout]  --> src/types/interfaces/mod.rs:2:9
[INFO] [stdout]   |
[INFO] [stdout] 2 | pub use connected_account::*;
[INFO] [stdout]   |         ^^^^^^^^^^^^^^^^^^^^
[INFO] [stdout] 
[INFO] [stdout] 
[INFO] [stdout] warning: unused import: `regexes::*`
[INFO] [stdout]  --> src/types/utils/mod.rs:1:9
[INFO] [stdout]   |
[INFO] [stdout] 1 | pub use regexes::*;
[INFO] [stdout]   |         ^^^^^^^^^^
[INFO] [stdout] 
[INFO] [stdout] 
[INFO] [stdout] warning: 19 warnings emitted
[INFO] [stdout] 
[INFO] [stdout] 
[INFO] [stderr]     Finished dev [unoptimized + debuginfo] target(s) in 1m 49s
[INFO] running `Command { std: "docker" "inspect" "b6087cd5bff4e462dbd99d64c860914484cecf8679ef89bb85c58cf9d90f7ff6", kill_on_drop: false }`
[INFO] running `Command { std: "docker" "rm" "-f" "b6087cd5bff4e462dbd99d64c860914484cecf8679ef89bb85c58cf9d90f7ff6", kill_on_drop: false }`
[INFO] [stdout] b6087cd5bff4e462dbd99d64c860914484cecf8679ef89bb85c58cf9d90f7ff6
[INFO] running `Command { std: "docker" "create" "-v" "/var/lib/crater-agent-workspace/builds/worker-7-tc1/target:/opt/rustwide/target:rw,Z" "-v" "/var/lib/crater-agent-workspace/builds/worker-7-tc1/source:/opt/rustwide/workdir:ro,Z" "-v" "/var/lib/crater-agent-workspace/cargo-home:/opt/rustwide/cargo-home:ro,Z" "-v" "/var/lib/crater-agent-workspace/rustup-home:/opt/rustwide/rustup-home:ro,Z" "-e" "SOURCE_DIR=/opt/rustwide/workdir" "-e" "CARGO_TARGET_DIR=/opt/rustwide/target" "-e" "CARGO_INCREMENTAL=0" "-e" "RUST_BACKTRACE=full" "-e" "RUSTFLAGS=--cap-lints=warn" "-e" "RUSTDOCFLAGS=--cap-lints=warn" "-e" "CARGO_HOME=/opt/rustwide/cargo-home" "-e" "RUSTUP_HOME=/opt/rustwide/rustup-home" "-w" "/opt/rustwide/workdir" "-m" "1610612736" "--user" "0:0" "--network" "none" "ghcr.io/rust-lang/crates-build-env/linux@sha256:2788e3201cd34a07e3172128adcd8b3090168a8e3bcc40d7c032b9dda1df7d1c" "/opt/rustwide/cargo-home/bin/cargo" "+1.75.0" "test" "--frozen" "--no-run" "--message-format=json", kill_on_drop: false }`
[INFO] [stdout] 8b5f8a68284eb47be2444b5735b8887c44ea68dca84ff6aab8e5d7f3306b5756
[INFO] running `Command { std: "docker" "start" "-a" "8b5f8a68284eb47be2444b5735b8887c44ea68dca84ff6aab8e5d7f3306b5756", kill_on_drop: false }`
[INFO] [stderr]    Compiling syn v2.0.39
[INFO] [stderr]    Compiling wasm-bindgen-shared v0.2.88
[INFO] [stderr]    Compiling bumpalo v3.14.0
[INFO] [stderr]    Compiling wasm-bindgen v0.2.88
[INFO] [stderr]    Compiling scoped-tls v1.0.1
[INFO] [stderr]    Compiling wasm-bindgen-backend v0.2.88
[INFO] [stderr]    Compiling darling_core v0.20.3
[INFO] [stderr]    Compiling serde_derive v1.0.192
[INFO] [stderr]    Compiling tokio-macros v2.2.0
[INFO] [stderr]    Compiling futures-macro v0.3.29
[INFO] [stderr]    Compiling thiserror-impl v1.0.50
[INFO] [stderr]    Compiling openssl-macros v0.1.1
[INFO] [stderr]    Compiling async-trait v0.1.74
[INFO] [stderr]    Compiling wasm-bindgen-macro-support v0.2.88
[INFO] [stderr]    Compiling serde_repr v0.1.17
[INFO] [stderr]    Compiling tokio v1.34.0
[INFO] [stderr]    Compiling chorus-macros v0.2.0
[INFO] [stderr]    Compiling futures-util v0.3.29
[INFO] [stderr]    Compiling thiserror v1.0.50
[INFO] [stderr]    Compiling wasm-bindgen-macro v0.2.88
[INFO] [stderr]    Compiling tungstenite v0.20.1
[INFO] [stderr]    Compiling simple_asn1 v0.6.2
[INFO] [stderr]    Compiling wasm-bindgen-test-macro v0.3.38
[INFO] [stderr]    Compiling darling_macro v0.20.3
[INFO] [stderr]    Compiling darling v0.20.3
[INFO] [stderr]    Compiling serde_with_macros v3.4.0
[INFO] [stderr]    Compiling js-sys v0.3.65
[INFO] [stderr]    Compiling console_error_panic_hook v0.1.7
[INFO] [stderr]    Compiling serde v1.0.192
[INFO] [stderr]    Compiling tokio-util v0.7.10
[INFO] [stderr]    Compiling tokio-rustls v0.24.1
[INFO] [stderr]    Compiling tokio-tungstenite v0.20.1
[INFO] [stderr]    Compiling h2 v0.3.21
[INFO] [stderr]    Compiling wasm-bindgen-futures v0.4.38
[INFO] [stderr]    Compiling bitflags v2.4.1
[INFO] [stderr]    Compiling serde_json v1.0.108
[INFO] [stderr]    Compiling chrono v0.4.31
[INFO] [stderr]    Compiling serde_urlencoded v0.7.1
[INFO] [stderr]    Compiling openssl v0.10.59
[INFO] [stderr]    Compiling serde_with v3.4.0
[INFO] [stderr]    Compiling wasm-bindgen-test v0.3.38
[INFO] [stderr]    Compiling jsonwebtoken v8.3.0
[INFO] [stderr]    Compiling hyper v0.14.27
[INFO] [stderr]    Compiling serde-aux v4.2.0
[INFO] [stderr]    Compiling native-tls v0.2.11
[INFO] [stderr]    Compiling tokio-native-tls v0.3.1
[INFO] [stderr]    Compiling hyper-tls v0.5.0
[INFO] [stderr]    Compiling reqwest v0.11.22
[INFO] [stderr]    Compiling chorus v0.12.0 (/opt/rustwide/workdir)
[INFO] [stdout] warning: unused import: `channels::messages::*`
[INFO] [stdout]  --> src/api/mod.rs:2:9
[INFO] [stdout]   |
[INFO] [stdout] 2 | pub use channels::messages::*;
[INFO] [stdout]   |         ^^^^^^^^^^^^^^^^^^^^^
[INFO] [stdout]   |
[INFO] [stdout]   = note: `#[warn(unused_imports)]` on by default
[INFO] [stdout] 
[INFO] [stdout] 
[INFO] [stdout] warning: unused import: `invites::*`
[INFO] [stdout]  --> src/api/mod.rs:4:9
[INFO] [stdout]   |
[INFO] [stdout] 4 | pub use invites::*;
[INFO] [stdout]   |         ^^^^^^^^^^
[INFO] [stdout] 
[INFO] [stdout] 
[INFO] [stdout] warning: unused import: `policies::instance::instance::*`
[INFO] [stdout]  --> src/api/mod.rs:5:9
[INFO] [stdout]   |
[INFO] [stdout] 5 | pub use policies::instance::instance::*;
[INFO] [stdout]   |         ^^^^^^^^^^^^^^^^^^^^^^^^^^^^^^^
[INFO] [stdout] 
[INFO] [stdout] 
[INFO] [stdout] warning: unused import: `login::*`
[INFO] [stdout]  --> src/api/auth/mod.rs:3:9
[INFO] [stdout]   |
[INFO] [stdout] 3 | pub use login::*;
[INFO] [stdout]   |         ^^^^^^^^
[INFO] [stdout] 
[INFO] [stdout] 
[INFO] [stdout] warning: unused import: `register::*`
[INFO] [stdout]  --> src/api/auth/mod.rs:4:9
[INFO] [stdout]   |
[INFO] [stdout] 4 | pub use register::*;
[INFO] [stdout]   |         ^^^^^^^^^^^
[INFO] [stdout] 
[INFO] [stdout] 
[INFO] [stdout] warning: unused import: `channels::*`
[INFO] [stdout]  --> src/api/channels/mod.rs:1:9
[INFO] [stdout]   |
[INFO] [stdout] 1 | pub use channels::*;
[INFO] [stdout]   |         ^^^^^^^^^^^
[INFO] [stdout] 
[INFO] [stdout] 
[INFO] [stdout] warning: unused import: `messages::*`
[INFO] [stdout]  --> src/api/channels/mod.rs:2:9
[INFO] [stdout]   |
[INFO] [stdout] 2 | pub use messages::*;
[INFO] [stdout]   |         ^^^^^^^^^^^
[INFO] [stdout] 
[INFO] [stdout] 
[INFO] [stdout] warning: unused import: `permissions::*`
[INFO] [stdout]  --> src/api/channels/mod.rs:3:9
[INFO] [stdout]   |
[INFO] [stdout] 3 | pub use permissions::*;
[INFO] [stdout]   |         ^^^^^^^^^^^^^^
[INFO] [stdout] 
[INFO] [stdout] 
[INFO] [stdout] warning: unused import: `guilds::*`
[INFO] [stdout]  --> src/api/guilds/mod.rs:1:9
[INFO] [stdout]   |
[INFO] [stdout] 1 | pub use guilds::*;
[INFO] [stdout]   |         ^^^^^^^^^
[INFO] [stdout] 
[INFO] [stdout] 
[INFO] [stdout] warning: unused import: `messages::*`
[INFO] [stdout]  --> src/api/guilds/mod.rs:2:9
[INFO] [stdout]   |
[INFO] [stdout] 2 | pub use messages::*;
[INFO] [stdout]   |         ^^^^^^^^^^^
[INFO] [stdout] 
[INFO] [stdout] 
[INFO] [stdout] warning: unused import: `roles::*`
[INFO] [stdout]  --> src/api/guilds/mod.rs:3:9
[INFO] [stdout]   |
[INFO] [stdout] 3 | pub use roles::*;
[INFO] [stdout]   |         ^^^^^^^^
[INFO] [stdout] 
[INFO] [stdout] 
[INFO] [stdout] warning: unused import: `roles::*`
[INFO] [stdout]  --> src/api/guilds/mod.rs:4:9
[INFO] [stdout]   |
[INFO] [stdout] 4 | pub use roles::*;
[INFO] [stdout]   |         ^^^^^^^^
[INFO] [stdout] 
[INFO] [stdout] 
[INFO] [stdout] warning: unused import: `instance::*`
[INFO] [stdout]  --> src/api/policies/instance/mod.rs:1:9
[INFO] [stdout]   |
[INFO] [stdout] 1 | pub use instance::*;
[INFO] [stdout]   |         ^^^^^^^^^^^
[INFO] [stdout] 
[INFO] [stdout] 
[INFO] [stdout] warning: unused import: `channels::*`
[INFO] [stdout]  --> src/api/users/mod.rs:1:9
[INFO] [stdout]   |
[INFO] [stdout] 1 | pub use channels::*;
[INFO] [stdout]   |         ^^^^^^^^^^^
[INFO] [stdout] 
[INFO] [stdout] 
[INFO] [stdout] warning: unused import: `guilds::*`
[INFO] [stdout]  --> src/api/users/mod.rs:2:9
[INFO] [stdout]   |
[INFO] [stdout] 2 | pub use guilds::*;
[INFO] [stdout]   |         ^^^^^^^^^
[INFO] [stdout] 
[INFO] [stdout] 
[INFO] [stdout] warning: unused import: `relationships::*`
[INFO] [stdout]  --> src/api/users/mod.rs:3:9
[INFO] [stdout]   |
[INFO] [stdout] 3 | pub use relationships::*;
[INFO] [stdout]   |         ^^^^^^^^^^^^^^^^
[INFO] [stdout] 
[INFO] [stdout] 
[INFO] [stdout] warning: unused import: `users::*`
[INFO] [stdout]  --> src/api/users/mod.rs:4:9
[INFO] [stdout]   |
[INFO] [stdout] 4 | pub use users::*;
[INFO] [stdout]   |         ^^^^^^^^
[INFO] [stdout] 
[INFO] [stdout] 
[INFO] [stdout] warning: unused import: `connected_account::*`
[INFO] [stdout]  --> src/types/interfaces/mod.rs:2:9
[INFO] [stdout]   |
[INFO] [stdout] 2 | pub use connected_account::*;
[INFO] [stdout]   |         ^^^^^^^^^^^^^^^^^^^^
[INFO] [stdout] 
[INFO] [stdout] 
[INFO] [stdout] warning: unused import: `regexes::*`
[INFO] [stdout]  --> src/types/utils/mod.rs:1:9
[INFO] [stdout]   |
[INFO] [stdout] 1 | pub use regexes::*;
[INFO] [stdout]   |         ^^^^^^^^^^
[INFO] [stdout] 
[INFO] [stdout] 
[INFO] [stdout] warning: unused import: `channels::messages::*`
[INFO] [stdout]  --> src/api/mod.rs:2:9
[INFO] [stdout]   |
[INFO] [stdout] 2 | pub use channels::messages::*;
[INFO] [stdout]   |         ^^^^^^^^^^^^^^^^^^^^^
[INFO] [stdout]   |
[INFO] [stdout]   = note: `#[warn(unused_imports)]` on by default
[INFO] [stdout] 
[INFO] [stdout] 
[INFO] [stdout] warning: unused import: `invites::*`
[INFO] [stdout]  --> src/api/mod.rs:4:9
[INFO] [stdout]   |
[INFO] [stdout] 4 | pub use invites::*;
[INFO] [stdout]   |         ^^^^^^^^^^
[INFO] [stdout] 
[INFO] [stdout] 
[INFO] [stdout] warning: unused import: `policies::instance::instance::*`
[INFO] [stdout]  --> src/api/mod.rs:5:9
[INFO] [stdout]   |
[INFO] [stdout] 5 | pub use policies::instance::instance::*;
[INFO] [stdout]   |         ^^^^^^^^^^^^^^^^^^^^^^^^^^^^^^^
[INFO] [stdout] 
[INFO] [stdout] 
[INFO] [stdout] warning: unused import: `login::*`
[INFO] [stdout]  --> src/api/auth/mod.rs:3:9
[INFO] [stdout]   |
[INFO] [stdout] 3 | pub use login::*;
[INFO] [stdout]   |         ^^^^^^^^
[INFO] [stdout] 
[INFO] [stdout] 
[INFO] [stdout] warning: unused import: `register::*`
[INFO] [stdout]  --> src/api/auth/mod.rs:4:9
[INFO] [stdout]   |
[INFO] [stdout] 4 | pub use register::*;
[INFO] [stdout]   |         ^^^^^^^^^^^
[INFO] [stdout] 
[INFO] [stdout] 
[INFO] [stdout] warning: unused import: `channels::*`
[INFO] [stdout]  --> src/api/channels/mod.rs:1:9
[INFO] [stdout]   |
[INFO] [stdout] 1 | pub use channels::*;
[INFO] [stdout]   |         ^^^^^^^^^^^
[INFO] [stdout] 
[INFO] [stdout] 
[INFO] [stdout] warning: unused import: `messages::*`
[INFO] [stdout]  --> src/api/channels/mod.rs:2:9
[INFO] [stdout]   |
[INFO] [stdout] 2 | pub use messages::*;
[INFO] [stdout]   |         ^^^^^^^^^^^
[INFO] [stdout] 
[INFO] [stdout] 
[INFO] [stdout] warning: unused import: `permissions::*`
[INFO] [stdout]  --> src/api/channels/mod.rs:3:9
[INFO] [stdout]   |
[INFO] [stdout] 3 | pub use permissions::*;
[INFO] [stdout]   |         ^^^^^^^^^^^^^^
[INFO] [stdout] 
[INFO] [stdout] 
[INFO] [stdout] warning: unused import: `guilds::*`
[INFO] [stdout]  --> src/api/guilds/mod.rs:1:9
[INFO] [stdout]   |
[INFO] [stdout] 1 | pub use guilds::*;
[INFO] [stdout]   |         ^^^^^^^^^
[INFO] [stdout] 
[INFO] [stdout] 
[INFO] [stdout] warning: unused import: `messages::*`
[INFO] [stdout]  --> src/api/guilds/mod.rs:2:9
[INFO] [stdout]   |
[INFO] [stdout] 2 | pub use messages::*;
[INFO] [stdout]   |         ^^^^^^^^^^^
[INFO] [stdout] 
[INFO] [stdout] 
[INFO] [stdout] warning: unused import: `roles::*`
[INFO] [stdout]  --> src/api/guilds/mod.rs:3:9
[INFO] [stdout]   |
[INFO] [stdout] 3 | pub use roles::*;
[INFO] [stdout]   |         ^^^^^^^^
[INFO] [stdout] 
[INFO] [stdout] 
[INFO] [stdout] warning: unused import: `roles::*`
[INFO] [stdout]  --> src/api/guilds/mod.rs:4:9
[INFO] [stdout]   |
[INFO] [stdout] 4 | pub use roles::*;
[INFO] [stdout]   |         ^^^^^^^^
[INFO] [stdout] 
[INFO] [stdout] 
[INFO] [stdout] warning: unused import: `instance::*`
[INFO] [stdout]  --> src/api/policies/instance/mod.rs:1:9
[INFO] [stdout]   |
[INFO] [stdout] 1 | pub use instance::*;
[INFO] [stdout]   |         ^^^^^^^^^^^
[INFO] [stdout] 
[INFO] [stdout] 
[INFO] [stdout] warning: unused import: `channels::*`
[INFO] [stdout]  --> src/api/users/mod.rs:1:9
[INFO] [stdout]   |
[INFO] [stdout] 1 | pub use channels::*;
[INFO] [stdout]   |         ^^^^^^^^^^^
[INFO] [stdout] 
[INFO] [stdout] 
[INFO] [stdout] warning: unused import: `guilds::*`
[INFO] [stdout]  --> src/api/users/mod.rs:2:9
[INFO] [stdout]   |
[INFO] [stdout] 2 | pub use guilds::*;
[INFO] [stdout]   |         ^^^^^^^^^
[INFO] [stdout] 
[INFO] [stdout] 
[INFO] [stdout] warning: unused import: `relationships::*`
[INFO] [stdout]  --> src/api/users/mod.rs:3:9
[INFO] [stdout]   |
[INFO] [stdout] 3 | pub use relationships::*;
[INFO] [stdout]   |         ^^^^^^^^^^^^^^^^
[INFO] [stdout] 
[INFO] [stdout] 
[INFO] [stdout] warning: unused import: `users::*`
[INFO] [stdout]  --> src/api/users/mod.rs:4:9
[INFO] [stdout]   |
[INFO] [stdout] 4 | pub use users::*;
[INFO] [stdout]   |         ^^^^^^^^
[INFO] [stdout] 
[INFO] [stdout] 
[INFO] [stdout] warning: unused import: `connected_account::*`
[INFO] [stdout]  --> src/types/interfaces/mod.rs:2:9
[INFO] [stdout]   |
[INFO] [stdout] 2 | pub use connected_account::*;
[INFO] [stdout]   |         ^^^^^^^^^^^^^^^^^^^^
[INFO] [stdout] 
[INFO] [stdout] 
[INFO] [stdout] warning: unused import: `regexes::*`
[INFO] [stdout]  --> src/types/utils/mod.rs:1:9
[INFO] [stdout]   |
[INFO] [stdout] 1 | pub use regexes::*;
[INFO] [stdout]   |         ^^^^^^^^^^
[INFO] [stdout] 
[INFO] [stdout] 
[INFO] [stdout] warning: 19 warnings emitted
[INFO] [stdout] 
[INFO] [stdout] 
[INFO] [stderr] error: could not compile `chorus` (lib test); 19 warnings emitted
[INFO] [stderr] 
[INFO] [stderr] Caused by:
[INFO] [stderr]   process didn't exit successfully: `/opt/rustwide/rustup-home/toolchains/1.75.0-x86_64-unknown-linux-gnu/bin/rustc --crate-name chorus --edition=2021 src/lib.rs --error-format=json --json=diagnostic-rendered-ansi,artifacts,future-incompat --emit=dep-info,link -C embed-bitcode=no -C debuginfo=2 --test --cfg 'feature="client"' --cfg 'feature="default"' --cfg 'feature="rt-multi-thread"' -C metadata=fef4b90b8067352c -C extra-filename=-fef4b90b8067352c --out-dir /opt/rustwide/target/debug/deps -L dependency=/opt/rustwide/target/debug/deps --extern async_trait=/opt/rustwide/target/debug/deps/libasync_trait-52b47f99e67c42d6.so --extern base64=/opt/rustwide/target/debug/deps/libbase64-c757f6e1d18850a5.rlib --extern bitflags=/opt/rustwide/target/debug/deps/libbitflags-9b29282c818fed52.rlib --extern chorus_macros=/opt/rustwide/target/debug/deps/libchorus_macros-b49ad54facf1279f.so --extern chrono=/opt/rustwide/target/debug/deps/libchrono-ee22ba5f62e20bae.rlib --extern custom_error=/opt/rustwide/target/debug/deps/libcustom_error-e8dd762cd2cb3643.rlib --extern futures_util=/opt/rustwide/target/debug/deps/libfutures_util-d5de804dd82ad1b9.rlib --extern hostname=/opt/rustwide/target/debug/deps/libhostname-adeed3c9d4642e25.rlib --extern http=/opt/rustwide/target/debug/deps/libhttp-9f90e562c1e0df30.rlib --extern jsonwebtoken=/opt/rustwide/target/debug/deps/libjsonwebtoken-f0648ab3ef4f04f0.rlib --extern lazy_static=/opt/rustwide/target/debug/deps/liblazy_static-591486ebcb9a7ead.rlib --extern log=/opt/rustwide/target/debug/deps/liblog-4f472032e8cdd371.rlib --extern native_tls=/opt/rustwide/target/debug/deps/libnative_tls-b11449cae248ce25.rlib --extern rand=/opt/rustwide/target/debug/deps/librand-1a9ceccdf299ade8.rlib --extern regex=/opt/rustwide/target/debug/deps/libregex-43bdbc33a6384815.rlib --extern reqwest=/opt/rustwide/target/debug/deps/libreqwest-fa98cf98530748a9.rlib --extern rustls=/opt/rustwide/target/debug/deps/librustls-a33779caca6bf15c.rlib --extern rustls_native_certs=/opt/rustwide/target/debug/deps/librustls_native_certs-5360b5a42937407c.rlib --extern safina_timer=/opt/rustwide/target/debug/deps/libsafina_timer-cfc89059782b5056.rlib --extern serde=/opt/rustwide/target/debug/deps/libserde-70770f8b4a3227e0.rlib --extern serde_aux=/opt/rustwide/target/debug/deps/libserde_aux-c82ac775b43fe97e.rlib --extern serde_json=/opt/rustwide/target/debug/deps/libserde_json-5f2f28e6a1206dc6.rlib --extern serde_repr=/opt/rustwide/target/debug/deps/libserde_repr-10460fc1ed2bf1ce.so --extern serde_with=/opt/rustwide/target/debug/deps/libserde_with-54b9c580a59374e0.rlib --extern thiserror=/opt/rustwide/target/debug/deps/libthiserror-4840bbf8d32abbe0.rlib --extern tokio=/opt/rustwide/target/debug/deps/libtokio-482cdbb0d2a37cd3.rlib --extern tokio_tungstenite=/opt/rustwide/target/debug/deps/libtokio_tungstenite-1e5a3e27a86f714c.rlib --extern url=/opt/rustwide/target/debug/deps/liburl-bc0661a5141cbab3.rlib --extern wasm_bindgen=/opt/rustwide/target/debug/deps/libwasm_bindgen-145eaa44e6ac5dbc.rlib --extern wasm_bindgen_test=/opt/rustwide/target/debug/deps/libwasm_bindgen_test-c317ecfe1acba977.rlib --cap-lints=warn -L native=/opt/rustwide/target/debug/build/ring-0b9075e76e8cfbfd/out -L native=/opt/rustwide/target/debug/build/ring-eb9da10e84bf8e0b/out` (signal: 9, SIGKILL: kill)
[INFO] [stderr] warning: build failed, waiting for other jobs to finish...
[INFO] [stderr] error: could not compile `chorus` (test "auth")
[INFO] [stderr] 
[INFO] [stderr] Caused by:
[INFO] [stderr]   process didn't exit successfully: `/opt/rustwide/rustup-home/toolchains/1.75.0-x86_64-unknown-linux-gnu/bin/rustc --crate-name auth --edition=2021 tests/auth.rs --error-format=json --json=diagnostic-rendered-ansi,artifacts,future-incompat --emit=dep-info,link -C embed-bitcode=no -C debuginfo=2 --test --cfg 'feature="client"' --cfg 'feature="default"' --cfg 'feature="rt-multi-thread"' -C metadata=31d639a2660a24cc -C extra-filename=-31d639a2660a24cc --out-dir /opt/rustwide/target/debug/deps -L dependency=/opt/rustwide/target/debug/deps --extern async_trait=/opt/rustwide/target/debug/deps/libasync_trait-52b47f99e67c42d6.so --extern base64=/opt/rustwide/target/debug/deps/libbase64-c757f6e1d18850a5.rlib --extern bitflags=/opt/rustwide/target/debug/deps/libbitflags-9b29282c818fed52.rlib --extern chorus=/opt/rustwide/target/debug/deps/libchorus-0d6c8cef30917e46.rlib --extern chorus_macros=/opt/rustwide/target/debug/deps/libchorus_macros-b49ad54facf1279f.so --extern chrono=/opt/rustwide/target/debug/deps/libchrono-ee22ba5f62e20bae.rlib --extern custom_error=/opt/rustwide/target/debug/deps/libcustom_error-e8dd762cd2cb3643.rlib --extern futures_util=/opt/rustwide/target/debug/deps/libfutures_util-d5de804dd82ad1b9.rlib --extern hostname=/opt/rustwide/target/debug/deps/libhostname-adeed3c9d4642e25.rlib --extern http=/opt/rustwide/target/debug/deps/libhttp-9f90e562c1e0df30.rlib --extern jsonwebtoken=/opt/rustwide/target/debug/deps/libjsonwebtoken-f0648ab3ef4f04f0.rlib --extern lazy_static=/opt/rustwide/target/debug/deps/liblazy_static-591486ebcb9a7ead.rlib --extern log=/opt/rustwide/target/debug/deps/liblog-4f472032e8cdd371.rlib --extern native_tls=/opt/rustwide/target/debug/deps/libnative_tls-b11449cae248ce25.rlib --extern rand=/opt/rustwide/target/debug/deps/librand-1a9ceccdf299ade8.rlib --extern regex=/opt/rustwide/target/debug/deps/libregex-43bdbc33a6384815.rlib --extern reqwest=/opt/rustwide/target/debug/deps/libreqwest-fa98cf98530748a9.rlib --extern rustls=/opt/rustwide/target/debug/deps/librustls-a33779caca6bf15c.rlib --extern rustls_native_certs=/opt/rustwide/target/debug/deps/librustls_native_certs-5360b5a42937407c.rlib --extern safina_timer=/opt/rustwide/target/debug/deps/libsafina_timer-cfc89059782b5056.rlib --extern serde=/opt/rustwide/target/debug/deps/libserde-70770f8b4a3227e0.rlib --extern serde_aux=/opt/rustwide/target/debug/deps/libserde_aux-c82ac775b43fe97e.rlib --extern serde_json=/opt/rustwide/target/debug/deps/libserde_json-5f2f28e6a1206dc6.rlib --extern serde_repr=/opt/rustwide/target/debug/deps/libserde_repr-10460fc1ed2bf1ce.so --extern serde_with=/opt/rustwide/target/debug/deps/libserde_with-54b9c580a59374e0.rlib --extern thiserror=/opt/rustwide/target/debug/deps/libthiserror-4840bbf8d32abbe0.rlib --extern tokio=/opt/rustwide/target/debug/deps/libtokio-482cdbb0d2a37cd3.rlib --extern tokio_tungstenite=/opt/rustwide/target/debug/deps/libtokio_tungstenite-1e5a3e27a86f714c.rlib --extern url=/opt/rustwide/target/debug/deps/liburl-bc0661a5141cbab3.rlib --extern wasm_bindgen=/opt/rustwide/target/debug/deps/libwasm_bindgen-145eaa44e6ac5dbc.rlib --extern wasm_bindgen_test=/opt/rustwide/target/debug/deps/libwasm_bindgen_test-c317ecfe1acba977.rlib --cap-lints=warn -L native=/opt/rustwide/target/debug/build/ring-0b9075e76e8cfbfd/out -L native=/opt/rustwide/target/debug/build/ring-eb9da10e84bf8e0b/out` (signal: 9, SIGKILL: kill)
[INFO] [stderr] error: could not compile `chorus` (test "members")
[INFO] [stderr] 
[INFO] [stderr] Caused by:
[INFO] [stderr]   process didn't exit successfully: `/opt/rustwide/rustup-home/toolchains/1.75.0-x86_64-unknown-linux-gnu/bin/rustc --crate-name members --edition=2021 tests/members.rs --error-format=json --json=diagnostic-rendered-ansi,artifacts,future-incompat --emit=dep-info,link -C embed-bitcode=no -C debuginfo=2 --test --cfg 'feature="client"' --cfg 'feature="default"' --cfg 'feature="rt-multi-thread"' -C metadata=394ea6f9dd17ff12 -C extra-filename=-394ea6f9dd17ff12 --out-dir /opt/rustwide/target/debug/deps -L dependency=/opt/rustwide/target/debug/deps --extern async_trait=/opt/rustwide/target/debug/deps/libasync_trait-52b47f99e67c42d6.so --extern base64=/opt/rustwide/target/debug/deps/libbase64-c757f6e1d18850a5.rlib --extern bitflags=/opt/rustwide/target/debug/deps/libbitflags-9b29282c818fed52.rlib --extern chorus=/opt/rustwide/target/debug/deps/libchorus-0d6c8cef30917e46.rlib --extern chorus_macros=/opt/rustwide/target/debug/deps/libchorus_macros-b49ad54facf1279f.so --extern chrono=/opt/rustwide/target/debug/deps/libchrono-ee22ba5f62e20bae.rlib --extern custom_error=/opt/rustwide/target/debug/deps/libcustom_error-e8dd762cd2cb3643.rlib --extern futures_util=/opt/rustwide/target/debug/deps/libfutures_util-d5de804dd82ad1b9.rlib --extern hostname=/opt/rustwide/target/debug/deps/libhostname-adeed3c9d4642e25.rlib --extern http=/opt/rustwide/target/debug/deps/libhttp-9f90e562c1e0df30.rlib --extern jsonwebtoken=/opt/rustwide/target/debug/deps/libjsonwebtoken-f0648ab3ef4f04f0.rlib --extern lazy_static=/opt/rustwide/target/debug/deps/liblazy_static-591486ebcb9a7ead.rlib --extern log=/opt/rustwide/target/debug/deps/liblog-4f472032e8cdd371.rlib --extern native_tls=/opt/rustwide/target/debug/deps/libnative_tls-b11449cae248ce25.rlib --extern rand=/opt/rustwide/target/debug/deps/librand-1a9ceccdf299ade8.rlib --extern regex=/opt/rustwide/target/debug/deps/libregex-43bdbc33a6384815.rlib --extern reqwest=/opt/rustwide/target/debug/deps/libreqwest-fa98cf98530748a9.rlib --extern rustls=/opt/rustwide/target/debug/deps/librustls-a33779caca6bf15c.rlib --extern rustls_native_certs=/opt/rustwide/target/debug/deps/librustls_native_certs-5360b5a42937407c.rlib --extern safina_timer=/opt/rustwide/target/debug/deps/libsafina_timer-cfc89059782b5056.rlib --extern serde=/opt/rustwide/target/debug/deps/libserde-70770f8b4a3227e0.rlib --extern serde_aux=/opt/rustwide/target/debug/deps/libserde_aux-c82ac775b43fe97e.rlib --extern serde_json=/opt/rustwide/target/debug/deps/libserde_json-5f2f28e6a1206dc6.rlib --extern serde_repr=/opt/rustwide/target/debug/deps/libserde_repr-10460fc1ed2bf1ce.so --extern serde_with=/opt/rustwide/target/debug/deps/libserde_with-54b9c580a59374e0.rlib --extern thiserror=/opt/rustwide/target/debug/deps/libthiserror-4840bbf8d32abbe0.rlib --extern tokio=/opt/rustwide/target/debug/deps/libtokio-482cdbb0d2a37cd3.rlib --extern tokio_tungstenite=/opt/rustwide/target/debug/deps/libtokio_tungstenite-1e5a3e27a86f714c.rlib --extern url=/opt/rustwide/target/debug/deps/liburl-bc0661a5141cbab3.rlib --extern wasm_bindgen=/opt/rustwide/target/debug/deps/libwasm_bindgen-145eaa44e6ac5dbc.rlib --extern wasm_bindgen_test=/opt/rustwide/target/debug/deps/libwasm_bindgen_test-c317ecfe1acba977.rlib --cap-lints=warn -L native=/opt/rustwide/target/debug/build/ring-0b9075e76e8cfbfd/out -L native=/opt/rustwide/target/debug/build/ring-eb9da10e84bf8e0b/out` (signal: 9, SIGKILL: kill)
[INFO] [stdout] error: linking with `cc` failed: exit status: 1
[INFO] [stdout]   |
[INFO] [stdout]   = note: LC_ALL="C" PATH="/opt/rustwide/rustup-home/toolchains/1.75.0-x86_64-unknown-linux-gnu/lib/rustlib/x86_64-unknown-linux-gnu/bin:/opt/rustwide/cargo-home/bin:/usr/local/sbin:/usr/local/bin:/usr/sbin:/usr/bin:/sbin:/bin" VSLANG="1033" "cc" "-m64" "/tmp/rustcyzqv3t/symbols.o" "/opt/rustwide/target/debug/examples/instance-05335a142f3d17ed.instance.8a66ab8297fd8191-cgu.0.rcgu.o" "/opt/rustwide/target/debug/examples/instance-05335a142f3d17ed.instance.8a66ab8297fd8191-cgu.1.rcgu.o" "/opt/rustwide/target/debug/examples/instance-05335a142f3d17ed.instance.8a66ab8297fd8191-cgu.2.rcgu.o" "/opt/rustwide/target/debug/examples/instance-05335a142f3d17ed.instance.8a66ab8297fd8191-cgu.3.rcgu.o" "/opt/rustwide/target/debug/examples/instance-05335a142f3d17ed.instance.8a66ab8297fd8191-cgu.4.rcgu.o" "/opt/rustwide/target/debug/examples/instance-05335a142f3d17ed.2feqdcucm7jh4rn8.rcgu.o" "-Wl,--as-needed" "-L" "/opt/rustwide/target/debug/deps" "-L" "/opt/rustwide/target/debug/build/ring-0b9075e76e8cfbfd/out" "-L" "/opt/rustwide/target/debug/build/ring-eb9da10e84bf8e0b/out" "-L" "/opt/rustwide/rustup-home/toolchains/1.75.0-x86_64-unknown-linux-gnu/lib/rustlib/x86_64-unknown-linux-gnu/lib" "-Wl,-Bstatic" "/opt/rustwide/target/debug/deps/libchorus-0d6c8cef30917e46.rlib" "/opt/rustwide/target/debug/deps/libhostname-adeed3c9d4642e25.rlib" "/opt/rustwide/target/debug/deps/libmatch_cfg-bd3aaf417320192e.rlib" "/opt/rustwide/target/debug/deps/libregex-43bdbc33a6384815.rlib" "/opt/rustwide/target/debug/deps/libregex_automata-35f9be2f753ec7d5.rlib" "/opt/rustwide/target/debug/deps/libaho_corasick-1143312c78fc67c2.rlib" "/opt/rustwide/target/debug/deps/libmemchr-8adfc22b612d6f7a.rlib" "/opt/rustwide/target/debug/deps/libregex_syntax-e4dd3c3a3cb10e1d.rlib" "/opt/rustwide/target/debug/deps/liblazy_static-591486ebcb9a7ead.rlib" "/opt/rustwide/target/debug/deps/libjsonwebtoken-f0648ab3ef4f04f0.rlib" "/opt/rustwide/target/debug/deps/libpem-faa6c3b3261963e2.rlib" "/opt/rustwide/target/debug/deps/libbase64-b09bba5046b087ce.rlib" "/opt/rustwide/target/debug/deps/libsimple_asn1-0584b577dd7c357c.rlib" "/opt/rustwide/target/debug/deps/libtime-213adcbf28566e45.rlib" "/opt/rustwide/target/debug/deps/libtime_core-7af5d6eb87ec9652.rlib" "/opt/rustwide/target/debug/deps/libderanged-5c51eaaf3972a105.rlib" "/opt/rustwide/target/debug/deps/libpowerfmt-e8908707a005dea9.rlib" "/opt/rustwide/target/debug/deps/libnum_bigint-b09fa858e9e10318.rlib" "/opt/rustwide/target/debug/deps/libnum_integer-795b781837d6cff9.rlib" "/opt/rustwide/target/debug/deps/libring-f71a93e752ad9dde.rlib" "/opt/rustwide/target/debug/deps/libspin-c4098cd951aef6c9.rlib" "/opt/rustwide/target/debug/deps/libuntrusted-5ec0aa78ed8cda5c.rlib" "/opt/rustwide/target/debug/deps/libserde_with-54b9c580a59374e0.rlib" "/opt/rustwide/target/debug/deps/libserde_aux-c82ac775b43fe97e.rlib" "/opt/rustwide/target/debug/deps/libchrono-ee22ba5f62e20bae.rlib" "/opt/rustwide/target/debug/deps/libnum_traits-3fb6e1a665cce4c8.rlib" "/opt/rustwide/target/debug/deps/libiana_time_zone-a8226bfa732531ed.rlib" "/opt/rustwide/target/debug/deps/libsafina_timer-cfc89059782b5056.rlib" "/opt/rustwide/target/debug/deps/libtokio_tungstenite-1e5a3e27a86f714c.rlib" "/opt/rustwide/target/debug/deps/librustls_native_certs-5360b5a42937407c.rlib" "/opt/rustwide/target/debug/deps/librustls_pemfile-ffdc2f3224e5aa74.rlib" "/opt/rustwide/target/debug/deps/libtokio_rustls-418c56160de303d9.rlib" "/opt/rustwide/target/debug/deps/libtungstenite-781a3d121e09ace9.rlib" "/opt/rustwide/target/debug/deps/libdata_encoding-ee0993e6a6bc4037.rlib" "/opt/rustwide/target/debug/deps/librand-1a9ceccdf299ade8.rlib" "/opt/rustwide/target/debug/deps/librand_chacha-65d28dd0324e882f.rlib" "/opt/rustwide/target/debug/deps/libppv_lite86-9f808eb911999ef2.rlib" "/opt/rustwide/target/debug/deps/librand_core-693394dfca7dc1fc.rlib" "/opt/rustwide/target/debug/deps/librustls-a33779caca6bf15c.rlib" "/opt/rustwide/target/debug/deps/libsct-802a30f405c66cc0.rlib" "/opt/rustwide/target/debug/deps/libwebpki-8c1fb335b16af600.rlib" "/opt/rustwide/target/debug/deps/libring-1f240cb50270a75a.rlib" "/opt/rustwide/target/debug/deps/libgetrandom-cae587a370153759.rlib" "/opt/rustwide/target/debug/deps/libspin-1881e9d9c2fdf875.rlib" "/opt/rustwide/target/debug/deps/libuntrusted-66bbe55c9f09dd46.rlib" "/opt/rustwide/target/debug/deps/libutf8-9b4563d058a684d7.rlib" "/opt/rustwide/target/debug/deps/libbyteorder-e9468b374a0c0c11.rlib" "/opt/rustwide/target/debug/deps/libsha1-62164dbf764af7c0.rlib" "/opt/rustwide/target/debug/deps/libcpufeatures-942478018e98325a.rlib" "/opt/rustwide/target/debug/deps/libdigest-de2dc59efd15c225.rlib" "/opt/rustwide/target/debug/deps/libblock_buffer-7e9270fb9b7ff635.rlib" "/opt/rustwide/target/debug/deps/libcrypto_common-145014adf1649651.rlib" "/opt/rustwide/target/debug/deps/libgeneric_array-18b3188a0c567140.rlib" "/opt/rustwide/target/debug/deps/libtypenum-da95465dc70d2c95.rlib" "/opt/rustwide/target/debug/deps/libthiserror-4840bbf8d32abbe0.rlib" "/opt/rustwide/target/debug/deps/libcustom_error-e8dd762cd2cb3643.rlib" "/opt/rustwide/target/debug/deps/libreqwest-fa98cf98530748a9.rlib" "/opt/rustwide/target/debug/deps/libhyper_tls-4894bbba97a69ce0.rlib" "/opt/rustwide/target/debug/deps/libserde_urlencoded-31bddd80fa34428d.rlib" "/opt/rustwide/target/debug/deps/libbase64-c757f6e1d18850a5.rlib" "/opt/rustwide/target/debug/deps/libipnet-31f1670f407a9398.rlib" "/opt/rustwide/target/debug/deps/libtokio_native_tls-63544663bb772347.rlib" "/opt/rustwide/target/debug/deps/libencoding_rs-000c97fafd38c2ed.rlib" "/opt/rustwide/target/debug/deps/libserde_json-5f2f28e6a1206dc6.rlib" "/opt/rustwide/target/debug/deps/libryu-f8e8abf733224b36.rlib" "/opt/rustwide/target/debug/deps/libmime_guess-99548fab7ded762e.rlib" "/opt/rustwide/target/debug/deps/libunicase-131885e46c9d146d.rlib" "/opt/rustwide/target/debug/deps/libmime-7e306270d8ceb372.rlib" "/opt/rustwide/target/debug/deps/libnative_tls-b11449cae248ce25.rlib" "/opt/rustwide/target/debug/deps/libopenssl_probe-d850575132083d7c.rlib" "/opt/rustwide/target/debug/deps/libopenssl-3c035cd457370a9a.rlib" "/opt/rustwide/target/debug/deps/libbitflags-9b29282c818fed52.rlib" "/opt/rustwide/target/debug/deps/libserde-70770f8b4a3227e0.rlib" "/opt/rustwide/target/debug/deps/libforeign_types-c05743815e5b8a9d.rlib" "/opt/rustwide/target/debug/deps/libforeign_types_shared-d149f5491fde2862.rlib" "/opt/rustwide/target/debug/deps/libcfg_if-61dc7a6799e72b18.rlib" "/opt/rustwide/target/debug/deps/libopenssl_sys-aa4923b7b2107264.rlib" "/opt/rustwide/target/debug/deps/libhyper-130463c38a6c73f3.rlib" "/opt/rustwide/target/debug/deps/libwant-0e59d2771cba3a35.rlib" "/opt/rustwide/target/debug/deps/libtry_lock-51271589248cd7d9.rlib" "/opt/rustwide/target/debug/deps/libsocket2-f2b88ec994c5f528.rlib" "/opt/rustwide/target/debug/deps/libhttparse-64f1ffbeda450424.rlib" "/opt/rustwide/target/debug/deps/libh2-f797f881e81a0041.rlib" "/opt/rustwide/target/debug/deps/libindexmap-93f72862478380d0.rlib" "/opt/rustwide/target/debug/deps/libhashbrown-567986452cb9bc94.rlib" "/opt/rustwide/target/debug/deps/libtokio_util-02079fc6e6739cc1.rlib" "/opt/rustwide/target/debug/deps/libtower_service-104d6e83d5ce383d.rlib" "/opt/rustwide/target/debug/deps/libtracing-4c36559c7f045711.rlib" "/opt/rustwide/target/debug/deps/libtracing_core-4ad00ebcda7f03a2.rlib" "/opt/rustwide/target/debug/deps/libonce_cell-865e1c5018a0303a.rlib" "/opt/rustwide/target/debug/deps/libfutures_channel-459717c68e45f3ae.rlib" "/opt/rustwide/target/debug/deps/libfutures_util-d5de804dd82ad1b9.rlib" "/opt/rustwide/target/debug/deps/libslab-6eb39baadbe9101c.rlib" "/opt/rustwide/target/debug/deps/libfutures_sink-ca415c0607e47a6c.rlib" "/opt/rustwide/target/debug/deps/libfutures_task-b197dd02e3eb7463.rlib" "/opt/rustwide/target/debug/deps/libpin_utils-741f7d9d160e4a16.rlib" "/opt/rustwide/target/debug/deps/libtokio-482cdbb0d2a37cd3.rlib" "/opt/rustwide/target/debug/deps/libnum_cpus-2148e9f03304bebc.rlib" "/opt/rustwide/target/debug/deps/libsocket2-b470de2714f3a9fe.rlib" "/opt/rustwide/target/debug/deps/libmio-41a6d46e981e0b00.rlib" "/opt/rustwide/target/debug/deps/liblibc-a9a2a17e1d19328b.rlib" "/opt/rustwide/target/debug/deps/libhttp_body-51311c5a353e4f64.rlib" "/opt/rustwide/target/debug/deps/libpin_project_lite-e0757e0deaa2f8a0.rlib" "/opt/rustwide/target/debug/deps/liblog-4f472032e8cdd371.rlib" "/opt/rustwide/target/debug/deps/libfutures_core-17b45303463871aa.rlib" "/opt/rustwide/target/debug/deps/libhttp-9f90e562c1e0df30.rlib" "/opt/rustwide/target/debug/deps/libitoa-05fb7c91ffbc0a79.rlib" "/opt/rustwide/target/debug/deps/libbytes-0a052f49710012b1.rlib" "/opt/rustwide/target/debug/deps/libfnv-18bf5144d055e772.rlib" "/opt/rustwide/target/debug/deps/liburl-bc0661a5141cbab3.rlib" "/opt/rustwide/target/debug/deps/libidna-35e3e2f202e10859.rlib" "/opt/rustwide/target/debug/deps/libunicode_normalization-e04a0b39935fba30.rlib" "/opt/rustwide/target/debug/deps/libtinyvec-cf6c9f6b792a5507.rlib" "/opt/rustwide/target/debug/deps/libtinyvec_macros-b1cb7f53f58c9f87.rlib" "/opt/rustwide/target/debug/deps/libunicode_bidi-020370784786e57d.rlib" "/opt/rustwide/target/debug/deps/libform_urlencoded-a39e5ffbd9c88c0c.rlib" "/opt/rustwide/target/debug/deps/libpercent_encoding-5d42724fd4d173a7.rlib" "/opt/rustwide/rustup-home/toolchains/1.75.0-x86_64-unknown-linux-gnu/lib/rustlib/x86_64-unknown-linux-gnu/lib/libstd-90f6ddbf82de36ec.rlib" "/opt/rustwide/rustup-home/toolchains/1.75.0-x86_64-unknown-linux-gnu/lib/rustlib/x86_64-unknown-linux-gnu/lib/libpanic_unwind-480c41e9d4e1f677.rlib" "/opt/rustwide/rustup-home/toolchains/1.75.0-x86_64-unknown-linux-gnu/lib/rustlib/x86_64-unknown-linux-gnu/lib/libobject-db744c0ca03eed1d.rlib" "/opt/rustwide/rustup-home/toolchains/1.75.0-x86_64-unknown-linux-gnu/lib/rustlib/x86_64-unknown-linux-gnu/lib/libmemchr-8ba652dc7d4b285a.rlib" "/opt/rustwide/rustup-home/toolchains/1.75.0-x86_64-unknown-linux-gnu/lib/rustlib/x86_64-unknown-linux-gnu/lib/libaddr2line-d5f4520a9ebc0d58.rlib" "/opt/rustwide/rustup-home/toolchains/1.75.0-x86_64-unknown-linux-gnu/lib/rustlib/x86_64-unknown-linux-gnu/lib/libgimli-4ad84de58f0cb463.rlib" "/opt/rustwide/rustup-home/toolchains/1.75.0-x86_64-unknown-linux-gnu/lib/rustlib/x86_64-unknown-linux-gnu/lib/librustc_demangle-0d10aae2e0f38735.rlib" "/opt/rustwide/rustup-home/toolchains/1.75.0-x86_64-unknown-linux-gnu/lib/rustlib/x86_64-unknown-linux-gnu/lib/libstd_detect-0c17cff739e6745b.rlib" "/opt/rustwide/rustup-home/toolchains/1.75.0-x86_64-unknown-linux-gnu/lib/rustlib/x86_64-unknown-linux-gnu/lib/libhashbrown-b29e17139dde1aa8.rlib" "/opt/rustwide/rustup-home/toolchains/1.75.0-x86_64-unknown-linux-gnu/lib/rustlib/x86_64-unknown-linux-gnu/lib/librustc_std_workspace_alloc-1f975299829cc7bd.rlib" "/opt/rustwide/rustup-home/toolchains/1.75.0-x86_64-unknown-linux-gnu/lib/rustlib/x86_64-unknown-linux-gnu/lib/libminiz_oxide-86bae3bc3079f89b.rlib" "/opt/rustwide/rustup-home/toolchains/1.75.0-x86_64-unknown-linux-gnu/lib/rustlib/x86_64-unknown-linux-gnu/lib/libadler-321b82c30dffdf5f.rlib" "/opt/rustwide/rustup-home/toolchains/1.75.0-x86_64-unknown-linux-gnu/lib/rustlib/x86_64-unknown-linux-gnu/lib/libunwind-3dd8a6810a0bdfef.rlib" "/opt/rustwide/rustup-home/toolchains/1.75.0-x86_64-unknown-linux-gnu/lib/rustlib/x86_64-unknown-linux-gnu/lib/libcfg_if-eb39a61c0c879984.rlib" "/opt/rustwide/rustup-home/toolchains/1.75.0-x86_64-unknown-linux-gnu/lib/rustlib/x86_64-unknown-linux-gnu/lib/liblibc-aa769569f91c3548.rlib" "/opt/rustwide/rustup-home/toolchains/1.75.0-x86_64-unknown-linux-gnu/lib/rustlib/x86_64-unknown-linux-gnu/lib/liballoc-510a192a50a983ed.rlib" "/opt/rustwide/rustup-home/toolchains/1.75.0-x86_64-unknown-linux-gnu/lib/rustlib/x86_64-unknown-linux-gnu/lib/librustc_std_workspace_core-0577018320f99037.rlib" "/opt/rustwide/rustup-home/toolchains/1.75.0-x86_64-unknown-linux-gnu/lib/rustlib/x86_64-unknown-linux-gnu/lib/libcore-193cf992125ccd4c.rlib" "/opt/rustwide/rustup-home/toolchains/1.75.0-x86_64-unknown-linux-gnu/lib/rustlib/x86_64-unknown-linux-gnu/lib/libcompiler_builtins-8e138eaf26ebb4a8.rlib" "-Wl,-Bdynamic" "-lssl" "-lcrypto" "-lgcc_s" "-lutil" "-lrt" "-lpthread" "-lm" "-ldl" "-lc" "-Wl,--eh-frame-hdr" "-Wl,-z,noexecstack" "-L" "/opt/rustwide/rustup-home/toolchains/1.75.0-x86_64-unknown-linux-gnu/lib/rustlib/x86_64-unknown-linux-gnu/lib" "-o" "/opt/rustwide/target/debug/examples/instance-05335a142f3d17ed" "-Wl,--gc-sections" "-pie" "-Wl,-z,relro,-z,now" "-nodefaultlibs"
[INFO] [stdout]   = note: collect2: fatal error: ld terminated with signal 9 [Killed]
[INFO] [stdout]           compilation terminated.
[INFO] [stdout]           
[INFO] [stdout] 
[INFO] [stdout] 
[INFO] [stdout] error: aborting due to previous error
[INFO] [stdout] 
[INFO] [stdout] 
[INFO] [stderr] error: could not compile `chorus` (example "instance") due to 2 previous errors
[INFO] [stderr] error: could not compile `chorus` (test "messages")
[INFO] [stderr] 
[INFO] [stderr] Caused by:
[INFO] [stderr]   process didn't exit successfully: `/opt/rustwide/rustup-home/toolchains/1.75.0-x86_64-unknown-linux-gnu/bin/rustc --crate-name messages --edition=2021 tests/messages.rs --error-format=json --json=diagnostic-rendered-ansi,artifacts,future-incompat --emit=dep-info,link -C embed-bitcode=no -C debuginfo=2 --test --cfg 'feature="client"' --cfg 'feature="default"' --cfg 'feature="rt-multi-thread"' -C metadata=e00f2f523277a89a -C extra-filename=-e00f2f523277a89a --out-dir /opt/rustwide/target/debug/deps -L dependency=/opt/rustwide/target/debug/deps --extern async_trait=/opt/rustwide/target/debug/deps/libasync_trait-52b47f99e67c42d6.so --extern base64=/opt/rustwide/target/debug/deps/libbase64-c757f6e1d18850a5.rlib --extern bitflags=/opt/rustwide/target/debug/deps/libbitflags-9b29282c818fed52.rlib --extern chorus=/opt/rustwide/target/debug/deps/libchorus-0d6c8cef30917e46.rlib --extern chorus_macros=/opt/rustwide/target/debug/deps/libchorus_macros-b49ad54facf1279f.so --extern chrono=/opt/rustwide/target/debug/deps/libchrono-ee22ba5f62e20bae.rlib --extern custom_error=/opt/rustwide/target/debug/deps/libcustom_error-e8dd762cd2cb3643.rlib --extern futures_util=/opt/rustwide/target/debug/deps/libfutures_util-d5de804dd82ad1b9.rlib --extern hostname=/opt/rustwide/target/debug/deps/libhostname-adeed3c9d4642e25.rlib --extern http=/opt/rustwide/target/debug/deps/libhttp-9f90e562c1e0df30.rlib --extern jsonwebtoken=/opt/rustwide/target/debug/deps/libjsonwebtoken-f0648ab3ef4f04f0.rlib --extern lazy_static=/opt/rustwide/target/debug/deps/liblazy_static-591486ebcb9a7ead.rlib --extern log=/opt/rustwide/target/debug/deps/liblog-4f472032e8cdd371.rlib --extern native_tls=/opt/rustwide/target/debug/deps/libnative_tls-b11449cae248ce25.rlib --extern rand=/opt/rustwide/target/debug/deps/librand-1a9ceccdf299ade8.rlib --extern regex=/opt/rustwide/target/debug/deps/libregex-43bdbc33a6384815.rlib --extern reqwest=/opt/rustwide/target/debug/deps/libreqwest-fa98cf98530748a9.rlib --extern rustls=/opt/rustwide/target/debug/deps/librustls-a33779caca6bf15c.rlib --extern rustls_native_certs=/opt/rustwide/target/debug/deps/librustls_native_certs-5360b5a42937407c.rlib --extern safina_timer=/opt/rustwide/target/debug/deps/libsafina_timer-cfc89059782b5056.rlib --extern serde=/opt/rustwide/target/debug/deps/libserde-70770f8b4a3227e0.rlib --extern serde_aux=/opt/rustwide/target/debug/deps/libserde_aux-c82ac775b43fe97e.rlib --extern serde_json=/opt/rustwide/target/debug/deps/libserde_json-5f2f28e6a1206dc6.rlib --extern serde_repr=/opt/rustwide/target/debug/deps/libserde_repr-10460fc1ed2bf1ce.so --extern serde_with=/opt/rustwide/target/debug/deps/libserde_with-54b9c580a59374e0.rlib --extern thiserror=/opt/rustwide/target/debug/deps/libthiserror-4840bbf8d32abbe0.rlib --extern tokio=/opt/rustwide/target/debug/deps/libtokio-482cdbb0d2a37cd3.rlib --extern tokio_tungstenite=/opt/rustwide/target/debug/deps/libtokio_tungstenite-1e5a3e27a86f714c.rlib --extern url=/opt/rustwide/target/debug/deps/liburl-bc0661a5141cbab3.rlib --extern wasm_bindgen=/opt/rustwide/target/debug/deps/libwasm_bindgen-145eaa44e6ac5dbc.rlib --extern wasm_bindgen_test=/opt/rustwide/target/debug/deps/libwasm_bindgen_test-c317ecfe1acba977.rlib --cap-lints=warn -L native=/opt/rustwide/target/debug/build/ring-0b9075e76e8cfbfd/out -L native=/opt/rustwide/target/debug/build/ring-eb9da10e84bf8e0b/out` (signal: 9, SIGKILL: kill)
[INFO] [stdout] error: linking with `cc` failed: exit status: 1
[INFO] [stdout]   |
[INFO] [stdout]   = note: LC_ALL="C" PATH="/opt/rustwide/rustup-home/toolchains/1.75.0-x86_64-unknown-linux-gnu/lib/rustlib/x86_64-unknown-linux-gnu/bin:/opt/rustwide/cargo-home/bin:/usr/local/sbin:/usr/local/bin:/usr/sbin:/usr/bin:/sbin:/bin" VSLANG="1033" "cc" "-m64" "/tmp/rustcLUX25d/symbols.o" "/opt/rustwide/target/debug/deps/instance-ecd57ed8ce551270.instance.26c0feefc0bd4c53-cgu.00.rcgu.o" "/opt/rustwide/target/debug/deps/instance-ecd57ed8ce551270.instance.26c0feefc0bd4c53-cgu.01.rcgu.o" "/opt/rustwide/target/debug/deps/instance-ecd57ed8ce551270.instance.26c0feefc0bd4c53-cgu.02.rcgu.o" "/opt/rustwide/target/debug/deps/instance-ecd57ed8ce551270.instance.26c0feefc0bd4c53-cgu.03.rcgu.o" "/opt/rustwide/target/debug/deps/instance-ecd57ed8ce551270.instance.26c0feefc0bd4c53-cgu.04.rcgu.o" "/opt/rustwide/target/debug/deps/instance-ecd57ed8ce551270.instance.26c0feefc0bd4c53-cgu.05.rcgu.o" "/opt/rustwide/target/debug/deps/instance-ecd57ed8ce551270.instance.26c0feefc0bd4c53-cgu.06.rcgu.o" "/opt/rustwide/target/debug/deps/instance-ecd57ed8ce551270.instance.26c0feefc0bd4c53-cgu.07.rcgu.o" "/opt/rustwide/target/debug/deps/instance-ecd57ed8ce551270.instance.26c0feefc0bd4c53-cgu.08.rcgu.o" "/opt/rustwide/target/debug/deps/instance-ecd57ed8ce551270.instance.26c0feefc0bd4c53-cgu.09.rcgu.o" "/opt/rustwide/target/debug/deps/instance-ecd57ed8ce551270.instance.26c0feefc0bd4c53-cgu.10.rcgu.o" "/opt/rustwide/target/debug/deps/instance-ecd57ed8ce551270.instance.26c0feefc0bd4c53-cgu.11.rcgu.o" "/opt/rustwide/target/debug/deps/instance-ecd57ed8ce551270.instance.26c0feefc0bd4c53-cgu.12.rcgu.o" "/opt/rustwide/target/debug/deps/instance-ecd57ed8ce551270.instance.26c0feefc0bd4c53-cgu.13.rcgu.o" "/opt/rustwide/target/debug/deps/instance-ecd57ed8ce551270.instance.26c0feefc0bd4c53-cgu.14.rcgu.o" "/opt/rustwide/target/debug/deps/instance-ecd57ed8ce551270.instance.26c0feefc0bd4c53-cgu.15.rcgu.o" "/opt/rustwide/target/debug/deps/instance-ecd57ed8ce551270.1mvsjgk1qbd4fmfq.rcgu.o" "-Wl,--as-needed" "-L" "/opt/rustwide/target/debug/deps" "-L" "/opt/rustwide/target/debug/build/ring-0b9075e76e8cfbfd/out" "-L" "/opt/rustwide/target/debug/build/ring-eb9da10e84bf8e0b/out" "-L" "/opt/rustwide/rustup-home/toolchains/1.75.0-x86_64-unknown-linux-gnu/lib/rustlib/x86_64-unknown-linux-gnu/lib" "-Wl,-Bstatic" "/opt/rustwide/rustup-home/toolchains/1.75.0-x86_64-unknown-linux-gnu/lib/rustlib/x86_64-unknown-linux-gnu/lib/libtest-3df1bed8075ce1de.rlib" "/opt/rustwide/rustup-home/toolchains/1.75.0-x86_64-unknown-linux-gnu/lib/rustlib/x86_64-unknown-linux-gnu/lib/libgetopts-2076fd86b325cb5d.rlib" "/opt/rustwide/rustup-home/toolchains/1.75.0-x86_64-unknown-linux-gnu/lib/rustlib/x86_64-unknown-linux-gnu/lib/libunicode_width-caa7152ee70c190f.rlib" "/opt/rustwide/rustup-home/toolchains/1.75.0-x86_64-unknown-linux-gnu/lib/rustlib/x86_64-unknown-linux-gnu/lib/librustc_std_workspace_std-04e6425e07f02a3c.rlib" "/opt/rustwide/target/debug/deps/libchorus-0d6c8cef30917e46.rlib" "/opt/rustwide/target/debug/deps/libhostname-adeed3c9d4642e25.rlib" "/opt/rustwide/target/debug/deps/libmatch_cfg-bd3aaf417320192e.rlib" "/opt/rustwide/target/debug/deps/libregex-43bdbc33a6384815.rlib" "/opt/rustwide/target/debug/deps/libregex_automata-35f9be2f753ec7d5.rlib" "/opt/rustwide/target/debug/deps/libaho_corasick-1143312c78fc67c2.rlib" "/opt/rustwide/target/debug/deps/libmemchr-8adfc22b612d6f7a.rlib" "/opt/rustwide/target/debug/deps/libregex_syntax-e4dd3c3a3cb10e1d.rlib" "/opt/rustwide/target/debug/deps/liblazy_static-591486ebcb9a7ead.rlib" "/opt/rustwide/target/debug/deps/libjsonwebtoken-f0648ab3ef4f04f0.rlib" "/opt/rustwide/target/debug/deps/libpem-faa6c3b3261963e2.rlib" "/opt/rustwide/target/debug/deps/libbase64-b09bba5046b087ce.rlib" "/opt/rustwide/target/debug/deps/libsimple_asn1-0584b577dd7c357c.rlib" "/opt/rustwide/target/debug/deps/libtime-213adcbf28566e45.rlib" "/opt/rustwide/target/debug/deps/libtime_core-7af5d6eb87ec9652.rlib" "/opt/rustwide/target/debug/deps/libderanged-5c51eaaf3972a105.rlib" "/opt/rustwide/target/debug/deps/libpowerfmt-e8908707a005dea9.rlib" "/opt/rustwide/target/debug/deps/libnum_bigint-b09fa858e9e10318.rlib" "/opt/rustwide/target/debug/deps/libnum_integer-795b781837d6cff9.rlib" "/opt/rustwide/target/debug/deps/libring-f71a93e752ad9dde.rlib" "/opt/rustwide/target/debug/deps/libspin-c4098cd951aef6c9.rlib" "/opt/rustwide/target/debug/deps/libuntrusted-5ec0aa78ed8cda5c.rlib" "/opt/rustwide/target/debug/deps/libserde_with-54b9c580a59374e0.rlib" "/opt/rustwide/target/debug/deps/libserde_aux-c82ac775b43fe97e.rlib" "/opt/rustwide/target/debug/deps/libchrono-ee22ba5f62e20bae.rlib" "/opt/rustwide/target/debug/deps/libnum_traits-3fb6e1a665cce4c8.rlib" "/opt/rustwide/target/debug/deps/libiana_time_zone-a8226bfa732531ed.rlib" "/opt/rustwide/target/debug/deps/libsafina_timer-cfc89059782b5056.rlib" "/opt/rustwide/target/debug/deps/libtokio_tungstenite-1e5a3e27a86f714c.rlib" "/opt/rustwide/target/debug/deps/librustls_native_certs-5360b5a42937407c.rlib" "/opt/rustwide/target/debug/deps/librustls_pemfile-ffdc2f3224e5aa74.rlib" "/opt/rustwide/target/debug/deps/libtokio_rustls-418c56160de303d9.rlib" "/opt/rustwide/target/debug/deps/libtungstenite-781a3d121e09ace9.rlib" "/opt/rustwide/target/debug/deps/libdata_encoding-ee0993e6a6bc4037.rlib" "/opt/rustwide/target/debug/deps/librand-1a9ceccdf299ade8.rlib" "/opt/rustwide/target/debug/deps/librand_chacha-65d28dd0324e882f.rlib" "/opt/rustwide/target/debug/deps/libppv_lite86-9f808eb911999ef2.rlib" "/opt/rustwide/target/debug/deps/librand_core-693394dfca7dc1fc.rlib" "/opt/rustwide/target/debug/deps/librustls-a33779caca6bf15c.rlib" "/opt/rustwide/target/debug/deps/libsct-802a30f405c66cc0.rlib" "/opt/rustwide/target/debug/deps/libwebpki-8c1fb335b16af600.rlib" "/opt/rustwide/target/debug/deps/libring-1f240cb50270a75a.rlib" "/opt/rustwide/target/debug/deps/libgetrandom-cae587a370153759.rlib" "/opt/rustwide/target/debug/deps/libspin-1881e9d9c2fdf875.rlib" "/opt/rustwide/target/debug/deps/libuntrusted-66bbe55c9f09dd46.rlib" "/opt/rustwide/target/debug/deps/libutf8-9b4563d058a684d7.rlib" "/opt/rustwide/target/debug/deps/libbyteorder-e9468b374a0c0c11.rlib" "/opt/rustwide/target/debug/deps/libsha1-62164dbf764af7c0.rlib" "/opt/rustwide/target/debug/deps/libcpufeatures-942478018e98325a.rlib" "/opt/rustwide/target/debug/deps/libdigest-de2dc59efd15c225.rlib" "/opt/rustwide/target/debug/deps/libblock_buffer-7e9270fb9b7ff635.rlib" "/opt/rustwide/target/debug/deps/libcrypto_common-145014adf1649651.rlib" "/opt/rustwide/target/debug/deps/libgeneric_array-18b3188a0c567140.rlib" "/opt/rustwide/target/debug/deps/libtypenum-da95465dc70d2c95.rlib" "/opt/rustwide/target/debug/deps/libthiserror-4840bbf8d32abbe0.rlib" "/opt/rustwide/target/debug/deps/libcustom_error-e8dd762cd2cb3643.rlib" "/opt/rustwide/target/debug/deps/libreqwest-fa98cf98530748a9.rlib" "/opt/rustwide/target/debug/deps/libhyper_tls-4894bbba97a69ce0.rlib" "/opt/rustwide/target/debug/deps/libserde_urlencoded-31bddd80fa34428d.rlib" "/opt/rustwide/target/debug/deps/libbase64-c757f6e1d18850a5.rlib" "/opt/rustwide/target/debug/deps/libipnet-31f1670f407a9398.rlib" "/opt/rustwide/target/debug/deps/libtokio_native_tls-63544663bb772347.rlib" "/opt/rustwide/target/debug/deps/libencoding_rs-000c97fafd38c2ed.rlib" "/opt/rustwide/target/debug/deps/libserde_json-5f2f28e6a1206dc6.rlib" "/opt/rustwide/target/debug/deps/libryu-f8e8abf733224b36.rlib" "/opt/rustwide/target/debug/deps/libmime_guess-99548fab7ded762e.rlib" "/opt/rustwide/target/debug/deps/libunicase-131885e46c9d146d.rlib" "/opt/rustwide/target/debug/deps/libmime-7e306270d8ceb372.rlib" "/opt/rustwide/target/debug/deps/libnative_tls-b11449cae248ce25.rlib" "/opt/rustwide/target/debug/deps/libopenssl_probe-d850575132083d7c.rlib" "/opt/rustwide/target/debug/deps/libopenssl-3c035cd457370a9a.rlib" "/opt/rustwide/target/debug/deps/libbitflags-9b29282c818fed52.rlib" "/opt/rustwide/target/debug/deps/libserde-70770f8b4a3227e0.rlib" "/opt/rustwide/target/debug/deps/libforeign_types-c05743815e5b8a9d.rlib" "/opt/rustwide/target/debug/deps/libforeign_types_shared-d149f5491fde2862.rlib" "/opt/rustwide/target/debug/deps/libcfg_if-61dc7a6799e72b18.rlib" "/opt/rustwide/target/debug/deps/libopenssl_sys-aa4923b7b2107264.rlib" "/opt/rustwide/target/debug/deps/libhyper-130463c38a6c73f3.rlib" "/opt/rustwide/target/debug/deps/libwant-0e59d2771cba3a35.rlib" "/opt/rustwide/target/debug/deps/libtry_lock-51271589248cd7d9.rlib" "/opt/rustwide/target/debug/deps/libsocket2-f2b88ec994c5f528.rlib" "/opt/rustwide/target/debug/deps/libhttparse-64f1ffbeda450424.rlib" "/opt/rustwide/target/debug/deps/libh2-f797f881e81a0041.rlib" "/opt/rustwide/target/debug/deps/libindexmap-93f72862478380d0.rlib" "/opt/rustwide/target/debug/deps/libhashbrown-567986452cb9bc94.rlib" "/opt/rustwide/target/debug/deps/libtokio_util-02079fc6e6739cc1.rlib" "/opt/rustwide/target/debug/deps/libtower_service-104d6e83d5ce383d.rlib" "/opt/rustwide/target/debug/deps/libtracing-4c36559c7f045711.rlib" "/opt/rustwide/target/debug/deps/libtracing_core-4ad00ebcda7f03a2.rlib" "/opt/rustwide/target/debug/deps/libonce_cell-865e1c5018a0303a.rlib" "/opt/rustwide/target/debug/deps/libfutures_channel-459717c68e45f3ae.rlib" "/opt/rustwide/target/debug/deps/libfutures_util-d5de804dd82ad1b9.rlib" "/opt/rustwide/target/debug/deps/libslab-6eb39baadbe9101c.rlib" "/opt/rustwide/target/debug/deps/libfutures_sink-ca415c0607e47a6c.rlib" "/opt/rustwide/target/debug/deps/libfutures_task-b197dd02e3eb7463.rlib" "/opt/rustwide/target/debug/deps/libpin_utils-741f7d9d160e4a16.rlib" "/opt/rustwide/target/debug/deps/libtokio-482cdbb0d2a37cd3.rlib" "/opt/rustwide/target/debug/deps/libnum_cpus-2148e9f03304bebc.rlib" "/opt/rustwide/target/debug/deps/libsocket2-b470de2714f3a9fe.rlib" "/opt/rustwide/target/debug/deps/libmio-41a6d46e981e0b00.rlib" "/opt/rustwide/target/debug/deps/liblibc-a9a2a17e1d19328b.rlib" "/opt/rustwide/target/debug/deps/libhttp_body-51311c5a353e4f64.rlib" "/opt/rustwide/target/debug/deps/libpin_project_lite-e0757e0deaa2f8a0.rlib" "/opt/rustwide/target/debug/deps/liblog-4f472032e8cdd371.rlib" "/opt/rustwide/target/debug/deps/libfutures_core-17b45303463871aa.rlib" "/opt/rustwide/target/debug/deps/libhttp-9f90e562c1e0df30.rlib" "/opt/rustwide/target/debug/deps/libitoa-05fb7c91ffbc0a79.rlib" "/opt/rustwide/target/debug/deps/libbytes-0a052f49710012b1.rlib" "/opt/rustwide/target/debug/deps/libfnv-18bf5144d055e772.rlib" "/opt/rustwide/target/debug/deps/liburl-bc0661a5141cbab3.rlib" "/opt/rustwide/target/debug/deps/libidna-35e3e2f202e10859.rlib" "/opt/rustwide/target/debug/deps/libunicode_normalization-e04a0b39935fba30.rlib" "/opt/rustwide/target/debug/deps/libtinyvec-cf6c9f6b792a5507.rlib" "/opt/rustwide/target/debug/deps/libtinyvec_macros-b1cb7f53f58c9f87.rlib" "/opt/rustwide/target/debug/deps/libunicode_bidi-020370784786e57d.rlib" "/opt/rustwide/target/debug/deps/libform_urlencoded-a39e5ffbd9c88c0c.rlib" "/opt/rustwide/target/debug/deps/libpercent_encoding-5d42724fd4d173a7.rlib" "/opt/rustwide/rustup-home/toolchains/1.75.0-x86_64-unknown-linux-gnu/lib/rustlib/x86_64-unknown-linux-gnu/lib/libstd-90f6ddbf82de36ec.rlib" "/opt/rustwide/rustup-home/toolchains/1.75.0-x86_64-unknown-linux-gnu/lib/rustlib/x86_64-unknown-linux-gnu/lib/libpanic_unwind-480c41e9d4e1f677.rlib" "/opt/rustwide/rustup-home/toolchains/1.75.0-x86_64-unknown-linux-gnu/lib/rustlib/x86_64-unknown-linux-gnu/lib/libobject-db744c0ca03eed1d.rlib" "/opt/rustwide/rustup-home/toolchains/1.75.0-x86_64-unknown-linux-gnu/lib/rustlib/x86_64-unknown-linux-gnu/lib/libmemchr-8ba652dc7d4b285a.rlib" "/opt/rustwide/rustup-home/toolchains/1.75.0-x86_64-unknown-linux-gnu/lib/rustlib/x86_64-unknown-linux-gnu/lib/libaddr2line-d5f4520a9ebc0d58.rlib" "/opt/rustwide/rustup-home/toolchains/1.75.0-x86_64-unknown-linux-gnu/lib/rustlib/x86_64-unknown-linux-gnu/lib/libgimli-4ad84de58f0cb463.rlib" "/opt/rustwide/rustup-home/toolchains/1.75.0-x86_64-unknown-linux-gnu/lib/rustlib/x86_64-unknown-linux-gnu/lib/librustc_demangle-0d10aae2e0f38735.rlib" "/opt/rustwide/rustup-home/toolchains/1.75.0-x86_64-unknown-linux-gnu/lib/rustlib/x86_64-unknown-linux-gnu/lib/libstd_detect-0c17cff739e6745b.rlib" "/opt/rustwide/rustup-home/toolchains/1.75.0-x86_64-unknown-linux-gnu/lib/rustlib/x86_64-unknown-linux-gnu/lib/libhashbrown-b29e17139dde1aa8.rlib" "/opt/rustwide/rustup-home/toolchains/1.75.0-x86_64-unknown-linux-gnu/lib/rustlib/x86_64-unknown-linux-gnu/lib/librustc_std_workspace_alloc-1f975299829cc7bd.rlib" "/opt/rustwide/rustup-home/toolchains/1.75.0-x86_64-unknown-linux-gnu/lib/rustlib/x86_64-unknown-linux-gnu/lib/libminiz_oxide-86bae3bc3079f89b.rlib" "/opt/rustwide/rustup-home/toolchains/1.75.0-x86_64-unknown-linux-gnu/lib/rustlib/x86_64-unknown-linux-gnu/lib/libadler-321b82c30dffdf5f.rlib" "/opt/rustwide/rustup-home/toolchains/1.75.0-x86_64-unknown-linux-gnu/lib/rustlib/x86_64-unknown-linux-gnu/lib/libunwind-3dd8a6810a0bdfef.rlib" "/opt/rustwide/rustup-home/toolchains/1.75.0-x86_64-unknown-linux-gnu/lib/rustlib/x86_64-unknown-linux-gnu/lib/libcfg_if-eb39a61c0c879984.rlib" "/opt/rustwide/rustup-home/toolchains/1.75.0-x86_64-unknown-linux-gnu/lib/rustlib/x86_64-unknown-linux-gnu/lib/liblibc-aa769569f91c3548.rlib" "/opt/rustwide/rustup-home/toolchains/1.75.0-x86_64-unknown-linux-gnu/lib/rustlib/x86_64-unknown-linux-gnu/lib/liballoc-510a192a50a983ed.rlib" "/opt/rustwide/rustup-home/toolchains/1.75.0-x86_64-unknown-linux-gnu/lib/rustlib/x86_64-unknown-linux-gnu/lib/librustc_std_workspace_core-0577018320f99037.rlib" "/opt/rustwide/rustup-home/toolchains/1.75.0-x86_64-unknown-linux-gnu/lib/rustlib/x86_64-unknown-linux-gnu/lib/libcore-193cf992125ccd4c.rlib" "/opt/rustwide/rustup-home/toolchains/1.75.0-x86_64-unknown-linux-gnu/lib/rustlib/x86_64-unknown-linux-gnu/lib/libcompiler_builtins-8e138eaf26ebb4a8.rlib" "-Wl,-Bdynamic" "-lssl" "-lcrypto" "-lgcc_s" "-lutil" "-lrt" "-lpthread" "-lm" "-ldl" "-lc" "-Wl,--eh-frame-hdr" "-Wl,-z,noexecstack" "-L" "/opt/rustwide/rustup-home/toolchains/1.75.0-x86_64-unknown-linux-gnu/lib/rustlib/x86_64-unknown-linux-gnu/lib" "-o" "/opt/rustwide/target/debug/deps/instance-ecd57ed8ce551270" "-Wl,--gc-sections" "-pie" "-Wl,-z,relro,-z,now" "-nodefaultlibs"
[INFO] [stdout]   = note: collect2: fatal error: ld terminated with signal 9 [Killed]
[INFO] [stdout]           compilation terminated.
[INFO] [stdout]           
[INFO] [stdout] 
[INFO] [stdout] 
[INFO] [stdout] error: aborting due to previous error
[INFO] [stdout] 
[INFO] [stdout] 
[INFO] [stderr] error: could not compile `chorus` (test "instance") due to 2 previous errors
[INFO] running `Command { std: "docker" "inspect" "8b5f8a68284eb47be2444b5735b8887c44ea68dca84ff6aab8e5d7f3306b5756", kill_on_drop: false }`
[INFO] running `Command { std: "docker" "rm" "-f" "8b5f8a68284eb47be2444b5735b8887c44ea68dca84ff6aab8e5d7f3306b5756", kill_on_drop: false }`
[INFO] [stdout] 8b5f8a68284eb47be2444b5735b8887c44ea68dca84ff6aab8e5d7f3306b5756
[INFO] testing chorus-0.12.0 against beta-2023-12-22 for beta-1.76-1
[INFO] extracting crate chorus 0.12.0 into /workspace/builds/worker-7-tc2/source
[INFO] validating manifest of crates.io crate chorus 0.12.0 on toolchain beta-2023-12-22
[INFO] running `Command { std: CARGO_HOME="/workspace/cargo-home" RUSTUP_HOME="/workspace/rustup-home" "/workspace/cargo-home/bin/cargo" "+beta-2023-12-22" "metadata" "--manifest-path" "Cargo.toml" "--no-deps", kill_on_drop: false }`
[INFO] removed /workspace/builds/worker-7-tc2/source/.cargo/config.toml
[INFO] started tweaking crates.io crate chorus 0.12.0
[INFO] finished tweaking crates.io crate chorus 0.12.0
[INFO] tweaked toml for crates.io crate chorus 0.12.0 written to /workspace/builds/worker-7-tc2/source/Cargo.toml
[INFO] crate crates.io crate chorus 0.12.0 already has a lockfile, it will not be regenerated
[INFO] running `Command { std: CARGO_HOME="/workspace/cargo-home" RUSTUP_HOME="/workspace/rustup-home" "/workspace/cargo-home/bin/cargo" "+beta-2023-12-22" "fetch" "--manifest-path" "Cargo.toml", kill_on_drop: false }`
[INFO] running `Command { std: "docker" "create" "-v" "/var/lib/crater-agent-workspace/builds/worker-7-tc2/target:/opt/rustwide/target:rw,Z" "-v" "/var/lib/crater-agent-workspace/builds/worker-7-tc2/source:/opt/rustwide/workdir:ro,Z" "-v" "/var/lib/crater-agent-workspace/cargo-home:/opt/rustwide/cargo-home:ro,Z" "-v" "/var/lib/crater-agent-workspace/rustup-home:/opt/rustwide/rustup-home:ro,Z" "-e" "SOURCE_DIR=/opt/rustwide/workdir" "-e" "CARGO_TARGET_DIR=/opt/rustwide/target" "-e" "CARGO_HOME=/opt/rustwide/cargo-home" "-e" "RUSTUP_HOME=/opt/rustwide/rustup-home" "-w" "/opt/rustwide/workdir" "-m" "1610612736" "--user" "0:0" "--network" "none" "ghcr.io/rust-lang/crates-build-env/linux@sha256:2788e3201cd34a07e3172128adcd8b3090168a8e3bcc40d7c032b9dda1df7d1c" "/opt/rustwide/cargo-home/bin/cargo" "+beta-2023-12-22" "metadata" "--no-deps" "--format-version=1", kill_on_drop: false }`
[INFO] [stdout] 7bd84d2fa2737f9716d4d43f7b2993444ca0cf3ae513051ea5110df0e951ccb0
[INFO] running `Command { std: "docker" "start" "-a" "7bd84d2fa2737f9716d4d43f7b2993444ca0cf3ae513051ea5110df0e951ccb0", kill_on_drop: false }`
[INFO] running `Command { std: "docker" "inspect" "7bd84d2fa2737f9716d4d43f7b2993444ca0cf3ae513051ea5110df0e951ccb0", kill_on_drop: false }`
[INFO] running `Command { std: "docker" "rm" "-f" "7bd84d2fa2737f9716d4d43f7b2993444ca0cf3ae513051ea5110df0e951ccb0", kill_on_drop: false }`
[INFO] [stdout] 7bd84d2fa2737f9716d4d43f7b2993444ca0cf3ae513051ea5110df0e951ccb0
[INFO] running `Command { std: "docker" "create" "-v" "/var/lib/crater-agent-workspace/builds/worker-7-tc2/target:/opt/rustwide/target:rw,Z" "-v" "/var/lib/crater-agent-workspace/builds/worker-7-tc2/source:/opt/rustwide/workdir:ro,Z" "-v" "/var/lib/crater-agent-workspace/cargo-home:/opt/rustwide/cargo-home:ro,Z" "-v" "/var/lib/crater-agent-workspace/rustup-home:/opt/rustwide/rustup-home:ro,Z" "-e" "SOURCE_DIR=/opt/rustwide/workdir" "-e" "CARGO_TARGET_DIR=/opt/rustwide/target" "-e" "CARGO_INCREMENTAL=0" "-e" "RUST_BACKTRACE=full" "-e" "RUSTFLAGS=--cap-lints=warn" "-e" "RUSTDOCFLAGS=--cap-lints=warn" "-e" "CARGO_HOME=/opt/rustwide/cargo-home" "-e" "RUSTUP_HOME=/opt/rustwide/rustup-home" "-w" "/opt/rustwide/workdir" "-m" "1610612736" "--user" "0:0" "--network" "none" "ghcr.io/rust-lang/crates-build-env/linux@sha256:2788e3201cd34a07e3172128adcd8b3090168a8e3bcc40d7c032b9dda1df7d1c" "/opt/rustwide/cargo-home/bin/cargo" "+beta-2023-12-22" "build" "--frozen" "--message-format=json", kill_on_drop: false }`
[INFO] [stdout] 5e7c92daef6abfb81275b56e7b95a71e8a6c1aa9c1290df697cb73f268f7aac4
[INFO] running `Command { std: "docker" "start" "-a" "5e7c92daef6abfb81275b56e7b95a71e8a6c1aa9c1290df697cb73f268f7aac4", kill_on_drop: false }`
[INFO] [stderr]    Compiling proc-macro2 v1.0.69
[INFO] [stderr]    Compiling unicode-ident v1.0.12
[INFO] [stderr]    Compiling libc v0.2.150
[INFO] [stderr]    Compiling serde v1.0.192
[INFO] [stderr]    Compiling itoa v1.0.9
[INFO] [stderr]    Compiling vcpkg v0.2.15
[INFO] [stderr]    Compiling num-traits v0.2.17
[INFO] [stderr]    Compiling futures-util v0.3.29
[INFO] [stderr]    Compiling http v0.2.11
[INFO] [stderr]    Compiling unicase v2.7.0
[INFO] [stderr]    Compiling openssl v0.10.59
[INFO] [stderr]    Compiling foreign-types-shared v0.1.1
[INFO] [stderr]    Compiling percent-encoding v2.3.0
[INFO] [stderr]    Compiling thiserror v1.0.50
[INFO] [stderr]    Compiling openssl-probe v0.1.5
[INFO] [stderr]    Compiling quote v1.0.33
[INFO] [stderr]    Compiling cc v1.0.84
[INFO] [stderr]    Compiling getrandom v0.2.11
[INFO] [stderr]    Compiling num_cpus v1.16.0
[INFO] [stderr]    Compiling mio v0.8.9
[INFO] [stderr]    Compiling syn v2.0.39
[INFO] [stderr]    Compiling socket2 v0.5.5
[INFO] [stderr]    Compiling form_urlencoded v1.2.0
[INFO] [stderr]    Compiling foreign-types v0.3.2
[INFO] [stderr]    Compiling num-integer v0.1.45
[INFO] [stderr]    Compiling ryu v1.0.15
[INFO] [stderr]    Compiling serde_json v1.0.108
[INFO] [stderr]    Compiling native-tls v0.2.11
[INFO] [stderr]    Compiling rustls v0.21.8
[INFO] [stderr]    Compiling unicode-bidi v0.3.13
[INFO] [stderr]    Compiling strsim v0.10.0
[INFO] [stderr]    Compiling ident_case v1.0.1
[INFO] [stderr]    Compiling rand_core v0.6.4
[INFO] [stderr]    Compiling crypto-common v0.1.6
[INFO] [stderr]    Compiling num-bigint v0.4.4
[INFO] [stderr]    Compiling powerfmt v0.2.0
[INFO] [stderr]    Compiling idna v0.4.0
[INFO] [stderr]    Compiling time-core v0.1.2
[INFO] [stderr]    Compiling deranged v0.3.9
[INFO] [stderr]    Compiling time-macros v0.2.15
[INFO] [stderr]    Compiling mime_guess v2.0.4
[INFO] [stderr]    Compiling ring v0.17.5
[INFO] [stderr]    Compiling openssl-sys v0.9.95
[INFO] [stderr]    Compiling ring v0.16.20
[INFO] [stderr]    Compiling url v2.4.1
[INFO] [stderr]    Compiling rand_chacha v0.3.1
[INFO] [stderr]    Compiling digest v0.10.7
[INFO] [stderr]    Compiling socket2 v0.4.10
[INFO] [stderr]    Compiling http-body v0.4.5
[INFO] [stderr]    Compiling cpufeatures v0.2.11
[INFO] [stderr]    Compiling memchr v2.6.4
[INFO] [stderr]    Compiling async-trait v0.1.74
[INFO] [stderr]    Compiling sha1 v0.10.6
[INFO] [stderr]    Compiling aho-corasick v1.1.2
[INFO] [stderr]    Compiling time v0.3.30
[INFO] [stderr]    Compiling rand v0.8.5
[INFO] [stderr]    Compiling rustls-pemfile v1.0.4
[INFO] [stderr]    Compiling spin v0.5.2
[INFO] [stderr]    Compiling darling_core v0.20.3
[INFO] [stderr]    Compiling iana-time-zone v0.1.58
[INFO] [stderr]    Compiling base64 v0.13.1
[INFO] [stderr]    Compiling data-encoding v2.4.0
[INFO] [stderr]    Compiling untrusted v0.7.1
[INFO] [stderr]    Compiling utf-8 v0.7.6
[INFO] [stderr]    Compiling pem v1.1.1
[INFO] [stderr]    Compiling regex-automata v0.4.3
[INFO] [stderr]    Compiling rustls-native-certs v0.6.3
[INFO] [stderr]    Compiling match_cfg v0.1.0
[INFO] [stderr]    Compiling hostname v0.3.1
[INFO] [stderr]    Compiling safina-timer v0.1.11
[INFO] [stderr]    Compiling custom_error v1.9.2
[INFO] [stderr]    Compiling serde_derive v1.0.192
[INFO] [stderr]    Compiling tokio-macros v2.2.0
[INFO] [stderr]    Compiling futures-macro v0.3.29
[INFO] [stderr]    Compiling thiserror-impl v1.0.50
[INFO] [stderr]    Compiling openssl-macros v0.1.1
[INFO] [stderr]    Compiling rustls-webpki v0.101.7
[INFO] [stderr]    Compiling sct v0.7.1
[INFO] [stderr]    Compiling tokio v1.34.0
[INFO] [stderr]    Compiling darling_macro v0.20.3
[INFO] [stderr]    Compiling darling v0.20.3
[INFO] [stderr]    Compiling serde_with_macros v3.4.0
[INFO] [stderr]    Compiling simple_asn1 v0.6.2
[INFO] [stderr]    Compiling chorus-macros v0.2.0
[INFO] [stderr]    Compiling regex v1.10.2
[INFO] [stderr]    Compiling tungstenite v0.20.1
[INFO] [stderr]    Compiling serde_repr v0.1.17
[INFO] [stderr]    Compiling tokio-util v0.7.10
[INFO] [stderr]    Compiling tokio-rustls v0.24.1
[INFO] [stderr]    Compiling tokio-tungstenite v0.20.1
[INFO] [stderr]    Compiling h2 v0.3.21
[INFO] [stderr]    Compiling bitflags v2.4.1
[INFO] [stderr]    Compiling chrono v0.4.31
[INFO] [stderr]    Compiling serde_urlencoded v0.7.1
[INFO] [stderr]    Compiling serde_with v3.4.0
[INFO] [stderr]    Compiling hyper v0.14.27
[INFO] [stderr]    Compiling jsonwebtoken v8.3.0
[INFO] [stderr]    Compiling serde-aux v4.2.0
[INFO] [stderr]    Compiling tokio-native-tls v0.3.1
[INFO] [stderr]    Compiling hyper-tls v0.5.0
[INFO] [stderr]    Compiling reqwest v0.11.22
[INFO] [stderr]    Compiling chorus v0.12.0 (/opt/rustwide/workdir)
[INFO] [stdout] warning: unused import: `channels::messages::*`
[INFO] [stdout]  --> src/api/mod.rs:2:9
[INFO] [stdout]   |
[INFO] [stdout] 2 | pub use channels::messages::*;
[INFO] [stdout]   |         ^^^^^^^^^^^^^^^^^^^^^
[INFO] [stdout]   |
[INFO] [stdout]   = note: `#[warn(unused_imports)]` on by default
[INFO] [stdout] 
[INFO] [stdout] 
[INFO] [stdout] warning: unused import: `invites::*`
[INFO] [stdout]  --> src/api/mod.rs:4:9
[INFO] [stdout]   |
[INFO] [stdout] 4 | pub use invites::*;
[INFO] [stdout]   |         ^^^^^^^^^^
[INFO] [stdout] 
[INFO] [stdout] 
[INFO] [stdout] warning: unused import: `policies::instance::instance::*`
[INFO] [stdout]  --> src/api/mod.rs:5:9
[INFO] [stdout]   |
[INFO] [stdout] 5 | pub use policies::instance::instance::*;
[INFO] [stdout]   |         ^^^^^^^^^^^^^^^^^^^^^^^^^^^^^^^
[INFO] [stdout] 
[INFO] [stdout] 
[INFO] [stdout] warning: unused import: `login::*`
[INFO] [stdout]  --> src/api/auth/mod.rs:3:9
[INFO] [stdout]   |
[INFO] [stdout] 3 | pub use login::*;
[INFO] [stdout]   |         ^^^^^^^^
[INFO] [stdout] 
[INFO] [stdout] 
[INFO] [stdout] warning: unused import: `register::*`
[INFO] [stdout]  --> src/api/auth/mod.rs:4:9
[INFO] [stdout]   |
[INFO] [stdout] 4 | pub use register::*;
[INFO] [stdout]   |         ^^^^^^^^^^^
[INFO] [stdout] 
[INFO] [stdout] 
[INFO] [stdout] warning: unused import: `channels::*`
[INFO] [stdout]  --> src/api/channels/mod.rs:1:9
[INFO] [stdout]   |
[INFO] [stdout] 1 | pub use channels::*;
[INFO] [stdout]   |         ^^^^^^^^^^^
[INFO] [stdout] 
[INFO] [stdout] 
[INFO] [stdout] warning: unused import: `messages::*`
[INFO] [stdout]  --> src/api/channels/mod.rs:2:9
[INFO] [stdout]   |
[INFO] [stdout] 2 | pub use messages::*;
[INFO] [stdout]   |         ^^^^^^^^^^^
[INFO] [stdout] 
[INFO] [stdout] 
[INFO] [stdout] warning: unused import: `permissions::*`
[INFO] [stdout]  --> src/api/channels/mod.rs:3:9
[INFO] [stdout]   |
[INFO] [stdout] 3 | pub use permissions::*;
[INFO] [stdout]   |         ^^^^^^^^^^^^^^
[INFO] [stdout] 
[INFO] [stdout] 
[INFO] [stdout] warning: unused import: `guilds::*`
[INFO] [stdout]  --> src/api/guilds/mod.rs:1:9
[INFO] [stdout]   |
[INFO] [stdout] 1 | pub use guilds::*;
[INFO] [stdout]   |         ^^^^^^^^^
[INFO] [stdout] 
[INFO] [stdout] 
[INFO] [stdout] warning: unused import: `messages::*`
[INFO] [stdout]  --> src/api/guilds/mod.rs:2:9
[INFO] [stdout]   |
[INFO] [stdout] 2 | pub use messages::*;
[INFO] [stdout]   |         ^^^^^^^^^^^
[INFO] [stdout] 
[INFO] [stdout] 
[INFO] [stdout] warning: unused import: `roles::*`
[INFO] [stdout]  --> src/api/guilds/mod.rs:3:9
[INFO] [stdout]   |
[INFO] [stdout] 3 | pub use roles::*;
[INFO] [stdout]   |         ^^^^^^^^
[INFO] [stdout] 
[INFO] [stdout] 
[INFO] [stdout] warning: unused import: `roles::*`
[INFO] [stdout]  --> src/api/guilds/mod.rs:4:9
[INFO] [stdout]   |
[INFO] [stdout] 4 | pub use roles::*;
[INFO] [stdout]   |         ^^^^^^^^
[INFO] [stdout] 
[INFO] [stdout] 
[INFO] [stdout] warning: unused import: `instance::*`
[INFO] [stdout]  --> src/api/policies/instance/mod.rs:1:9
[INFO] [stdout]   |
[INFO] [stdout] 1 | pub use instance::*;
[INFO] [stdout]   |         ^^^^^^^^^^^
[INFO] [stdout] 
[INFO] [stdout] 
[INFO] [stdout] warning: unused import: `channels::*`
[INFO] [stdout]  --> src/api/users/mod.rs:1:9
[INFO] [stdout]   |
[INFO] [stdout] 1 | pub use channels::*;
[INFO] [stdout]   |         ^^^^^^^^^^^
[INFO] [stdout] 
[INFO] [stdout] 
[INFO] [stdout] warning: unused import: `guilds::*`
[INFO] [stdout]  --> src/api/users/mod.rs:2:9
[INFO] [stdout]   |
[INFO] [stdout] 2 | pub use guilds::*;
[INFO] [stdout]   |         ^^^^^^^^^
[INFO] [stdout] 
[INFO] [stdout] 
[INFO] [stdout] warning: unused import: `relationships::*`
[INFO] [stdout]  --> src/api/users/mod.rs:3:9
[INFO] [stdout]   |
[INFO] [stdout] 3 | pub use relationships::*;
[INFO] [stdout]   |         ^^^^^^^^^^^^^^^^
[INFO] [stdout] 
[INFO] [stdout] 
[INFO] [stdout] warning: unused import: `users::*`
[INFO] [stdout]  --> src/api/users/mod.rs:4:9
[INFO] [stdout]   |
[INFO] [stdout] 4 | pub use users::*;
[INFO] [stdout]   |         ^^^^^^^^
[INFO] [stdout] 
[INFO] [stdout] 
[INFO] [stdout] warning: unused import: `connected_account::*`
[INFO] [stdout]  --> src/types/interfaces/mod.rs:2:9
[INFO] [stdout]   |
[INFO] [stdout] 2 | pub use connected_account::*;
[INFO] [stdout]   |         ^^^^^^^^^^^^^^^^^^^^
[INFO] [stdout] 
[INFO] [stdout] 
[INFO] [stdout] warning: unused import: `regexes::*`
[INFO] [stdout]  --> src/types/utils/mod.rs:1:9
[INFO] [stdout]   |
[INFO] [stdout] 1 | pub use regexes::*;
[INFO] [stdout]   |         ^^^^^^^^^^
[INFO] [stdout] 
[INFO] [stdout] 
[INFO] [stdout] warning: 19 warnings emitted
[INFO] [stdout] 
[INFO] [stdout] 
[INFO] [stderr]     Finished dev [unoptimized + debuginfo] target(s) in 55.24s
[INFO] running `Command { std: "docker" "inspect" "5e7c92daef6abfb81275b56e7b95a71e8a6c1aa9c1290df697cb73f268f7aac4", kill_on_drop: false }`
[INFO] running `Command { std: "docker" "rm" "-f" "5e7c92daef6abfb81275b56e7b95a71e8a6c1aa9c1290df697cb73f268f7aac4", kill_on_drop: false }`
[INFO] [stdout] 5e7c92daef6abfb81275b56e7b95a71e8a6c1aa9c1290df697cb73f268f7aac4
[INFO] running `Command { std: "docker" "create" "-v" "/var/lib/crater-agent-workspace/builds/worker-7-tc2/target:/opt/rustwide/target:rw,Z" "-v" "/var/lib/crater-agent-workspace/builds/worker-7-tc2/source:/opt/rustwide/workdir:ro,Z" "-v" "/var/lib/crater-agent-workspace/cargo-home:/opt/rustwide/cargo-home:ro,Z" "-v" "/var/lib/crater-agent-workspace/rustup-home:/opt/rustwide/rustup-home:ro,Z" "-e" "SOURCE_DIR=/opt/rustwide/workdir" "-e" "CARGO_TARGET_DIR=/opt/rustwide/target" "-e" "CARGO_INCREMENTAL=0" "-e" "RUST_BACKTRACE=full" "-e" "RUSTFLAGS=--cap-lints=warn" "-e" "RUSTDOCFLAGS=--cap-lints=warn" "-e" "CARGO_HOME=/opt/rustwide/cargo-home" "-e" "RUSTUP_HOME=/opt/rustwide/rustup-home" "-w" "/opt/rustwide/workdir" "-m" "1610612736" "--user" "0:0" "--network" "none" "ghcr.io/rust-lang/crates-build-env/linux@sha256:2788e3201cd34a07e3172128adcd8b3090168a8e3bcc40d7c032b9dda1df7d1c" "/opt/rustwide/cargo-home/bin/cargo" "+beta-2023-12-22" "test" "--frozen" "--no-run" "--message-format=json", kill_on_drop: false }`
[INFO] [stdout] cc691a1085f30cfaba7f0ab8110711112ab977168e1be848b53e282f72faed8e
[INFO] running `Command { std: "docker" "start" "-a" "cc691a1085f30cfaba7f0ab8110711112ab977168e1be848b53e282f72faed8e", kill_on_drop: false }`
[INFO] [stderr]    Compiling syn v2.0.39
[INFO] [stderr]    Compiling wasm-bindgen-shared v0.2.88
[INFO] [stderr]    Compiling bumpalo v3.14.0
[INFO] [stderr]    Compiling wasm-bindgen v0.2.88
[INFO] [stderr]    Compiling scoped-tls v1.0.1
[INFO] [stderr]    Compiling wasm-bindgen-backend v0.2.88
[INFO] [stderr]    Compiling darling_core v0.20.3
[INFO] [stderr]    Compiling wasm-bindgen-macro-support v0.2.88
[INFO] [stderr]    Compiling serde_derive v1.0.192
[INFO] [stderr]    Compiling tokio-macros v2.2.0
[INFO] [stderr]    Compiling futures-macro v0.3.29
[INFO] [stderr]    Compiling openssl-macros v0.1.1
[INFO] [stderr]    Compiling thiserror-impl v1.0.50
[INFO] [stderr]    Compiling async-trait v0.1.74
[INFO] [stderr]    Compiling wasm-bindgen-test-macro v0.3.38
[INFO] [stderr]    Compiling tokio v1.34.0
[INFO] [stderr]    Compiling futures-util v0.3.29
[INFO] [stderr]    Compiling wasm-bindgen-macro v0.2.88
[INFO] [stderr]    Compiling serde_repr v0.1.17
[INFO] [stderr]    Compiling thiserror v1.0.50
[INFO] [stderr]    Compiling simple_asn1 v0.6.2
[INFO] [stderr]    Compiling tungstenite v0.20.1
[INFO] [stderr]    Compiling chorus-macros v0.2.0
[INFO] [stderr]    Compiling darling_macro v0.20.3
[INFO] [stderr]    Compiling js-sys v0.3.65
[INFO] [stderr]    Compiling console_error_panic_hook v0.1.7
[INFO] [stderr]    Compiling darling v0.20.3
[INFO] [stderr]    Compiling serde_with_macros v3.4.0
[INFO] [stderr]    Compiling serde v1.0.192
[INFO] [stderr]    Compiling tokio-util v0.7.10
[INFO] [stderr]    Compiling tokio-rustls v0.24.1
[INFO] [stderr]    Compiling tokio-tungstenite v0.20.1
[INFO] [stderr]    Compiling h2 v0.3.21
[INFO] [stderr]    Compiling wasm-bindgen-futures v0.4.38
[INFO] [stderr]    Compiling wasm-bindgen-test v0.3.38
[INFO] [stderr]    Compiling bitflags v2.4.1
[INFO] [stderr]    Compiling serde_json v1.0.108
[INFO] [stderr]    Compiling openssl v0.10.59
[INFO] [stderr]    Compiling serde_urlencoded v0.7.1
[INFO] [stderr]    Compiling chrono v0.4.31
[INFO] [stderr]    Compiling serde_with v3.4.0
[INFO] [stderr]    Compiling jsonwebtoken v8.3.0
[INFO] [stderr]    Compiling hyper v0.14.27
[INFO] [stderr]    Compiling serde-aux v4.2.0
[INFO] [stderr]    Compiling native-tls v0.2.11
[INFO] [stderr]    Compiling tokio-native-tls v0.3.1
[INFO] [stderr]    Compiling hyper-tls v0.5.0
[INFO] [stderr]    Compiling reqwest v0.11.22
[INFO] [stderr]    Compiling chorus v0.12.0 (/opt/rustwide/workdir)
[INFO] [stdout] warning: unused import: `channels::messages::*`
[INFO] [stdout]  --> src/api/mod.rs:2:9
[INFO] [stdout]   |
[INFO] [stdout] 2 | pub use channels::messages::*;
[INFO] [stdout]   |         ^^^^^^^^^^^^^^^^^^^^^
[INFO] [stdout]   |
[INFO] [stdout]   = note: `#[warn(unused_imports)]` on by default
[INFO] [stdout] 
[INFO] [stdout] 
[INFO] [stdout] warning: unused import: `invites::*`
[INFO] [stdout]  --> src/api/mod.rs:4:9
[INFO] [stdout]   |
[INFO] [stdout] 4 | pub use invites::*;
[INFO] [stdout]   |         ^^^^^^^^^^
[INFO] [stdout] 
[INFO] [stdout] 
[INFO] [stdout] warning: unused import: `policies::instance::instance::*`
[INFO] [stdout]  --> src/api/mod.rs:5:9
[INFO] [stdout]   |
[INFO] [stdout] 5 | pub use policies::instance::instance::*;
[INFO] [stdout]   |         ^^^^^^^^^^^^^^^^^^^^^^^^^^^^^^^
[INFO] [stdout] 
[INFO] [stdout] 
[INFO] [stdout] warning: unused import: `login::*`
[INFO] [stdout]  --> src/api/auth/mod.rs:3:9
[INFO] [stdout]   |
[INFO] [stdout] 3 | pub use login::*;
[INFO] [stdout]   |         ^^^^^^^^
[INFO] [stdout] 
[INFO] [stdout] 
[INFO] [stdout] warning: unused import: `register::*`
[INFO] [stdout]  --> src/api/auth/mod.rs:4:9
[INFO] [stdout]   |
[INFO] [stdout] 4 | pub use register::*;
[INFO] [stdout]   |         ^^^^^^^^^^^
[INFO] [stdout] 
[INFO] [stdout] 
[INFO] [stdout] warning: unused import: `channels::*`
[INFO] [stdout]  --> src/api/channels/mod.rs:1:9
[INFO] [stdout]   |
[INFO] [stdout] 1 | pub use channels::*;
[INFO] [stdout]   |         ^^^^^^^^^^^
[INFO] [stdout] 
[INFO] [stdout] 
[INFO] [stdout] warning: unused import: `messages::*`
[INFO] [stdout]  --> src/api/channels/mod.rs:2:9
[INFO] [stdout]   |
[INFO] [stdout] 2 | pub use messages::*;
[INFO] [stdout]   |         ^^^^^^^^^^^
[INFO] [stdout] 
[INFO] [stdout] 
[INFO] [stdout] warning: unused import: `permissions::*`
[INFO] [stdout]  --> src/api/channels/mod.rs:3:9
[INFO] [stdout]   |
[INFO] [stdout] 3 | pub use permissions::*;
[INFO] [stdout]   |         ^^^^^^^^^^^^^^
[INFO] [stdout] 
[INFO] [stdout] 
[INFO] [stdout] warning: unused import: `guilds::*`
[INFO] [stdout]  --> src/api/guilds/mod.rs:1:9
[INFO] [stdout]   |
[INFO] [stdout] 1 | pub use guilds::*;
[INFO] [stdout]   |         ^^^^^^^^^
[INFO] [stdout] 
[INFO] [stdout] 
[INFO] [stdout] warning: unused import: `messages::*`
[INFO] [stdout]  --> src/api/guilds/mod.rs:2:9
[INFO] [stdout]   |
[INFO] [stdout] 2 | pub use messages::*;
[INFO] [stdout]   |         ^^^^^^^^^^^
[INFO] [stdout] 
[INFO] [stdout] 
[INFO] [stdout] warning: unused import: `roles::*`
[INFO] [stdout]  --> src/api/guilds/mod.rs:3:9
[INFO] [stdout]   |
[INFO] [stdout] 3 | pub use roles::*;
[INFO] [stdout]   |         ^^^^^^^^
[INFO] [stdout] 
[INFO] [stdout] 
[INFO] [stdout] warning: unused import: `roles::*`
[INFO] [stdout]  --> src/api/guilds/mod.rs:4:9
[INFO] [stdout]   |
[INFO] [stdout] 4 | pub use roles::*;
[INFO] [stdout]   |         ^^^^^^^^
[INFO] [stdout] 
[INFO] [stdout] 
[INFO] [stdout] warning: unused import: `instance::*`
[INFO] [stdout]  --> src/api/policies/instance/mod.rs:1:9
[INFO] [stdout]   |
[INFO] [stdout] 1 | pub use instance::*;
[INFO] [stdout]   |         ^^^^^^^^^^^
[INFO] [stdout] 
[INFO] [stdout] 
[INFO] [stdout] warning: unused import: `channels::*`
[INFO] [stdout]  --> src/api/users/mod.rs:1:9
[INFO] [stdout]   |
[INFO] [stdout] 1 | pub use channels::*;
[INFO] [stdout]   |         ^^^^^^^^^^^
[INFO] [stdout] 
[INFO] [stdout] 
[INFO] [stdout] warning: unused import: `guilds::*`
[INFO] [stdout]  --> src/api/users/mod.rs:2:9
[INFO] [stdout]   |
[INFO] [stdout] 2 | pub use guilds::*;
[INFO] [stdout]   |         ^^^^^^^^^
[INFO] [stdout] 
[INFO] [stdout] 
[INFO] [stdout] warning: unused import: `relationships::*`
[INFO] [stdout]  --> src/api/users/mod.rs:3:9
[INFO] [stdout]   |
[INFO] [stdout] 3 | pub use relationships::*;
[INFO] [stdout]   |         ^^^^^^^^^^^^^^^^
[INFO] [stdout] 
[INFO] [stdout] 
[INFO] [stdout] warning: unused import: `users::*`
[INFO] [stdout]  --> src/api/users/mod.rs:4:9
[INFO] [stdout]   |
[INFO] [stdout] 4 | pub use users::*;
[INFO] [stdout]   |         ^^^^^^^^
[INFO] [stdout] 
[INFO] [stdout] 
[INFO] [stdout] warning: unused import: `connected_account::*`
[INFO] [stdout]  --> src/types/interfaces/mod.rs:2:9
[INFO] [stdout]   |
[INFO] [stdout] 2 | pub use connected_account::*;
[INFO] [stdout]   |         ^^^^^^^^^^^^^^^^^^^^
[INFO] [stdout] 
[INFO] [stdout] 
[INFO] [stdout] warning: unused import: `regexes::*`
[INFO] [stdout]  --> src/types/utils/mod.rs:1:9
[INFO] [stdout]   |
[INFO] [stdout] 1 | pub use regexes::*;
[INFO] [stdout]   |         ^^^^^^^^^^
[INFO] [stdout] 
[INFO] [stdout] 
[INFO] [stdout] warning: unused import: `channels::messages::*`
[INFO] [stdout]  --> src/api/mod.rs:2:9
[INFO] [stdout]   |
[INFO] [stdout] 2 | pub use channels::messages::*;
[INFO] [stdout]   |         ^^^^^^^^^^^^^^^^^^^^^
[INFO] [stdout]   |
[INFO] [stdout]   = note: `#[warn(unused_imports)]` on by default
[INFO] [stdout] 
[INFO] [stdout] 
[INFO] [stdout] warning: unused import: `invites::*`
[INFO] [stdout]  --> src/api/mod.rs:4:9
[INFO] [stdout]   |
[INFO] [stdout] 4 | pub use invites::*;
[INFO] [stdout]   |         ^^^^^^^^^^
[INFO] [stdout] 
[INFO] [stdout] 
[INFO] [stdout] warning: unused import: `policies::instance::instance::*`
[INFO] [stdout]  --> src/api/mod.rs:5:9
[INFO] [stdout]   |
[INFO] [stdout] 5 | pub use policies::instance::instance::*;
[INFO] [stdout]   |         ^^^^^^^^^^^^^^^^^^^^^^^^^^^^^^^
[INFO] [stdout] 
[INFO] [stdout] 
[INFO] [stdout] warning: unused import: `login::*`
[INFO] [stdout]  --> src/api/auth/mod.rs:3:9
[INFO] [stdout]   |
[INFO] [stdout] 3 | pub use login::*;
[INFO] [stdout]   |         ^^^^^^^^
[INFO] [stdout] 
[INFO] [stdout] 
[INFO] [stdout] warning: unused import: `register::*`
[INFO] [stdout]  --> src/api/auth/mod.rs:4:9
[INFO] [stdout]   |
[INFO] [stdout] 4 | pub use register::*;
[INFO] [stdout]   |         ^^^^^^^^^^^
[INFO] [stdout] 
[INFO] [stdout] 
[INFO] [stdout] warning: unused import: `channels::*`
[INFO] [stdout]  --> src/api/channels/mod.rs:1:9
[INFO] [stdout]   |
[INFO] [stdout] 1 | pub use channels::*;
[INFO] [stdout]   |         ^^^^^^^^^^^
[INFO] [stdout] 
[INFO] [stdout] 
[INFO] [stdout] warning: unused import: `messages::*`
[INFO] [stdout]  --> src/api/channels/mod.rs:2:9
[INFO] [stdout]   |
[INFO] [stdout] 2 | pub use messages::*;
[INFO] [stdout]   |         ^^^^^^^^^^^
[INFO] [stdout] 
[INFO] [stdout] 
[INFO] [stdout] warning: unused import: `permissions::*`
[INFO] [stdout]  --> src/api/channels/mod.rs:3:9
[INFO] [stdout]   |
[INFO] [stdout] 3 | pub use permissions::*;
[INFO] [stdout]   |         ^^^^^^^^^^^^^^
[INFO] [stdout] 
[INFO] [stdout] 
[INFO] [stdout] warning: unused import: `guilds::*`
[INFO] [stdout]  --> src/api/guilds/mod.rs:1:9
[INFO] [stdout]   |
[INFO] [stdout] 1 | pub use guilds::*;
[INFO] [stdout]   |         ^^^^^^^^^
[INFO] [stdout] 
[INFO] [stdout] 
[INFO] [stdout] warning: unused import: `messages::*`
[INFO] [stdout]  --> src/api/guilds/mod.rs:2:9
[INFO] [stdout]   |
[INFO] [stdout] 2 | pub use messages::*;
[INFO] [stdout]   |         ^^^^^^^^^^^
[INFO] [stdout] 
[INFO] [stdout] 
[INFO] [stdout] warning: unused import: `roles::*`
[INFO] [stdout]  --> src/api/guilds/mod.rs:3:9
[INFO] [stdout]   |
[INFO] [stdout] 3 | pub use roles::*;
[INFO] [stdout]   |         ^^^^^^^^
[INFO] [stdout] 
[INFO] [stdout] 
[INFO] [stdout] warning: unused import: `roles::*`
[INFO] [stdout]  --> src/api/guilds/mod.rs:4:9
[INFO] [stdout]   |
[INFO] [stdout] 4 | pub use roles::*;
[INFO] [stdout]   |         ^^^^^^^^
[INFO] [stdout] 
[INFO] [stdout] 
[INFO] [stdout] warning: unused import: `instance::*`
[INFO] [stdout]  --> src/api/policies/instance/mod.rs:1:9
[INFO] [stdout]   |
[INFO] [stdout] 1 | pub use instance::*;
[INFO] [stdout]   |         ^^^^^^^^^^^
[INFO] [stdout] 
[INFO] [stdout] 
[INFO] [stdout] warning: unused import: `channels::*`
[INFO] [stdout]  --> src/api/users/mod.rs:1:9
[INFO] [stdout]   |
[INFO] [stdout] 1 | pub use channels::*;
[INFO] [stdout]   |         ^^^^^^^^^^^
[INFO] [stdout] 
[INFO] [stdout] 
[INFO] [stdout] warning: unused import: `guilds::*`
[INFO] [stdout]  --> src/api/users/mod.rs:2:9
[INFO] [stdout]   |
[INFO] [stdout] 2 | pub use guilds::*;
[INFO] [stdout]   |         ^^^^^^^^^
[INFO] [stdout] 
[INFO] [stdout] 
[INFO] [stdout] warning: unused import: `relationships::*`
[INFO] [stdout]  --> src/api/users/mod.rs:3:9
[INFO] [stdout]   |
[INFO] [stdout] 3 | pub use relationships::*;
[INFO] [stdout]   |         ^^^^^^^^^^^^^^^^
[INFO] [stdout] 
[INFO] [stdout] 
[INFO] [stdout] warning: unused import: `users::*`
[INFO] [stdout]  --> src/api/users/mod.rs:4:9
[INFO] [stdout]   |
[INFO] [stdout] 4 | pub use users::*;
[INFO] [stdout]   |         ^^^^^^^^
[INFO] [stdout] 
[INFO] [stdout] 
[INFO] [stdout] warning: unused import: `connected_account::*`
[INFO] [stdout]  --> src/types/interfaces/mod.rs:2:9
[INFO] [stdout]   |
[INFO] [stdout] 2 | pub use connected_account::*;
[INFO] [stdout]   |         ^^^^^^^^^^^^^^^^^^^^
[INFO] [stdout] 
[INFO] [stdout] 
[INFO] [stdout] warning: unused import: `regexes::*`
[INFO] [stdout]  --> src/types/utils/mod.rs:1:9
[INFO] [stdout]   |
[INFO] [stdout] 1 | pub use regexes::*;
[INFO] [stdout]   |         ^^^^^^^^^^
[INFO] [stdout] 
[INFO] [stdout] 
[INFO] [stdout] warning: 19 warnings emitted
[INFO] [stdout] 
[INFO] [stdout] 
[INFO] [stderr] error: could not compile `chorus` (lib test); 19 warnings emitted
[INFO] [stderr] 
[INFO] [stderr] Caused by:
[INFO] [stderr]   process didn't exit successfully: `/opt/rustwide/rustup-home/toolchains/beta-2023-12-22-x86_64-unknown-linux-gnu/bin/rustc --crate-name chorus --edition=2021 src/lib.rs --error-format=json --json=diagnostic-rendered-ansi,artifacts,future-incompat --emit=dep-info,link -C embed-bitcode=no -C debuginfo=2 --test --cfg 'feature="client"' --cfg 'feature="default"' --cfg 'feature="rt-multi-thread"' -C metadata=92d3b4e1250cc3d5 -C extra-filename=-92d3b4e1250cc3d5 --out-dir /opt/rustwide/target/debug/deps -L dependency=/opt/rustwide/target/debug/deps --extern async_trait=/opt/rustwide/target/debug/deps/libasync_trait-b1f923eba75c8a56.so --extern base64=/opt/rustwide/target/debug/deps/libbase64-47ce12bf5fcc4351.rlib --extern bitflags=/opt/rustwide/target/debug/deps/libbitflags-8eeb25604055d043.rlib --extern chorus_macros=/opt/rustwide/target/debug/deps/libchorus_macros-284b44653dab05d2.so --extern chrono=/opt/rustwide/target/debug/deps/libchrono-174d70c972c67399.rlib --extern custom_error=/opt/rustwide/target/debug/deps/libcustom_error-d98550a80175baea.rlib --extern futures_util=/opt/rustwide/target/debug/deps/libfutures_util-563023a8e73ae21b.rlib --extern hostname=/opt/rustwide/target/debug/deps/libhostname-2c6160bbd5a6f56f.rlib --extern http=/opt/rustwide/target/debug/deps/libhttp-4b248da2430b4ebf.rlib --extern jsonwebtoken=/opt/rustwide/target/debug/deps/libjsonwebtoken-94c0d3f14e4e1874.rlib --extern lazy_static=/opt/rustwide/target/debug/deps/liblazy_static-efa3519517df6cf0.rlib --extern log=/opt/rustwide/target/debug/deps/liblog-8188d82fb061445d.rlib --extern native_tls=/opt/rustwide/target/debug/deps/libnative_tls-c0717c5277360e25.rlib --extern rand=/opt/rustwide/target/debug/deps/librand-de090ba4d3782c24.rlib --extern regex=/opt/rustwide/target/debug/deps/libregex-303fb85dd4918125.rlib --extern reqwest=/opt/rustwide/target/debug/deps/libreqwest-74f6b7b329a794f8.rlib --extern rustls=/opt/rustwide/target/debug/deps/librustls-797974145982b676.rlib --extern rustls_native_certs=/opt/rustwide/target/debug/deps/librustls_native_certs-56a5242a7b4dcd65.rlib --extern safina_timer=/opt/rustwide/target/debug/deps/libsafina_timer-dbec3101f47bd5e3.rlib --extern serde=/opt/rustwide/target/debug/deps/libserde-8682c2611abc0d34.rlib --extern serde_aux=/opt/rustwide/target/debug/deps/libserde_aux-35c09b61a49c9a0f.rlib --extern serde_json=/opt/rustwide/target/debug/deps/libserde_json-23a73e7840ae99b8.rlib --extern serde_repr=/opt/rustwide/target/debug/deps/libserde_repr-5352ef57e669bd37.so --extern serde_with=/opt/rustwide/target/debug/deps/libserde_with-c877b4936676c827.rlib --extern thiserror=/opt/rustwide/target/debug/deps/libthiserror-7260c463978d60e2.rlib --extern tokio=/opt/rustwide/target/debug/deps/libtokio-834dabfaa8260b47.rlib --extern tokio_tungstenite=/opt/rustwide/target/debug/deps/libtokio_tungstenite-a62f47c82dbbefe0.rlib --extern url=/opt/rustwide/target/debug/deps/liburl-7f57060bbb46f1e7.rlib --extern wasm_bindgen=/opt/rustwide/target/debug/deps/libwasm_bindgen-eea60d2a66620b7e.rlib --extern wasm_bindgen_test=/opt/rustwide/target/debug/deps/libwasm_bindgen_test-b0b339c115adc2ec.rlib --cap-lints=warn -L native=/opt/rustwide/target/debug/build/ring-95bd9c3a76138f9e/out -L native=/opt/rustwide/target/debug/build/ring-acc6b4636e620f7c/out` (signal: 9, SIGKILL: kill)
[INFO] [stderr] warning: build failed, waiting for other jobs to finish...
[INFO] [stderr] error: could not compile `chorus` (example "gateway_observers")
[INFO] [stderr] 
[INFO] [stderr] Caused by:
[INFO] [stderr]   process didn't exit successfully: `/opt/rustwide/rustup-home/toolchains/beta-2023-12-22-x86_64-unknown-linux-gnu/bin/rustc --crate-name gateway_observers --edition=2021 examples/gateway_observers.rs --error-format=json --json=diagnostic-rendered-ansi,artifacts,future-incompat --crate-type bin --emit=dep-info,link -C embed-bitcode=no -C debuginfo=2 --cfg 'feature="client"' --cfg 'feature="default"' --cfg 'feature="rt-multi-thread"' -C metadata=cb975cee69e41253 -C extra-filename=-cb975cee69e41253 --out-dir /opt/rustwide/target/debug/examples -L dependency=/opt/rustwide/target/debug/deps --extern async_trait=/opt/rustwide/target/debug/deps/libasync_trait-b1f923eba75c8a56.so --extern base64=/opt/rustwide/target/debug/deps/libbase64-47ce12bf5fcc4351.rlib --extern bitflags=/opt/rustwide/target/debug/deps/libbitflags-8eeb25604055d043.rlib --extern chorus=/opt/rustwide/target/debug/deps/libchorus-77b41dcd25811f70.rlib --extern chorus_macros=/opt/rustwide/target/debug/deps/libchorus_macros-284b44653dab05d2.so --extern chrono=/opt/rustwide/target/debug/deps/libchrono-174d70c972c67399.rlib --extern custom_error=/opt/rustwide/target/debug/deps/libcustom_error-d98550a80175baea.rlib --extern futures_util=/opt/rustwide/target/debug/deps/libfutures_util-563023a8e73ae21b.rlib --extern hostname=/opt/rustwide/target/debug/deps/libhostname-2c6160bbd5a6f56f.rlib --extern http=/opt/rustwide/target/debug/deps/libhttp-4b248da2430b4ebf.rlib --extern jsonwebtoken=/opt/rustwide/target/debug/deps/libjsonwebtoken-94c0d3f14e4e1874.rlib --extern lazy_static=/opt/rustwide/target/debug/deps/liblazy_static-efa3519517df6cf0.rlib --extern log=/opt/rustwide/target/debug/deps/liblog-8188d82fb061445d.rlib --extern native_tls=/opt/rustwide/target/debug/deps/libnative_tls-c0717c5277360e25.rlib --extern rand=/opt/rustwide/target/debug/deps/librand-de090ba4d3782c24.rlib --extern regex=/opt/rustwide/target/debug/deps/libregex-303fb85dd4918125.rlib --extern reqwest=/opt/rustwide/target/debug/deps/libreqwest-74f6b7b329a794f8.rlib --extern rustls=/opt/rustwide/target/debug/deps/librustls-797974145982b676.rlib --extern rustls_native_certs=/opt/rustwide/target/debug/deps/librustls_native_certs-56a5242a7b4dcd65.rlib --extern safina_timer=/opt/rustwide/target/debug/deps/libsafina_timer-dbec3101f47bd5e3.rlib --extern serde=/opt/rustwide/target/debug/deps/libserde-8682c2611abc0d34.rlib --extern serde_aux=/opt/rustwide/target/debug/deps/libserde_aux-35c09b61a49c9a0f.rlib --extern serde_json=/opt/rustwide/target/debug/deps/libserde_json-23a73e7840ae99b8.rlib --extern serde_repr=/opt/rustwide/target/debug/deps/libserde_repr-5352ef57e669bd37.so --extern serde_with=/opt/rustwide/target/debug/deps/libserde_with-c877b4936676c827.rlib --extern thiserror=/opt/rustwide/target/debug/deps/libthiserror-7260c463978d60e2.rlib --extern tokio=/opt/rustwide/target/debug/deps/libtokio-834dabfaa8260b47.rlib --extern tokio_tungstenite=/opt/rustwide/target/debug/deps/libtokio_tungstenite-a62f47c82dbbefe0.rlib --extern url=/opt/rustwide/target/debug/deps/liburl-7f57060bbb46f1e7.rlib --extern wasm_bindgen=/opt/rustwide/target/debug/deps/libwasm_bindgen-eea60d2a66620b7e.rlib --extern wasm_bindgen_test=/opt/rustwide/target/debug/deps/libwasm_bindgen_test-b0b339c115adc2ec.rlib --cap-lints=warn -L native=/opt/rustwide/target/debug/build/ring-95bd9c3a76138f9e/out -L native=/opt/rustwide/target/debug/build/ring-acc6b4636e620f7c/out` (signal: 9, SIGKILL: kill)
[INFO] [stderr] error: could not compile `chorus` (test "messages")
[INFO] [stderr] 
[INFO] [stderr] Caused by:
[INFO] [stderr]   process didn't exit successfully: `/opt/rustwide/rustup-home/toolchains/beta-2023-12-22-x86_64-unknown-linux-gnu/bin/rustc --crate-name messages --edition=2021 tests/messages.rs --error-format=json --json=diagnostic-rendered-ansi,artifacts,future-incompat --emit=dep-info,link -C embed-bitcode=no -C debuginfo=2 --test --cfg 'feature="client"' --cfg 'feature="default"' --cfg 'feature="rt-multi-thread"' -C metadata=3bcd085cfb52e581 -C extra-filename=-3bcd085cfb52e581 --out-dir /opt/rustwide/target/debug/deps -L dependency=/opt/rustwide/target/debug/deps --extern async_trait=/opt/rustwide/target/debug/deps/libasync_trait-b1f923eba75c8a56.so --extern base64=/opt/rustwide/target/debug/deps/libbase64-47ce12bf5fcc4351.rlib --extern bitflags=/opt/rustwide/target/debug/deps/libbitflags-8eeb25604055d043.rlib --extern chorus=/opt/rustwide/target/debug/deps/libchorus-77b41dcd25811f70.rlib --extern chorus_macros=/opt/rustwide/target/debug/deps/libchorus_macros-284b44653dab05d2.so --extern chrono=/opt/rustwide/target/debug/deps/libchrono-174d70c972c67399.rlib --extern custom_error=/opt/rustwide/target/debug/deps/libcustom_error-d98550a80175baea.rlib --extern futures_util=/opt/rustwide/target/debug/deps/libfutures_util-563023a8e73ae21b.rlib --extern hostname=/opt/rustwide/target/debug/deps/libhostname-2c6160bbd5a6f56f.rlib --extern http=/opt/rustwide/target/debug/deps/libhttp-4b248da2430b4ebf.rlib --extern jsonwebtoken=/opt/rustwide/target/debug/deps/libjsonwebtoken-94c0d3f14e4e1874.rlib --extern lazy_static=/opt/rustwide/target/debug/deps/liblazy_static-efa3519517df6cf0.rlib --extern log=/opt/rustwide/target/debug/deps/liblog-8188d82fb061445d.rlib --extern native_tls=/opt/rustwide/target/debug/deps/libnative_tls-c0717c5277360e25.rlib --extern rand=/opt/rustwide/target/debug/deps/librand-de090ba4d3782c24.rlib --extern regex=/opt/rustwide/target/debug/deps/libregex-303fb85dd4918125.rlib --extern reqwest=/opt/rustwide/target/debug/deps/libreqwest-74f6b7b329a794f8.rlib --extern rustls=/opt/rustwide/target/debug/deps/librustls-797974145982b676.rlib --extern rustls_native_certs=/opt/rustwide/target/debug/deps/librustls_native_certs-56a5242a7b4dcd65.rlib --extern safina_timer=/opt/rustwide/target/debug/deps/libsafina_timer-dbec3101f47bd5e3.rlib --extern serde=/opt/rustwide/target/debug/deps/libserde-8682c2611abc0d34.rlib --extern serde_aux=/opt/rustwide/target/debug/deps/libserde_aux-35c09b61a49c9a0f.rlib --extern serde_json=/opt/rustwide/target/debug/deps/libserde_json-23a73e7840ae99b8.rlib --extern serde_repr=/opt/rustwide/target/debug/deps/libserde_repr-5352ef57e669bd37.so --extern serde_with=/opt/rustwide/target/debug/deps/libserde_with-c877b4936676c827.rlib --extern thiserror=/opt/rustwide/target/debug/deps/libthiserror-7260c463978d60e2.rlib --extern tokio=/opt/rustwide/target/debug/deps/libtokio-834dabfaa8260b47.rlib --extern tokio_tungstenite=/opt/rustwide/target/debug/deps/libtokio_tungstenite-a62f47c82dbbefe0.rlib --extern url=/opt/rustwide/target/debug/deps/liburl-7f57060bbb46f1e7.rlib --extern wasm_bindgen=/opt/rustwide/target/debug/deps/libwasm_bindgen-eea60d2a66620b7e.rlib --extern wasm_bindgen_test=/opt/rustwide/target/debug/deps/libwasm_bindgen_test-b0b339c115adc2ec.rlib --cap-lints=warn -L native=/opt/rustwide/target/debug/build/ring-95bd9c3a76138f9e/out -L native=/opt/rustwide/target/debug/build/ring-acc6b4636e620f7c/out` (signal: 9, SIGKILL: kill)
[INFO] [stderr] error: could not compile `chorus` (example "login")
[INFO] [stderr] 
[INFO] [stderr] Caused by:
[INFO] [stderr]   process didn't exit successfully: `/opt/rustwide/rustup-home/toolchains/beta-2023-12-22-x86_64-unknown-linux-gnu/bin/rustc --crate-name login --edition=2021 examples/login.rs --error-format=json --json=diagnostic-rendered-ansi,artifacts,future-incompat --crate-type bin --emit=dep-info,link -C embed-bitcode=no -C debuginfo=2 --cfg 'feature="client"' --cfg 'feature="default"' --cfg 'feature="rt-multi-thread"' -C metadata=c4a7b14863a7a6d8 -C extra-filename=-c4a7b14863a7a6d8 --out-dir /opt/rustwide/target/debug/examples -L dependency=/opt/rustwide/target/debug/deps --extern async_trait=/opt/rustwide/target/debug/deps/libasync_trait-b1f923eba75c8a56.so --extern base64=/opt/rustwide/target/debug/deps/libbase64-47ce12bf5fcc4351.rlib --extern bitflags=/opt/rustwide/target/debug/deps/libbitflags-8eeb25604055d043.rlib --extern chorus=/opt/rustwide/target/debug/deps/libchorus-77b41dcd25811f70.rlib --extern chorus_macros=/opt/rustwide/target/debug/deps/libchorus_macros-284b44653dab05d2.so --extern chrono=/opt/rustwide/target/debug/deps/libchrono-174d70c972c67399.rlib --extern custom_error=/opt/rustwide/target/debug/deps/libcustom_error-d98550a80175baea.rlib --extern futures_util=/opt/rustwide/target/debug/deps/libfutures_util-563023a8e73ae21b.rlib --extern hostname=/opt/rustwide/target/debug/deps/libhostname-2c6160bbd5a6f56f.rlib --extern http=/opt/rustwide/target/debug/deps/libhttp-4b248da2430b4ebf.rlib --extern jsonwebtoken=/opt/rustwide/target/debug/deps/libjsonwebtoken-94c0d3f14e4e1874.rlib --extern lazy_static=/opt/rustwide/target/debug/deps/liblazy_static-efa3519517df6cf0.rlib --extern log=/opt/rustwide/target/debug/deps/liblog-8188d82fb061445d.rlib --extern native_tls=/opt/rustwide/target/debug/deps/libnative_tls-c0717c5277360e25.rlib --extern rand=/opt/rustwide/target/debug/deps/librand-de090ba4d3782c24.rlib --extern regex=/opt/rustwide/target/debug/deps/libregex-303fb85dd4918125.rlib --extern reqwest=/opt/rustwide/target/debug/deps/libreqwest-74f6b7b329a794f8.rlib --extern rustls=/opt/rustwide/target/debug/deps/librustls-797974145982b676.rlib --extern rustls_native_certs=/opt/rustwide/target/debug/deps/librustls_native_certs-56a5242a7b4dcd65.rlib --extern safina_timer=/opt/rustwide/target/debug/deps/libsafina_timer-dbec3101f47bd5e3.rlib --extern serde=/opt/rustwide/target/debug/deps/libserde-8682c2611abc0d34.rlib --extern serde_aux=/opt/rustwide/target/debug/deps/libserde_aux-35c09b61a49c9a0f.rlib --extern serde_json=/opt/rustwide/target/debug/deps/libserde_json-23a73e7840ae99b8.rlib --extern serde_repr=/opt/rustwide/target/debug/deps/libserde_repr-5352ef57e669bd37.so --extern serde_with=/opt/rustwide/target/debug/deps/libserde_with-c877b4936676c827.rlib --extern thiserror=/opt/rustwide/target/debug/deps/libthiserror-7260c463978d60e2.rlib --extern tokio=/opt/rustwide/target/debug/deps/libtokio-834dabfaa8260b47.rlib --extern tokio_tungstenite=/opt/rustwide/target/debug/deps/libtokio_tungstenite-a62f47c82dbbefe0.rlib --extern url=/opt/rustwide/target/debug/deps/liburl-7f57060bbb46f1e7.rlib --extern wasm_bindgen=/opt/rustwide/target/debug/deps/libwasm_bindgen-eea60d2a66620b7e.rlib --extern wasm_bindgen_test=/opt/rustwide/target/debug/deps/libwasm_bindgen_test-b0b339c115adc2ec.rlib --cap-lints=warn -L native=/opt/rustwide/target/debug/build/ring-95bd9c3a76138f9e/out -L native=/opt/rustwide/target/debug/build/ring-acc6b4636e620f7c/out` (signal: 9, SIGKILL: kill)
[INFO] [stdout] error: linking with `cc` failed: exit status: 1
[INFO] [stdout]   |
[INFO] [stdout]   = note: LC_ALL="C" PATH="/opt/rustwide/rustup-home/toolchains/beta-2023-12-22-x86_64-unknown-linux-gnu/lib/rustlib/x86_64-unknown-linux-gnu/bin:/opt/rustwide/cargo-home/bin:/usr/local/sbin:/usr/local/bin:/usr/sbin:/usr/bin:/sbin:/bin" VSLANG="1033" "cc" "-m64" "/tmp/rustcGmt21c/symbols.o" "/opt/rustwide/target/debug/deps/guilds-22c729584b48d425.guilds.5e5ae98e0066028d-cgu.00.rcgu.o" "/opt/rustwide/target/debug/deps/guilds-22c729584b48d425.guilds.5e5ae98e0066028d-cgu.01.rcgu.o" "/opt/rustwide/target/debug/deps/guilds-22c729584b48d425.guilds.5e5ae98e0066028d-cgu.02.rcgu.o" "/opt/rustwide/target/debug/deps/guilds-22c729584b48d425.guilds.5e5ae98e0066028d-cgu.03.rcgu.o" "/opt/rustwide/target/debug/deps/guilds-22c729584b48d425.guilds.5e5ae98e0066028d-cgu.04.rcgu.o" "/opt/rustwide/target/debug/deps/guilds-22c729584b48d425.guilds.5e5ae98e0066028d-cgu.05.rcgu.o" "/opt/rustwide/target/debug/deps/guilds-22c729584b48d425.guilds.5e5ae98e0066028d-cgu.06.rcgu.o" "/opt/rustwide/target/debug/deps/guilds-22c729584b48d425.guilds.5e5ae98e0066028d-cgu.07.rcgu.o" "/opt/rustwide/target/debug/deps/guilds-22c729584b48d425.guilds.5e5ae98e0066028d-cgu.08.rcgu.o" "/opt/rustwide/target/debug/deps/guilds-22c729584b48d425.guilds.5e5ae98e0066028d-cgu.09.rcgu.o" "/opt/rustwide/target/debug/deps/guilds-22c729584b48d425.guilds.5e5ae98e0066028d-cgu.10.rcgu.o" "/opt/rustwide/target/debug/deps/guilds-22c729584b48d425.guilds.5e5ae98e0066028d-cgu.11.rcgu.o" "/opt/rustwide/target/debug/deps/guilds-22c729584b48d425.guilds.5e5ae98e0066028d-cgu.12.rcgu.o" "/opt/rustwide/target/debug/deps/guilds-22c729584b48d425.guilds.5e5ae98e0066028d-cgu.13.rcgu.o" "/opt/rustwide/target/debug/deps/guilds-22c729584b48d425.guilds.5e5ae98e0066028d-cgu.14.rcgu.o" "/opt/rustwide/target/debug/deps/guilds-22c729584b48d425.guilds.5e5ae98e0066028d-cgu.15.rcgu.o" "/opt/rustwide/target/debug/deps/guilds-22c729584b48d425.1brwsclyistk9txp.rcgu.o" "-Wl,--as-needed" "-L" "/opt/rustwide/target/debug/deps" "-L" "/opt/rustwide/target/debug/build/ring-95bd9c3a76138f9e/out" "-L" "/opt/rustwide/target/debug/build/ring-acc6b4636e620f7c/out" "-L" "/opt/rustwide/rustup-home/toolchains/beta-2023-12-22-x86_64-unknown-linux-gnu/lib/rustlib/x86_64-unknown-linux-gnu/lib" "-Wl,-Bstatic" "/opt/rustwide/rustup-home/toolchains/beta-2023-12-22-x86_64-unknown-linux-gnu/lib/rustlib/x86_64-unknown-linux-gnu/lib/libtest-cbab71697df97b00.rlib" "/opt/rustwide/rustup-home/toolchains/beta-2023-12-22-x86_64-unknown-linux-gnu/lib/rustlib/x86_64-unknown-linux-gnu/lib/libgetopts-2a2cf8f16c536007.rlib" "/opt/rustwide/rustup-home/toolchains/beta-2023-12-22-x86_64-unknown-linux-gnu/lib/rustlib/x86_64-unknown-linux-gnu/lib/libunicode_width-c5f3cc3cceaf9070.rlib" "/opt/rustwide/rustup-home/toolchains/beta-2023-12-22-x86_64-unknown-linux-gnu/lib/rustlib/x86_64-unknown-linux-gnu/lib/librustc_std_workspace_std-a31324ec815b09db.rlib" "/opt/rustwide/target/debug/deps/libchorus-77b41dcd25811f70.rlib" "/opt/rustwide/target/debug/deps/libhostname-2c6160bbd5a6f56f.rlib" "/opt/rustwide/target/debug/deps/libmatch_cfg-6483637d69d2fef6.rlib" "/opt/rustwide/target/debug/deps/libregex-303fb85dd4918125.rlib" "/opt/rustwide/target/debug/deps/libregex_automata-b87278bb9bc2845e.rlib" "/opt/rustwide/target/debug/deps/libaho_corasick-42eca8b16757950a.rlib" "/opt/rustwide/target/debug/deps/libmemchr-996a195865583db1.rlib" "/opt/rustwide/target/debug/deps/libregex_syntax-2fba322c2516c6a3.rlib" "/opt/rustwide/target/debug/deps/liblazy_static-efa3519517df6cf0.rlib" "/opt/rustwide/target/debug/deps/libjsonwebtoken-94c0d3f14e4e1874.rlib" "/opt/rustwide/target/debug/deps/libpem-abf3eeee25133287.rlib" "/opt/rustwide/target/debug/deps/libbase64-fca76a9e376e88b4.rlib" "/opt/rustwide/target/debug/deps/libsimple_asn1-b359a71fd1a2ef10.rlib" "/opt/rustwide/target/debug/deps/libtime-6e7d0e4a247e8c4b.rlib" "/opt/rustwide/target/debug/deps/libtime_core-acdcdbb0edad8681.rlib" "/opt/rustwide/target/debug/deps/libderanged-e095b50b2a98b0c8.rlib" "/opt/rustwide/target/debug/deps/libpowerfmt-a584063b8a4e44a4.rlib" "/opt/rustwide/target/debug/deps/libnum_bigint-eca2827098d0d41d.rlib" "/opt/rustwide/target/debug/deps/libnum_integer-7720ae35cb68a692.rlib" "/opt/rustwide/target/debug/deps/libring-83b8f92deb43fcf2.rlib" "/opt/rustwide/target/debug/deps/libspin-e858d3468b8e3abd.rlib" "/opt/rustwide/target/debug/deps/libuntrusted-6cf40e3a64622ff0.rlib" "/opt/rustwide/target/debug/deps/libserde_with-c877b4936676c827.rlib" "/opt/rustwide/target/debug/deps/libserde_aux-35c09b61a49c9a0f.rlib" "/opt/rustwide/target/debug/deps/libchrono-174d70c972c67399.rlib" "/opt/rustwide/target/debug/deps/libnum_traits-dd136800e61af0e8.rlib" "/opt/rustwide/target/debug/deps/libiana_time_zone-2309547321f2bcb7.rlib" "/opt/rustwide/target/debug/deps/libsafina_timer-dbec3101f47bd5e3.rlib" "/opt/rustwide/target/debug/deps/libtokio_tungstenite-a62f47c82dbbefe0.rlib" "/opt/rustwide/target/debug/deps/librustls_native_certs-56a5242a7b4dcd65.rlib" "/opt/rustwide/target/debug/deps/librustls_pemfile-1fe6076733394665.rlib" "/opt/rustwide/target/debug/deps/libtokio_rustls-76a86aff05980b03.rlib" "/opt/rustwide/target/debug/deps/libtungstenite-2fe75680dab36efc.rlib" "/opt/rustwide/target/debug/deps/libdata_encoding-3eb7a9f2fff3d6f1.rlib" "/opt/rustwide/target/debug/deps/librand-de090ba4d3782c24.rlib" "/opt/rustwide/target/debug/deps/librand_chacha-41ca7d782f3a76de.rlib" "/opt/rustwide/target/debug/deps/libppv_lite86-db48c90fa293bcfe.rlib" "/opt/rustwide/target/debug/deps/librand_core-4602db036b031ba8.rlib" "/opt/rustwide/target/debug/deps/librustls-797974145982b676.rlib" "/opt/rustwide/target/debug/deps/libsct-6d6b98280ac9e037.rlib" "/opt/rustwide/target/debug/deps/libwebpki-e18be71f60282f85.rlib" "/opt/rustwide/target/debug/deps/libring-ef296ecea0dec916.rlib" "/opt/rustwide/target/debug/deps/libgetrandom-9d17973d7fdcc66f.rlib" "/opt/rustwide/target/debug/deps/libspin-662b5629bfbcd837.rlib" "/opt/rustwide/target/debug/deps/libuntrusted-8bad1cf01f539b56.rlib" "/opt/rustwide/target/debug/deps/libutf8-370df01ffad319e0.rlib" "/opt/rustwide/target/debug/deps/libbyteorder-6ac88002c46ec63a.rlib" "/opt/rustwide/target/debug/deps/libsha1-a0f1823798d0bbd1.rlib" "/opt/rustwide/target/debug/deps/libcpufeatures-b9c2875b4acd1b8c.rlib" "/opt/rustwide/target/debug/deps/libdigest-ff24fdedbe7f9184.rlib" "/opt/rustwide/target/debug/deps/libblock_buffer-d5751409ab05b00a.rlib" "/opt/rustwide/target/debug/deps/libcrypto_common-2346b4a3e8082086.rlib" "/opt/rustwide/target/debug/deps/libgeneric_array-8204c0397cddb82b.rlib" "/opt/rustwide/target/debug/deps/libtypenum-b40ba058056b0bf8.rlib" "/opt/rustwide/target/debug/deps/libthiserror-7260c463978d60e2.rlib" "/opt/rustwide/target/debug/deps/libcustom_error-d98550a80175baea.rlib" "/opt/rustwide/target/debug/deps/libreqwest-74f6b7b329a794f8.rlib" "/opt/rustwide/target/debug/deps/libhyper_tls-91aba24e45d13e3f.rlib" "/opt/rustwide/target/debug/deps/libserde_urlencoded-c130fb74f5010fd8.rlib" "/opt/rustwide/target/debug/deps/libbase64-47ce12bf5fcc4351.rlib" "/opt/rustwide/target/debug/deps/libipnet-5d86936adafddcc9.rlib" "/opt/rustwide/target/debug/deps/libtokio_native_tls-56c0bc3577756fa1.rlib" "/opt/rustwide/target/debug/deps/libencoding_rs-4339e23ae7924400.rlib" "/opt/rustwide/target/debug/deps/libserde_json-23a73e7840ae99b8.rlib" "/opt/rustwide/target/debug/deps/libryu-d2c3aff9aeca12bd.rlib" "/opt/rustwide/target/debug/deps/libmime_guess-e2f97a6a5b8a8d71.rlib" "/opt/rustwide/target/debug/deps/libunicase-cb1165946b287cbf.rlib" "/opt/rustwide/target/debug/deps/libmime-a9df5a780629fb7d.rlib" "/opt/rustwide/target/debug/deps/libnative_tls-c0717c5277360e25.rlib" "/opt/rustwide/target/debug/deps/libopenssl_probe-01da96bec2dfd166.rlib" "/opt/rustwide/target/debug/deps/libopenssl-e3a3f0e877792ba3.rlib" "/opt/rustwide/target/debug/deps/libbitflags-8eeb25604055d043.rlib" "/opt/rustwide/target/debug/deps/libserde-8682c2611abc0d34.rlib" "/opt/rustwide/target/debug/deps/libforeign_types-34162016ad32c65c.rlib" "/opt/rustwide/target/debug/deps/libforeign_types_shared-6c481fa47d8ef87b.rlib" "/opt/rustwide/target/debug/deps/libcfg_if-e7002d307f97bc56.rlib" "/opt/rustwide/target/debug/deps/libopenssl_sys-959391cbb97b0e8b.rlib" "/opt/rustwide/target/debug/deps/libhyper-a73c733297529661.rlib" "/opt/rustwide/target/debug/deps/libwant-a53deb880f5b4491.rlib" "/opt/rustwide/target/debug/deps/libtry_lock-539bdf1ed77a7a8a.rlib" "/opt/rustwide/target/debug/deps/libsocket2-eecf2a54e1f4647a.rlib" "/opt/rustwide/target/debug/deps/libhttparse-2dbc320ca65411a3.rlib" "/opt/rustwide/target/debug/deps/libh2-23593ab2a0f99a3a.rlib" "/opt/rustwide/target/debug/deps/libindexmap-7ff1a537f445f359.rlib" "/opt/rustwide/target/debug/deps/libhashbrown-e273ba0f8cdcbe5b.rlib" "/opt/rustwide/target/debug/deps/libtokio_util-f018d852ac929a74.rlib" "/opt/rustwide/target/debug/deps/libtower_service-92bbc7b5a1dd8782.rlib" "/opt/rustwide/target/debug/deps/libtracing-948862287c3bc7da.rlib" "/opt/rustwide/target/debug/deps/libtracing_core-6547972a0886d4d8.rlib" "/opt/rustwide/target/debug/deps/libonce_cell-728f13abc4f8cf5f.rlib" "/opt/rustwide/target/debug/deps/libfutures_channel-bef8ce0d4300e9c8.rlib" "/opt/rustwide/target/debug/deps/libfutures_util-563023a8e73ae21b.rlib" "/opt/rustwide/target/debug/deps/libslab-0a39a638bccea296.rlib" "/opt/rustwide/target/debug/deps/libfutures_sink-2277a9e5dde989ce.rlib" "/opt/rustwide/target/debug/deps/libfutures_task-8a8d0b282fffed3e.rlib" "/opt/rustwide/target/debug/deps/libpin_utils-9c5dcf17efb91bff.rlib" "/opt/rustwide/target/debug/deps/libtokio-834dabfaa8260b47.rlib" "/opt/rustwide/target/debug/deps/libnum_cpus-fb23db51be3872f8.rlib" "/opt/rustwide/target/debug/deps/libsocket2-7287d77433a71fb1.rlib" "/opt/rustwide/target/debug/deps/libmio-aaca43c3a95b51bd.rlib" "/opt/rustwide/target/debug/deps/liblibc-a40391b8f7ca94de.rlib" "/opt/rustwide/target/debug/deps/libhttp_body-6385ecad051adcaa.rlib" "/opt/rustwide/target/debug/deps/libpin_project_lite-085b19c93bbb2231.rlib" "/opt/rustwide/target/debug/deps/liblog-8188d82fb061445d.rlib" "/opt/rustwide/target/debug/deps/libfutures_core-c75aab8011a428b1.rlib" "/opt/rustwide/target/debug/deps/libhttp-4b248da2430b4ebf.rlib" "/opt/rustwide/target/debug/deps/libitoa-c3a42249f065e11e.rlib" "/opt/rustwide/target/debug/deps/libbytes-d5ef6100ae69ca23.rlib" "/opt/rustwide/target/debug/deps/libfnv-953831fe314029b4.rlib" "/opt/rustwide/target/debug/deps/liburl-7f57060bbb46f1e7.rlib" "/opt/rustwide/target/debug/deps/libidna-cec821f7529828f2.rlib" "/opt/rustwide/target/debug/deps/libunicode_normalization-a49209942f8cb303.rlib" "/opt/rustwide/target/debug/deps/libtinyvec-dcbbce603bc23510.rlib" "/opt/rustwide/target/debug/deps/libtinyvec_macros-333661e3b238a9a3.rlib" "/opt/rustwide/target/debug/deps/libunicode_bidi-ee612f5df1be5cab.rlib" "/opt/rustwide/target/debug/deps/libform_urlencoded-ee95c3013bc32c40.rlib" "/opt/rustwide/target/debug/deps/libpercent_encoding-c878b6f40f2978b2.rlib" "/opt/rustwide/rustup-home/toolchains/beta-2023-12-22-x86_64-unknown-linux-gnu/lib/rustlib/x86_64-unknown-linux-gnu/lib/libstd-0672489a78b613de.rlib" "/opt/rustwide/rustup-home/toolchains/beta-2023-12-22-x86_64-unknown-linux-gnu/lib/rustlib/x86_64-unknown-linux-gnu/lib/libpanic_unwind-7eb3ffc34a49f675.rlib" "/opt/rustwide/rustup-home/toolchains/beta-2023-12-22-x86_64-unknown-linux-gnu/lib/rustlib/x86_64-unknown-linux-gnu/lib/libobject-6478a9daa4bee8e2.rlib" "/opt/rustwide/rustup-home/toolchains/beta-2023-12-22-x86_64-unknown-linux-gnu/lib/rustlib/x86_64-unknown-linux-gnu/lib/libmemchr-0c75d871a5c3923d.rlib" "/opt/rustwide/rustup-home/toolchains/beta-2023-12-22-x86_64-unknown-linux-gnu/lib/rustlib/x86_64-unknown-linux-gnu/lib/libaddr2line-d163ef63ad37bb71.rlib" "/opt/rustwide/rustup-home/toolchains/beta-2023-12-22-x86_64-unknown-linux-gnu/lib/rustlib/x86_64-unknown-linux-gnu/lib/libgimli-8a3fd810a85b9f4c.rlib" "/opt/rustwide/rustup-home/toolchains/beta-2023-12-22-x86_64-unknown-linux-gnu/lib/rustlib/x86_64-unknown-linux-gnu/lib/librustc_demangle-462a2cde8c5dfc10.rlib" "/opt/rustwide/rustup-home/toolchains/beta-2023-12-22-x86_64-unknown-linux-gnu/lib/rustlib/x86_64-unknown-linux-gnu/lib/libstd_detect-cb06ac9f54713f71.rlib" "/opt/rustwide/rustup-home/toolchains/beta-2023-12-22-x86_64-unknown-linux-gnu/lib/rustlib/x86_64-unknown-linux-gnu/lib/libhashbrown-f20bfd1f8e59b393.rlib" "/opt/rustwide/rustup-home/toolchains/beta-2023-12-22-x86_64-unknown-linux-gnu/lib/rustlib/x86_64-unknown-linux-gnu/lib/librustc_std_workspace_alloc-1ef460949b49da4b.rlib" "/opt/rustwide/rustup-home/toolchains/beta-2023-12-22-x86_64-unknown-linux-gnu/lib/rustlib/x86_64-unknown-linux-gnu/lib/libminiz_oxide-2cb0c0ffe4f87514.rlib" "/opt/rustwide/rustup-home/toolchains/beta-2023-12-22-x86_64-unknown-linux-gnu/lib/rustlib/x86_64-unknown-linux-gnu/lib/libadler-58d841eb322a11a2.rlib" "/opt/rustwide/rustup-home/toolchains/beta-2023-12-22-x86_64-unknown-linux-gnu/lib/rustlib/x86_64-unknown-linux-gnu/lib/libunwind-aa2ae0b0a9d11533.rlib" "/opt/rustwide/rustup-home/toolchains/beta-2023-12-22-x86_64-unknown-linux-gnu/lib/rustlib/x86_64-unknown-linux-gnu/lib/libcfg_if-23874e15830ed336.rlib" "/opt/rustwide/rustup-home/toolchains/beta-2023-12-22-x86_64-unknown-linux-gnu/lib/rustlib/x86_64-unknown-linux-gnu/lib/liblibc-e47cddc003bce885.rlib" "/opt/rustwide/rustup-home/toolchains/beta-2023-12-22-x86_64-unknown-linux-gnu/lib/rustlib/x86_64-unknown-linux-gnu/lib/liballoc-c22b13b48a8f128e.rlib" "/opt/rustwide/rustup-home/toolchains/beta-2023-12-22-x86_64-unknown-linux-gnu/lib/rustlib/x86_64-unknown-linux-gnu/lib/librustc_std_workspace_core-e46bc3da6d7c462f.rlib" "/opt/rustwide/rustup-home/toolchains/beta-2023-12-22-x86_64-unknown-linux-gnu/lib/rustlib/x86_64-unknown-linux-gnu/lib/libcore-8d1ac131d3cb2645.rlib" "/opt/rustwide/rustup-home/toolchains/beta-2023-12-22-x86_64-unknown-linux-gnu/lib/rustlib/x86_64-unknown-linux-gnu/lib/libcompiler_builtins-a1b43df8c6899c1f.rlib" "-Wl,-Bdynamic" "-lssl" "-lcrypto" "-lgcc_s" "-lutil" "-lrt" "-lpthread" "-lm" "-ldl" "-lc" "-Wl,--eh-frame-hdr" "-Wl,-z,noexecstack" "-L" "/opt/rustwide/rustup-home/toolchains/beta-2023-12-22-x86_64-unknown-linux-gnu/lib/rustlib/x86_64-unknown-linux-gnu/lib" "-o" "/opt/rustwide/target/debug/deps/guilds-22c729584b48d425" "-Wl,--gc-sections" "-pie" "-Wl,-z,relro,-z,now" "-nodefaultlibs"
[INFO] [stdout]   = note: collect2: fatal error: ld terminated with signal 9 [Killed]
[INFO] [stdout]           compilation terminated.
[INFO] [stdout]           
[INFO] [stdout] 
[INFO] [stdout] 
[INFO] [stdout] error: aborting due to 1 previous error
[INFO] [stdout] 
[INFO] [stdout] 
[INFO] [stderr] error: could not compile `chorus` (test "guilds") due to 2 previous errors
[INFO] running `Command { std: "docker" "inspect" "cc691a1085f30cfaba7f0ab8110711112ab977168e1be848b53e282f72faed8e", kill_on_drop: false }`
[INFO] running `Command { std: "docker" "rm" "-f" "cc691a1085f30cfaba7f0ab8110711112ab977168e1be848b53e282f72faed8e", kill_on_drop: false }`
[INFO] [stdout] cc691a1085f30cfaba7f0ab8110711112ab977168e1be848b53e282f72faed8e
