[INFO] fetching crate chiral-cli-common 0.1.2...
[INFO] testing chiral-cli-common-0.1.2 against 1.75.0 for beta-1.76-1
[INFO] extracting crate chiral-cli-common 0.1.2 into /workspace/builds/worker-7-tc1/source
[INFO] validating manifest of crates.io crate chiral-cli-common 0.1.2 on toolchain 1.75.0
[INFO] running `Command { std: CARGO_HOME="/workspace/cargo-home" RUSTUP_HOME="/workspace/rustup-home" "/workspace/cargo-home/bin/cargo" "+1.75.0" "metadata" "--manifest-path" "Cargo.toml" "--no-deps", kill_on_drop: false }`
[INFO] started tweaking crates.io crate chiral-cli-common 0.1.2
[INFO] finished tweaking crates.io crate chiral-cli-common 0.1.2
[INFO] tweaked toml for crates.io crate chiral-cli-common 0.1.2 written to /workspace/builds/worker-7-tc1/source/Cargo.toml
[INFO] running `Command { std: CARGO_HOME="/workspace/cargo-home" RUSTUP_HOME="/workspace/rustup-home" "/workspace/cargo-home/bin/cargo" "+1.75.0" "generate-lockfile" "--manifest-path" "Cargo.toml", kill_on_drop: false }`
[INFO] [stderr]     Updating crates.io index
[INFO] running `Command { std: CARGO_HOME="/workspace/cargo-home" RUSTUP_HOME="/workspace/rustup-home" "/workspace/cargo-home/bin/cargo" "+1.75.0" "fetch" "--manifest-path" "Cargo.toml", kill_on_drop: false }`
[INFO] [stderr]  Downloading crates ...
[INFO] [stderr]   Downloaded chiral-data v0.1.2
[INFO] [stderr]   Downloaded fd-lock v3.0.13
[INFO] [stderr]   Downloaded rustyline v10.1.1
[INFO] [stderr]   Downloaded chiral-derive v0.1.4
[INFO] [stderr]   Downloaded permutation v0.4.1
[INFO] [stderr]   Downloaded chiral-common v0.1.4
[INFO] [stderr]   Downloaded nanoid v0.4.0
[INFO] [stderr]   Downloaded chiral-operator v0.1.2
[INFO] running `Command { std: "docker" "create" "-v" "/var/lib/crater-agent-workspace/builds/worker-7-tc1/target:/opt/rustwide/target:rw,Z" "-v" "/var/lib/crater-agent-workspace/builds/worker-7-tc1/source:/opt/rustwide/workdir:ro,Z" "-v" "/var/lib/crater-agent-workspace/cargo-home:/opt/rustwide/cargo-home:ro,Z" "-v" "/var/lib/crater-agent-workspace/rustup-home:/opt/rustwide/rustup-home:ro,Z" "-e" "SOURCE_DIR=/opt/rustwide/workdir" "-e" "CARGO_TARGET_DIR=/opt/rustwide/target" "-e" "CARGO_HOME=/opt/rustwide/cargo-home" "-e" "RUSTUP_HOME=/opt/rustwide/rustup-home" "-w" "/opt/rustwide/workdir" "-m" "1610612736" "--user" "0:0" "--network" "none" "ghcr.io/rust-lang/crates-build-env/linux@sha256:2788e3201cd34a07e3172128adcd8b3090168a8e3bcc40d7c032b9dda1df7d1c" "/opt/rustwide/cargo-home/bin/cargo" "+1.75.0" "metadata" "--no-deps" "--format-version=1", kill_on_drop: false }`
[INFO] [stdout] b88280186460ff0ff0e9719d2ebcf325992c0c0c8e1715755f8b3fc9781c698b
[INFO] running `Command { std: "docker" "start" "-a" "b88280186460ff0ff0e9719d2ebcf325992c0c0c8e1715755f8b3fc9781c698b", kill_on_drop: false }`
[INFO] running `Command { std: "docker" "inspect" "b88280186460ff0ff0e9719d2ebcf325992c0c0c8e1715755f8b3fc9781c698b", kill_on_drop: false }`
[INFO] running `Command { std: "docker" "rm" "-f" "b88280186460ff0ff0e9719d2ebcf325992c0c0c8e1715755f8b3fc9781c698b", kill_on_drop: false }`
[INFO] [stdout] b88280186460ff0ff0e9719d2ebcf325992c0c0c8e1715755f8b3fc9781c698b
[INFO] running `Command { std: "docker" "create" "-v" "/var/lib/crater-agent-workspace/builds/worker-7-tc1/target:/opt/rustwide/target:rw,Z" "-v" "/var/lib/crater-agent-workspace/builds/worker-7-tc1/source:/opt/rustwide/workdir:ro,Z" "-v" "/var/lib/crater-agent-workspace/cargo-home:/opt/rustwide/cargo-home:ro,Z" "-v" "/var/lib/crater-agent-workspace/rustup-home:/opt/rustwide/rustup-home:ro,Z" "-e" "SOURCE_DIR=/opt/rustwide/workdir" "-e" "CARGO_TARGET_DIR=/opt/rustwide/target" "-e" "CARGO_INCREMENTAL=0" "-e" "RUST_BACKTRACE=full" "-e" "RUSTFLAGS=--cap-lints=warn" "-e" "RUSTDOCFLAGS=--cap-lints=warn" "-e" "CARGO_HOME=/opt/rustwide/cargo-home" "-e" "RUSTUP_HOME=/opt/rustwide/rustup-home" "-w" "/opt/rustwide/workdir" "-m" "1610612736" "--user" "0:0" "--network" "none" "ghcr.io/rust-lang/crates-build-env/linux@sha256:2788e3201cd34a07e3172128adcd8b3090168a8e3bcc40d7c032b9dda1df7d1c" "/opt/rustwide/cargo-home/bin/cargo" "+1.75.0" "build" "--frozen" "--message-format=json", kill_on_drop: false }`
[INFO] [stdout] 181b6ca774d93523b01908d0bc346a64160e953cb7ac5bcc10832db6c0a2e7d9
[INFO] running `Command { std: "docker" "start" "-a" "181b6ca774d93523b01908d0bc346a64160e953cb7ac5bcc10832db6c0a2e7d9", kill_on_drop: false }`
[INFO] [stderr]    Compiling pin-project-lite v0.2.13
[INFO] [stderr]    Compiling vcpkg v0.2.15
[INFO] [stderr]    Compiling pkg-config v0.3.28
[INFO] [stderr]    Compiling serde v1.0.194
[INFO] [stderr]    Compiling utf8parse v0.2.1
[INFO] [stderr]    Compiling slab v0.4.9
[INFO] [stderr]    Compiling heck v0.4.1
[INFO] [stderr]    Compiling rustversion v1.0.14
[INFO] [stderr]    Compiling futures-core v0.3.30
[INFO] [stderr]    Compiling tracing-core v0.1.32
[INFO] [stderr]    Compiling num-traits v0.2.17
[INFO] [stderr]    Compiling mio v0.8.10
[INFO] [stderr]    Compiling socket2 v0.5.5
[INFO] [stderr]    Compiling num_cpus v1.16.0
[INFO] [stderr]    Compiling syn v2.0.48
[INFO] [stderr]    Compiling getrandom v0.2.11
[INFO] [stderr]    Compiling syn v1.0.109
[INFO] [stderr]    Compiling anstyle-parse v0.2.3
[INFO] [stderr]    Compiling anstyle-query v1.0.2
[INFO] [stderr]    Compiling foreign-types-shared v0.1.1
[INFO] [stderr]    Compiling colorchoice v1.0.0
[INFO] [stderr]    Compiling rand_core v0.6.4
[INFO] [stderr]    Compiling ryu v1.0.16
[INFO] [stderr]    Compiling portable-atomic v1.6.0
[INFO] [stderr]    Compiling anstyle v1.0.4
[INFO] [stderr]    Compiling openssl v0.10.62
[INFO] [stderr]    Compiling rand_chacha v0.3.1
[INFO] [stderr]    Compiling foreign-types v0.3.2
[INFO] [stderr]    Compiling tokio v1.35.1
[INFO] [stderr]    Compiling tracing v0.1.40
[INFO] [stderr]    Compiling anstream v0.6.5
[INFO] [stderr]    Compiling serde_json v1.0.111
[INFO] [stderr]    Compiling httparse v1.8.0
[INFO] [stderr]    Compiling futures-sink v0.3.30
[INFO] [stderr]    Compiling clap_lex v0.6.0
[INFO] [stderr]    Compiling strsim v0.10.0
[INFO] [stderr]    Compiling hashbrown v0.14.3
[INFO] [stderr]    Compiling pin-utils v0.1.0
[INFO] [stderr]    Compiling native-tls v0.2.11
[INFO] [stderr]    Compiling tinyvec_macros v0.1.1
[INFO] [stderr]    Compiling futures-task v0.3.30
[INFO] [stderr]    Compiling equivalent v1.0.1
[INFO] [stderr]    Compiling futures-io v0.3.30
[INFO] [stderr]    Compiling tinyvec v1.6.0
[INFO] [stderr]    Compiling clap_builder v4.4.12
[INFO] [stderr]    Compiling rand v0.8.5
[INFO] [stderr]    Compiling futures-util v0.3.30
[INFO] [stderr]    Compiling openssl-sys v0.9.98
[INFO] [stderr]    Compiling console v0.15.7
[INFO] [stderr]    Compiling openssl-probe v0.1.5
[INFO] [stderr]    Compiling iana-time-zone v0.1.59
[INFO] [stderr]    Compiling number_prefix v0.4.0
[INFO] [stderr]    Compiling percent-encoding v2.3.1
[INFO] [stderr]    Compiling try-lock v0.2.5
[INFO] [stderr]    Compiling want v0.3.1
[INFO] [stderr]    Compiling rustix v0.38.28
[INFO] [stderr]    Compiling form_urlencoded v1.2.1
[INFO] [stderr]    Compiling indexmap v2.1.0
[INFO] [stderr]    Compiling http-body v0.4.6
[INFO] [stderr]    Compiling indicatif v0.17.7
[INFO] [stderr]    Compiling futures-channel v0.3.30
[INFO] [stderr]    Compiling backtrace v0.3.69
[INFO] [stderr]    Compiling unicode-normalization v0.1.22
[INFO] [stderr]    Compiling nanoid v0.4.0
[INFO] [stderr]    Compiling unicode-bidi v0.3.14
[INFO] [stderr]    Compiling tower-service v0.3.2
[INFO] [stderr]    Compiling permutation v0.4.1
[INFO] [stderr]    Compiling home v0.5.9
[INFO] [stderr]    Compiling httpdate v1.0.3
[INFO] [stderr]    Compiling error-chain v0.12.4
[INFO] [stderr]    Compiling nibble_vec v0.1.0
[INFO] [stderr]    Compiling dirs-sys-next v0.1.2
[INFO] [stderr]    Compiling object v0.32.2
[INFO] [stderr]    Compiling endian-type v0.1.2
[INFO] [stderr]    Compiling nix v0.25.1
[INFO] [stderr]    Compiling dirs-next v2.0.0
[INFO] [stderr]    Compiling encoding_rs v0.8.33
[INFO] [stderr]    Compiling radix_trie v0.2.1
[INFO] [stderr]    Compiling idna v0.5.0
[INFO] [stderr]    Compiling ipnet v2.9.0
[INFO] [stderr]    Compiling base64 v0.21.5
[INFO] [stderr]    Compiling unicode-segmentation v1.10.1
[INFO] [stderr]    Compiling url v2.5.0
[INFO] [stderr]    Compiling mime v0.3.17
[INFO] [stderr]    Compiling serde_derive v1.0.194
[INFO] [stderr]    Compiling openssl-macros v0.1.1
[INFO] [stderr]    Compiling thiserror-impl v1.0.56
[INFO] [stderr]    Compiling clap_derive v4.4.7
[INFO] [stderr]    Compiling fd-lock v3.0.13
[INFO] [stderr]    Compiling rustyline v10.1.1
[INFO] [stderr]    Compiling strum_macros v0.24.3
[INFO] [stderr]    Compiling chiral-derive v0.1.4
[INFO] [stderr]    Compiling tokio-util v0.7.10
[INFO] [stderr]    Compiling thiserror v1.0.56
[INFO] [stderr]    Compiling h2 v0.3.22
[INFO] [stderr]    Compiling clap v4.4.13
[INFO] [stderr]    Compiling strum v0.24.1
[INFO] [stderr]    Compiling tokio-native-tls v0.3.1
[INFO] [stderr]    Compiling hyper v0.14.28
[INFO] [stderr]    Compiling chrono v0.4.31
[INFO] [stderr]    Compiling serde_urlencoded v0.7.1
[INFO] [stderr]    Compiling hyper-tls v0.5.0
[INFO] [stderr]    Compiling reqwest v0.11.23
[INFO] [stderr]    Compiling chiral-common v0.1.4
[INFO] [stderr]    Compiling chiral-data v0.1.2
[INFO] [stdout] error[E0433]: failed to resolve: could not find `fs` in `chiral_common`
[INFO] [stdout]   --> /opt/rustwide/cargo-home/registry/src/index.crates.io-6f17d22bba15001f/chiral-data-0.1.2/src/lib.rs:33:43
[INFO] [stdout]    |
[INFO] [stdout] 33 |             let filepath = chiral_common::fs::default_dir().join(kind.filename());
[INFO] [stdout]    |                                           ^^ could not find `fs` in `chiral_common`
[INFO] [stdout] 
[INFO] [stdout] 
[INFO] [stdout] error[E0412]: cannot find type `DatasetID` in crate `chiral_common`
[INFO] [stdout]  --> /opt/rustwide/cargo-home/registry/src/index.crates.io-6f17d22bba15001f/chiral-data-0.1.2/src/doc/smiles.rs:9:29
[INFO] [stdout]   |
[INFO] [stdout] 9 |     ids: Vec<chiral_common::DatasetID>,
[INFO] [stdout]   |                             ^^^^^^^^^ not found in `chiral_common`
[INFO] [stdout] 
[INFO] [stdout] 
[INFO] [stdout] error[E0412]: cannot find type `SMILES` in crate `chiral_common`
[INFO] [stdout]   --> /opt/rustwide/cargo-home/registry/src/index.crates.io-6f17d22bba15001f/chiral-data-0.1.2/src/doc/smiles.rs:10:32
[INFO] [stdout]    |
[INFO] [stdout] 10 |     smiles: Vec<chiral_common::SMILES>,
[INFO] [stdout]    |                                ^^^^^^ not found in `chiral_common`
[INFO] [stdout]    |
[INFO] [stdout] help: consider importing this type alias
[INFO] [stdout]    |
[INFO] [stdout] 5  + use chiral_common::app::chem::types::SMILES;
[INFO] [stdout]    |
[INFO] [stdout] help: if you import `SMILES`, refer to it directly
[INFO] [stdout]    |
[INFO] [stdout] 10 -     smiles: Vec<chiral_common::SMILES>,
[INFO] [stdout] 10 +     smiles: Vec<SMILES>,
[INFO] [stdout]    |
[INFO] [stdout] 
[INFO] [stdout] 
[INFO] [stdout] error[E0412]: cannot find type `DatasetID` in crate `chiral_common`
[INFO] [stdout]   --> /opt/rustwide/cargo-home/registry/src/index.crates.io-6f17d22bba15001f/chiral-data-0.1.2/src/doc/smiles.rs:14:43
[INFO] [stdout]    |
[INFO] [stdout] 14 |     pub fn new(ids_in: Vec<chiral_common::DatasetID>, smiles_in: Vec<chiral_common::SMILES>) -> Self {
[INFO] [stdout]    |                                           ^^^^^^^^^ not found in `chiral_common`
[INFO] [stdout] 
[INFO] [stdout] 
[INFO] [stdout] error[E0412]: cannot find type `SMILES` in crate `chiral_common`
[INFO] [stdout]   --> /opt/rustwide/cargo-home/registry/src/index.crates.io-6f17d22bba15001f/chiral-data-0.1.2/src/doc/smiles.rs:14:85
[INFO] [stdout]    |
[INFO] [stdout] 14 |     pub fn new(ids_in: Vec<chiral_common::DatasetID>, smiles_in: Vec<chiral_common::SMILES>) -> Self {
[INFO] [stdout]    |                                                                                     ^^^^^^ not found in `chiral_common`
[INFO] [stdout]    |
[INFO] [stdout] help: consider importing this type alias
[INFO] [stdout]    |
[INFO] [stdout] 5  + use chiral_common::app::chem::types::SMILES;
[INFO] [stdout]    |
[INFO] [stdout] help: if you import `SMILES`, refer to it directly
[INFO] [stdout]    |
[INFO] [stdout] 14 -     pub fn new(ids_in: Vec<chiral_common::DatasetID>, smiles_in: Vec<chiral_common::SMILES>) -> Self {
[INFO] [stdout] 14 +     pub fn new(ids_in: Vec<chiral_common::DatasetID>, smiles_in: Vec<SMILES>) -> Self {
[INFO] [stdout]    |
[INFO] [stdout] 
[INFO] [stdout] 
[INFO] [stdout] error[E0412]: cannot find type `SerializedFormat` in crate `chiral_common`
[INFO] [stdout]   --> /opt/rustwide/cargo-home/registry/src/index.crates.io-6f17d22bba15001f/chiral-data-0.1.2/src/doc/smiles.rs:24:47
[INFO] [stdout]    |
[INFO] [stdout] 24 |     pub fn serialize(&self) -> chiral_common::SerializedFormat { serde_json::to_string(self).unwrap() }
[INFO] [stdout]    |                                               ^^^^^^^^^^^^^^^^ not found in `chiral_common`
[INFO] [stdout]    |
[INFO] [stdout] help: consider importing this type alias
[INFO] [stdout]    |
[INFO] [stdout] 5  + use chiral_common::traits::SerializedFormat;
[INFO] [stdout]    |
[INFO] [stdout] help: if you import `SerializedFormat`, refer to it directly
[INFO] [stdout]    |
[INFO] [stdout] 24 -     pub fn serialize(&self) -> chiral_common::SerializedFormat { serde_json::to_string(self).unwrap() }
[INFO] [stdout] 24 +     pub fn serialize(&self) -> SerializedFormat { serde_json::to_string(self).unwrap() }
[INFO] [stdout]    |
[INFO] [stdout] 
[INFO] [stdout] 
[INFO] [stdout] error[E0412]: cannot find type `SerializedFormat` in crate `chiral_common`
[INFO] [stdout]   --> /opt/rustwide/cargo-home/registry/src/index.crates.io-6f17d22bba15001f/chiral-data-0.1.2/src/doc/smiles.rs:25:49
[INFO] [stdout]    |
[INFO] [stdout] 25 |     pub fn deserialize(content: &chiral_common::SerializedFormat) -> Self { serde_json::from_str(content).unwrap() }
[INFO] [stdout]    |                                                 ^^^^^^^^^^^^^^^^ not found in `chiral_common`
[INFO] [stdout]    |
[INFO] [stdout] help: consider importing this type alias
[INFO] [stdout]    |
[INFO] [stdout] 5  + use chiral_common::traits::SerializedFormat;
[INFO] [stdout]    |
[INFO] [stdout] help: if you import `SerializedFormat`, refer to it directly
[INFO] [stdout]    |
[INFO] [stdout] 25 -     pub fn deserialize(content: &chiral_common::SerializedFormat) -> Self { serde_json::from_str(content).unwrap() }
[INFO] [stdout] 25 +     pub fn deserialize(content: &SerializedFormat) -> Self { serde_json::from_str(content).unwrap() }
[INFO] [stdout]    |
[INFO] [stdout] 
[INFO] [stdout] 
[INFO] [stdout] error[E0412]: cannot find type `DatasetID` in crate `chiral_common`
[INFO] [stdout]   --> /opt/rustwide/cargo-home/registry/src/index.crates.io-6f17d22bba15001f/chiral-data-0.1.2/src/doc/smiles.rs:27:50
[INFO] [stdout]    |
[INFO] [stdout] 27 |     pub fn get_smiles(&self, id: &chiral_common::DatasetID) -> Option<&chiral_common::SMILES> {
[INFO] [stdout]    |                                                  ^^^^^^^^^ not found in `chiral_common`
[INFO] [stdout] 
[INFO] [stdout] 
[INFO] [stdout] error[E0412]: cannot find type `SMILES` in crate `chiral_common`
[INFO] [stdout]   --> /opt/rustwide/cargo-home/registry/src/index.crates.io-6f17d22bba15001f/chiral-data-0.1.2/src/doc/smiles.rs:27:87
[INFO] [stdout]    |
[INFO] [stdout] 27 |     pub fn get_smiles(&self, id: &chiral_common::DatasetID) -> Option<&chiral_common::SMILES> {
[INFO] [stdout]    |                                                                                       ^^^^^^ not found in `chiral_common`
[INFO] [stdout]    |
[INFO] [stdout] help: consider importing this type alias
[INFO] [stdout]    |
[INFO] [stdout] 5  + use chiral_common::app::chem::types::SMILES;
[INFO] [stdout]    |
[INFO] [stdout] help: if you import `SMILES`, refer to it directly
[INFO] [stdout]    |
[INFO] [stdout] 27 -     pub fn get_smiles(&self, id: &chiral_common::DatasetID) -> Option<&chiral_common::SMILES> {
[INFO] [stdout] 27 +     pub fn get_smiles(&self, id: &chiral_common::DatasetID) -> Option<&SMILES> {
[INFO] [stdout]    |
[INFO] [stdout] 
[INFO] [stdout] 
[INFO] [stdout] error[E0412]: cannot find type `SMILES` in crate `chiral_common`
[INFO] [stdout]   --> /opt/rustwide/cargo-home/registry/src/index.crates.io-6f17d22bba15001f/chiral-data-0.1.2/src/doc/smiles.rs:34:57
[INFO] [stdout]    |
[INFO] [stdout] 34 |     pub fn get_smiles_vec(&self) -> &Vec<chiral_common::SMILES> { &self.smiles }
[INFO] [stdout]    |                                                         ^^^^^^ not found in `chiral_common`
[INFO] [stdout]    |
[INFO] [stdout] help: consider importing this type alias
[INFO] [stdout]    |
[INFO] [stdout] 5  + use chiral_common::app::chem::types::SMILES;
[INFO] [stdout]    |
[INFO] [stdout] help: if you import `SMILES`, refer to it directly
[INFO] [stdout]    |
[INFO] [stdout] 34 -     pub fn get_smiles_vec(&self) -> &Vec<chiral_common::SMILES> { &self.smiles }
[INFO] [stdout] 34 +     pub fn get_smiles_vec(&self) -> &Vec<SMILES> { &self.smiles }
[INFO] [stdout]    |
[INFO] [stdout] 
[INFO] [stdout] 
[INFO] [stdout] error[E0412]: cannot find type `DatasetID` in crate `chiral_common`
[INFO] [stdout]   --> /opt/rustwide/cargo-home/registry/src/index.crates.io-6f17d22bba15001f/chiral-data-0.1.2/src/doc/smiles.rs:35:50
[INFO] [stdout]    |
[INFO] [stdout] 35 |     pub fn get_ids(&self) -> &Vec<chiral_common::DatasetID> { &self.ids }
[INFO] [stdout]    |                                                  ^^^^^^^^^ not found in `chiral_common`
[INFO] [stdout] 
[INFO] [stdout] 
[INFO] [stdout] error: aborting due to 11 previous errors
[INFO] [stdout] 
[INFO] [stdout] 
[INFO] [stdout] Some errors have detailed explanations: E0412, E0433.
[INFO] [stdout] 
[INFO] [stdout] For more information about an error, try `rustc --explain E0412`.
[INFO] [stdout] 
[INFO] [stderr] error: could not compile `chiral-data` (lib) due to 12 previous errors
[INFO] [stderr] warning: build failed, waiting for other jobs to finish...
[INFO] running `Command { std: "docker" "inspect" "181b6ca774d93523b01908d0bc346a64160e953cb7ac5bcc10832db6c0a2e7d9", kill_on_drop: false }`
[INFO] running `Command { std: "docker" "rm" "-f" "181b6ca774d93523b01908d0bc346a64160e953cb7ac5bcc10832db6c0a2e7d9", kill_on_drop: false }`
[INFO] [stdout] 181b6ca774d93523b01908d0bc346a64160e953cb7ac5bcc10832db6c0a2e7d9
[INFO] testing chiral-cli-common-0.1.2 against beta-2023-12-22 for beta-1.76-1
[INFO] extracting crate chiral-cli-common 0.1.2 into /workspace/builds/worker-7-tc2/source
[INFO] validating manifest of crates.io crate chiral-cli-common 0.1.2 on toolchain beta-2023-12-22
[INFO] running `Command { std: CARGO_HOME="/workspace/cargo-home" RUSTUP_HOME="/workspace/rustup-home" "/workspace/cargo-home/bin/cargo" "+beta-2023-12-22" "metadata" "--manifest-path" "Cargo.toml" "--no-deps", kill_on_drop: false }`
[INFO] started tweaking crates.io crate chiral-cli-common 0.1.2
[INFO] finished tweaking crates.io crate chiral-cli-common 0.1.2
[INFO] tweaked toml for crates.io crate chiral-cli-common 0.1.2 written to /workspace/builds/worker-7-tc2/source/Cargo.toml
[INFO] running `Command { std: CARGO_HOME="/workspace/cargo-home" RUSTUP_HOME="/workspace/rustup-home" "/workspace/cargo-home/bin/cargo" "+beta-2023-12-22" "generate-lockfile" "--manifest-path" "Cargo.toml", kill_on_drop: false }`
[INFO] [stderr]     Updating crates.io index
[INFO] running `Command { std: CARGO_HOME="/workspace/cargo-home" RUSTUP_HOME="/workspace/rustup-home" "/workspace/cargo-home/bin/cargo" "+beta-2023-12-22" "fetch" "--manifest-path" "Cargo.toml", kill_on_drop: false }`
[INFO] running `Command { std: "docker" "create" "-v" "/var/lib/crater-agent-workspace/builds/worker-7-tc2/target:/opt/rustwide/target:rw,Z" "-v" "/var/lib/crater-agent-workspace/builds/worker-7-tc2/source:/opt/rustwide/workdir:ro,Z" "-v" "/var/lib/crater-agent-workspace/cargo-home:/opt/rustwide/cargo-home:ro,Z" "-v" "/var/lib/crater-agent-workspace/rustup-home:/opt/rustwide/rustup-home:ro,Z" "-e" "SOURCE_DIR=/opt/rustwide/workdir" "-e" "CARGO_TARGET_DIR=/opt/rustwide/target" "-e" "CARGO_HOME=/opt/rustwide/cargo-home" "-e" "RUSTUP_HOME=/opt/rustwide/rustup-home" "-w" "/opt/rustwide/workdir" "-m" "1610612736" "--user" "0:0" "--network" "none" "ghcr.io/rust-lang/crates-build-env/linux@sha256:2788e3201cd34a07e3172128adcd8b3090168a8e3bcc40d7c032b9dda1df7d1c" "/opt/rustwide/cargo-home/bin/cargo" "+beta-2023-12-22" "metadata" "--no-deps" "--format-version=1", kill_on_drop: false }`
[INFO] [stdout] 95d8b3861c3fc1db488d7e57e6ec6a45e497ef30390f0ac4da90157e5c35db24
[INFO] running `Command { std: "docker" "start" "-a" "95d8b3861c3fc1db488d7e57e6ec6a45e497ef30390f0ac4da90157e5c35db24", kill_on_drop: false }`
[INFO] running `Command { std: "docker" "inspect" "95d8b3861c3fc1db488d7e57e6ec6a45e497ef30390f0ac4da90157e5c35db24", kill_on_drop: false }`
[INFO] running `Command { std: "docker" "rm" "-f" "95d8b3861c3fc1db488d7e57e6ec6a45e497ef30390f0ac4da90157e5c35db24", kill_on_drop: false }`
[INFO] [stdout] 95d8b3861c3fc1db488d7e57e6ec6a45e497ef30390f0ac4da90157e5c35db24
[INFO] running `Command { std: "docker" "create" "-v" "/var/lib/crater-agent-workspace/builds/worker-7-tc2/target:/opt/rustwide/target:rw,Z" "-v" "/var/lib/crater-agent-workspace/builds/worker-7-tc2/source:/opt/rustwide/workdir:ro,Z" "-v" "/var/lib/crater-agent-workspace/cargo-home:/opt/rustwide/cargo-home:ro,Z" "-v" "/var/lib/crater-agent-workspace/rustup-home:/opt/rustwide/rustup-home:ro,Z" "-e" "SOURCE_DIR=/opt/rustwide/workdir" "-e" "CARGO_TARGET_DIR=/opt/rustwide/target" "-e" "CARGO_INCREMENTAL=0" "-e" "RUST_BACKTRACE=full" "-e" "RUSTFLAGS=--cap-lints=warn" "-e" "RUSTDOCFLAGS=--cap-lints=warn" "-e" "CARGO_HOME=/opt/rustwide/cargo-home" "-e" "RUSTUP_HOME=/opt/rustwide/rustup-home" "-w" "/opt/rustwide/workdir" "-m" "1610612736" "--user" "0:0" "--network" "none" "ghcr.io/rust-lang/crates-build-env/linux@sha256:2788e3201cd34a07e3172128adcd8b3090168a8e3bcc40d7c032b9dda1df7d1c" "/opt/rustwide/cargo-home/bin/cargo" "+beta-2023-12-22" "build" "--frozen" "--message-format=json", kill_on_drop: false }`
[INFO] [stdout] a74ee55f9d07ccdf506f9369d7042a29b18d455301162ba8dfb4890e727c2cf8
[INFO] running `Command { std: "docker" "start" "-a" "a74ee55f9d07ccdf506f9369d7042a29b18d455301162ba8dfb4890e727c2cf8", kill_on_drop: false }`
[INFO] [stderr]    Compiling vcpkg v0.2.15
[INFO] [stderr]    Compiling pin-project-lite v0.2.13
[INFO] [stderr]    Compiling pkg-config v0.3.28
[INFO] [stderr]    Compiling serde v1.0.194
[INFO] [stderr]    Compiling utf8parse v0.2.1
[INFO] [stderr]    Compiling slab v0.4.9
[INFO] [stderr]    Compiling heck v0.4.1
[INFO] [stderr]    Compiling rustversion v1.0.14
[INFO] [stderr]    Compiling futures-core v0.3.30
[INFO] [stderr]    Compiling tracing-core v0.1.32
[INFO] [stderr]    Compiling num-traits v0.2.17
[INFO] [stderr]    Compiling num_cpus v1.16.0
[INFO] [stderr]    Compiling mio v0.8.10
[INFO] [stderr]    Compiling getrandom v0.2.11
[INFO] [stderr]    Compiling syn v2.0.48
[INFO] [stderr]    Compiling socket2 v0.5.5
[INFO] [stderr]    Compiling syn v1.0.109
[INFO] [stderr]    Compiling anstyle-parse v0.2.3
[INFO] [stderr]    Compiling openssl v0.10.62
[INFO] [stderr]    Compiling anstyle v1.0.4
[INFO] [stderr]    Compiling rand_core v0.6.4
[INFO] [stderr]    Compiling foreign-types-shared v0.1.1
[INFO] [stderr]    Compiling portable-atomic v1.6.0
[INFO] [stderr]    Compiling anstyle-query v1.0.2
[INFO] [stderr]    Compiling colorchoice v1.0.0
[INFO] [stderr]    Compiling ryu v1.0.16
[INFO] [stderr]    Compiling rand_chacha v0.3.1
[INFO] [stderr]    Compiling foreign-types v0.3.2
[INFO] [stderr]    Compiling tracing v0.1.40
[INFO] [stderr]    Compiling anstream v0.6.5
[INFO] [stderr]    Compiling tokio v1.35.1
[INFO] [stderr]    Compiling hashbrown v0.14.3
[INFO] [stderr]    Compiling futures-task v0.3.30
[INFO] [stderr]    Compiling equivalent v1.0.1
[INFO] [stderr]    Compiling strsim v0.10.0
[INFO] [stderr]    Compiling futures-sink v0.3.30
[INFO] [stderr]    Compiling httparse v1.8.0
[INFO] [stderr]    Compiling futures-io v0.3.30
[INFO] [stderr]    Compiling pin-utils v0.1.0
[INFO] [stderr]    Compiling tinyvec_macros v0.1.1
[INFO] [stderr]    Compiling clap_lex v0.6.0
[INFO] [stderr]    Compiling native-tls v0.2.11
[INFO] [stderr]    Compiling serde_json v1.0.111
[INFO] [stderr]    Compiling tinyvec v1.6.0
[INFO] [stderr]    Compiling futures-util v0.3.30
[INFO] [stderr]    Compiling openssl-sys v0.9.98
[INFO] [stderr]    Compiling indexmap v2.1.0
[INFO] [stderr]    Compiling clap_builder v4.4.12
[INFO] [stderr]    Compiling console v0.15.7
[INFO] [stderr]    Compiling rand v0.8.5
[INFO] [stderr]    Compiling iana-time-zone v0.1.59
[INFO] [stderr]    Compiling try-lock v0.2.5
[INFO] [stderr]    Compiling number_prefix v0.4.0
[INFO] [stderr]    Compiling percent-encoding v2.3.1
[INFO] [stderr]    Compiling openssl-probe v0.1.5
[INFO] [stderr]    Compiling form_urlencoded v1.2.1
[INFO] [stderr]    Compiling indicatif v0.17.7
[INFO] [stderr]    Compiling want v0.3.1
[INFO] [stderr]    Compiling rustix v0.38.28
[INFO] [stderr]    Compiling http-body v0.4.6
[INFO] [stderr]    Compiling futures-channel v0.3.30
[INFO] [stderr]    Compiling backtrace v0.3.69
[INFO] [stderr]    Compiling permutation v0.4.1
[INFO] [stderr]    Compiling nanoid v0.4.0
[INFO] [stderr]    Compiling httpdate v1.0.3
[INFO] [stderr]    Compiling unicode-normalization v0.1.22
[INFO] [stderr]    Compiling tower-service v0.3.2
[INFO] [stderr]    Compiling home v0.5.9
[INFO] [stderr]    Compiling unicode-bidi v0.3.14
[INFO] [stderr]    Compiling nibble_vec v0.1.0
[INFO] [stderr]    Compiling error-chain v0.12.4
[INFO] [stderr]    Compiling dirs-sys-next v0.1.2
[INFO] [stderr]    Compiling object v0.32.2
[INFO] [stderr]    Compiling endian-type v0.1.2
[INFO] [stderr]    Compiling nix v0.25.1
[INFO] [stderr]    Compiling radix_trie v0.2.1
[INFO] [stderr]    Compiling dirs-next v2.0.0
[INFO] [stderr]    Compiling encoding_rs v0.8.33
[INFO] [stderr]    Compiling base64 v0.21.5
[INFO] [stderr]    Compiling mime v0.3.17
[INFO] [stderr]    Compiling unicode-segmentation v1.10.1
[INFO] [stderr]    Compiling ipnet v2.9.0
[INFO] [stderr]    Compiling idna v0.5.0
[INFO] [stderr]    Compiling url v2.5.0
[INFO] [stderr]    Compiling serde_derive v1.0.194
[INFO] [stderr]    Compiling openssl-macros v0.1.1
[INFO] [stderr]    Compiling clap_derive v4.4.7
[INFO] [stderr]    Compiling thiserror-impl v1.0.56
[INFO] [stderr]    Compiling fd-lock v3.0.13
[INFO] [stderr]    Compiling rustyline v10.1.1
[INFO] [stderr]    Compiling strum_macros v0.24.3
[INFO] [stderr]    Compiling chiral-derive v0.1.4
[INFO] [stderr]    Compiling tokio-util v0.7.10
[INFO] [stderr]    Compiling thiserror v1.0.56
[INFO] [stderr]    Compiling h2 v0.3.22
[INFO] [stderr]    Compiling clap v4.4.13
[INFO] [stderr]    Compiling strum v0.24.1
[INFO] [stderr]    Compiling hyper v0.14.28
[INFO] [stderr]    Compiling tokio-native-tls v0.3.1
[INFO] [stderr]    Compiling chrono v0.4.31
[INFO] [stderr]    Compiling serde_urlencoded v0.7.1
[INFO] [stderr]    Compiling hyper-tls v0.5.0
[INFO] [stderr]    Compiling reqwest v0.11.23
[INFO] [stderr]    Compiling chiral-common v0.1.4
[INFO] [stderr]    Compiling chiral-data v0.1.2
[INFO] [stdout] error[E0433]: failed to resolve: could not find `fs` in `chiral_common`
[INFO] [stdout]   --> /opt/rustwide/cargo-home/registry/src/index.crates.io-6f17d22bba15001f/chiral-data-0.1.2/src/lib.rs:33:43
[INFO] [stdout]    |
[INFO] [stdout] 33 |             let filepath = chiral_common::fs::default_dir().join(kind.filename());
[INFO] [stdout]    |                                           ^^ could not find `fs` in `chiral_common`
[INFO] [stdout] 
[INFO] [stdout] 
[INFO] [stdout] error[E0412]: cannot find type `DatasetID` in crate `chiral_common`
[INFO] [stdout]  --> /opt/rustwide/cargo-home/registry/src/index.crates.io-6f17d22bba15001f/chiral-data-0.1.2/src/doc/smiles.rs:9:29
[INFO] [stdout]   |
[INFO] [stdout] 9 |     ids: Vec<chiral_common::DatasetID>,
[INFO] [stdout]   |                             ^^^^^^^^^ not found in `chiral_common`
[INFO] [stdout] 
[INFO] [stdout] 
[INFO] [stdout] error[E0412]: cannot find type `SMILES` in crate `chiral_common`
[INFO] [stdout]   --> /opt/rustwide/cargo-home/registry/src/index.crates.io-6f17d22bba15001f/chiral-data-0.1.2/src/doc/smiles.rs:10:32
[INFO] [stdout]    |
[INFO] [stdout] 10 |     smiles: Vec<chiral_common::SMILES>,
[INFO] [stdout]    |                                ^^^^^^ not found in `chiral_common`
[INFO] [stdout]    |
[INFO] [stdout] help: consider importing this type alias
[INFO] [stdout]    |
[INFO] [stdout] 5  + use chiral_common::app::chem::types::SMILES;
[INFO] [stdout]    |
[INFO] [stdout] help: if you import `SMILES`, refer to it directly
[INFO] [stdout]    |
[INFO] [stdout] 10 -     smiles: Vec<chiral_common::SMILES>,
[INFO] [stdout] 10 +     smiles: Vec<SMILES>,
[INFO] [stdout]    |
[INFO] [stdout] 
[INFO] [stdout] 
[INFO] [stdout] error[E0412]: cannot find type `DatasetID` in crate `chiral_common`
[INFO] [stdout]   --> /opt/rustwide/cargo-home/registry/src/index.crates.io-6f17d22bba15001f/chiral-data-0.1.2/src/doc/smiles.rs:14:43
[INFO] [stdout]    |
[INFO] [stdout] 14 |     pub fn new(ids_in: Vec<chiral_common::DatasetID>, smiles_in: Vec<chiral_common::SMILES>) -> Self {
[INFO] [stdout]    |                                           ^^^^^^^^^ not found in `chiral_common`
[INFO] [stdout] 
[INFO] [stdout] 
[INFO] [stdout] error[E0412]: cannot find type `SMILES` in crate `chiral_common`
[INFO] [stdout]   --> /opt/rustwide/cargo-home/registry/src/index.crates.io-6f17d22bba15001f/chiral-data-0.1.2/src/doc/smiles.rs:14:85
[INFO] [stdout]    |
[INFO] [stdout] 14 |     pub fn new(ids_in: Vec<chiral_common::DatasetID>, smiles_in: Vec<chiral_common::SMILES>) -> Self {
[INFO] [stdout]    |                                                                                     ^^^^^^ not found in `chiral_common`
[INFO] [stdout]    |
[INFO] [stdout] help: consider importing this type alias
[INFO] [stdout]    |
[INFO] [stdout] 5  + use chiral_common::app::chem::types::SMILES;
[INFO] [stdout]    |
[INFO] [stdout] help: if you import `SMILES`, refer to it directly
[INFO] [stdout]    |
[INFO] [stdout] 14 -     pub fn new(ids_in: Vec<chiral_common::DatasetID>, smiles_in: Vec<chiral_common::SMILES>) -> Self {
[INFO] [stdout] 14 +     pub fn new(ids_in: Vec<chiral_common::DatasetID>, smiles_in: Vec<SMILES>) -> Self {
[INFO] [stdout]    |
[INFO] [stdout] 
[INFO] [stdout] 
[INFO] [stdout] error[E0412]: cannot find type `SerializedFormat` in crate `chiral_common`
[INFO] [stdout]   --> /opt/rustwide/cargo-home/registry/src/index.crates.io-6f17d22bba15001f/chiral-data-0.1.2/src/doc/smiles.rs:24:47
[INFO] [stdout]    |
[INFO] [stdout] 24 |     pub fn serialize(&self) -> chiral_common::SerializedFormat { serde_json::to_string(self).unwrap() }
[INFO] [stdout]    |                                               ^^^^^^^^^^^^^^^^ not found in `chiral_common`
[INFO] [stdout]    |
[INFO] [stdout] help: consider importing this type alias
[INFO] [stdout]    |
[INFO] [stdout] 5  + use chiral_common::traits::SerializedFormat;
[INFO] [stdout]    |
[INFO] [stdout] help: if you import `SerializedFormat`, refer to it directly
[INFO] [stdout]    |
[INFO] [stdout] 24 -     pub fn serialize(&self) -> chiral_common::SerializedFormat { serde_json::to_string(self).unwrap() }
[INFO] [stdout] 24 +     pub fn serialize(&self) -> SerializedFormat { serde_json::to_string(self).unwrap() }
[INFO] [stdout]    |
[INFO] [stdout] 
[INFO] [stdout] 
[INFO] [stdout] error[E0412]: cannot find type `SerializedFormat` in crate `chiral_common`
[INFO] [stdout]   --> /opt/rustwide/cargo-home/registry/src/index.crates.io-6f17d22bba15001f/chiral-data-0.1.2/src/doc/smiles.rs:25:49
[INFO] [stdout]    |
[INFO] [stdout] 25 |     pub fn deserialize(content: &chiral_common::SerializedFormat) -> Self { serde_json::from_str(content).unwrap() }
[INFO] [stdout]    |                                                 ^^^^^^^^^^^^^^^^ not found in `chiral_common`
[INFO] [stdout]    |
[INFO] [stdout] help: consider importing this type alias
[INFO] [stdout]    |
[INFO] [stdout] 5  + use chiral_common::traits::SerializedFormat;
[INFO] [stdout]    |
[INFO] [stdout] help: if you import `SerializedFormat`, refer to it directly
[INFO] [stdout]    |
[INFO] [stdout] 25 -     pub fn deserialize(content: &chiral_common::SerializedFormat) -> Self { serde_json::from_str(content).unwrap() }
[INFO] [stdout] 25 +     pub fn deserialize(content: &SerializedFormat) -> Self { serde_json::from_str(content).unwrap() }
[INFO] [stdout]    |
[INFO] [stdout] 
[INFO] [stdout] 
[INFO] [stdout] error[E0412]: cannot find type `DatasetID` in crate `chiral_common`
[INFO] [stdout]   --> /opt/rustwide/cargo-home/registry/src/index.crates.io-6f17d22bba15001f/chiral-data-0.1.2/src/doc/smiles.rs:27:50
[INFO] [stdout]    |
[INFO] [stdout] 27 |     pub fn get_smiles(&self, id: &chiral_common::DatasetID) -> Option<&chiral_common::SMILES> {
[INFO] [stdout]    |                                                  ^^^^^^^^^ not found in `chiral_common`
[INFO] [stdout] 
[INFO] [stdout] 
[INFO] [stdout] error[E0412]: cannot find type `SMILES` in crate `chiral_common`
[INFO] [stdout]   --> /opt/rustwide/cargo-home/registry/src/index.crates.io-6f17d22bba15001f/chiral-data-0.1.2/src/doc/smiles.rs:27:87
[INFO] [stdout]    |
[INFO] [stdout] 27 |     pub fn get_smiles(&self, id: &chiral_common::DatasetID) -> Option<&chiral_common::SMILES> {
[INFO] [stdout]    |                                                                                       ^^^^^^ not found in `chiral_common`
[INFO] [stdout]    |
[INFO] [stdout] help: consider importing this type alias
[INFO] [stdout]    |
[INFO] [stdout] 5  + use chiral_common::app::chem::types::SMILES;
[INFO] [stdout]    |
[INFO] [stdout] help: if you import `SMILES`, refer to it directly
[INFO] [stdout]    |
[INFO] [stdout] 27 -     pub fn get_smiles(&self, id: &chiral_common::DatasetID) -> Option<&chiral_common::SMILES> {
[INFO] [stdout] 27 +     pub fn get_smiles(&self, id: &chiral_common::DatasetID) -> Option<&SMILES> {
[INFO] [stdout]    |
[INFO] [stdout] 
[INFO] [stdout] 
[INFO] [stdout] error[E0412]: cannot find type `SMILES` in crate `chiral_common`
[INFO] [stdout]   --> /opt/rustwide/cargo-home/registry/src/index.crates.io-6f17d22bba15001f/chiral-data-0.1.2/src/doc/smiles.rs:34:57
[INFO] [stdout]    |
[INFO] [stdout] 34 |     pub fn get_smiles_vec(&self) -> &Vec<chiral_common::SMILES> { &self.smiles }
[INFO] [stdout]    |                                                         ^^^^^^ not found in `chiral_common`
[INFO] [stdout]    |
[INFO] [stdout] help: consider importing this type alias
[INFO] [stdout]    |
[INFO] [stdout] 5  + use chiral_common::app::chem::types::SMILES;
[INFO] [stdout]    |
[INFO] [stdout] help: if you import `SMILES`, refer to it directly
[INFO] [stdout]    |
[INFO] [stdout] 34 -     pub fn get_smiles_vec(&self) -> &Vec<chiral_common::SMILES> { &self.smiles }
[INFO] [stdout] 34 +     pub fn get_smiles_vec(&self) -> &Vec<SMILES> { &self.smiles }
[INFO] [stdout]    |
[INFO] [stdout] 
[INFO] [stdout] 
[INFO] [stdout] error[E0412]: cannot find type `DatasetID` in crate `chiral_common`
[INFO] [stdout]   --> /opt/rustwide/cargo-home/registry/src/index.crates.io-6f17d22bba15001f/chiral-data-0.1.2/src/doc/smiles.rs:35:50
[INFO] [stdout]    |
[INFO] [stdout] 35 |     pub fn get_ids(&self) -> &Vec<chiral_common::DatasetID> { &self.ids }
[INFO] [stdout]    |                                                  ^^^^^^^^^ not found in `chiral_common`
[INFO] [stdout] 
[INFO] [stdout] 
[INFO] [stdout] error: aborting due to 11 previous errors
[INFO] [stdout] 
[INFO] [stdout] 
[INFO] [stdout] Some errors have detailed explanations: E0412, E0433.
[INFO] [stdout] 
[INFO] [stdout] For more information about an error, try `rustc --explain E0412`.
[INFO] [stdout] 
[INFO] [stderr] error: could not compile `chiral-data` (lib) due to 12 previous errors
[INFO] [stderr] warning: build failed, waiting for other jobs to finish...
[INFO] running `Command { std: "docker" "inspect" "a74ee55f9d07ccdf506f9369d7042a29b18d455301162ba8dfb4890e727c2cf8", kill_on_drop: false }`
[INFO] running `Command { std: "docker" "rm" "-f" "a74ee55f9d07ccdf506f9369d7042a29b18d455301162ba8dfb4890e727c2cf8", kill_on_drop: false }`
[INFO] [stdout] a74ee55f9d07ccdf506f9369d7042a29b18d455301162ba8dfb4890e727c2cf8
