[INFO] fetching crate charon_ariadne 0.1.0...
[INFO] testing charon_ariadne-0.1.0 against 1.75.0 for beta-1.76-1
[INFO] extracting crate charon_ariadne 0.1.0 into /workspace/builds/worker-3-tc1/source
[INFO] validating manifest of crates.io crate charon_ariadne 0.1.0 on toolchain 1.75.0
[INFO] running `Command { std: CARGO_HOME="/workspace/cargo-home" RUSTUP_HOME="/workspace/rustup-home" "/workspace/cargo-home/bin/cargo" "+1.75.0" "metadata" "--manifest-path" "Cargo.toml" "--no-deps", kill_on_drop: false }`
[INFO] started tweaking crates.io crate charon_ariadne 0.1.0
[INFO] finished tweaking crates.io crate charon_ariadne 0.1.0
[INFO] tweaked toml for crates.io crate charon_ariadne 0.1.0 written to /workspace/builds/worker-3-tc1/source/Cargo.toml
[INFO] crate crates.io crate charon_ariadne 0.1.0 already has a lockfile, it will not be regenerated
[INFO] running `Command { std: CARGO_HOME="/workspace/cargo-home" RUSTUP_HOME="/workspace/rustup-home" "/workspace/cargo-home/bin/cargo" "+1.75.0" "fetch" "--manifest-path" "Cargo.toml", kill_on_drop: false }`
[INFO] running `Command { std: "docker" "create" "-v" "/var/lib/crater-agent-workspace/builds/worker-3-tc1/target:/opt/rustwide/target:rw,Z" "-v" "/var/lib/crater-agent-workspace/builds/worker-3-tc1/source:/opt/rustwide/workdir:ro,Z" "-v" "/var/lib/crater-agent-workspace/cargo-home:/opt/rustwide/cargo-home:ro,Z" "-v" "/var/lib/crater-agent-workspace/rustup-home:/opt/rustwide/rustup-home:ro,Z" "-e" "SOURCE_DIR=/opt/rustwide/workdir" "-e" "CARGO_TARGET_DIR=/opt/rustwide/target" "-e" "CARGO_HOME=/opt/rustwide/cargo-home" "-e" "RUSTUP_HOME=/opt/rustwide/rustup-home" "-w" "/opt/rustwide/workdir" "-m" "1610612736" "--user" "0:0" "--network" "none" "ghcr.io/rust-lang/crates-build-env/linux@sha256:2788e3201cd34a07e3172128adcd8b3090168a8e3bcc40d7c032b9dda1df7d1c" "/opt/rustwide/cargo-home/bin/cargo" "+1.75.0" "metadata" "--no-deps" "--format-version=1", kill_on_drop: false }`
[INFO] [stdout] bbe06dcf8665a7f22e7a043058b570bab32f6f043b5f0d8393c355ca81c700e3
[INFO] running `Command { std: "docker" "start" "-a" "bbe06dcf8665a7f22e7a043058b570bab32f6f043b5f0d8393c355ca81c700e3", kill_on_drop: false }`
[INFO] running `Command { std: "docker" "inspect" "bbe06dcf8665a7f22e7a043058b570bab32f6f043b5f0d8393c355ca81c700e3", kill_on_drop: false }`
[INFO] running `Command { std: "docker" "rm" "-f" "bbe06dcf8665a7f22e7a043058b570bab32f6f043b5f0d8393c355ca81c700e3", kill_on_drop: false }`
[INFO] [stdout] bbe06dcf8665a7f22e7a043058b570bab32f6f043b5f0d8393c355ca81c700e3
[INFO] running `Command { std: "docker" "create" "-v" "/var/lib/crater-agent-workspace/builds/worker-3-tc1/target:/opt/rustwide/target:rw,Z" "-v" "/var/lib/crater-agent-workspace/builds/worker-3-tc1/source:/opt/rustwide/workdir:ro,Z" "-v" "/var/lib/crater-agent-workspace/cargo-home:/opt/rustwide/cargo-home:ro,Z" "-v" "/var/lib/crater-agent-workspace/rustup-home:/opt/rustwide/rustup-home:ro,Z" "-e" "SOURCE_DIR=/opt/rustwide/workdir" "-e" "CARGO_TARGET_DIR=/opt/rustwide/target" "-e" "CARGO_INCREMENTAL=0" "-e" "RUST_BACKTRACE=full" "-e" "RUSTFLAGS=--cap-lints=warn" "-e" "RUSTDOCFLAGS=--cap-lints=warn" "-e" "CARGO_HOME=/opt/rustwide/cargo-home" "-e" "RUSTUP_HOME=/opt/rustwide/rustup-home" "-w" "/opt/rustwide/workdir" "-m" "1610612736" "--user" "0:0" "--network" "none" "ghcr.io/rust-lang/crates-build-env/linux@sha256:2788e3201cd34a07e3172128adcd8b3090168a8e3bcc40d7c032b9dda1df7d1c" "/opt/rustwide/cargo-home/bin/cargo" "+1.75.0" "build" "--frozen" "--message-format=json", kill_on_drop: false }`
[INFO] [stdout] 871691b5cda1c0aa4334dd97b73ed855453b6835a147519e152ece335578f3e1
[INFO] running `Command { std: "docker" "start" "-a" "871691b5cda1c0aa4334dd97b73ed855453b6835a147519e152ece335578f3e1", kill_on_drop: false }`
[INFO] [stderr]    Compiling yansi v0.5.1
[INFO] [stderr]    Compiling charon_ariadne v0.1.0 (/opt/rustwide/workdir)
[INFO] [stderr]     Finished dev [unoptimized + debuginfo] target(s) in 0.75s
[INFO] running `Command { std: "docker" "inspect" "871691b5cda1c0aa4334dd97b73ed855453b6835a147519e152ece335578f3e1", kill_on_drop: false }`
[INFO] running `Command { std: "docker" "rm" "-f" "871691b5cda1c0aa4334dd97b73ed855453b6835a147519e152ece335578f3e1", kill_on_drop: false }`
[INFO] [stdout] 871691b5cda1c0aa4334dd97b73ed855453b6835a147519e152ece335578f3e1
[INFO] running `Command { std: "docker" "create" "-v" "/var/lib/crater-agent-workspace/builds/worker-3-tc1/target:/opt/rustwide/target:rw,Z" "-v" "/var/lib/crater-agent-workspace/builds/worker-3-tc1/source:/opt/rustwide/workdir:ro,Z" "-v" "/var/lib/crater-agent-workspace/cargo-home:/opt/rustwide/cargo-home:ro,Z" "-v" "/var/lib/crater-agent-workspace/rustup-home:/opt/rustwide/rustup-home:ro,Z" "-e" "SOURCE_DIR=/opt/rustwide/workdir" "-e" "CARGO_TARGET_DIR=/opt/rustwide/target" "-e" "CARGO_INCREMENTAL=0" "-e" "RUST_BACKTRACE=full" "-e" "RUSTFLAGS=--cap-lints=warn" "-e" "RUSTDOCFLAGS=--cap-lints=warn" "-e" "CARGO_HOME=/opt/rustwide/cargo-home" "-e" "RUSTUP_HOME=/opt/rustwide/rustup-home" "-w" "/opt/rustwide/workdir" "-m" "1610612736" "--user" "0:0" "--network" "none" "ghcr.io/rust-lang/crates-build-env/linux@sha256:2788e3201cd34a07e3172128adcd8b3090168a8e3bcc40d7c032b9dda1df7d1c" "/opt/rustwide/cargo-home/bin/cargo" "+1.75.0" "test" "--frozen" "--no-run" "--message-format=json", kill_on_drop: false }`
[INFO] [stdout] 28af69525956c8e32340d051464add80ef4eb792dc19f48700bc01c98cef314d
[INFO] running `Command { std: "docker" "start" "-a" "28af69525956c8e32340d051464add80ef4eb792dc19f48700bc01c98cef314d", kill_on_drop: false }`
[INFO] [stderr]    Compiling charon_ariadne v0.1.0 (/opt/rustwide/workdir)
[INFO] [stdout] error[E0432]: unresolved import `ariadne`
[INFO] [stdout]  --> examples/stresstest.rs:1:5
[INFO] [stdout]   |
[INFO] [stdout] 1 | use ariadne::{Color, ColorGenerator, Config, Label, Report, ReportKind, Source};
[INFO] [stdout]   |     ^^^^^^^ use of undeclared crate or module `ariadne`
[INFO] [stdout] 
[INFO] [stdout] 
[INFO] [stdout] error[E0432]: unresolved import `ariadne`
[INFO] [stdout]  --> examples/multifile.rs:1:5
[INFO] [stdout]   |
[INFO] [stdout] 1 | use ariadne::{sources, ColorGenerator, Fmt, Label, Report, ReportKind};
[INFO] [stdout]   |     ^^^^^^^ use of undeclared crate or module `ariadne`
[INFO] [stdout] 
[INFO] [stdout] 
[INFO] [stdout] error[E0432]: unresolved import `ariadne`
[INFO] [stdout]  --> examples/multiline.rs:1:5
[INFO] [stdout]   |
[INFO] [stdout] 1 | use ariadne::{Color, ColorGenerator, Fmt, Label, Report, ReportKind, Source};
[INFO] [stdout]   |     ^^^^^^^ use of undeclared crate or module `ariadne`
[INFO] [stdout] 
[INFO] [stdout] 
[INFO] [stdout] error[E0432]: unresolved import `ariadne`
[INFO] [stdout]  --> examples/simple.rs:1:5
[INFO] [stdout]   |
[INFO] [stdout] 1 | use ariadne::{Label, Report, ReportKind, Source};
[INFO] [stdout]   |     ^^^^^^^ use of undeclared crate or module `ariadne`
[INFO] [stdout] 
[INFO] [stdout] 
[INFO] [stdout] error[E0599]: no method named `fg` found for reference `&'static str` in the current scope
[INFO] [stdout]   --> examples/multifile.rs:16:67
[INFO] [stdout]    |
[INFO] [stdout] 16 |                 .with_message(format!("This is of type {}", "Nat".fg(a)))
[INFO] [stdout]    |                                                                   ^^ method not found in `&str`
[INFO] [stdout]    |
[INFO] [stdout]    = help: items from traits can only be used if the trait is in scope
[INFO] [stdout] help: the following trait is implemented but not in scope; perhaps add a `use` for it:
[INFO] [stdout]    |
[INFO] [stdout] 1  + use charon_ariadne::Fmt;
[INFO] [stdout]    |
[INFO] [stdout] 
[INFO] [stdout] 
[INFO] [stdout] error[E0599]: no method named `fg` found for reference `&'static str` in the current scope
[INFO] [stdout]   --> examples/multiline.rs:17:67
[INFO] [stdout]    |
[INFO] [stdout] 17 |                 .with_message(format!("This is of type {}", "Nat".fg(a)))
[INFO] [stdout]    |                                                                   ^^ method not found in `&str`
[INFO] [stdout]    |
[INFO] [stdout]    = help: items from traits can only be used if the trait is in scope
[INFO] [stdout] help: the following trait is implemented but not in scope; perhaps add a `use` for it:
[INFO] [stdout]    |
[INFO] [stdout] 1  + use charon_ariadne::Fmt;
[INFO] [stdout]    |
[INFO] [stdout] 
[INFO] [stdout] 
[INFO] [stdout] error[E0599]: no method named `fg` found for reference `&'static str` in the current scope
[INFO] [stdout]   --> examples/multiline.rs:22:67
[INFO] [stdout]    |
[INFO] [stdout] 22 |                 .with_message(format!("This is of type {}", "Str".fg(b)))
[INFO] [stdout]    |                                                                   ^^ method not found in `&str`
[INFO] [stdout]    |
[INFO] [stdout]    = help: items from traits can only be used if the trait is in scope
[INFO] [stdout] help: the following trait is implemented but not in scope; perhaps add a `use` for it:
[INFO] [stdout]    |
[INFO] [stdout] 1  + use charon_ariadne::Fmt;
[INFO] [stdout]    |
[INFO] [stdout] 
[INFO] [stdout] 
[INFO] [stdout] error[E0599]: no method named `fg` found for reference `&'static str` in the current scope
[INFO] [stdout]   --> examples/multifile.rs:21:67
[INFO] [stdout]    |
[INFO] [stdout] 21 |                 .with_message(format!("This is of type {}", "Str".fg(b)))
[INFO] [stdout]    |                                                                   ^^ method not found in `&str`
[INFO] [stdout]    |
[INFO] [stdout]    = help: items from traits can only be used if the trait is in scope
[INFO] [stdout] help: the following trait is implemented but not in scope; perhaps add a `use` for it:
[INFO] [stdout]    |
[INFO] [stdout] 1  + use charon_ariadne::Fmt;
[INFO] [stdout]    |
[INFO] [stdout] 
[INFO] [stdout] 
[INFO] [stdout] error[E0599]: no method named `fg` found for reference `&'static str` in the current scope
[INFO] [stdout]   --> examples/multiline.rs:29:29
[INFO] [stdout]    |
[INFO] [stdout] 29 |                     "match".fg(out),
[INFO] [stdout]    |                             ^^ method not found in `&str`
[INFO] [stdout]    |
[INFO] [stdout]    = help: items from traits can only be used if the trait is in scope
[INFO] [stdout] help: the following trait is implemented but not in scope; perhaps add a `use` for it:
[INFO] [stdout]    |
[INFO] [stdout] 1  + use charon_ariadne::Fmt;
[INFO] [stdout]    |
[INFO] [stdout] 
[INFO] [stdout] 
[INFO] [stdout] error: aborting due to previous error
[INFO] [stdout] 
[INFO] [stdout] 
[INFO] [stdout] For more information about this error, try `rustc --explain E0432`.
[INFO] [stdout] 
[INFO] [stdout] error[E0599]: no method named `fg` found for reference `&'static str` in the current scope
[INFO] [stdout]   --> examples/multifile.rs:28:27
[INFO] [stdout]    |
[INFO] [stdout] 28 |                     "Nat".fg(a),
[INFO] [stdout]    |                           ^^ method not found in `&str`
[INFO] [stdout]    |
[INFO] [stdout]    = help: items from traits can only be used if the trait is in scope
[INFO] [stdout] help: the following trait is implemented but not in scope; perhaps add a `use` for it:
[INFO] [stdout]    |
[INFO] [stdout] 1  + use charon_ariadne::Fmt;
[INFO] [stdout]    |
[INFO] [stdout] 
[INFO] [stdout] 
[INFO] [stderr] error: could not compile `charon_ariadne` (example "simple") due to 2 previous errors
[INFO] [stdout] error[E0599]: no method named `fg` found for reference `&'static str` in the current scope
[INFO] [stdout]   --> examples/multiline.rs:35:76
[INFO] [stdout]    |
[INFO] [stdout] 35 |                 .with_message(format!("The {} has a problem", "definition".fg(out2),))
[INFO] [stdout]    |                                                                            ^^ method not found in `&str`
[INFO] [stdout]    |
[INFO] [stdout]    = help: items from traits can only be used if the trait is in scope
[INFO] [stdout] help: the following trait is implemented but not in scope; perhaps add a `use` for it:
[INFO] [stdout]    |
[INFO] [stdout] 1  + use charon_ariadne::Fmt;
[INFO] [stdout]    |
[INFO] [stdout] 
[INFO] [stdout] 
[INFO] [stderr] warning: build failed, waiting for other jobs to finish...
[INFO] [stdout] error[E0599]: no method named `fg` found for reference `&'static str` in the current scope
[INFO] [stdout]   --> examples/multifile.rs:29:27
[INFO] [stdout]    |
[INFO] [stdout] 29 |                     "Str".fg(b)
[INFO] [stdout]    |                           ^^ method not found in `&str`
[INFO] [stdout]    |
[INFO] [stdout]    = help: items from traits can only be used if the trait is in scope
[INFO] [stdout] help: the following trait is implemented but not in scope; perhaps add a `use` for it:
[INFO] [stdout]    |
[INFO] [stdout] 1  + use charon_ariadne::Fmt;
[INFO] [stdout]    |
[INFO] [stdout] 
[INFO] [stdout] 
[INFO] [stdout] error[E0599]: no method named `fg` found for reference `&'static str` in the current scope
[INFO] [stdout]   --> examples/multiline.rs:40:72
[INFO] [stdout]    |
[INFO] [stdout] 40 |                 .with_message(format!("Usage of {} here", "definition".fg(out2),))
[INFO] [stdout]    |                                                                        ^^ method not found in `&str`
[INFO] [stdout]    |
[INFO] [stdout]    = help: items from traits can only be used if the trait is in scope
[INFO] [stdout] help: the following trait is implemented but not in scope; perhaps add a `use` for it:
[INFO] [stdout]    |
[INFO] [stdout] 1  + use charon_ariadne::Fmt;
[INFO] [stdout]    |
[INFO] [stdout] 
[INFO] [stdout] 
[INFO] [stdout] error[E0599]: no method named `fg` found for reference `&'static str` in the current scope
[INFO] [stdout]   --> examples/multifile.rs:36:83
[INFO] [stdout]    |
[INFO] [stdout] 36 |                 .with_message(format!("Original definition of {} is here", "five".fg(a)))
[INFO] [stdout]    |                                                                                   ^^ method not found in `&str`
[INFO] [stdout]    |
[INFO] [stdout]    = help: items from traits can only be used if the trait is in scope
[INFO] [stdout] help: the following trait is implemented but not in scope; perhaps add a `use` for it:
[INFO] [stdout]    |
[INFO] [stdout] 1  + use charon_ariadne::Fmt;
[INFO] [stdout]    |
[INFO] [stdout] 
[INFO] [stdout] 
[INFO] [stdout] error[E0599]: no method named `fg` found for reference `&'static str` in the current scope
[INFO] [stdout]   --> examples/multiline.rs:45:21
[INFO] [stdout]    |
[INFO] [stdout] 45 |             "match".fg(out)
[INFO] [stdout]    |                     ^^ method not found in `&str`
[INFO] [stdout]    |
[INFO] [stdout]    = help: items from traits can only be used if the trait is in scope
[INFO] [stdout] help: the following trait is implemented but not in scope; perhaps add a `use` for it:
[INFO] [stdout]    |
[INFO] [stdout] 1  + use charon_ariadne::Fmt;
[INFO] [stdout]    |
[INFO] [stdout] 
[INFO] [stdout] 
[INFO] [stdout] error[E0599]: no method named `fg` found for reference `&'static str` in the current scope
[INFO] [stdout]   --> examples/multifile.rs:41:19
[INFO] [stdout]    |
[INFO] [stdout] 41 |             "Nat".fg(a)
[INFO] [stdout]    |                   ^^ method not found in `&str`
[INFO] [stdout]    |
[INFO] [stdout]    = help: items from traits can only be used if the trait is in scope
[INFO] [stdout] help: the following trait is implemented but not in scope; perhaps add a `use` for it:
[INFO] [stdout]    |
[INFO] [stdout] 1  + use charon_ariadne::Fmt;
[INFO] [stdout]    |
[INFO] [stdout] 
[INFO] [stdout] 
[INFO] [stdout] error: aborting due to 7 previous errors
[INFO] [stdout] 
[INFO] [stdout] 
[INFO] [stdout] error: aborting due to 7 previous errors
[INFO] [stdout] 
[INFO] [stdout] 
[INFO] [stdout] Some errors have detailed explanations: E0432, E0599.
[INFO] [stdout] 
[INFO] [stdout] For more information about an error, try `rustc --explain E0432`.
[INFO] [stdout] 
[INFO] [stdout] Some errors have detailed explanations: E0432, E0599.
[INFO] [stdout] 
[INFO] [stdout] For more information about an error, try `rustc --explain E0432`.
[INFO] [stdout] 
[INFO] [stderr] error: could not compile `charon_ariadne` (example "multifile") due to 8 previous errors
[INFO] [stdout] error: aborting due to previous error
[INFO] [stdout] 
[INFO] [stdout] 
[INFO] [stderr] error: could not compile `charon_ariadne` (example "multiline") due to 8 previous errors
[INFO] [stdout] For more information about this error, try `rustc --explain E0432`.
[INFO] [stdout] 
[INFO] [stderr] error: could not compile `charon_ariadne` (example "stresstest") due to 2 previous errors
[INFO] running `Command { std: "docker" "inspect" "28af69525956c8e32340d051464add80ef4eb792dc19f48700bc01c98cef314d", kill_on_drop: false }`
[INFO] running `Command { std: "docker" "rm" "-f" "28af69525956c8e32340d051464add80ef4eb792dc19f48700bc01c98cef314d", kill_on_drop: false }`
[INFO] [stdout] 28af69525956c8e32340d051464add80ef4eb792dc19f48700bc01c98cef314d
[INFO] testing charon_ariadne-0.1.0 against beta-2023-12-22 for beta-1.76-1
[INFO] extracting crate charon_ariadne 0.1.0 into /workspace/builds/worker-3-tc2/source
[INFO] validating manifest of crates.io crate charon_ariadne 0.1.0 on toolchain beta-2023-12-22
[INFO] running `Command { std: CARGO_HOME="/workspace/cargo-home" RUSTUP_HOME="/workspace/rustup-home" "/workspace/cargo-home/bin/cargo" "+beta-2023-12-22" "metadata" "--manifest-path" "Cargo.toml" "--no-deps", kill_on_drop: false }`
[INFO] started tweaking crates.io crate charon_ariadne 0.1.0
[INFO] finished tweaking crates.io crate charon_ariadne 0.1.0
[INFO] tweaked toml for crates.io crate charon_ariadne 0.1.0 written to /workspace/builds/worker-3-tc2/source/Cargo.toml
[INFO] crate crates.io crate charon_ariadne 0.1.0 already has a lockfile, it will not be regenerated
[INFO] running `Command { std: CARGO_HOME="/workspace/cargo-home" RUSTUP_HOME="/workspace/rustup-home" "/workspace/cargo-home/bin/cargo" "+beta-2023-12-22" "fetch" "--manifest-path" "Cargo.toml", kill_on_drop: false }`
[INFO] running `Command { std: "docker" "create" "-v" "/var/lib/crater-agent-workspace/builds/worker-3-tc2/target:/opt/rustwide/target:rw,Z" "-v" "/var/lib/crater-agent-workspace/builds/worker-3-tc2/source:/opt/rustwide/workdir:ro,Z" "-v" "/var/lib/crater-agent-workspace/cargo-home:/opt/rustwide/cargo-home:ro,Z" "-v" "/var/lib/crater-agent-workspace/rustup-home:/opt/rustwide/rustup-home:ro,Z" "-e" "SOURCE_DIR=/opt/rustwide/workdir" "-e" "CARGO_TARGET_DIR=/opt/rustwide/target" "-e" "CARGO_HOME=/opt/rustwide/cargo-home" "-e" "RUSTUP_HOME=/opt/rustwide/rustup-home" "-w" "/opt/rustwide/workdir" "-m" "1610612736" "--user" "0:0" "--network" "none" "ghcr.io/rust-lang/crates-build-env/linux@sha256:2788e3201cd34a07e3172128adcd8b3090168a8e3bcc40d7c032b9dda1df7d1c" "/opt/rustwide/cargo-home/bin/cargo" "+beta-2023-12-22" "metadata" "--no-deps" "--format-version=1", kill_on_drop: false }`
[INFO] [stdout] 7b1f8504725d1d5de4d67985bb5e8dbb66263c73f351d73a71ee6a87b0379a0f
[INFO] running `Command { std: "docker" "start" "-a" "7b1f8504725d1d5de4d67985bb5e8dbb66263c73f351d73a71ee6a87b0379a0f", kill_on_drop: false }`
[INFO] running `Command { std: "docker" "inspect" "7b1f8504725d1d5de4d67985bb5e8dbb66263c73f351d73a71ee6a87b0379a0f", kill_on_drop: false }`
[INFO] running `Command { std: "docker" "rm" "-f" "7b1f8504725d1d5de4d67985bb5e8dbb66263c73f351d73a71ee6a87b0379a0f", kill_on_drop: false }`
[INFO] [stdout] 7b1f8504725d1d5de4d67985bb5e8dbb66263c73f351d73a71ee6a87b0379a0f
[INFO] running `Command { std: "docker" "create" "-v" "/var/lib/crater-agent-workspace/builds/worker-3-tc2/target:/opt/rustwide/target:rw,Z" "-v" "/var/lib/crater-agent-workspace/builds/worker-3-tc2/source:/opt/rustwide/workdir:ro,Z" "-v" "/var/lib/crater-agent-workspace/cargo-home:/opt/rustwide/cargo-home:ro,Z" "-v" "/var/lib/crater-agent-workspace/rustup-home:/opt/rustwide/rustup-home:ro,Z" "-e" "SOURCE_DIR=/opt/rustwide/workdir" "-e" "CARGO_TARGET_DIR=/opt/rustwide/target" "-e" "CARGO_INCREMENTAL=0" "-e" "RUST_BACKTRACE=full" "-e" "RUSTFLAGS=--cap-lints=warn" "-e" "RUSTDOCFLAGS=--cap-lints=warn" "-e" "CARGO_HOME=/opt/rustwide/cargo-home" "-e" "RUSTUP_HOME=/opt/rustwide/rustup-home" "-w" "/opt/rustwide/workdir" "-m" "1610612736" "--user" "0:0" "--network" "none" "ghcr.io/rust-lang/crates-build-env/linux@sha256:2788e3201cd34a07e3172128adcd8b3090168a8e3bcc40d7c032b9dda1df7d1c" "/opt/rustwide/cargo-home/bin/cargo" "+beta-2023-12-22" "build" "--frozen" "--message-format=json", kill_on_drop: false }`
[INFO] [stdout] b153b8356bed4b2190e03fcc963510c231963b4b78adbf5c44334f2389aea485
[INFO] running `Command { std: "docker" "start" "-a" "b153b8356bed4b2190e03fcc963510c231963b4b78adbf5c44334f2389aea485", kill_on_drop: false }`
[INFO] [stderr]    Compiling yansi v0.5.1
[INFO] [stderr]    Compiling charon_ariadne v0.1.0 (/opt/rustwide/workdir)
[INFO] [stderr]     Finished dev [unoptimized + debuginfo] target(s) in 0.73s
[INFO] running `Command { std: "docker" "inspect" "b153b8356bed4b2190e03fcc963510c231963b4b78adbf5c44334f2389aea485", kill_on_drop: false }`
[INFO] running `Command { std: "docker" "rm" "-f" "b153b8356bed4b2190e03fcc963510c231963b4b78adbf5c44334f2389aea485", kill_on_drop: false }`
[INFO] [stdout] b153b8356bed4b2190e03fcc963510c231963b4b78adbf5c44334f2389aea485
[INFO] running `Command { std: "docker" "create" "-v" "/var/lib/crater-agent-workspace/builds/worker-3-tc2/target:/opt/rustwide/target:rw,Z" "-v" "/var/lib/crater-agent-workspace/builds/worker-3-tc2/source:/opt/rustwide/workdir:ro,Z" "-v" "/var/lib/crater-agent-workspace/cargo-home:/opt/rustwide/cargo-home:ro,Z" "-v" "/var/lib/crater-agent-workspace/rustup-home:/opt/rustwide/rustup-home:ro,Z" "-e" "SOURCE_DIR=/opt/rustwide/workdir" "-e" "CARGO_TARGET_DIR=/opt/rustwide/target" "-e" "CARGO_INCREMENTAL=0" "-e" "RUST_BACKTRACE=full" "-e" "RUSTFLAGS=--cap-lints=warn" "-e" "RUSTDOCFLAGS=--cap-lints=warn" "-e" "CARGO_HOME=/opt/rustwide/cargo-home" "-e" "RUSTUP_HOME=/opt/rustwide/rustup-home" "-w" "/opt/rustwide/workdir" "-m" "1610612736" "--user" "0:0" "--network" "none" "ghcr.io/rust-lang/crates-build-env/linux@sha256:2788e3201cd34a07e3172128adcd8b3090168a8e3bcc40d7c032b9dda1df7d1c" "/opt/rustwide/cargo-home/bin/cargo" "+beta-2023-12-22" "test" "--frozen" "--no-run" "--message-format=json", kill_on_drop: false }`
[INFO] [stdout] 23e78e3281c7c1cb5ba4461718f39365f839509e873f2b93b10b23f308219a5f
[INFO] running `Command { std: "docker" "start" "-a" "23e78e3281c7c1cb5ba4461718f39365f839509e873f2b93b10b23f308219a5f", kill_on_drop: false }`
[INFO] [stderr]    Compiling charon_ariadne v0.1.0 (/opt/rustwide/workdir)
[INFO] [stdout] error[E0432]: unresolved import `ariadne`
[INFO] [stdout]  --> examples/multiline.rs:1:5
[INFO] [stdout]   |
[INFO] [stdout] 1 | use ariadne::{Color, ColorGenerator, Fmt, Label, Report, ReportKind, Source};
[INFO] [stdout]   |     ^^^^^^^ use of undeclared crate or module `ariadne`
[INFO] [stdout] 
[INFO] [stdout] 
[INFO] [stdout] error[E0432]: unresolved import `ariadne`
[INFO] [stdout]  --> examples/simple.rs:1:5
[INFO] [stdout]   |
[INFO] [stdout] 1 | use ariadne::{Label, Report, ReportKind, Source};
[INFO] [stdout]   |     ^^^^^^^ use of undeclared crate or module `ariadne`
[INFO] [stdout] 
[INFO] [stdout] 
[INFO] [stdout] error: aborting due to 1 previous error
[INFO] [stdout] 
[INFO] [stdout] 
[INFO] [stdout] For more information about this error, try `rustc --explain E0432`.
[INFO] [stdout] 
[INFO] [stderr] error: could not compile `charon_ariadne` (example "simple") due to 2 previous errors
[INFO] [stderr] warning: build failed, waiting for other jobs to finish...
[INFO] [stdout] error[E0432]: unresolved import `ariadne`
[INFO] [stdout]  --> examples/multifile.rs:1:5
[INFO] [stdout]   |
[INFO] [stdout] 1 | use ariadne::{sources, ColorGenerator, Fmt, Label, Report, ReportKind};
[INFO] [stdout]   |     ^^^^^^^ use of undeclared crate or module `ariadne`
[INFO] [stdout] 
[INFO] [stdout] 
[INFO] [stdout] error[E0599]: no method named `fg` found for reference `&'static str` in the current scope
[INFO] [stdout]   --> examples/multifile.rs:16:67
[INFO] [stdout]    |
[INFO] [stdout] 16 |                 .with_message(format!("This is of type {}", "Nat".fg(a)))
[INFO] [stdout]    |                                                                   ^^ method not found in `&str`
[INFO] [stdout]    |
[INFO] [stdout]    = help: items from traits can only be used if the trait is in scope
[INFO] [stdout] help: the following trait is implemented but not in scope; perhaps add a `use` for it:
[INFO] [stdout]    |
[INFO] [stdout] 1  + use charon_ariadne::Fmt;
[INFO] [stdout]    |
[INFO] [stdout] 
[INFO] [stdout] 
[INFO] [stdout] error[E0599]: no method named `fg` found for reference `&'static str` in the current scope
[INFO] [stdout]   --> examples/multiline.rs:17:67
[INFO] [stdout]    |
[INFO] [stdout] 17 |                 .with_message(format!("This is of type {}", "Nat".fg(a)))
[INFO] [stdout]    |                                                                   ^^ method not found in `&str`
[INFO] [stdout]    |
[INFO] [stdout]    = help: items from traits can only be used if the trait is in scope
[INFO] [stdout] help: the following trait is implemented but not in scope; perhaps add a `use` for it:
[INFO] [stdout]    |
[INFO] [stdout] 1  + use charon_ariadne::Fmt;
[INFO] [stdout]    |
[INFO] [stdout] 
[INFO] [stdout] 
[INFO] [stdout] error[E0599]: no method named `fg` found for reference `&'static str` in the current scope
[INFO] [stdout]   --> examples/multiline.rs:22:67
[INFO] [stdout]    |
[INFO] [stdout] 22 |                 .with_message(format!("This is of type {}", "Str".fg(b)))
[INFO] [stdout]    |                                                                   ^^ method not found in `&str`
[INFO] [stdout]    |
[INFO] [stdout]    = help: items from traits can only be used if the trait is in scope
[INFO] [stdout] help: the following trait is implemented but not in scope; perhaps add a `use` for it:
[INFO] [stdout]    |
[INFO] [stdout] 1  + use charon_ariadne::Fmt;
[INFO] [stdout]    |
[INFO] [stdout] 
[INFO] [stdout] 
[INFO] [stdout] error[E0599]: no method named `fg` found for reference `&'static str` in the current scope
[INFO] [stdout]   --> examples/multiline.rs:29:29
[INFO] [stdout]    |
[INFO] [stdout] 29 |                     "match".fg(out),
[INFO] [stdout]    |                             ^^ method not found in `&str`
[INFO] [stdout]    |
[INFO] [stdout]    = help: items from traits can only be used if the trait is in scope
[INFO] [stdout] help: the following trait is implemented but not in scope; perhaps add a `use` for it:
[INFO] [stdout]    |
[INFO] [stdout] 1  + use charon_ariadne::Fmt;
[INFO] [stdout]    |
[INFO] [stdout] 
[INFO] [stdout] 
[INFO] [stdout] error[E0599]: no method named `fg` found for reference `&'static str` in the current scope
[INFO] [stdout]   --> examples/multiline.rs:35:76
[INFO] [stdout]    |
[INFO] [stdout] 35 |                 .with_message(format!("The {} has a problem", "definition".fg(out2),))
[INFO] [stdout]    |                                                                            ^^ method not found in `&str`
[INFO] [stdout]    |
[INFO] [stdout]    = help: items from traits can only be used if the trait is in scope
[INFO] [stdout] help: the following trait is implemented but not in scope; perhaps add a `use` for it:
[INFO] [stdout]    |
[INFO] [stdout] 1  + use charon_ariadne::Fmt;
[INFO] [stdout]    |
[INFO] [stdout] 
[INFO] [stdout] 
[INFO] [stdout] error[E0432]: unresolved import `ariadne`
[INFO] [stdout]  --> examples/stresstest.rs:1:5
[INFO] [stdout]   |
[INFO] [stdout] 1 | use ariadne::{Color, ColorGenerator, Config, Label, Report, ReportKind, Source};
[INFO] [stdout]   |     ^^^^^^^ use of undeclared crate or module `ariadne`
[INFO] [stdout] 
[INFO] [stdout] 
[INFO] [stdout] error[E0599]: no method named `fg` found for reference `&'static str` in the current scope
[INFO] [stdout]   --> examples/multiline.rs:40:72
[INFO] [stdout]    |
[INFO] [stdout] 40 |                 .with_message(format!("Usage of {} here", "definition".fg(out2),))
[INFO] [stdout]    |                                                                        ^^ method not found in `&str`
[INFO] [stdout]    |
[INFO] [stdout]    = help: items from traits can only be used if the trait is in scope
[INFO] [stdout] help: the following trait is implemented but not in scope; perhaps add a `use` for it:
[INFO] [stdout]    |
[INFO] [stdout] 1  + use charon_ariadne::Fmt;
[INFO] [stdout]    |
[INFO] [stdout] 
[INFO] [stdout] 
[INFO] [stdout] error[E0599]: no method named `fg` found for reference `&'static str` in the current scope
[INFO] [stdout]   --> examples/multiline.rs:45:21
[INFO] [stdout]    |
[INFO] [stdout] 45 |             "match".fg(out)
[INFO] [stdout]    |                     ^^ method not found in `&str`
[INFO] [stdout]    |
[INFO] [stdout]    = help: items from traits can only be used if the trait is in scope
[INFO] [stdout] help: the following trait is implemented but not in scope; perhaps add a `use` for it:
[INFO] [stdout]    |
[INFO] [stdout] 1  + use charon_ariadne::Fmt;
[INFO] [stdout]    |
[INFO] [stdout] 
[INFO] [stdout] 
[INFO] [stdout] error: aborting due to 7 previous errors
[INFO] [stdout] 
[INFO] [stdout] 
[INFO] [stdout] Some errors have detailed explanations: E0432, E0599.
[INFO] [stdout] 
[INFO] [stdout] For more information about an error, try `rustc --explain E0432`.
[INFO] [stdout] 
[INFO] [stderr] error: could not compile `charon_ariadne` (example "multiline") due to 8 previous errors
[INFO] [stdout] error[E0599]: no method named `fg` found for reference `&'static str` in the current scope
[INFO] [stdout]   --> examples/multifile.rs:21:67
[INFO] [stdout]    |
[INFO] [stdout] 21 |                 .with_message(format!("This is of type {}", "Str".fg(b)))
[INFO] [stdout]    |                                                                   ^^ method not found in `&str`
[INFO] [stdout]    |
[INFO] [stdout]    = help: items from traits can only be used if the trait is in scope
[INFO] [stdout] help: the following trait is implemented but not in scope; perhaps add a `use` for it:
[INFO] [stdout]    |
[INFO] [stdout] 1  + use charon_ariadne::Fmt;
[INFO] [stdout]    |
[INFO] [stdout] 
[INFO] [stdout] 
[INFO] [stdout] error[E0599]: no method named `fg` found for reference `&'static str` in the current scope
[INFO] [stdout]   --> examples/multifile.rs:28:27
[INFO] [stdout]    |
[INFO] [stdout] 28 |                     "Nat".fg(a),
[INFO] [stdout]    |                           ^^ method not found in `&str`
[INFO] [stdout]    |
[INFO] [stdout]    = help: items from traits can only be used if the trait is in scope
[INFO] [stdout] help: the following trait is implemented but not in scope; perhaps add a `use` for it:
[INFO] [stdout]    |
[INFO] [stdout] 1  + use charon_ariadne::Fmt;
[INFO] [stdout]    |
[INFO] [stdout] 
[INFO] [stdout] 
[INFO] [stdout] error[E0599]: no method named `fg` found for reference `&'static str` in the current scope
[INFO] [stdout]   --> examples/multifile.rs:29:27
[INFO] [stdout]    |
[INFO] [stdout] 29 |                     "Str".fg(b)
[INFO] [stdout]    |                           ^^ method not found in `&str`
[INFO] [stdout]    |
[INFO] [stdout]    = help: items from traits can only be used if the trait is in scope
[INFO] [stdout] help: the following trait is implemented but not in scope; perhaps add a `use` for it:
[INFO] [stdout]    |
[INFO] [stdout] 1  + use charon_ariadne::Fmt;
[INFO] [stdout]    |
[INFO] [stdout] 
[INFO] [stdout] 
[INFO] [stdout] error[E0599]: no method named `fg` found for reference `&'static str` in the current scope
[INFO] [stdout]   --> examples/multifile.rs:36:83
[INFO] [stdout]    |
[INFO] [stdout] 36 |                 .with_message(format!("Original definition of {} is here", "five".fg(a)))
[INFO] [stdout]    |                                                                                   ^^ method not found in `&str`
[INFO] [stdout]    |
[INFO] [stdout]    = help: items from traits can only be used if the trait is in scope
[INFO] [stdout] help: the following trait is implemented but not in scope; perhaps add a `use` for it:
[INFO] [stdout]    |
[INFO] [stdout] 1  + use charon_ariadne::Fmt;
[INFO] [stdout]    |
[INFO] [stdout] 
[INFO] [stdout] 
[INFO] [stdout] error[E0599]: no method named `fg` found for reference `&'static str` in the current scope
[INFO] [stdout]   --> examples/multifile.rs:41:19
[INFO] [stdout]    |
[INFO] [stdout] 41 |             "Nat".fg(a)
[INFO] [stdout]    |                   ^^ method not found in `&str`
[INFO] [stdout]    |
[INFO] [stdout]    = help: items from traits can only be used if the trait is in scope
[INFO] [stdout] help: the following trait is implemented but not in scope; perhaps add a `use` for it:
[INFO] [stdout]    |
[INFO] [stdout] 1  + use charon_ariadne::Fmt;
[INFO] [stdout]    |
[INFO] [stdout] 
[INFO] [stdout] 
[INFO] [stdout] error: aborting due to 7 previous errors
[INFO] [stdout] 
[INFO] [stdout] 
[INFO] [stdout] Some errors have detailed explanations: E0432, E0599.
[INFO] [stdout] 
[INFO] [stdout] For more information about an error, try `rustc --explain E0432`.
[INFO] [stdout] 
[INFO] [stderr] error: could not compile `charon_ariadne` (example "multifile") due to 8 previous errors
[INFO] [stdout] error: aborting due to 1 previous error
[INFO] [stdout] 
[INFO] [stdout] 
[INFO] [stdout] For more information about this error, try `rustc --explain E0432`.
[INFO] [stdout] 
[INFO] [stderr] error: could not compile `charon_ariadne` (example "stresstest") due to 2 previous errors
[INFO] running `Command { std: "docker" "inspect" "23e78e3281c7c1cb5ba4461718f39365f839509e873f2b93b10b23f308219a5f", kill_on_drop: false }`
[INFO] running `Command { std: "docker" "rm" "-f" "23e78e3281c7c1cb5ba4461718f39365f839509e873f2b93b10b23f308219a5f", kill_on_drop: false }`
[INFO] [stdout] 23e78e3281c7c1cb5ba4461718f39365f839509e873f2b93b10b23f308219a5f
