[INFO] fetching crate ch58x-hal 0.0.1...
[INFO] testing ch58x-hal-0.0.1 against 1.75.0 for beta-1.76-1
[INFO] extracting crate ch58x-hal 0.0.1 into /workspace/builds/worker-0-tc1/source
[INFO] validating manifest of crates.io crate ch58x-hal 0.0.1 on toolchain 1.75.0
[INFO] running `Command { std: CARGO_HOME="/workspace/cargo-home" RUSTUP_HOME="/workspace/rustup-home" "/workspace/cargo-home/bin/cargo" "+1.75.0" "metadata" "--manifest-path" "Cargo.toml" "--no-deps", kill_on_drop: false }`
[INFO] removed /workspace/builds/worker-0-tc1/source/.cargo/config.toml
[INFO] started tweaking crates.io crate ch58x-hal 0.0.1
[INFO] removed 0 missing examples
[INFO] finished tweaking crates.io crate ch58x-hal 0.0.1
[INFO] tweaked toml for crates.io crate ch58x-hal 0.0.1 written to /workspace/builds/worker-0-tc1/source/Cargo.toml
[INFO] crate crates.io crate ch58x-hal 0.0.1 already has a lockfile, it will not be regenerated
[INFO] running `Command { std: CARGO_HOME="/workspace/cargo-home" RUSTUP_HOME="/workspace/rustup-home" "/workspace/cargo-home/bin/cargo" "+1.75.0" "fetch" "--manifest-path" "Cargo.toml", kill_on_drop: false }`
[INFO] [stderr]     Updating crates.io index
[INFO] [stderr]  Downloading crates ...
[INFO] [stderr]   Downloaded byte-slice-cast v0.3.5
[INFO] [stderr]   Downloaded heapless v0.7.16
[INFO] [stderr]   Downloaded ch32v-rt-macros v0.0.1
[INFO] [stderr]   Downloaded embedded-io v0.5.0
[INFO] [stderr]   Downloaded fugit v0.3.7
[INFO] [stderr]   Downloaded display-interface-spi v0.4.1
[INFO] [stderr]   Downloaded embassy-macros v0.2.1
[INFO] [stderr]   Downloaded embassy-sync v0.3.0
[INFO] [stderr]   Downloaded embedded-io-async v0.5.0
[INFO] [stderr]   Downloaded display-interface-i2c v0.4.0
[INFO] [stderr]   Downloaded embedded-hal-nb v1.0.0-rc.1
[INFO] [stderr]   Downloaded embedded-hal v1.0.0-rc.1
[INFO] [stderr]   Downloaded ch32v-rt v0.0.2
[INFO] [stderr]   Downloaded ch58x v0.2.0
[INFO] [stderr]   Downloaded embedded-hal-async v1.0.0-rc.1
[INFO] [stderr]   Downloaded panic-halt v0.2.0
[INFO] [stderr]   Downloaded embassy-executor v0.3.0
[INFO] [stderr]   Downloaded embedded-graphics v0.8.1
[INFO] [stderr]   Downloaded gcd v2.3.0
[INFO] [stderr]   Downloaded linked_list_allocator v0.10.5
[INFO] [stderr]   Downloaded embedded-graphics-core v0.4.0
[INFO] [stderr]   Downloaded static_cell v1.2.0
[INFO] [stderr]   Downloaded embassy-time v0.1.5
[INFO] [stderr]   Downloaded atomic-polyfill v0.1.11
[INFO] [stderr]   Downloaded display-interface v0.4.1
[INFO] [stderr]   Downloaded micromath v2.0.0
[INFO] [stderr]   Downloaded embedded-alloc v0.5.0
[INFO] [stderr]   Downloaded qingke v0.1.2
[INFO] [stderr]   Downloaded ssd1306 v0.8.3
[INFO] running `Command { std: "docker" "create" "-v" "/var/lib/crater-agent-workspace/builds/worker-0-tc1/target:/opt/rustwide/target:rw,Z" "-v" "/var/lib/crater-agent-workspace/builds/worker-0-tc1/source:/opt/rustwide/workdir:ro,Z" "-v" "/var/lib/crater-agent-workspace/cargo-home:/opt/rustwide/cargo-home:ro,Z" "-v" "/var/lib/crater-agent-workspace/rustup-home:/opt/rustwide/rustup-home:ro,Z" "-e" "SOURCE_DIR=/opt/rustwide/workdir" "-e" "CARGO_TARGET_DIR=/opt/rustwide/target" "-e" "CARGO_HOME=/opt/rustwide/cargo-home" "-e" "RUSTUP_HOME=/opt/rustwide/rustup-home" "-w" "/opt/rustwide/workdir" "-m" "1610612736" "--user" "0:0" "--network" "none" "ghcr.io/rust-lang/crates-build-env/linux@sha256:2788e3201cd34a07e3172128adcd8b3090168a8e3bcc40d7c032b9dda1df7d1c" "/opt/rustwide/cargo-home/bin/cargo" "+1.75.0" "metadata" "--no-deps" "--format-version=1", kill_on_drop: false }`
[INFO] [stdout] ad6685eee01e4546ae12ae89d5173caa76bd7427e2d7ac9ed3778e0333b203d7
[INFO] running `Command { std: "docker" "start" "-a" "ad6685eee01e4546ae12ae89d5173caa76bd7427e2d7ac9ed3778e0333b203d7", kill_on_drop: false }`
[INFO] running `Command { std: "docker" "inspect" "ad6685eee01e4546ae12ae89d5173caa76bd7427e2d7ac9ed3778e0333b203d7", kill_on_drop: false }`
[INFO] running `Command { std: "docker" "rm" "-f" "ad6685eee01e4546ae12ae89d5173caa76bd7427e2d7ac9ed3778e0333b203d7", kill_on_drop: false }`
[INFO] [stdout] ad6685eee01e4546ae12ae89d5173caa76bd7427e2d7ac9ed3778e0333b203d7
[INFO] running `Command { std: "docker" "create" "-v" "/var/lib/crater-agent-workspace/builds/worker-0-tc1/target:/opt/rustwide/target:rw,Z" "-v" "/var/lib/crater-agent-workspace/builds/worker-0-tc1/source:/opt/rustwide/workdir:ro,Z" "-v" "/var/lib/crater-agent-workspace/cargo-home:/opt/rustwide/cargo-home:ro,Z" "-v" "/var/lib/crater-agent-workspace/rustup-home:/opt/rustwide/rustup-home:ro,Z" "-e" "SOURCE_DIR=/opt/rustwide/workdir" "-e" "CARGO_TARGET_DIR=/opt/rustwide/target" "-e" "CARGO_INCREMENTAL=0" "-e" "RUST_BACKTRACE=full" "-e" "RUSTFLAGS=--cap-lints=warn" "-e" "RUSTDOCFLAGS=--cap-lints=warn" "-e" "CARGO_HOME=/opt/rustwide/cargo-home" "-e" "RUSTUP_HOME=/opt/rustwide/rustup-home" "-w" "/opt/rustwide/workdir" "-m" "1610612736" "--user" "0:0" "--network" "none" "ghcr.io/rust-lang/crates-build-env/linux@sha256:2788e3201cd34a07e3172128adcd8b3090168a8e3bcc40d7c032b9dda1df7d1c" "/opt/rustwide/cargo-home/bin/cargo" "+1.75.0" "build" "--frozen" "--message-format=json", kill_on_drop: false }`
[INFO] [stdout] 29f44882564f31ac76e8e2153f958a1291b6fc5e52258ad61b9fed1540db168a
[INFO] running `Command { std: "docker" "start" "-a" "29f44882564f31ac76e8e2153f958a1291b6fc5e52258ad61b9fed1540db168a", kill_on_drop: false }`
[INFO] [stderr]    Compiling semver v1.0.20
[INFO] [stderr]    Compiling futures-core v0.3.28
[INFO] [stderr]    Compiling futures-task v0.3.28
[INFO] [stderr]    Compiling critical-section v1.1.2
[INFO] [stderr]    Compiling futures-util v0.3.28
[INFO] [stderr]    Compiling nb v0.1.3
[INFO] [stderr]    Compiling byteorder v1.5.0
[INFO] [stderr]    Compiling embassy-sync v0.3.0
[INFO] [stderr]    Compiling ch58x v0.2.0
[INFO] [stderr]    Compiling embedded-io v0.5.0
[INFO] [stderr]    Compiling stable_deref_trait v1.2.0
[INFO] [stderr]    Compiling embedded-hal v1.0.0-rc.1
[INFO] [stderr]    Compiling syn v1.0.109
[INFO] [stderr]    Compiling proc-macro-error-attr v1.0.4
[INFO] [stderr]    Compiling spin v0.9.8
[INFO] [stderr]    Compiling gcd v2.3.0
[INFO] [stderr]    Compiling embedded-hal v0.2.7
[INFO] [stderr]    Compiling bitflags v2.4.0
[INFO] [stderr]    Compiling ch58x-hal v0.0.1 (/opt/rustwide/workdir)
[INFO] [stderr]    Compiling embedded-io-async v0.5.0
[INFO] [stderr]    Compiling fugit v0.3.7
[INFO] [stdout] error[E0554]: `#![feature]` may not be used on the stable release channel
[INFO] [stdout]  --> /opt/rustwide/cargo-home/registry/src/index.crates.io-6f17d22bba15001f/embedded-io-async-0.5.0/src/lib.rs:1:1
[INFO] [stdout]   |
[INFO] [stdout] 1 | #![feature(async_fn_in_trait, impl_trait_projections)]
[INFO] [stdout]   | ^^^^^^^^^^^^^^^^^^^^^^^^^^^^^^^^^^^^^^^^^^^^^^^^^^^^^^ help: remove the attribute
[INFO] [stdout]   |
[INFO] [stdout]   = help: the feature `impl_trait_projections` has been stable since `1.74.0` and no longer requires an attribute to enable
[INFO] [stdout]   = help: the feature `impl_trait_projections` has been stable since `1.74.0` and no longer requires an attribute to enable
[INFO] [stdout] 
[INFO] [stdout] 
[INFO] [stderr]    Compiling embedded-hal-async v1.0.0-rc.1
[INFO] [stdout] error: aborting due to previous error
[INFO] [stdout] 
[INFO] [stdout] 
[INFO] [stdout] For more information about this error, try `rustc --explain E0554`.
[INFO] [stdout] 
[INFO] [stderr]    Compiling hash32 v0.2.1
[INFO] [stderr] error: could not compile `embedded-io-async` (lib) due to 2 previous errors
[INFO] [stderr] warning: build failed, waiting for other jobs to finish...
[INFO] [stdout] error[E0554]: `#![feature]` may not be used on the stable release channel
[INFO] [stdout]  --> /opt/rustwide/cargo-home/registry/src/index.crates.io-6f17d22bba15001f/embedded-hal-async-1.0.0-rc.1/src/lib.rs:4:1
[INFO] [stdout]   |
[INFO] [stdout] 4 | #![feature(async_fn_in_trait, impl_trait_projections)]
[INFO] [stdout]   | ^^^^^^^^^^^^^^^^^^^^^^^^^^^^^^^^^^^^^^^^^^^^^^^^^^^^^^ help: remove the attribute
[INFO] [stdout]   |
[INFO] [stdout]   = help: the feature `impl_trait_projections` has been stable since `1.74.0` and no longer requires an attribute to enable
[INFO] [stdout]   = help: the feature `impl_trait_projections` has been stable since `1.74.0` and no longer requires an attribute to enable
[INFO] [stdout] 
[INFO] [stdout] 
[INFO] [stdout] error: aborting due to previous error
[INFO] [stdout] 
[INFO] [stdout] 
[INFO] [stdout] For more information about this error, try `rustc --explain E0554`.
[INFO] [stdout] 
[INFO] [stderr] error: could not compile `embedded-hal-async` (lib) due to 2 previous errors
[INFO] running `Command { std: "docker" "inspect" "29f44882564f31ac76e8e2153f958a1291b6fc5e52258ad61b9fed1540db168a", kill_on_drop: false }`
[INFO] running `Command { std: "docker" "rm" "-f" "29f44882564f31ac76e8e2153f958a1291b6fc5e52258ad61b9fed1540db168a", kill_on_drop: false }`
[INFO] [stdout] 29f44882564f31ac76e8e2153f958a1291b6fc5e52258ad61b9fed1540db168a
[INFO] testing ch58x-hal-0.0.1 against beta-2023-12-22 for beta-1.76-1
[INFO] extracting crate ch58x-hal 0.0.1 into /workspace/builds/worker-0-tc2/source
[INFO] validating manifest of crates.io crate ch58x-hal 0.0.1 on toolchain beta-2023-12-22
[INFO] running `Command { std: CARGO_HOME="/workspace/cargo-home" RUSTUP_HOME="/workspace/rustup-home" "/workspace/cargo-home/bin/cargo" "+beta-2023-12-22" "metadata" "--manifest-path" "Cargo.toml" "--no-deps", kill_on_drop: false }`
[INFO] removed /workspace/builds/worker-0-tc2/source/.cargo/config.toml
[INFO] started tweaking crates.io crate ch58x-hal 0.0.1
[INFO] removed 0 missing examples
[INFO] finished tweaking crates.io crate ch58x-hal 0.0.1
[INFO] tweaked toml for crates.io crate ch58x-hal 0.0.1 written to /workspace/builds/worker-0-tc2/source/Cargo.toml
[INFO] crate crates.io crate ch58x-hal 0.0.1 already has a lockfile, it will not be regenerated
[INFO] running `Command { std: CARGO_HOME="/workspace/cargo-home" RUSTUP_HOME="/workspace/rustup-home" "/workspace/cargo-home/bin/cargo" "+beta-2023-12-22" "fetch" "--manifest-path" "Cargo.toml", kill_on_drop: false }`
[INFO] running `Command { std: "docker" "create" "-v" "/var/lib/crater-agent-workspace/builds/worker-0-tc2/target:/opt/rustwide/target:rw,Z" "-v" "/var/lib/crater-agent-workspace/builds/worker-0-tc2/source:/opt/rustwide/workdir:ro,Z" "-v" "/var/lib/crater-agent-workspace/cargo-home:/opt/rustwide/cargo-home:ro,Z" "-v" "/var/lib/crater-agent-workspace/rustup-home:/opt/rustwide/rustup-home:ro,Z" "-e" "SOURCE_DIR=/opt/rustwide/workdir" "-e" "CARGO_TARGET_DIR=/opt/rustwide/target" "-e" "CARGO_HOME=/opt/rustwide/cargo-home" "-e" "RUSTUP_HOME=/opt/rustwide/rustup-home" "-w" "/opt/rustwide/workdir" "-m" "1610612736" "--user" "0:0" "--network" "none" "ghcr.io/rust-lang/crates-build-env/linux@sha256:2788e3201cd34a07e3172128adcd8b3090168a8e3bcc40d7c032b9dda1df7d1c" "/opt/rustwide/cargo-home/bin/cargo" "+beta-2023-12-22" "metadata" "--no-deps" "--format-version=1", kill_on_drop: false }`
[INFO] [stdout] 3e2e9ef4162b0a089cd876177695c6dde3368e8559c94353874c56382806991c
[INFO] running `Command { std: "docker" "start" "-a" "3e2e9ef4162b0a089cd876177695c6dde3368e8559c94353874c56382806991c", kill_on_drop: false }`
[INFO] running `Command { std: "docker" "inspect" "3e2e9ef4162b0a089cd876177695c6dde3368e8559c94353874c56382806991c", kill_on_drop: false }`
[INFO] running `Command { std: "docker" "rm" "-f" "3e2e9ef4162b0a089cd876177695c6dde3368e8559c94353874c56382806991c", kill_on_drop: false }`
[INFO] [stdout] 3e2e9ef4162b0a089cd876177695c6dde3368e8559c94353874c56382806991c
[INFO] running `Command { std: "docker" "create" "-v" "/var/lib/crater-agent-workspace/builds/worker-0-tc2/target:/opt/rustwide/target:rw,Z" "-v" "/var/lib/crater-agent-workspace/builds/worker-0-tc2/source:/opt/rustwide/workdir:ro,Z" "-v" "/var/lib/crater-agent-workspace/cargo-home:/opt/rustwide/cargo-home:ro,Z" "-v" "/var/lib/crater-agent-workspace/rustup-home:/opt/rustwide/rustup-home:ro,Z" "-e" "SOURCE_DIR=/opt/rustwide/workdir" "-e" "CARGO_TARGET_DIR=/opt/rustwide/target" "-e" "CARGO_INCREMENTAL=0" "-e" "RUST_BACKTRACE=full" "-e" "RUSTFLAGS=--cap-lints=warn" "-e" "RUSTDOCFLAGS=--cap-lints=warn" "-e" "CARGO_HOME=/opt/rustwide/cargo-home" "-e" "RUSTUP_HOME=/opt/rustwide/rustup-home" "-w" "/opt/rustwide/workdir" "-m" "1610612736" "--user" "0:0" "--network" "none" "ghcr.io/rust-lang/crates-build-env/linux@sha256:2788e3201cd34a07e3172128adcd8b3090168a8e3bcc40d7c032b9dda1df7d1c" "/opt/rustwide/cargo-home/bin/cargo" "+beta-2023-12-22" "build" "--frozen" "--message-format=json", kill_on_drop: false }`
[INFO] [stdout] cde28cb4e725c25fc86d16c689130bddd698a5b53f1b1b357364bd2a7bb28ab2
[INFO] running `Command { std: "docker" "start" "-a" "cde28cb4e725c25fc86d16c689130bddd698a5b53f1b1b357364bd2a7bb28ab2", kill_on_drop: false }`
[INFO] [stderr]    Compiling semver v1.0.20
[INFO] [stderr]    Compiling futures-task v0.3.28
[INFO] [stderr]    Compiling futures-core v0.3.28
[INFO] [stderr]    Compiling nb v0.1.3
[INFO] [stderr]    Compiling futures-util v0.3.28
[INFO] [stderr]    Compiling byteorder v1.5.0
[INFO] [stderr]    Compiling critical-section v1.1.2
[INFO] [stderr]    Compiling embedded-io v0.5.0
[INFO] [stderr]    Compiling embedded-hal v1.0.0-rc.1
[INFO] [stderr]    Compiling ch58x v0.2.0
[INFO] [stderr]    Compiling embassy-sync v0.3.0
[INFO] [stderr]    Compiling stable_deref_trait v1.2.0
[INFO] [stderr]    Compiling gcd v2.3.0
[INFO] [stderr]    Compiling syn v1.0.109
[INFO] [stderr]    Compiling proc-macro-error-attr v1.0.4
[INFO] [stderr]    Compiling spin v0.9.8
[INFO] [stderr]    Compiling embedded-hal v0.2.7
[INFO] [stderr]    Compiling ch58x-hal v0.0.1 (/opt/rustwide/workdir)
[INFO] [stderr]    Compiling bitflags v2.4.0
[INFO] [stderr]    Compiling embedded-io-async v0.5.0
[INFO] [stderr]    Compiling embedded-hal-nb v1.0.0-rc.1
[INFO] [stdout] error[E0554]: `#![feature]` may not be used on the beta release channel
[INFO] [stdout]  --> /opt/rustwide/cargo-home/registry/src/index.crates.io-6f17d22bba15001f/embedded-io-async-0.5.0/src/lib.rs:1:1
[INFO] [stdout]   |
[INFO] [stdout] 1 | #![feature(async_fn_in_trait, impl_trait_projections)]
[INFO] [stdout]   | ^^^^^^^^^^^^^^^^^^^^^^^^^^^^^^^^^^^^^^^^^^^^^^^^^^^^^^ help: remove the attribute
[INFO] [stdout]   |
[INFO] [stdout]   = help: the feature `impl_trait_projections` has been stable since `1.74.0` and no longer requires an attribute to enable
[INFO] [stdout]   = help: the feature `impl_trait_projections` has been stable since `1.74.0` and no longer requires an attribute to enable
[INFO] [stdout] 
[INFO] [stdout] 
[INFO] [stderr]    Compiling hash32 v0.2.1
[INFO] [stderr]    Compiling embedded-hal-async v1.0.0-rc.1
[INFO] [stderr]    Compiling riscv v0.10.1
[INFO] [stdout] error: aborting due to 1 previous error
[INFO] [stdout] 
[INFO] [stdout] 
[INFO] [stdout] For more information about this error, try `rustc --explain E0554`.
[INFO] [stdout] 
[INFO] [stderr]    Compiling qingke v0.1.2
[INFO] [stderr] error: could not compile `embedded-io-async` (lib) due to 2 previous errors
[INFO] [stderr] warning: build failed, waiting for other jobs to finish...
[INFO] [stdout] error[E0554]: `#![feature]` may not be used on the beta release channel
[INFO] [stdout]  --> /opt/rustwide/cargo-home/registry/src/index.crates.io-6f17d22bba15001f/embedded-hal-async-1.0.0-rc.1/src/lib.rs:4:1
[INFO] [stdout]   |
[INFO] [stdout] 4 | #![feature(async_fn_in_trait, impl_trait_projections)]
[INFO] [stdout]   | ^^^^^^^^^^^^^^^^^^^^^^^^^^^^^^^^^^^^^^^^^^^^^^^^^^^^^^ help: remove the attribute
[INFO] [stdout]   |
[INFO] [stdout]   = help: the feature `impl_trait_projections` has been stable since `1.74.0` and no longer requires an attribute to enable
[INFO] [stdout]   = help: the feature `impl_trait_projections` has been stable since `1.74.0` and no longer requires an attribute to enable
[INFO] [stdout] 
[INFO] [stdout] 
[INFO] [stdout] error: aborting due to 1 previous error
[INFO] [stdout] 
[INFO] [stdout] 
[INFO] [stdout] For more information about this error, try `rustc --explain E0554`.
[INFO] [stdout] 
[INFO] [stderr] error: could not compile `embedded-hal-async` (lib) due to 2 previous errors
[INFO] running `Command { std: "docker" "inspect" "cde28cb4e725c25fc86d16c689130bddd698a5b53f1b1b357364bd2a7bb28ab2", kill_on_drop: false }`
[INFO] running `Command { std: "docker" "rm" "-f" "cde28cb4e725c25fc86d16c689130bddd698a5b53f1b1b357364bd2a7bb28ab2", kill_on_drop: false }`
[INFO] [stdout] cde28cb4e725c25fc86d16c689130bddd698a5b53f1b1b357364bd2a7bb28ab2
