[INFO] fetching crate cfun 0.1.19...
[INFO] testing cfun-0.1.19 against 1.75.0 for beta-1.76-1
[INFO] extracting crate cfun 0.1.19 into /workspace/builds/worker-2-tc1/source
[INFO] validating manifest of crates.io crate cfun 0.1.19 on toolchain 1.75.0
[INFO] running `Command { std: CARGO_HOME="/workspace/cargo-home" RUSTUP_HOME="/workspace/rustup-home" "/workspace/cargo-home/bin/cargo" "+1.75.0" "metadata" "--manifest-path" "Cargo.toml" "--no-deps", kill_on_drop: false }`
[INFO] started tweaking crates.io crate cfun 0.1.19
[INFO] finished tweaking crates.io crate cfun 0.1.19
[INFO] tweaked toml for crates.io crate cfun 0.1.19 written to /workspace/builds/worker-2-tc1/source/Cargo.toml
[INFO] running `Command { std: CARGO_HOME="/workspace/cargo-home" RUSTUP_HOME="/workspace/rustup-home" "/workspace/cargo-home/bin/cargo" "+1.75.0" "generate-lockfile" "--manifest-path" "Cargo.toml", kill_on_drop: false }`
[INFO] [stderr]     Updating crates.io index
[INFO] running `Command { std: CARGO_HOME="/workspace/cargo-home" RUSTUP_HOME="/workspace/rustup-home" "/workspace/cargo-home/bin/cargo" "+1.75.0" "fetch" "--manifest-path" "Cargo.toml", kill_on_drop: false }`
[INFO] [stderr]  Downloading crates ...
[INFO] [stderr]   Downloaded is_debug v1.0.1
[INFO] [stderr]   Downloaded log4rs v0.13.0
[INFO] [stderr]   Downloaded chardetng v0.1.17
[INFO] [stderr]   Downloaded simple-log v1.6.0
[INFO] running `Command { std: "docker" "create" "-v" "/var/lib/crater-agent-workspace/builds/worker-2-tc1/target:/opt/rustwide/target:rw,Z" "-v" "/var/lib/crater-agent-workspace/builds/worker-2-tc1/source:/opt/rustwide/workdir:ro,Z" "-v" "/var/lib/crater-agent-workspace/cargo-home:/opt/rustwide/cargo-home:ro,Z" "-v" "/var/lib/crater-agent-workspace/rustup-home:/opt/rustwide/rustup-home:ro,Z" "-e" "SOURCE_DIR=/opt/rustwide/workdir" "-e" "CARGO_TARGET_DIR=/opt/rustwide/target" "-e" "CARGO_HOME=/opt/rustwide/cargo-home" "-e" "RUSTUP_HOME=/opt/rustwide/rustup-home" "-w" "/opt/rustwide/workdir" "-m" "1610612736" "--user" "0:0" "--network" "none" "ghcr.io/rust-lang/crates-build-env/linux@sha256:2788e3201cd34a07e3172128adcd8b3090168a8e3bcc40d7c032b9dda1df7d1c" "/opt/rustwide/cargo-home/bin/cargo" "+1.75.0" "metadata" "--no-deps" "--format-version=1", kill_on_drop: false }`
[INFO] [stdout] e694c50146ead29510b06ad9c3a1e40fca28de1f59db4a623925e5f3a75c1397
[INFO] running `Command { std: "docker" "start" "-a" "e694c50146ead29510b06ad9c3a1e40fca28de1f59db4a623925e5f3a75c1397", kill_on_drop: false }`
[INFO] running `Command { std: "docker" "inspect" "e694c50146ead29510b06ad9c3a1e40fca28de1f59db4a623925e5f3a75c1397", kill_on_drop: false }`
[INFO] running `Command { std: "docker" "rm" "-f" "e694c50146ead29510b06ad9c3a1e40fca28de1f59db4a623925e5f3a75c1397", kill_on_drop: false }`
[INFO] [stdout] e694c50146ead29510b06ad9c3a1e40fca28de1f59db4a623925e5f3a75c1397
[INFO] running `Command { std: "docker" "create" "-v" "/var/lib/crater-agent-workspace/builds/worker-2-tc1/target:/opt/rustwide/target:rw,Z" "-v" "/var/lib/crater-agent-workspace/builds/worker-2-tc1/source:/opt/rustwide/workdir:ro,Z" "-v" "/var/lib/crater-agent-workspace/cargo-home:/opt/rustwide/cargo-home:ro,Z" "-v" "/var/lib/crater-agent-workspace/rustup-home:/opt/rustwide/rustup-home:ro,Z" "-e" "SOURCE_DIR=/opt/rustwide/workdir" "-e" "CARGO_TARGET_DIR=/opt/rustwide/target" "-e" "CARGO_INCREMENTAL=0" "-e" "RUST_BACKTRACE=full" "-e" "RUSTFLAGS=--cap-lints=warn" "-e" "RUSTDOCFLAGS=--cap-lints=warn" "-e" "CARGO_HOME=/opt/rustwide/cargo-home" "-e" "RUSTUP_HOME=/opt/rustwide/rustup-home" "-w" "/opt/rustwide/workdir" "-m" "1610612736" "--user" "0:0" "--network" "none" "ghcr.io/rust-lang/crates-build-env/linux@sha256:2788e3201cd34a07e3172128adcd8b3090168a8e3bcc40d7c032b9dda1df7d1c" "/opt/rustwide/cargo-home/bin/cargo" "+1.75.0" "build" "--frozen" "--message-format=json", kill_on_drop: false }`
[INFO] [stdout] 6dbdf92128e078fd847c8aa9967243af0fc9a376577d26317ca3899428f8b6d2
[INFO] running `Command { std: "docker" "start" "-a" "6dbdf92128e078fd847c8aa9967243af0fc9a376577d26317ca3899428f8b6d2", kill_on_drop: false }`
[INFO] [stderr]    Compiling num-traits v0.2.17
[INFO] [stderr]    Compiling indexmap v1.9.3
[INFO] [stderr]    Compiling parking_lot_core v0.8.6
[INFO] [stderr]    Compiling hashbrown v0.12.3
[INFO] [stderr]    Compiling instant v0.1.12
[INFO] [stderr]    Compiling linked-hash-map v0.5.6
[INFO] [stderr]    Compiling quick-error v1.2.3
[INFO] [stderr]    Compiling iana-time-zone v0.1.59
[INFO] [stderr]    Compiling flate2 v1.0.28
[INFO] [stderr]    Compiling thread-id v3.3.0
[INFO] [stderr]    Compiling arc-swap v0.4.8
[INFO] [stderr]    Compiling bzip2-sys v0.1.11+1.0.8
[INFO] [stderr]    Compiling option-ext v0.2.0
[INFO] [stderr]    Compiling log-mdc v0.1.0
[INFO] [stderr]    Compiling winapi v0.3.9
[INFO] [stderr]    Compiling log v0.4.20
[INFO] [stderr]    Compiling humantime v1.3.0
[INFO] [stderr]    Compiling dirs-sys v0.4.1
[INFO] [stderr]    Compiling is_debug v1.0.1
[INFO] [stderr]    Compiling memchr v2.7.1
[INFO] [stderr]    Compiling yaml-rust v0.4.5
[INFO] [stderr]    Compiling convert_case v0.5.0
[INFO] [stderr]    Compiling dirs v5.0.1
[INFO] [stderr]    Compiling md-5 v0.10.6
[INFO] [stderr]    Compiling parking_lot v0.11.2
[INFO] [stderr]    Compiling chardetng v0.1.17
[INFO] [stderr]    Compiling serde_yaml v0.8.26
[INFO] [stderr]    Compiling bzip2 v0.4.4
[INFO] [stderr]    Compiling ordered-float v1.1.1
[INFO] [stderr]    Compiling chrono v0.4.31
[INFO] [stderr]    Compiling serde-value v0.6.0
[INFO] [stderr]    Compiling log4rs v0.13.0
[INFO] [stderr]    Compiling simple-log v1.6.0
[INFO] [stderr]    Compiling cfun v0.1.19 (/opt/rustwide/workdir)
[INFO] [stdout] error[E0433]: failed to resolve: could not find `windows` in `os`
[INFO] [stdout]  --> src/tools.rs:1:27
[INFO] [stdout]   |
[INFO] [stdout] 1 | use std::{ffi::OsStr, os::windows::prelude::OsStrExt, iter::once};
[INFO] [stdout]   |                           ^^^^^^^ could not find `windows` in `os`
[INFO] [stdout] 
[INFO] [stdout] 
[INFO] [stdout] error[E0433]: failed to resolve: could not find `windows` in `os`
[INFO] [stdout]  --> src/win32.rs:3:14
[INFO] [stdout]   |
[INFO] [stdout] 3 | use std::os::windows::prelude::OsStrExt;
[INFO] [stdout]   |              ^^^^^^^ could not find `windows` in `os`
[INFO] [stdout] 
[INFO] [stdout] 
[INFO] [stdout] error[E0433]: failed to resolve: could not find `um` in `winapi`
[INFO] [stdout]  --> src/win32.rs:5:13
[INFO] [stdout]   |
[INFO] [stdout] 5 | use winapi::um::winuser::{MessageBoxW,FindWindowW,SendMessageW};
[INFO] [stdout]   |             ^^ could not find `um` in `winapi`
[INFO] [stdout] 
[INFO] [stdout] 
[INFO] [stdout] error[E0433]: failed to resolve: could not find `shared` in `winapi`
[INFO] [stdout]  --> src/win32.rs:6:13
[INFO] [stdout]   |
[INFO] [stdout] 6 | use winapi::shared::windef::HWND;
[INFO] [stdout]   |             ^^^^^^ could not find `shared` in `winapi`
[INFO] [stdout] 
[INFO] [stdout] 
[INFO] [stdout] error[E0432]: unresolved import `tools::get_wstr_ptr`
[INFO] [stdout]   --> src/lib.rs:39:9
[INFO] [stdout]    |
[INFO] [stdout] 39 | pub use tools::get_wstr_ptr;
[INFO] [stdout]    |         ^^^^^^^^^^^^^^^^^^^ no `get_wstr_ptr` in `tools`
[INFO] [stdout]    |
[INFO] [stdout] note: found an item that was configured out
[INFO] [stdout]   --> src/tools.rs:3:8
[INFO] [stdout]    |
[INFO] [stdout] 3  | pub fn get_wstr_ptr(text:&str)->*const u16{
[INFO] [stdout]    |        ^^^^^^^^^^^^
[INFO] [stdout] 
[INFO] [stdout] 
[INFO] [stdout] error[E0432]: unresolved import `win32::message_box`
[INFO] [stdout]   --> src/lib.rs:41:9
[INFO] [stdout]    |
[INFO] [stdout] 41 | pub use win32::message_box;
[INFO] [stdout]    |         ^^^^^^^^^^^^^^^^^^ no `message_box` in `win32`
[INFO] [stdout]    |
[INFO] [stdout] note: found an item that was configured out
[INFO] [stdout]   --> src/win32.rs:13:8
[INFO] [stdout]    |
[INFO] [stdout] 13 | pub fn message_box(hwnd:HWND,cnt:&str,title:&str,utype:u32) -> i32{
[INFO] [stdout]    |        ^^^^^^^^^^^
[INFO] [stdout] 
[INFO] [stdout] 
[INFO] [stdout] error[E0432]: unresolved import `win32::find_window`
[INFO] [stdout]   --> src/lib.rs:42:9
[INFO] [stdout]    |
[INFO] [stdout] 42 | pub use win32::find_window;
[INFO] [stdout]    |         ^^^^^^^^^^^^^^^^^^ no `find_window` in `win32`
[INFO] [stdout]    |
[INFO] [stdout] note: found an item that was configured out
[INFO] [stdout]   --> src/win32.rs:19:8
[INFO] [stdout]    |
[INFO] [stdout] 19 | pub fn find_window(class_name:&str,window_name:&str)->HWND{
[INFO] [stdout]    |        ^^^^^^^^^^^
[INFO] [stdout] 
[INFO] [stdout] 
[INFO] [stdout] error[E0433]: failed to resolve: could not find `shared` in `winapi`
[INFO] [stdout]    --> src/lib.rs:142:17
[INFO] [stdout]     |
[INFO] [stdout] 142 | pub use winapi::shared::windef::HWND;
[INFO] [stdout]     |                 ^^^^^^ could not find `shared` in `winapi`
[INFO] [stdout] 
[INFO] [stdout] 
[INFO] [stdout] error[E0432]: unresolved import `win32::send_message`
[INFO] [stdout]   --> src/lib.rs:43:9
[INFO] [stdout]    |
[INFO] [stdout] 43 | pub use win32::send_message;
[INFO] [stdout]    |         ^^^^^^^^^^^^^^^^^^^ no `send_message` in `win32`
[INFO] [stdout]    |
[INFO] [stdout] note: found an item that was configured out
[INFO] [stdout]   --> src/win32.rs:25:8
[INFO] [stdout]    |
[INFO] [stdout] 25 | pub fn send_message(hwnd:HWND,msg:u32,w_param:usize,l_param:isize){
[INFO] [stdout]    |        ^^^^^^^^^^^^
[INFO] [stdout] 
[INFO] [stdout] 
[INFO] [stdout] warning: unused imports: `ffi::OsStr`, `iter::once`
[INFO] [stdout]  --> src/tools.rs:1:11
[INFO] [stdout]   |
[INFO] [stdout] 1 | use std::{ffi::OsStr, os::windows::prelude::OsStrExt, iter::once};
[INFO] [stdout]   |           ^^^^^^^^^^                                  ^^^^^^^^^^
[INFO] [stdout]   |
[INFO] [stdout]   = note: `#[warn(unused_imports)]` on by default
[INFO] [stdout] 
[INFO] [stdout] 
[INFO] [stdout] warning: unused import: `std::ffi::OsStr`
[INFO] [stdout]  --> src/win32.rs:1:5
[INFO] [stdout]   |
[INFO] [stdout] 1 | use std::ffi::OsStr;
[INFO] [stdout]   |     ^^^^^^^^^^^^^^^
[INFO] [stdout] 
[INFO] [stdout] 
[INFO] [stdout] warning: unused import: `std::iter::once`
[INFO] [stdout]  --> src/win32.rs:2:5
[INFO] [stdout]   |
[INFO] [stdout] 2 | use std::iter::once;
[INFO] [stdout]   |     ^^^^^^^^^^^^^^^
[INFO] [stdout] 
[INFO] [stdout] 
[INFO] [stdout] error: aborting due to 9 previous errors; 3 warnings emitted
[INFO] [stdout] 
[INFO] [stdout] 
[INFO] [stdout] Some errors have detailed explanations: E0432, E0433.
[INFO] [stdout] 
[INFO] [stdout] For more information about an error, try `rustc --explain E0432`.
[INFO] [stdout] 
[INFO] [stderr] error: could not compile `cfun` (lib) due to 10 previous errors; 3 warnings emitted
[INFO] [stderr] warning: build failed, waiting for other jobs to finish...
[INFO] running `Command { std: "docker" "inspect" "6dbdf92128e078fd847c8aa9967243af0fc9a376577d26317ca3899428f8b6d2", kill_on_drop: false }`
[INFO] running `Command { std: "docker" "rm" "-f" "6dbdf92128e078fd847c8aa9967243af0fc9a376577d26317ca3899428f8b6d2", kill_on_drop: false }`
[INFO] [stdout] 6dbdf92128e078fd847c8aa9967243af0fc9a376577d26317ca3899428f8b6d2
