[INFO] fetching crate cfg_rust_features 0.1.1...
[INFO] testing cfg_rust_features-0.1.1 against 1.75.0 for beta-1.76-1
[INFO] extracting crate cfg_rust_features 0.1.1 into /workspace/builds/worker-6-tc1/source
[INFO] validating manifest of crates.io crate cfg_rust_features 0.1.1 on toolchain 1.75.0
[INFO] running `Command { std: CARGO_HOME="/workspace/cargo-home" RUSTUP_HOME="/workspace/rustup-home" "/workspace/cargo-home/bin/cargo" "+1.75.0" "metadata" "--manifest-path" "Cargo.toml" "--no-deps", kill_on_drop: false }`
[INFO] started tweaking crates.io crate cfg_rust_features 0.1.1
[INFO] removed 0 missing tests
[INFO] finished tweaking crates.io crate cfg_rust_features 0.1.1
[INFO] tweaked toml for crates.io crate cfg_rust_features 0.1.1 written to /workspace/builds/worker-6-tc1/source/Cargo.toml
[INFO] running `Command { std: CARGO_HOME="/workspace/cargo-home" RUSTUP_HOME="/workspace/rustup-home" "/workspace/cargo-home/bin/cargo" "+1.75.0" "generate-lockfile" "--manifest-path" "Cargo.toml", kill_on_drop: false }`
[INFO] [stderr]     Updating crates.io index
[INFO] running `Command { std: CARGO_HOME="/workspace/cargo-home" RUSTUP_HOME="/workspace/rustup-home" "/workspace/cargo-home/bin/cargo" "+1.75.0" "fetch" "--manifest-path" "Cargo.toml", kill_on_drop: false }`
[INFO] running `Command { std: "docker" "create" "-v" "/var/lib/crater-agent-workspace/builds/worker-6-tc1/target:/opt/rustwide/target:rw,Z" "-v" "/var/lib/crater-agent-workspace/builds/worker-6-tc1/source:/opt/rustwide/workdir:ro,Z" "-v" "/var/lib/crater-agent-workspace/cargo-home:/opt/rustwide/cargo-home:ro,Z" "-v" "/var/lib/crater-agent-workspace/rustup-home:/opt/rustwide/rustup-home:ro,Z" "-e" "SOURCE_DIR=/opt/rustwide/workdir" "-e" "CARGO_TARGET_DIR=/opt/rustwide/target" "-e" "CARGO_HOME=/opt/rustwide/cargo-home" "-e" "RUSTUP_HOME=/opt/rustwide/rustup-home" "-w" "/opt/rustwide/workdir" "-m" "1610612736" "--user" "0:0" "--network" "none" "ghcr.io/rust-lang/crates-build-env/linux@sha256:2788e3201cd34a07e3172128adcd8b3090168a8e3bcc40d7c032b9dda1df7d1c" "/opt/rustwide/cargo-home/bin/cargo" "+1.75.0" "metadata" "--no-deps" "--format-version=1", kill_on_drop: false }`
[INFO] [stdout] e4d6ed88b77858a84bcbda9544069b66545469e2b36f5a6e43bf8c179db4ab70
[INFO] running `Command { std: "docker" "start" "-a" "e4d6ed88b77858a84bcbda9544069b66545469e2b36f5a6e43bf8c179db4ab70", kill_on_drop: false }`
[INFO] running `Command { std: "docker" "inspect" "e4d6ed88b77858a84bcbda9544069b66545469e2b36f5a6e43bf8c179db4ab70", kill_on_drop: false }`
[INFO] running `Command { std: "docker" "rm" "-f" "e4d6ed88b77858a84bcbda9544069b66545469e2b36f5a6e43bf8c179db4ab70", kill_on_drop: false }`
[INFO] [stdout] e4d6ed88b77858a84bcbda9544069b66545469e2b36f5a6e43bf8c179db4ab70
[INFO] running `Command { std: "docker" "create" "-v" "/var/lib/crater-agent-workspace/builds/worker-6-tc1/target:/opt/rustwide/target:rw,Z" "-v" "/var/lib/crater-agent-workspace/builds/worker-6-tc1/source:/opt/rustwide/workdir:ro,Z" "-v" "/var/lib/crater-agent-workspace/cargo-home:/opt/rustwide/cargo-home:ro,Z" "-v" "/var/lib/crater-agent-workspace/rustup-home:/opt/rustwide/rustup-home:ro,Z" "-e" "SOURCE_DIR=/opt/rustwide/workdir" "-e" "CARGO_TARGET_DIR=/opt/rustwide/target" "-e" "CARGO_INCREMENTAL=0" "-e" "RUST_BACKTRACE=full" "-e" "RUSTFLAGS=--cap-lints=warn" "-e" "RUSTDOCFLAGS=--cap-lints=warn" "-e" "CARGO_HOME=/opt/rustwide/cargo-home" "-e" "RUSTUP_HOME=/opt/rustwide/rustup-home" "-w" "/opt/rustwide/workdir" "-m" "1610612736" "--user" "0:0" "--network" "none" "ghcr.io/rust-lang/crates-build-env/linux@sha256:2788e3201cd34a07e3172128adcd8b3090168a8e3bcc40d7c032b9dda1df7d1c" "/opt/rustwide/cargo-home/bin/cargo" "+1.75.0" "build" "--frozen" "--message-format=json", kill_on_drop: false }`
[INFO] [stdout] 6fc50b2581ebdfb58cec626228be50ebffd4f749e590c9b2562067d73468e651
[INFO] running `Command { std: "docker" "start" "-a" "6fc50b2581ebdfb58cec626228be50ebffd4f749e590c9b2562067d73468e651", kill_on_drop: false }`
[INFO] [stderr]    Compiling version_check v0.9.4
[INFO] [stderr]    Compiling autocfg v1.1.0
[INFO] [stderr]    Compiling cfg_rust_features v0.1.1 (/opt/rustwide/workdir)
[INFO] [stderr]     Finished dev [unoptimized + debuginfo] target(s) in 0.24s
[INFO] running `Command { std: "docker" "inspect" "6fc50b2581ebdfb58cec626228be50ebffd4f749e590c9b2562067d73468e651", kill_on_drop: false }`
[INFO] running `Command { std: "docker" "rm" "-f" "6fc50b2581ebdfb58cec626228be50ebffd4f749e590c9b2562067d73468e651", kill_on_drop: false }`
[INFO] [stdout] 6fc50b2581ebdfb58cec626228be50ebffd4f749e590c9b2562067d73468e651
[INFO] running `Command { std: "docker" "create" "-v" "/var/lib/crater-agent-workspace/builds/worker-6-tc1/target:/opt/rustwide/target:rw,Z" "-v" "/var/lib/crater-agent-workspace/builds/worker-6-tc1/source:/opt/rustwide/workdir:ro,Z" "-v" "/var/lib/crater-agent-workspace/cargo-home:/opt/rustwide/cargo-home:ro,Z" "-v" "/var/lib/crater-agent-workspace/rustup-home:/opt/rustwide/rustup-home:ro,Z" "-e" "SOURCE_DIR=/opt/rustwide/workdir" "-e" "CARGO_TARGET_DIR=/opt/rustwide/target" "-e" "CARGO_INCREMENTAL=0" "-e" "RUST_BACKTRACE=full" "-e" "RUSTFLAGS=--cap-lints=warn" "-e" "RUSTDOCFLAGS=--cap-lints=warn" "-e" "CARGO_HOME=/opt/rustwide/cargo-home" "-e" "RUSTUP_HOME=/opt/rustwide/rustup-home" "-w" "/opt/rustwide/workdir" "-m" "1610612736" "--user" "0:0" "--network" "none" "ghcr.io/rust-lang/crates-build-env/linux@sha256:2788e3201cd34a07e3172128adcd8b3090168a8e3bcc40d7c032b9dda1df7d1c" "/opt/rustwide/cargo-home/bin/cargo" "+1.75.0" "test" "--frozen" "--no-run" "--message-format=json", kill_on_drop: false }`
[INFO] [stdout] 9f1bc3251731c4fd3ee81e7473c641d80074522577bb5eca423455aaf79feaad
[INFO] running `Command { std: "docker" "start" "-a" "9f1bc3251731c4fd3ee81e7473c641d80074522577bb5eca423455aaf79feaad", kill_on_drop: false }`
[INFO] [stderr]    Compiling cfg_rust_features v0.1.1 (/opt/rustwide/workdir)
[INFO] [stdout] error[E0463]: can't find crate for `create_temp_subdir`
[INFO] [stdout]    --> src/lib.rs:492:5
[INFO] [stdout]     |
[INFO] [stdout] 492 |     extern crate create_temp_subdir;
[INFO] [stdout]     |     ^^^^^^^^^^^^^^^^^^^^^^^^^^^^^^^^ can't find crate
[INFO] [stdout] 
[INFO] [stdout] 
[INFO] [stdout] error[E0463]: can't find crate for `create_temp_subdir`
[INFO] [stdout]   --> tests/pretend_build_script.rs:11:1
[INFO] [stdout]    |
[INFO] [stdout] 11 | extern crate create_temp_subdir;
[INFO] [stdout]    | ^^^^^^^^^^^^^^^^^^^^^^^^^^^^^^^^ can't find crate
[INFO] [stdout] 
[INFO] [stdout] 
[INFO] [stdout] error: aborting due to previous error
[INFO] [stdout] 
[INFO] [stdout] 
[INFO] [stdout] For more information about this error, try `rustc --explain E0463`.
[INFO] [stdout] 
[INFO] [stderr] error: could not compile `cfg_rust_features` (test "pretend_build_script") due to 2 previous errors
[INFO] [stderr] warning: build failed, waiting for other jobs to finish...
[INFO] [stdout] error: aborting due to previous error
[INFO] [stdout] 
[INFO] [stdout] 
[INFO] [stdout] For more information about this error, try `rustc --explain E0463`.
[INFO] [stdout] 
[INFO] [stderr] error: could not compile `cfg_rust_features` (lib test) due to 2 previous errors
[INFO] running `Command { std: "docker" "inspect" "9f1bc3251731c4fd3ee81e7473c641d80074522577bb5eca423455aaf79feaad", kill_on_drop: false }`
[INFO] running `Command { std: "docker" "rm" "-f" "9f1bc3251731c4fd3ee81e7473c641d80074522577bb5eca423455aaf79feaad", kill_on_drop: false }`
[INFO] [stdout] 9f1bc3251731c4fd3ee81e7473c641d80074522577bb5eca423455aaf79feaad
[INFO] testing cfg_rust_features-0.1.1 against beta-2023-12-22 for beta-1.76-1
[INFO] extracting crate cfg_rust_features 0.1.1 into /workspace/builds/worker-6-tc2/source
[INFO] validating manifest of crates.io crate cfg_rust_features 0.1.1 on toolchain beta-2023-12-22
[INFO] running `Command { std: CARGO_HOME="/workspace/cargo-home" RUSTUP_HOME="/workspace/rustup-home" "/workspace/cargo-home/bin/cargo" "+beta-2023-12-22" "metadata" "--manifest-path" "Cargo.toml" "--no-deps", kill_on_drop: false }`
[INFO] started tweaking crates.io crate cfg_rust_features 0.1.1
[INFO] removed 0 missing tests
[INFO] finished tweaking crates.io crate cfg_rust_features 0.1.1
[INFO] tweaked toml for crates.io crate cfg_rust_features 0.1.1 written to /workspace/builds/worker-6-tc2/source/Cargo.toml
[INFO] running `Command { std: CARGO_HOME="/workspace/cargo-home" RUSTUP_HOME="/workspace/rustup-home" "/workspace/cargo-home/bin/cargo" "+beta-2023-12-22" "generate-lockfile" "--manifest-path" "Cargo.toml", kill_on_drop: false }`
[INFO] [stderr]     Updating crates.io index
[INFO] running `Command { std: CARGO_HOME="/workspace/cargo-home" RUSTUP_HOME="/workspace/rustup-home" "/workspace/cargo-home/bin/cargo" "+beta-2023-12-22" "fetch" "--manifest-path" "Cargo.toml", kill_on_drop: false }`
[INFO] running `Command { std: "docker" "create" "-v" "/var/lib/crater-agent-workspace/builds/worker-6-tc2/target:/opt/rustwide/target:rw,Z" "-v" "/var/lib/crater-agent-workspace/builds/worker-6-tc2/source:/opt/rustwide/workdir:ro,Z" "-v" "/var/lib/crater-agent-workspace/cargo-home:/opt/rustwide/cargo-home:ro,Z" "-v" "/var/lib/crater-agent-workspace/rustup-home:/opt/rustwide/rustup-home:ro,Z" "-e" "SOURCE_DIR=/opt/rustwide/workdir" "-e" "CARGO_TARGET_DIR=/opt/rustwide/target" "-e" "CARGO_HOME=/opt/rustwide/cargo-home" "-e" "RUSTUP_HOME=/opt/rustwide/rustup-home" "-w" "/opt/rustwide/workdir" "-m" "1610612736" "--user" "0:0" "--network" "none" "ghcr.io/rust-lang/crates-build-env/linux@sha256:2788e3201cd34a07e3172128adcd8b3090168a8e3bcc40d7c032b9dda1df7d1c" "/opt/rustwide/cargo-home/bin/cargo" "+beta-2023-12-22" "metadata" "--no-deps" "--format-version=1", kill_on_drop: false }`
[INFO] [stdout] 2b7eeedfdfb029664300d49cfe6434a9552c0bb3f143497c44e693562e4f1038
[INFO] running `Command { std: "docker" "start" "-a" "2b7eeedfdfb029664300d49cfe6434a9552c0bb3f143497c44e693562e4f1038", kill_on_drop: false }`
[INFO] running `Command { std: "docker" "inspect" "2b7eeedfdfb029664300d49cfe6434a9552c0bb3f143497c44e693562e4f1038", kill_on_drop: false }`
[INFO] running `Command { std: "docker" "rm" "-f" "2b7eeedfdfb029664300d49cfe6434a9552c0bb3f143497c44e693562e4f1038", kill_on_drop: false }`
[INFO] [stdout] 2b7eeedfdfb029664300d49cfe6434a9552c0bb3f143497c44e693562e4f1038
[INFO] running `Command { std: "docker" "create" "-v" "/var/lib/crater-agent-workspace/builds/worker-6-tc2/target:/opt/rustwide/target:rw,Z" "-v" "/var/lib/crater-agent-workspace/builds/worker-6-tc2/source:/opt/rustwide/workdir:ro,Z" "-v" "/var/lib/crater-agent-workspace/cargo-home:/opt/rustwide/cargo-home:ro,Z" "-v" "/var/lib/crater-agent-workspace/rustup-home:/opt/rustwide/rustup-home:ro,Z" "-e" "SOURCE_DIR=/opt/rustwide/workdir" "-e" "CARGO_TARGET_DIR=/opt/rustwide/target" "-e" "CARGO_INCREMENTAL=0" "-e" "RUST_BACKTRACE=full" "-e" "RUSTFLAGS=--cap-lints=warn" "-e" "RUSTDOCFLAGS=--cap-lints=warn" "-e" "CARGO_HOME=/opt/rustwide/cargo-home" "-e" "RUSTUP_HOME=/opt/rustwide/rustup-home" "-w" "/opt/rustwide/workdir" "-m" "1610612736" "--user" "0:0" "--network" "none" "ghcr.io/rust-lang/crates-build-env/linux@sha256:2788e3201cd34a07e3172128adcd8b3090168a8e3bcc40d7c032b9dda1df7d1c" "/opt/rustwide/cargo-home/bin/cargo" "+beta-2023-12-22" "build" "--frozen" "--message-format=json", kill_on_drop: false }`
[INFO] [stdout] c5402917f943180dd9e9af17ae015027fb9fead56e6625d2af9de3d80aa7f5e3
[INFO] running `Command { std: "docker" "start" "-a" "c5402917f943180dd9e9af17ae015027fb9fead56e6625d2af9de3d80aa7f5e3", kill_on_drop: false }`
[INFO] [stderr]    Compiling autocfg v1.1.0
[INFO] [stderr]    Compiling version_check v0.9.4
[INFO] [stderr]    Compiling cfg_rust_features v0.1.1 (/opt/rustwide/workdir)
[INFO] [stderr]     Finished dev [unoptimized + debuginfo] target(s) in 0.25s
[INFO] running `Command { std: "docker" "inspect" "c5402917f943180dd9e9af17ae015027fb9fead56e6625d2af9de3d80aa7f5e3", kill_on_drop: false }`
[INFO] running `Command { std: "docker" "rm" "-f" "c5402917f943180dd9e9af17ae015027fb9fead56e6625d2af9de3d80aa7f5e3", kill_on_drop: false }`
[INFO] [stdout] c5402917f943180dd9e9af17ae015027fb9fead56e6625d2af9de3d80aa7f5e3
[INFO] running `Command { std: "docker" "create" "-v" "/var/lib/crater-agent-workspace/builds/worker-6-tc2/target:/opt/rustwide/target:rw,Z" "-v" "/var/lib/crater-agent-workspace/builds/worker-6-tc2/source:/opt/rustwide/workdir:ro,Z" "-v" "/var/lib/crater-agent-workspace/cargo-home:/opt/rustwide/cargo-home:ro,Z" "-v" "/var/lib/crater-agent-workspace/rustup-home:/opt/rustwide/rustup-home:ro,Z" "-e" "SOURCE_DIR=/opt/rustwide/workdir" "-e" "CARGO_TARGET_DIR=/opt/rustwide/target" "-e" "CARGO_INCREMENTAL=0" "-e" "RUST_BACKTRACE=full" "-e" "RUSTFLAGS=--cap-lints=warn" "-e" "RUSTDOCFLAGS=--cap-lints=warn" "-e" "CARGO_HOME=/opt/rustwide/cargo-home" "-e" "RUSTUP_HOME=/opt/rustwide/rustup-home" "-w" "/opt/rustwide/workdir" "-m" "1610612736" "--user" "0:0" "--network" "none" "ghcr.io/rust-lang/crates-build-env/linux@sha256:2788e3201cd34a07e3172128adcd8b3090168a8e3bcc40d7c032b9dda1df7d1c" "/opt/rustwide/cargo-home/bin/cargo" "+beta-2023-12-22" "test" "--frozen" "--no-run" "--message-format=json", kill_on_drop: false }`
[INFO] [stdout] 2c3a6a98948d16d22c67cecca3db55199feaa52ac9cdc6d098e8aacde59802d7
[INFO] running `Command { std: "docker" "start" "-a" "2c3a6a98948d16d22c67cecca3db55199feaa52ac9cdc6d098e8aacde59802d7", kill_on_drop: false }`
[INFO] [stderr]    Compiling cfg_rust_features v0.1.1 (/opt/rustwide/workdir)
[INFO] [stdout] error[E0463]: can't find crate for `create_temp_subdir`
[INFO] [stdout]   --> tests/pretend_build_script.rs:11:1
[INFO] [stdout]    |
[INFO] [stdout] 11 | extern crate create_temp_subdir;
[INFO] [stdout]    | ^^^^^^^^^^^^^^^^^^^^^^^^^^^^^^^^ can't find crate
[INFO] [stdout] 
[INFO] [stdout] 
[INFO] [stdout] error[E0463]: can't find crate for `create_temp_subdir`
[INFO] [stdout]    --> src/lib.rs:492:5
[INFO] [stdout]     |
[INFO] [stdout] 492 |     extern crate create_temp_subdir;
[INFO] [stdout]     |     ^^^^^^^^^^^^^^^^^^^^^^^^^^^^^^^^ can't find crate
[INFO] [stdout] 
[INFO] [stdout] 
[INFO] [stdout] error: aborting due to 1 previous error
[INFO] [stdout] 
[INFO] [stdout] 
[INFO] [stdout] For more information about this error, try `rustc --explain E0463`.
[INFO] [stdout] 
[INFO] [stderr] error: could not compile `cfg_rust_features` (test "pretend_build_script") due to 2 previous errors
[INFO] [stderr] warning: build failed, waiting for other jobs to finish...
[INFO] [stdout] error: aborting due to 1 previous error
[INFO] [stdout] 
[INFO] [stdout] 
[INFO] [stdout] For more information about this error, try `rustc --explain E0463`.
[INFO] [stdout] 
[INFO] [stderr] error: could not compile `cfg_rust_features` (lib test) due to 2 previous errors
[INFO] running `Command { std: "docker" "inspect" "2c3a6a98948d16d22c67cecca3db55199feaa52ac9cdc6d098e8aacde59802d7", kill_on_drop: false }`
[INFO] running `Command { std: "docker" "rm" "-f" "2c3a6a98948d16d22c67cecca3db55199feaa52ac9cdc6d098e8aacde59802d7", kill_on_drop: false }`
[INFO] [stdout] 2c3a6a98948d16d22c67cecca3db55199feaa52ac9cdc6d098e8aacde59802d7
