[INFO] fetching crate cfg_eval 0.1.2...
[INFO] testing cfg_eval-0.1.2 against 1.75.0 for beta-1.76-1
[INFO] extracting crate cfg_eval 0.1.2 into /workspace/builds/worker-4-tc1/source
[INFO] validating manifest of crates.io crate cfg_eval 0.1.2 on toolchain 1.75.0
[INFO] running `Command { std: CARGO_HOME="/workspace/cargo-home" RUSTUP_HOME="/workspace/rustup-home" "/workspace/cargo-home/bin/cargo" "+1.75.0" "metadata" "--manifest-path" "Cargo.toml" "--no-deps", kill_on_drop: false }`
[INFO] removed /workspace/builds/worker-4-tc1/source/.cargo/config
[INFO] removed /workspace/builds/worker-4-tc1/source/rust-toolchain.toml
[INFO] started tweaking crates.io crate cfg_eval 0.1.2
[INFO] finished tweaking crates.io crate cfg_eval 0.1.2
[INFO] tweaked toml for crates.io crate cfg_eval 0.1.2 written to /workspace/builds/worker-4-tc1/source/Cargo.toml
[INFO] crate crates.io crate cfg_eval 0.1.2 already has a lockfile, it will not be regenerated
[INFO] running `Command { std: CARGO_HOME="/workspace/cargo-home" RUSTUP_HOME="/workspace/rustup-home" "/workspace/cargo-home/bin/cargo" "+1.75.0" "fetch" "--manifest-path" "Cargo.toml", kill_on_drop: false }`
[INFO] [stderr]     Updating crates.io index
[INFO] [stderr]  Downloading crates ...
[INFO] [stderr]   Downloaded macro_rules_attribute-proc_macro v0.2.0
[INFO] [stderr]   Downloaded syn v2.0.0
[INFO] [stderr]   Downloaded macro_rules_attribute v0.2.0
[INFO] running `Command { std: "docker" "create" "-v" "/var/lib/crater-agent-workspace/builds/worker-4-tc1/target:/opt/rustwide/target:rw,Z" "-v" "/var/lib/crater-agent-workspace/builds/worker-4-tc1/source:/opt/rustwide/workdir:ro,Z" "-v" "/var/lib/crater-agent-workspace/cargo-home:/opt/rustwide/cargo-home:ro,Z" "-v" "/var/lib/crater-agent-workspace/rustup-home:/opt/rustwide/rustup-home:ro,Z" "-e" "SOURCE_DIR=/opt/rustwide/workdir" "-e" "CARGO_TARGET_DIR=/opt/rustwide/target" "-e" "CARGO_HOME=/opt/rustwide/cargo-home" "-e" "RUSTUP_HOME=/opt/rustwide/rustup-home" "-w" "/opt/rustwide/workdir" "-m" "1610612736" "--user" "0:0" "--network" "none" "ghcr.io/rust-lang/crates-build-env/linux@sha256:2788e3201cd34a07e3172128adcd8b3090168a8e3bcc40d7c032b9dda1df7d1c" "/opt/rustwide/cargo-home/bin/cargo" "+1.75.0" "metadata" "--no-deps" "--format-version=1", kill_on_drop: false }`
[INFO] [stdout] 5536b99c1d33fb5e33c6877e77848f0c046eaab4c7b28cd56f3405281b9c66a9
[INFO] running `Command { std: "docker" "start" "-a" "5536b99c1d33fb5e33c6877e77848f0c046eaab4c7b28cd56f3405281b9c66a9", kill_on_drop: false }`
[INFO] running `Command { std: "docker" "inspect" "5536b99c1d33fb5e33c6877e77848f0c046eaab4c7b28cd56f3405281b9c66a9", kill_on_drop: false }`
[INFO] running `Command { std: "docker" "rm" "-f" "5536b99c1d33fb5e33c6877e77848f0c046eaab4c7b28cd56f3405281b9c66a9", kill_on_drop: false }`
[INFO] [stdout] 5536b99c1d33fb5e33c6877e77848f0c046eaab4c7b28cd56f3405281b9c66a9
[INFO] running `Command { std: "docker" "create" "-v" "/var/lib/crater-agent-workspace/builds/worker-4-tc1/target:/opt/rustwide/target:rw,Z" "-v" "/var/lib/crater-agent-workspace/builds/worker-4-tc1/source:/opt/rustwide/workdir:ro,Z" "-v" "/var/lib/crater-agent-workspace/cargo-home:/opt/rustwide/cargo-home:ro,Z" "-v" "/var/lib/crater-agent-workspace/rustup-home:/opt/rustwide/rustup-home:ro,Z" "-e" "SOURCE_DIR=/opt/rustwide/workdir" "-e" "CARGO_TARGET_DIR=/opt/rustwide/target" "-e" "CARGO_INCREMENTAL=0" "-e" "RUST_BACKTRACE=full" "-e" "RUSTFLAGS=--cap-lints=warn" "-e" "RUSTDOCFLAGS=--cap-lints=warn" "-e" "CARGO_HOME=/opt/rustwide/cargo-home" "-e" "RUSTUP_HOME=/opt/rustwide/rustup-home" "-w" "/opt/rustwide/workdir" "-m" "1610612736" "--user" "0:0" "--network" "none" "ghcr.io/rust-lang/crates-build-env/linux@sha256:2788e3201cd34a07e3172128adcd8b3090168a8e3bcc40d7c032b9dda1df7d1c" "/opt/rustwide/cargo-home/bin/cargo" "+1.75.0" "build" "--frozen" "--message-format=json", kill_on_drop: false }`
[INFO] [stdout] 5102c05aa503bf85ea30afc893ef252b7069f91046888be4c375a2bd4bfb21f0
[INFO] running `Command { std: "docker" "start" "-a" "5102c05aa503bf85ea30afc893ef252b7069f91046888be4c375a2bd4bfb21f0", kill_on_drop: false }`
[INFO] [stderr]    Compiling quote v1.0.28
[INFO] [stderr]    Compiling syn v2.0.0
[INFO] [stderr]    Compiling cfg_eval v0.1.2 (/opt/rustwide/workdir)
[INFO] [stderr]     Finished dev [unoptimized + debuginfo] target(s) in 1.73s
[INFO] running `Command { std: "docker" "inspect" "5102c05aa503bf85ea30afc893ef252b7069f91046888be4c375a2bd4bfb21f0", kill_on_drop: false }`
[INFO] running `Command { std: "docker" "rm" "-f" "5102c05aa503bf85ea30afc893ef252b7069f91046888be4c375a2bd4bfb21f0", kill_on_drop: false }`
[INFO] [stdout] 5102c05aa503bf85ea30afc893ef252b7069f91046888be4c375a2bd4bfb21f0
[INFO] running `Command { std: "docker" "create" "-v" "/var/lib/crater-agent-workspace/builds/worker-4-tc1/target:/opt/rustwide/target:rw,Z" "-v" "/var/lib/crater-agent-workspace/builds/worker-4-tc1/source:/opt/rustwide/workdir:ro,Z" "-v" "/var/lib/crater-agent-workspace/cargo-home:/opt/rustwide/cargo-home:ro,Z" "-v" "/var/lib/crater-agent-workspace/rustup-home:/opt/rustwide/rustup-home:ro,Z" "-e" "SOURCE_DIR=/opt/rustwide/workdir" "-e" "CARGO_TARGET_DIR=/opt/rustwide/target" "-e" "CARGO_INCREMENTAL=0" "-e" "RUST_BACKTRACE=full" "-e" "RUSTFLAGS=--cap-lints=warn" "-e" "RUSTDOCFLAGS=--cap-lints=warn" "-e" "CARGO_HOME=/opt/rustwide/cargo-home" "-e" "RUSTUP_HOME=/opt/rustwide/rustup-home" "-w" "/opt/rustwide/workdir" "-m" "1610612736" "--user" "0:0" "--network" "none" "ghcr.io/rust-lang/crates-build-env/linux@sha256:2788e3201cd34a07e3172128adcd8b3090168a8e3bcc40d7c032b9dda1df7d1c" "/opt/rustwide/cargo-home/bin/cargo" "+1.75.0" "test" "--frozen" "--no-run" "--message-format=json", kill_on_drop: false }`
[INFO] [stdout] bb1b9c9d22ef5249a0443c7f6b819f24d789e77e8b11d920be9feef9f6cf9f17
[INFO] running `Command { std: "docker" "start" "-a" "bb1b9c9d22ef5249a0443c7f6b819f24d789e77e8b11d920be9feef9f6cf9f17", kill_on_drop: false }`
[INFO] [stderr]    Compiling proc-macro2 v1.0.63
[INFO] [stderr]    Compiling unicode-ident v1.0.9
[INFO] [stderr]    Compiling paste v1.0.12
[INFO] [stderr]    Compiling macro_rules_attribute-proc_macro v0.2.0
[INFO] [stderr]    Compiling quote v1.0.28
[INFO] [stderr]    Compiling syn v2.0.0
[INFO] [stderr]    Compiling macro_rules_attribute v0.2.0
[INFO] [stderr]    Compiling cfg_eval v0.1.2 (/opt/rustwide/workdir)
[INFO] [stdout] error[E0774]: `derive` may only be applied to `struct`s, `enum`s and `union`s
[INFO] [stdout]   --> tests/item.rs:10:5
[INFO] [stdout]    |
[INFO] [stdout] 10 |       #[::cfg_eval::cfg_eval]
[INFO] [stdout]    |       ^^^^^^^^^^^^^^^^^^^^^^^ not applicable here
[INFO] [stdout] 11 |       #[::macro_rules_attribute::apply(stringify_rhs!)]
[INFO] [stdout] 12 |       const _: () = { $($body)* };
[INFO] [stdout]    |       ---------------------------- not a `struct`, `enum` or `union`
[INFO] [stdout] ...
[INFO] [stdout] 19 | /         cfg_eval_stringify! {
[INFO] [stdout] 20 | |             enum _WithoutCfgEval {
[INFO] [stdout] 21 | |                 #[cfg(any())]
[INFO] [stdout] 22 | |                 NonExistingVariant,
[INFO] [stdout] ...  |
[INFO] [stdout] 38 | |             }
[INFO] [stdout] 39 | |         },
[INFO] [stdout]    | |_________- in this macro invocation
[INFO] [stdout]    |
[INFO] [stdout]    = note: this error originates in the attribute macro `::cfg_eval::cfg_eval` which comes from the expansion of the macro `cfg_eval_stringify` (in Nightly builds, run with -Z macro-backtrace for more info)
[INFO] [stdout] 
[INFO] [stdout] 
[INFO] [stdout] warning: unused macro definition: `stringify_rhs`
[INFO] [stdout]  --> tests/item.rs:1:14
[INFO] [stdout]   |
[INFO] [stdout] 1 | macro_rules! stringify_rhs {(
[INFO] [stdout]   |              ^^^^^^^^^^^^^
[INFO] [stdout]   |
[INFO] [stdout]   = note: `#[warn(unused_macros)]` on by default
[INFO] [stdout] 
[INFO] [stdout] 
[INFO] [stdout] error[E0774]: `derive` may only be applied to `struct`s, `enum`s and `union`s
[INFO] [stdout]   --> examples/main.rs:26:5
[INFO] [stdout]    |
[INFO] [stdout] 26 |       #[cfg_eval]
[INFO] [stdout]    |       ^^^^^^^^^^^ not applicable here
[INFO] [stdout] 27 |       #[apply(debugger)]
[INFO] [stdout] 28 | /     const _: () = {
[INFO] [stdout] 29 | |         enum _WithoutCfgEval {
[INFO] [stdout] 30 | |             #[cfg(any())]
[INFO] [stdout] 31 | |             NonExistingVariant,
[INFO] [stdout] ...  |
[INFO] [stdout] 35 | |         #[cfg(any())] { 27 }
[INFO] [stdout] 36 | |     };
[INFO] [stdout]    | |______- not a `struct`, `enum` or `union`
[INFO] [stdout]    |
[INFO] [stdout]    = note: this error originates in the attribute macro `cfg_eval` (in Nightly builds, run with -Z macro-backtrace for more info)
[INFO] [stdout] 
[INFO] [stdout] 
[INFO] [stdout] error: aborting due to previous error
[INFO] [stdout] 
[INFO] [stdout] 
[INFO] [stdout] For more information about this error, try `rustc --explain E0774`.
[INFO] [stdout] 
[INFO] [stderr] error: could not compile `cfg_eval` (example "main") due to 2 previous errors
[INFO] [stderr] warning: build failed, waiting for other jobs to finish...
[INFO] [stdout] error[E0308]: mismatched types
[INFO] [stdout]   --> tests/item.rs:40:9
[INFO] [stdout]    |
[INFO] [stdout] 40 | /         stringify! {
[INFO] [stdout] 41 | |             enum _WithoutCfgEval {
[INFO] [stdout] 42 | |             }
[INFO] [stdout] 43 | |
[INFO] [stdout] ...  |
[INFO] [stdout] 54 | |             }
[INFO] [stdout] 55 | |         },
[INFO] [stdout]    | |_________^ expected `()`, found `&str`
[INFO] [stdout]    |
[INFO] [stdout]    = note: this error originates in the macro `stringify` (in Nightly builds, run with -Z macro-backtrace for more info)
[INFO] [stdout] 
[INFO] [stdout] 
[INFO] [stdout] error: aborting due to 2 previous errors; 1 warning emitted
[INFO] [stdout] 
[INFO] [stdout] 
[INFO] [stdout] Some errors have detailed explanations: E0308, E0774.
[INFO] [stdout] 
[INFO] [stdout] For more information about an error, try `rustc --explain E0308`.
[INFO] [stdout] 
[INFO] [stderr] error: could not compile `cfg_eval` (test "item") due to 3 previous errors; 1 warning emitted
[INFO] running `Command { std: "docker" "inspect" "bb1b9c9d22ef5249a0443c7f6b819f24d789e77e8b11d920be9feef9f6cf9f17", kill_on_drop: false }`
[INFO] running `Command { std: "docker" "rm" "-f" "bb1b9c9d22ef5249a0443c7f6b819f24d789e77e8b11d920be9feef9f6cf9f17", kill_on_drop: false }`
[INFO] [stdout] bb1b9c9d22ef5249a0443c7f6b819f24d789e77e8b11d920be9feef9f6cf9f17
[INFO] testing cfg_eval-0.1.2 against beta-2023-12-22 for beta-1.76-1
[INFO] extracting crate cfg_eval 0.1.2 into /workspace/builds/worker-4-tc2/source
[INFO] validating manifest of crates.io crate cfg_eval 0.1.2 on toolchain beta-2023-12-22
[INFO] running `Command { std: CARGO_HOME="/workspace/cargo-home" RUSTUP_HOME="/workspace/rustup-home" "/workspace/cargo-home/bin/cargo" "+beta-2023-12-22" "metadata" "--manifest-path" "Cargo.toml" "--no-deps", kill_on_drop: false }`
[INFO] removed /workspace/builds/worker-4-tc2/source/.cargo/config
[INFO] removed /workspace/builds/worker-4-tc2/source/rust-toolchain.toml
[INFO] started tweaking crates.io crate cfg_eval 0.1.2
[INFO] finished tweaking crates.io crate cfg_eval 0.1.2
[INFO] tweaked toml for crates.io crate cfg_eval 0.1.2 written to /workspace/builds/worker-4-tc2/source/Cargo.toml
[INFO] crate crates.io crate cfg_eval 0.1.2 already has a lockfile, it will not be regenerated
[INFO] running `Command { std: CARGO_HOME="/workspace/cargo-home" RUSTUP_HOME="/workspace/rustup-home" "/workspace/cargo-home/bin/cargo" "+beta-2023-12-22" "fetch" "--manifest-path" "Cargo.toml", kill_on_drop: false }`
[INFO] running `Command { std: "docker" "create" "-v" "/var/lib/crater-agent-workspace/builds/worker-4-tc2/target:/opt/rustwide/target:rw,Z" "-v" "/var/lib/crater-agent-workspace/builds/worker-4-tc2/source:/opt/rustwide/workdir:ro,Z" "-v" "/var/lib/crater-agent-workspace/cargo-home:/opt/rustwide/cargo-home:ro,Z" "-v" "/var/lib/crater-agent-workspace/rustup-home:/opt/rustwide/rustup-home:ro,Z" "-e" "SOURCE_DIR=/opt/rustwide/workdir" "-e" "CARGO_TARGET_DIR=/opt/rustwide/target" "-e" "CARGO_HOME=/opt/rustwide/cargo-home" "-e" "RUSTUP_HOME=/opt/rustwide/rustup-home" "-w" "/opt/rustwide/workdir" "-m" "1610612736" "--user" "0:0" "--network" "none" "ghcr.io/rust-lang/crates-build-env/linux@sha256:2788e3201cd34a07e3172128adcd8b3090168a8e3bcc40d7c032b9dda1df7d1c" "/opt/rustwide/cargo-home/bin/cargo" "+beta-2023-12-22" "metadata" "--no-deps" "--format-version=1", kill_on_drop: false }`
[INFO] [stdout] bf806461d1675999c31687c5fc123d78b0a1cc003da75b5579d7f07a4c85c0f3
[INFO] running `Command { std: "docker" "start" "-a" "bf806461d1675999c31687c5fc123d78b0a1cc003da75b5579d7f07a4c85c0f3", kill_on_drop: false }`
[INFO] running `Command { std: "docker" "inspect" "bf806461d1675999c31687c5fc123d78b0a1cc003da75b5579d7f07a4c85c0f3", kill_on_drop: false }`
[INFO] running `Command { std: "docker" "rm" "-f" "bf806461d1675999c31687c5fc123d78b0a1cc003da75b5579d7f07a4c85c0f3", kill_on_drop: false }`
[INFO] [stdout] bf806461d1675999c31687c5fc123d78b0a1cc003da75b5579d7f07a4c85c0f3
[INFO] running `Command { std: "docker" "create" "-v" "/var/lib/crater-agent-workspace/builds/worker-4-tc2/target:/opt/rustwide/target:rw,Z" "-v" "/var/lib/crater-agent-workspace/builds/worker-4-tc2/source:/opt/rustwide/workdir:ro,Z" "-v" "/var/lib/crater-agent-workspace/cargo-home:/opt/rustwide/cargo-home:ro,Z" "-v" "/var/lib/crater-agent-workspace/rustup-home:/opt/rustwide/rustup-home:ro,Z" "-e" "SOURCE_DIR=/opt/rustwide/workdir" "-e" "CARGO_TARGET_DIR=/opt/rustwide/target" "-e" "CARGO_INCREMENTAL=0" "-e" "RUST_BACKTRACE=full" "-e" "RUSTFLAGS=--cap-lints=warn" "-e" "RUSTDOCFLAGS=--cap-lints=warn" "-e" "CARGO_HOME=/opt/rustwide/cargo-home" "-e" "RUSTUP_HOME=/opt/rustwide/rustup-home" "-w" "/opt/rustwide/workdir" "-m" "1610612736" "--user" "0:0" "--network" "none" "ghcr.io/rust-lang/crates-build-env/linux@sha256:2788e3201cd34a07e3172128adcd8b3090168a8e3bcc40d7c032b9dda1df7d1c" "/opt/rustwide/cargo-home/bin/cargo" "+beta-2023-12-22" "build" "--frozen" "--message-format=json", kill_on_drop: false }`
[INFO] [stdout] bd247143c1d089779b4a6b61c59af14f282b5639e3c8526467344da1eb0b5a08
[INFO] running `Command { std: "docker" "start" "-a" "bd247143c1d089779b4a6b61c59af14f282b5639e3c8526467344da1eb0b5a08", kill_on_drop: false }`
[INFO] [stderr]    Compiling quote v1.0.28
[INFO] [stderr]    Compiling syn v2.0.0
[INFO] [stderr]    Compiling cfg_eval v0.1.2 (/opt/rustwide/workdir)
[INFO] [stderr]     Finished dev [unoptimized + debuginfo] target(s) in 1.26s
[INFO] running `Command { std: "docker" "inspect" "bd247143c1d089779b4a6b61c59af14f282b5639e3c8526467344da1eb0b5a08", kill_on_drop: false }`
[INFO] running `Command { std: "docker" "rm" "-f" "bd247143c1d089779b4a6b61c59af14f282b5639e3c8526467344da1eb0b5a08", kill_on_drop: false }`
[INFO] [stdout] bd247143c1d089779b4a6b61c59af14f282b5639e3c8526467344da1eb0b5a08
[INFO] running `Command { std: "docker" "create" "-v" "/var/lib/crater-agent-workspace/builds/worker-4-tc2/target:/opt/rustwide/target:rw,Z" "-v" "/var/lib/crater-agent-workspace/builds/worker-4-tc2/source:/opt/rustwide/workdir:ro,Z" "-v" "/var/lib/crater-agent-workspace/cargo-home:/opt/rustwide/cargo-home:ro,Z" "-v" "/var/lib/crater-agent-workspace/rustup-home:/opt/rustwide/rustup-home:ro,Z" "-e" "SOURCE_DIR=/opt/rustwide/workdir" "-e" "CARGO_TARGET_DIR=/opt/rustwide/target" "-e" "CARGO_INCREMENTAL=0" "-e" "RUST_BACKTRACE=full" "-e" "RUSTFLAGS=--cap-lints=warn" "-e" "RUSTDOCFLAGS=--cap-lints=warn" "-e" "CARGO_HOME=/opt/rustwide/cargo-home" "-e" "RUSTUP_HOME=/opt/rustwide/rustup-home" "-w" "/opt/rustwide/workdir" "-m" "1610612736" "--user" "0:0" "--network" "none" "ghcr.io/rust-lang/crates-build-env/linux@sha256:2788e3201cd34a07e3172128adcd8b3090168a8e3bcc40d7c032b9dda1df7d1c" "/opt/rustwide/cargo-home/bin/cargo" "+beta-2023-12-22" "test" "--frozen" "--no-run" "--message-format=json", kill_on_drop: false }`
[INFO] [stdout] 856ce8694e0991192ad3539e23665ee7cd10670016711741c4c1c1bdb6a6f3cd
[INFO] running `Command { std: "docker" "start" "-a" "856ce8694e0991192ad3539e23665ee7cd10670016711741c4c1c1bdb6a6f3cd", kill_on_drop: false }`
[INFO] [stderr]    Compiling proc-macro2 v1.0.63
[INFO] [stderr]    Compiling unicode-ident v1.0.9
[INFO] [stderr]    Compiling paste v1.0.12
[INFO] [stderr]    Compiling macro_rules_attribute-proc_macro v0.2.0
[INFO] [stderr]    Compiling quote v1.0.28
[INFO] [stderr]    Compiling syn v2.0.0
[INFO] [stderr]    Compiling macro_rules_attribute v0.2.0
[INFO] [stderr]    Compiling cfg_eval v0.1.2 (/opt/rustwide/workdir)
[INFO] [stdout] error[E0774]: `derive` may only be applied to `struct`s, `enum`s and `union`s
[INFO] [stdout]   --> tests/item.rs:10:5
[INFO] [stdout]    |
[INFO] [stdout] 10 |       #[::cfg_eval::cfg_eval]
[INFO] [stdout]    |       ^^^^^^^^^^^^^^^^^^^^^^^ not applicable here
[INFO] [stdout] 11 |       #[::macro_rules_attribute::apply(stringify_rhs!)]
[INFO] [stdout] 12 |       const _: () = { $($body)* };
[INFO] [stdout]    |       ---------------------------- not a `struct`, `enum` or `union`
[INFO] [stdout] ...
[INFO] [stdout] 19 | /         cfg_eval_stringify! {
[INFO] [stdout] 20 | |             enum _WithoutCfgEval {
[INFO] [stdout] 21 | |                 #[cfg(any())]
[INFO] [stdout] 22 | |                 NonExistingVariant,
[INFO] [stdout] ...  |
[INFO] [stdout] 38 | |             }
[INFO] [stdout] 39 | |         },
[INFO] [stdout]    | |_________- in this macro invocation
[INFO] [stdout]    |
[INFO] [stdout]    = note: this error originates in the attribute macro `::cfg_eval::cfg_eval` which comes from the expansion of the macro `cfg_eval_stringify` (in Nightly builds, run with -Z macro-backtrace for more info)
[INFO] [stdout] 
[INFO] [stdout] 
[INFO] [stdout] warning: unused macro definition: `stringify_rhs`
[INFO] [stdout]  --> tests/item.rs:1:14
[INFO] [stdout]   |
[INFO] [stdout] 1 | macro_rules! stringify_rhs {(
[INFO] [stdout]   |              ^^^^^^^^^^^^^
[INFO] [stdout]   |
[INFO] [stdout]   = note: `#[warn(unused_macros)]` on by default
[INFO] [stdout] 
[INFO] [stdout] 
[INFO] [stdout] error[E0774]: `derive` may only be applied to `struct`s, `enum`s and `union`s
[INFO] [stdout]   --> examples/main.rs:26:5
[INFO] [stdout]    |
[INFO] [stdout] 26 |       #[cfg_eval]
[INFO] [stdout]    |       ^^^^^^^^^^^ not applicable here
[INFO] [stdout] 27 |       #[apply(debugger)]
[INFO] [stdout] 28 | /     const _: () = {
[INFO] [stdout] 29 | |         enum _WithoutCfgEval {
[INFO] [stdout] 30 | |             #[cfg(any())]
[INFO] [stdout] 31 | |             NonExistingVariant,
[INFO] [stdout] ...  |
[INFO] [stdout] 35 | |         #[cfg(any())] { 27 }
[INFO] [stdout] 36 | |     };
[INFO] [stdout]    | |______- not a `struct`, `enum` or `union`
[INFO] [stdout]    |
[INFO] [stdout]    = note: this error originates in the attribute macro `cfg_eval` (in Nightly builds, run with -Z macro-backtrace for more info)
[INFO] [stdout] 
[INFO] [stdout] 
[INFO] [stdout] error: aborting due to 1 previous error
[INFO] [stdout] 
[INFO] [stdout] 
[INFO] [stdout] For more information about this error, try `rustc --explain E0774`.
[INFO] [stdout] 
[INFO] [stderr] error: could not compile `cfg_eval` (example "main") due to 2 previous errors
[INFO] [stderr] warning: build failed, waiting for other jobs to finish...
[INFO] [stdout] error[E0308]: mismatched types
[INFO] [stdout]   --> tests/item.rs:40:9
[INFO] [stdout]    |
[INFO] [stdout] 40 | /         stringify! {
[INFO] [stdout] 41 | |             enum _WithoutCfgEval {
[INFO] [stdout] 42 | |             }
[INFO] [stdout] 43 | |
[INFO] [stdout] ...  |
[INFO] [stdout] 54 | |             }
[INFO] [stdout] 55 | |         },
[INFO] [stdout]    | |_________^ expected `()`, found `&str`
[INFO] [stdout]    |
[INFO] [stdout]    = note: this error originates in the macro `stringify` (in Nightly builds, run with -Z macro-backtrace for more info)
[INFO] [stdout] 
[INFO] [stdout] 
[INFO] [stdout] error: aborting due to 2 previous errors; 1 warning emitted
[INFO] [stdout] 
[INFO] [stdout] 
[INFO] [stdout] Some errors have detailed explanations: E0308, E0774.
[INFO] [stdout] 
[INFO] [stdout] For more information about an error, try `rustc --explain E0308`.
[INFO] [stdout] 
[INFO] [stderr] error: could not compile `cfg_eval` (test "item") due to 3 previous errors; 1 warning emitted
[INFO] running `Command { std: "docker" "inspect" "856ce8694e0991192ad3539e23665ee7cd10670016711741c4c1c1bdb6a6f3cd", kill_on_drop: false }`
[INFO] running `Command { std: "docker" "rm" "-f" "856ce8694e0991192ad3539e23665ee7cd10670016711741c4c1c1bdb6a6f3cd", kill_on_drop: false }`
[INFO] [stdout] 856ce8694e0991192ad3539e23665ee7cd10670016711741c4c1c1bdb6a6f3cd
