[INFO] fetching crate cfg-match 0.2.1...
[INFO] testing cfg-match-0.2.1 against 1.75.0 for beta-1.76-1
[INFO] extracting crate cfg-match 0.2.1 into /workspace/builds/worker-7-tc1/source
[INFO] validating manifest of crates.io crate cfg-match 0.2.1 on toolchain 1.75.0
[INFO] running `Command { std: CARGO_HOME="/workspace/cargo-home" RUSTUP_HOME="/workspace/rustup-home" "/workspace/cargo-home/bin/cargo" "+1.75.0" "metadata" "--manifest-path" "Cargo.toml" "--no-deps", kill_on_drop: false }`
[INFO] started tweaking crates.io crate cfg-match 0.2.1
[INFO] finished tweaking crates.io crate cfg-match 0.2.1
[INFO] tweaked toml for crates.io crate cfg-match 0.2.1 written to /workspace/builds/worker-7-tc1/source/Cargo.toml
[INFO] running `Command { std: CARGO_HOME="/workspace/cargo-home" RUSTUP_HOME="/workspace/rustup-home" "/workspace/cargo-home/bin/cargo" "+1.75.0" "generate-lockfile" "--manifest-path" "Cargo.toml", kill_on_drop: false }`
[INFO] running `Command { std: CARGO_HOME="/workspace/cargo-home" RUSTUP_HOME="/workspace/rustup-home" "/workspace/cargo-home/bin/cargo" "+1.75.0" "fetch" "--manifest-path" "Cargo.toml", kill_on_drop: false }`
[INFO] running `Command { std: "docker" "create" "-v" "/var/lib/crater-agent-workspace/builds/worker-7-tc1/target:/opt/rustwide/target:rw,Z" "-v" "/var/lib/crater-agent-workspace/builds/worker-7-tc1/source:/opt/rustwide/workdir:ro,Z" "-v" "/var/lib/crater-agent-workspace/cargo-home:/opt/rustwide/cargo-home:ro,Z" "-v" "/var/lib/crater-agent-workspace/rustup-home:/opt/rustwide/rustup-home:ro,Z" "-e" "SOURCE_DIR=/opt/rustwide/workdir" "-e" "CARGO_TARGET_DIR=/opt/rustwide/target" "-e" "CARGO_HOME=/opt/rustwide/cargo-home" "-e" "RUSTUP_HOME=/opt/rustwide/rustup-home" "-w" "/opt/rustwide/workdir" "-m" "1610612736" "--user" "0:0" "--network" "none" "ghcr.io/rust-lang/crates-build-env/linux@sha256:2788e3201cd34a07e3172128adcd8b3090168a8e3bcc40d7c032b9dda1df7d1c" "/opt/rustwide/cargo-home/bin/cargo" "+1.75.0" "metadata" "--no-deps" "--format-version=1", kill_on_drop: false }`
[INFO] [stdout] bcc5d2b100fd824f28f979181ed4f0b429bacde6869bc9d42871e4723426d50b
[INFO] running `Command { std: "docker" "start" "-a" "bcc5d2b100fd824f28f979181ed4f0b429bacde6869bc9d42871e4723426d50b", kill_on_drop: false }`
[INFO] running `Command { std: "docker" "inspect" "bcc5d2b100fd824f28f979181ed4f0b429bacde6869bc9d42871e4723426d50b", kill_on_drop: false }`
[INFO] running `Command { std: "docker" "rm" "-f" "bcc5d2b100fd824f28f979181ed4f0b429bacde6869bc9d42871e4723426d50b", kill_on_drop: false }`
[INFO] [stdout] bcc5d2b100fd824f28f979181ed4f0b429bacde6869bc9d42871e4723426d50b
[INFO] running `Command { std: "docker" "create" "-v" "/var/lib/crater-agent-workspace/builds/worker-7-tc1/target:/opt/rustwide/target:rw,Z" "-v" "/var/lib/crater-agent-workspace/builds/worker-7-tc1/source:/opt/rustwide/workdir:ro,Z" "-v" "/var/lib/crater-agent-workspace/cargo-home:/opt/rustwide/cargo-home:ro,Z" "-v" "/var/lib/crater-agent-workspace/rustup-home:/opt/rustwide/rustup-home:ro,Z" "-e" "SOURCE_DIR=/opt/rustwide/workdir" "-e" "CARGO_TARGET_DIR=/opt/rustwide/target" "-e" "CARGO_INCREMENTAL=0" "-e" "RUST_BACKTRACE=full" "-e" "RUSTFLAGS=--cap-lints=warn" "-e" "RUSTDOCFLAGS=--cap-lints=warn" "-e" "CARGO_HOME=/opt/rustwide/cargo-home" "-e" "RUSTUP_HOME=/opt/rustwide/rustup-home" "-w" "/opt/rustwide/workdir" "-m" "1610612736" "--user" "0:0" "--network" "none" "ghcr.io/rust-lang/crates-build-env/linux@sha256:2788e3201cd34a07e3172128adcd8b3090168a8e3bcc40d7c032b9dda1df7d1c" "/opt/rustwide/cargo-home/bin/cargo" "+1.75.0" "build" "--frozen" "--message-format=json", kill_on_drop: false }`
[INFO] [stdout] 532eaf9430838f390e9142bda05f6918851bcd1e4cfd22e5b573f0d8124dce64
[INFO] running `Command { std: "docker" "start" "-a" "532eaf9430838f390e9142bda05f6918851bcd1e4cfd22e5b573f0d8124dce64", kill_on_drop: false }`
[INFO] [stderr]    Compiling cfg-match v0.2.1 (/opt/rustwide/workdir)
[INFO] [stderr]     Finished dev [unoptimized + debuginfo] target(s) in 0.04s
[INFO] running `Command { std: "docker" "inspect" "532eaf9430838f390e9142bda05f6918851bcd1e4cfd22e5b573f0d8124dce64", kill_on_drop: false }`
[INFO] running `Command { std: "docker" "rm" "-f" "532eaf9430838f390e9142bda05f6918851bcd1e4cfd22e5b573f0d8124dce64", kill_on_drop: false }`
[INFO] [stdout] 532eaf9430838f390e9142bda05f6918851bcd1e4cfd22e5b573f0d8124dce64
[INFO] running `Command { std: "docker" "create" "-v" "/var/lib/crater-agent-workspace/builds/worker-7-tc1/target:/opt/rustwide/target:rw,Z" "-v" "/var/lib/crater-agent-workspace/builds/worker-7-tc1/source:/opt/rustwide/workdir:ro,Z" "-v" "/var/lib/crater-agent-workspace/cargo-home:/opt/rustwide/cargo-home:ro,Z" "-v" "/var/lib/crater-agent-workspace/rustup-home:/opt/rustwide/rustup-home:ro,Z" "-e" "SOURCE_DIR=/opt/rustwide/workdir" "-e" "CARGO_TARGET_DIR=/opt/rustwide/target" "-e" "CARGO_INCREMENTAL=0" "-e" "RUST_BACKTRACE=full" "-e" "RUSTFLAGS=--cap-lints=warn" "-e" "RUSTDOCFLAGS=--cap-lints=warn" "-e" "CARGO_HOME=/opt/rustwide/cargo-home" "-e" "RUSTUP_HOME=/opt/rustwide/rustup-home" "-w" "/opt/rustwide/workdir" "-m" "1610612736" "--user" "0:0" "--network" "none" "ghcr.io/rust-lang/crates-build-env/linux@sha256:2788e3201cd34a07e3172128adcd8b3090168a8e3bcc40d7c032b9dda1df7d1c" "/opt/rustwide/cargo-home/bin/cargo" "+1.75.0" "test" "--frozen" "--no-run" "--message-format=json", kill_on_drop: false }`
[INFO] [stdout] 5518d732659db951d1233bb8b2ffdbb55758e5399e95ebc8bbb2f274d1805f79
[INFO] running `Command { std: "docker" "start" "-a" "5518d732659db951d1233bb8b2ffdbb55758e5399e95ebc8bbb2f274d1805f79", kill_on_drop: false }`
[INFO] [stderr]    Compiling cfg-match v0.2.1 (/opt/rustwide/workdir)
[INFO] [stdout] error[E0659]: `cfg_match` is ambiguous
[INFO] [stdout]  --> tests/smoke.rs:3:1
[INFO] [stdout]   |
[INFO] [stdout] 3 | cfg_match! {
[INFO] [stdout]   | ^^^^^^^^^ ambiguous name
[INFO] [stdout]   |
[INFO] [stdout]   = note: ambiguous because of a conflict between a name from a glob import and an outer scope during import or macro resolution
[INFO] [stdout]   = note: `cfg_match` could refer to a macro from prelude
[INFO] [stdout] note: `cfg_match` could also refer to the macro imported here
[INFO] [stdout]  --> tests/smoke.rs:1:5
[INFO] [stdout]   |
[INFO] [stdout] 1 | use cfg_match::*;
[INFO] [stdout]   |     ^^^^^^^^^^^^
[INFO] [stdout]   = help: consider adding an explicit import of `cfg_match` to disambiguate
[INFO] [stdout]   = help: or use `crate::cfg_match` to refer to this macro unambiguously
[INFO] [stdout] 
[INFO] [stdout] 
[INFO] [stdout] error[E0659]: `cfg_match` is ambiguous
[INFO] [stdout]   --> tests/smoke.rs:18:1
[INFO] [stdout]    |
[INFO] [stdout] 18 | cfg_match! {
[INFO] [stdout]    | ^^^^^^^^^ ambiguous name
[INFO] [stdout]    |
[INFO] [stdout]    = note: ambiguous because of a conflict between a name from a glob import and an outer scope during import or macro resolution
[INFO] [stdout]    = note: `cfg_match` could refer to a macro from prelude
[INFO] [stdout] note: `cfg_match` could also refer to the macro imported here
[INFO] [stdout]   --> tests/smoke.rs:1:5
[INFO] [stdout]    |
[INFO] [stdout] 1  | use cfg_match::*;
[INFO] [stdout]    |     ^^^^^^^^^^^^
[INFO] [stdout]    = help: consider adding an explicit import of `cfg_match` to disambiguate
[INFO] [stdout]    = help: or use `crate::cfg_match` to refer to this macro unambiguously
[INFO] [stdout] 
[INFO] [stdout] 
[INFO] [stdout] error[E0659]: `cfg_match` is ambiguous
[INFO] [stdout]   --> tests/smoke.rs:30:10
[INFO] [stdout]    |
[INFO] [stdout] 30 |     let f = cfg_match! {
[INFO] [stdout]    |             ^^^^^^^^^ ambiguous name
[INFO] [stdout]    |
[INFO] [stdout]    = note: ambiguous because of a conflict between a name from a glob import and an outer scope during import or macro resolution
[INFO] [stdout]    = note: `cfg_match` could refer to a macro from prelude
[INFO] [stdout] note: `cfg_match` could also refer to the macro imported here
[INFO] [stdout]   --> tests/smoke.rs:1:5
[INFO] [stdout]    |
[INFO] [stdout] 1  | use cfg_match::*;
[INFO] [stdout]    |     ^^^^^^^^^^^^
[INFO] [stdout]    = help: consider adding an explicit import of `cfg_match` to disambiguate
[INFO] [stdout]    = help: or use `crate::cfg_match` to refer to this macro unambiguously
[INFO] [stdout] 
[INFO] [stdout] 
[INFO] [stdout] error[E0659]: `cfg_match` is ambiguous
[INFO] [stdout]   --> tests/smoke.rs:43:10
[INFO] [stdout]    |
[INFO] [stdout] 43 |     let f = cfg_match! {
[INFO] [stdout]    |             ^^^^^^^^^ ambiguous name
[INFO] [stdout]    |
[INFO] [stdout]    = note: ambiguous because of a conflict between a name from a glob import and an outer scope during import or macro resolution
[INFO] [stdout]    = note: `cfg_match` could refer to a macro from prelude
[INFO] [stdout] note: `cfg_match` could also refer to the macro imported here
[INFO] [stdout]   --> tests/smoke.rs:1:5
[INFO] [stdout]    |
[INFO] [stdout] 1  | use cfg_match::*;
[INFO] [stdout]    |     ^^^^^^^^^^^^
[INFO] [stdout]    = help: consider adding an explicit import of `cfg_match` to disambiguate
[INFO] [stdout]    = help: or use `crate::cfg_match` to refer to this macro unambiguously
[INFO] [stdout] 
[INFO] [stdout] 
[INFO] [stdout] error[E0659]: `cfg_match` is ambiguous
[INFO] [stdout]   --> tests/smoke.rs:53:1
[INFO] [stdout]    |
[INFO] [stdout] 53 | cfg_match! {
[INFO] [stdout]    | ^^^^^^^^^ ambiguous name
[INFO] [stdout]    |
[INFO] [stdout]    = note: ambiguous because of a conflict between a name from a glob import and an outer scope during import or macro resolution
[INFO] [stdout]    = note: `cfg_match` could refer to a macro from prelude
[INFO] [stdout] note: `cfg_match` could also refer to the macro imported here
[INFO] [stdout]   --> tests/smoke.rs:1:5
[INFO] [stdout]    |
[INFO] [stdout] 1  | use cfg_match::*;
[INFO] [stdout]    |     ^^^^^^^^^^^^
[INFO] [stdout]    = help: consider adding an explicit import of `cfg_match` to disambiguate
[INFO] [stdout]    = help: or use `crate::cfg_match` to refer to this macro unambiguously
[INFO] [stdout] 
[INFO] [stdout] 
[INFO] [stdout] warning: unnecessary parentheses around match arm expression
[INFO] [stdout]   --> tests/smoke.rs:32:11
[INFO] [stdout]    |
[INFO] [stdout] 32 |         test => ({
[INFO] [stdout]    |                 ^
[INFO] [stdout] ...
[INFO] [stdout] 35 |         }),
[INFO] [stdout]    |          ^
[INFO] [stdout]    |
[INFO] [stdout]    = note: `#[warn(unused_parens)]` on by default
[INFO] [stdout] help: remove these parentheses
[INFO] [stdout]    |
[INFO] [stdout] 32 ~         test => {
[INFO] [stdout] 33 |             println!("whee");
[INFO] [stdout] 34 |             true
[INFO] [stdout] 35 ~         },
[INFO] [stdout]    |
[INFO] [stdout] 
[INFO] [stdout] 
[INFO] [stdout] warning: unnecessary parentheses around match arm expression
[INFO] [stdout]   --> tests/smoke.rs:45:11
[INFO] [stdout]    |
[INFO] [stdout] 45 |         test => ({
[INFO] [stdout]    |                 ^
[INFO] [stdout] ...
[INFO] [stdout] 48 |         }),
[INFO] [stdout]    |          ^
[INFO] [stdout]    |
[INFO] [stdout] help: remove these parentheses
[INFO] [stdout]    |
[INFO] [stdout] 45 ~         test => {
[INFO] [stdout] 46 |             println!("whee");
[INFO] [stdout] 47 |             true
[INFO] [stdout] 48 ~         },
[INFO] [stdout]    |
[INFO] [stdout] 
[INFO] [stdout] 
[INFO] [stdout] error: aborting due to 5 previous errors; 2 warnings emitted
[INFO] [stdout] 
[INFO] [stdout] 
[INFO] [stdout] For more information about this error, try `rustc --explain E0659`.
[INFO] [stdout] 
[INFO] [stderr] error: could not compile `cfg-match` (test "smoke") due to 6 previous errors; 2 warnings emitted
[INFO] [stderr] warning: build failed, waiting for other jobs to finish...
[INFO] running `Command { std: "docker" "inspect" "5518d732659db951d1233bb8b2ffdbb55758e5399e95ebc8bbb2f274d1805f79", kill_on_drop: false }`
[INFO] running `Command { std: "docker" "rm" "-f" "5518d732659db951d1233bb8b2ffdbb55758e5399e95ebc8bbb2f274d1805f79", kill_on_drop: false }`
[INFO] [stdout] 5518d732659db951d1233bb8b2ffdbb55758e5399e95ebc8bbb2f274d1805f79
[INFO] testing cfg-match-0.2.1 against beta-2023-12-22 for beta-1.76-1
[INFO] extracting crate cfg-match 0.2.1 into /workspace/builds/worker-7-tc2/source
[INFO] validating manifest of crates.io crate cfg-match 0.2.1 on toolchain beta-2023-12-22
[INFO] running `Command { std: CARGO_HOME="/workspace/cargo-home" RUSTUP_HOME="/workspace/rustup-home" "/workspace/cargo-home/bin/cargo" "+beta-2023-12-22" "metadata" "--manifest-path" "Cargo.toml" "--no-deps", kill_on_drop: false }`
[INFO] started tweaking crates.io crate cfg-match 0.2.1
[INFO] finished tweaking crates.io crate cfg-match 0.2.1
[INFO] tweaked toml for crates.io crate cfg-match 0.2.1 written to /workspace/builds/worker-7-tc2/source/Cargo.toml
[INFO] running `Command { std: CARGO_HOME="/workspace/cargo-home" RUSTUP_HOME="/workspace/rustup-home" "/workspace/cargo-home/bin/cargo" "+beta-2023-12-22" "generate-lockfile" "--manifest-path" "Cargo.toml", kill_on_drop: false }`
[INFO] running `Command { std: CARGO_HOME="/workspace/cargo-home" RUSTUP_HOME="/workspace/rustup-home" "/workspace/cargo-home/bin/cargo" "+beta-2023-12-22" "fetch" "--manifest-path" "Cargo.toml", kill_on_drop: false }`
[INFO] running `Command { std: "docker" "create" "-v" "/var/lib/crater-agent-workspace/builds/worker-7-tc2/target:/opt/rustwide/target:rw,Z" "-v" "/var/lib/crater-agent-workspace/builds/worker-7-tc2/source:/opt/rustwide/workdir:ro,Z" "-v" "/var/lib/crater-agent-workspace/cargo-home:/opt/rustwide/cargo-home:ro,Z" "-v" "/var/lib/crater-agent-workspace/rustup-home:/opt/rustwide/rustup-home:ro,Z" "-e" "SOURCE_DIR=/opt/rustwide/workdir" "-e" "CARGO_TARGET_DIR=/opt/rustwide/target" "-e" "CARGO_HOME=/opt/rustwide/cargo-home" "-e" "RUSTUP_HOME=/opt/rustwide/rustup-home" "-w" "/opt/rustwide/workdir" "-m" "1610612736" "--user" "0:0" "--network" "none" "ghcr.io/rust-lang/crates-build-env/linux@sha256:2788e3201cd34a07e3172128adcd8b3090168a8e3bcc40d7c032b9dda1df7d1c" "/opt/rustwide/cargo-home/bin/cargo" "+beta-2023-12-22" "metadata" "--no-deps" "--format-version=1", kill_on_drop: false }`
[INFO] [stdout] 4fbd17498bdc65afe96f2ede3d72ffa14f8133fcf7f853a3c853ce2cc4fe01b0
[INFO] running `Command { std: "docker" "start" "-a" "4fbd17498bdc65afe96f2ede3d72ffa14f8133fcf7f853a3c853ce2cc4fe01b0", kill_on_drop: false }`
[INFO] running `Command { std: "docker" "inspect" "4fbd17498bdc65afe96f2ede3d72ffa14f8133fcf7f853a3c853ce2cc4fe01b0", kill_on_drop: false }`
[INFO] running `Command { std: "docker" "rm" "-f" "4fbd17498bdc65afe96f2ede3d72ffa14f8133fcf7f853a3c853ce2cc4fe01b0", kill_on_drop: false }`
[INFO] [stdout] 4fbd17498bdc65afe96f2ede3d72ffa14f8133fcf7f853a3c853ce2cc4fe01b0
[INFO] running `Command { std: "docker" "create" "-v" "/var/lib/crater-agent-workspace/builds/worker-7-tc2/target:/opt/rustwide/target:rw,Z" "-v" "/var/lib/crater-agent-workspace/builds/worker-7-tc2/source:/opt/rustwide/workdir:ro,Z" "-v" "/var/lib/crater-agent-workspace/cargo-home:/opt/rustwide/cargo-home:ro,Z" "-v" "/var/lib/crater-agent-workspace/rustup-home:/opt/rustwide/rustup-home:ro,Z" "-e" "SOURCE_DIR=/opt/rustwide/workdir" "-e" "CARGO_TARGET_DIR=/opt/rustwide/target" "-e" "CARGO_INCREMENTAL=0" "-e" "RUST_BACKTRACE=full" "-e" "RUSTFLAGS=--cap-lints=warn" "-e" "RUSTDOCFLAGS=--cap-lints=warn" "-e" "CARGO_HOME=/opt/rustwide/cargo-home" "-e" "RUSTUP_HOME=/opt/rustwide/rustup-home" "-w" "/opt/rustwide/workdir" "-m" "1610612736" "--user" "0:0" "--network" "none" "ghcr.io/rust-lang/crates-build-env/linux@sha256:2788e3201cd34a07e3172128adcd8b3090168a8e3bcc40d7c032b9dda1df7d1c" "/opt/rustwide/cargo-home/bin/cargo" "+beta-2023-12-22" "build" "--frozen" "--message-format=json", kill_on_drop: false }`
[INFO] [stdout] d0456eace9dda90e53cee62e915327e7ac5c41255c02f6948aff3d4467ded6e0
[INFO] running `Command { std: "docker" "start" "-a" "d0456eace9dda90e53cee62e915327e7ac5c41255c02f6948aff3d4467ded6e0", kill_on_drop: false }`
[INFO] [stderr]    Compiling cfg-match v0.2.1 (/opt/rustwide/workdir)
[INFO] [stderr]     Finished dev [unoptimized + debuginfo] target(s) in 0.04s
[INFO] running `Command { std: "docker" "inspect" "d0456eace9dda90e53cee62e915327e7ac5c41255c02f6948aff3d4467ded6e0", kill_on_drop: false }`
[INFO] running `Command { std: "docker" "rm" "-f" "d0456eace9dda90e53cee62e915327e7ac5c41255c02f6948aff3d4467ded6e0", kill_on_drop: false }`
[INFO] [stdout] d0456eace9dda90e53cee62e915327e7ac5c41255c02f6948aff3d4467ded6e0
[INFO] running `Command { std: "docker" "create" "-v" "/var/lib/crater-agent-workspace/builds/worker-7-tc2/target:/opt/rustwide/target:rw,Z" "-v" "/var/lib/crater-agent-workspace/builds/worker-7-tc2/source:/opt/rustwide/workdir:ro,Z" "-v" "/var/lib/crater-agent-workspace/cargo-home:/opt/rustwide/cargo-home:ro,Z" "-v" "/var/lib/crater-agent-workspace/rustup-home:/opt/rustwide/rustup-home:ro,Z" "-e" "SOURCE_DIR=/opt/rustwide/workdir" "-e" "CARGO_TARGET_DIR=/opt/rustwide/target" "-e" "CARGO_INCREMENTAL=0" "-e" "RUST_BACKTRACE=full" "-e" "RUSTFLAGS=--cap-lints=warn" "-e" "RUSTDOCFLAGS=--cap-lints=warn" "-e" "CARGO_HOME=/opt/rustwide/cargo-home" "-e" "RUSTUP_HOME=/opt/rustwide/rustup-home" "-w" "/opt/rustwide/workdir" "-m" "1610612736" "--user" "0:0" "--network" "none" "ghcr.io/rust-lang/crates-build-env/linux@sha256:2788e3201cd34a07e3172128adcd8b3090168a8e3bcc40d7c032b9dda1df7d1c" "/opt/rustwide/cargo-home/bin/cargo" "+beta-2023-12-22" "test" "--frozen" "--no-run" "--message-format=json", kill_on_drop: false }`
[INFO] [stdout] 144573d7dc04d62cc452f977a8fa7efc664c93f322c1bd1616b9cf04c8a540b3
[INFO] running `Command { std: "docker" "start" "-a" "144573d7dc04d62cc452f977a8fa7efc664c93f322c1bd1616b9cf04c8a540b3", kill_on_drop: false }`
[INFO] [stderr]    Compiling cfg-match v0.2.1 (/opt/rustwide/workdir)
[INFO] [stdout] error[E0659]: `cfg_match` is ambiguous
[INFO] [stdout]  --> tests/smoke.rs:3:1
[INFO] [stdout]   |
[INFO] [stdout] 3 | cfg_match! {
[INFO] [stdout]   | ^^^^^^^^^ ambiguous name
[INFO] [stdout]   |
[INFO] [stdout]   = note: ambiguous because of a conflict between a name from a glob import and an outer scope during import or macro resolution
[INFO] [stdout]   = note: `cfg_match` could refer to a macro from prelude
[INFO] [stdout] note: `cfg_match` could also refer to the macro imported here
[INFO] [stdout]  --> tests/smoke.rs:1:5
[INFO] [stdout]   |
[INFO] [stdout] 1 | use cfg_match::*;
[INFO] [stdout]   |     ^^^^^^^^^^^^
[INFO] [stdout]   = help: consider adding an explicit import of `cfg_match` to disambiguate
[INFO] [stdout]   = help: or use `crate::cfg_match` to refer to this macro unambiguously
[INFO] [stdout] 
[INFO] [stdout] 
[INFO] [stdout] error[E0659]: `cfg_match` is ambiguous
[INFO] [stdout]   --> tests/smoke.rs:18:1
[INFO] [stdout]    |
[INFO] [stdout] 18 | cfg_match! {
[INFO] [stdout]    | ^^^^^^^^^ ambiguous name
[INFO] [stdout]    |
[INFO] [stdout]    = note: ambiguous because of a conflict between a name from a glob import and an outer scope during import or macro resolution
[INFO] [stdout]    = note: `cfg_match` could refer to a macro from prelude
[INFO] [stdout] note: `cfg_match` could also refer to the macro imported here
[INFO] [stdout]   --> tests/smoke.rs:1:5
[INFO] [stdout]    |
[INFO] [stdout] 1  | use cfg_match::*;
[INFO] [stdout]    |     ^^^^^^^^^^^^
[INFO] [stdout]    = help: consider adding an explicit import of `cfg_match` to disambiguate
[INFO] [stdout]    = help: or use `crate::cfg_match` to refer to this macro unambiguously
[INFO] [stdout] 
[INFO] [stdout] 
[INFO] [stdout] error[E0659]: `cfg_match` is ambiguous
[INFO] [stdout]   --> tests/smoke.rs:30:10
[INFO] [stdout]    |
[INFO] [stdout] 30 |     let f = cfg_match! {
[INFO] [stdout]    |             ^^^^^^^^^ ambiguous name
[INFO] [stdout]    |
[INFO] [stdout]    = note: ambiguous because of a conflict between a name from a glob import and an outer scope during import or macro resolution
[INFO] [stdout]    = note: `cfg_match` could refer to a macro from prelude
[INFO] [stdout] note: `cfg_match` could also refer to the macro imported here
[INFO] [stdout]   --> tests/smoke.rs:1:5
[INFO] [stdout]    |
[INFO] [stdout] 1  | use cfg_match::*;
[INFO] [stdout]    |     ^^^^^^^^^^^^
[INFO] [stdout]    = help: consider adding an explicit import of `cfg_match` to disambiguate
[INFO] [stdout]    = help: or use `crate::cfg_match` to refer to this macro unambiguously
[INFO] [stdout] 
[INFO] [stdout] 
[INFO] [stdout] error[E0659]: `cfg_match` is ambiguous
[INFO] [stdout]   --> tests/smoke.rs:43:10
[INFO] [stdout]    |
[INFO] [stdout] 43 |     let f = cfg_match! {
[INFO] [stdout]    |             ^^^^^^^^^ ambiguous name
[INFO] [stdout]    |
[INFO] [stdout]    = note: ambiguous because of a conflict between a name from a glob import and an outer scope during import or macro resolution
[INFO] [stdout]    = note: `cfg_match` could refer to a macro from prelude
[INFO] [stdout] note: `cfg_match` could also refer to the macro imported here
[INFO] [stdout]   --> tests/smoke.rs:1:5
[INFO] [stdout]    |
[INFO] [stdout] 1  | use cfg_match::*;
[INFO] [stdout]    |     ^^^^^^^^^^^^
[INFO] [stdout]    = help: consider adding an explicit import of `cfg_match` to disambiguate
[INFO] [stdout]    = help: or use `crate::cfg_match` to refer to this macro unambiguously
[INFO] [stdout] 
[INFO] [stdout] 
[INFO] [stdout] error[E0659]: `cfg_match` is ambiguous
[INFO] [stdout]   --> tests/smoke.rs:53:1
[INFO] [stdout]    |
[INFO] [stdout] 53 | cfg_match! {
[INFO] [stdout]    | ^^^^^^^^^ ambiguous name
[INFO] [stdout]    |
[INFO] [stdout]    = note: ambiguous because of a conflict between a name from a glob import and an outer scope during import or macro resolution
[INFO] [stdout]    = note: `cfg_match` could refer to a macro from prelude
[INFO] [stdout] note: `cfg_match` could also refer to the macro imported here
[INFO] [stdout]   --> tests/smoke.rs:1:5
[INFO] [stdout]    |
[INFO] [stdout] 1  | use cfg_match::*;
[INFO] [stdout]    |     ^^^^^^^^^^^^
[INFO] [stdout]    = help: consider adding an explicit import of `cfg_match` to disambiguate
[INFO] [stdout]    = help: or use `crate::cfg_match` to refer to this macro unambiguously
[INFO] [stdout] 
[INFO] [stdout] 
[INFO] [stdout] warning: unnecessary parentheses around match arm expression
[INFO] [stdout]   --> tests/smoke.rs:32:11
[INFO] [stdout]    |
[INFO] [stdout] 32 |         test => ({
[INFO] [stdout]    |                 ^
[INFO] [stdout] ...
[INFO] [stdout] 35 |         }),
[INFO] [stdout]    |          ^
[INFO] [stdout]    |
[INFO] [stdout]    = note: `#[warn(unused_parens)]` on by default
[INFO] [stdout] help: remove these parentheses
[INFO] [stdout]    |
[INFO] [stdout] 32 ~         test => {
[INFO] [stdout] 33 |             println!("whee");
[INFO] [stdout] 34 |             true
[INFO] [stdout] 35 ~         },
[INFO] [stdout]    |
[INFO] [stdout] 
[INFO] [stdout] 
[INFO] [stdout] warning: unnecessary parentheses around match arm expression
[INFO] [stdout]   --> tests/smoke.rs:45:11
[INFO] [stdout]    |
[INFO] [stdout] 45 |         test => ({
[INFO] [stdout]    |                 ^
[INFO] [stdout] ...
[INFO] [stdout] 48 |         }),
[INFO] [stdout]    |          ^
[INFO] [stdout]    |
[INFO] [stdout] help: remove these parentheses
[INFO] [stdout]    |
[INFO] [stdout] 45 ~         test => {
[INFO] [stdout] 46 |             println!("whee");
[INFO] [stdout] 47 |             true
[INFO] [stdout] 48 ~         },
[INFO] [stdout]    |
[INFO] [stdout] 
[INFO] [stdout] 
[INFO] [stdout] error: aborting due to 5 previous errors; 2 warnings emitted
[INFO] [stdout] 
[INFO] [stdout] 
[INFO] [stdout] For more information about this error, try `rustc --explain E0659`.
[INFO] [stdout] 
[INFO] [stderr] error: could not compile `cfg-match` (test "smoke") due to 6 previous errors; 2 warnings emitted
[INFO] [stderr] warning: build failed, waiting for other jobs to finish...
[INFO] running `Command { std: "docker" "inspect" "144573d7dc04d62cc452f977a8fa7efc664c93f322c1bd1616b9cf04c8a540b3", kill_on_drop: false }`
[INFO] running `Command { std: "docker" "rm" "-f" "144573d7dc04d62cc452f977a8fa7efc664c93f322c1bd1616b9cf04c8a540b3", kill_on_drop: false }`
[INFO] [stdout] 144573d7dc04d62cc452f977a8fa7efc664c93f322c1bd1616b9cf04c8a540b3
