[INFO] fetching crate centerdevice 0.5.1...
[INFO] testing centerdevice-0.5.1 against 1.75.0 for beta-1.76-1
[INFO] extracting crate centerdevice 0.5.1 into /workspace/builds/worker-2-tc1/source
[INFO] validating manifest of crates.io crate centerdevice 0.5.1 on toolchain 1.75.0
[INFO] running `Command { std: CARGO_HOME="/workspace/cargo-home" RUSTUP_HOME="/workspace/rustup-home" "/workspace/cargo-home/bin/cargo" "+1.75.0" "metadata" "--manifest-path" "Cargo.toml" "--no-deps", kill_on_drop: false }`
[INFO] started tweaking crates.io crate centerdevice 0.5.1
[INFO] finished tweaking crates.io crate centerdevice 0.5.1
[INFO] tweaked toml for crates.io crate centerdevice 0.5.1 written to /workspace/builds/worker-2-tc1/source/Cargo.toml
[INFO] crate crates.io crate centerdevice 0.5.1 already has a lockfile, it will not be regenerated
[INFO] running `Command { std: CARGO_HOME="/workspace/cargo-home" RUSTUP_HOME="/workspace/rustup-home" "/workspace/cargo-home/bin/cargo" "+1.75.0" "fetch" "--manifest-path" "Cargo.toml", kill_on_drop: false }`
[INFO] [stderr]     Updating crates.io index
[INFO] [stderr]  Downloading crates ...
[INFO] [stderr]   Downloaded serde_json v1.0.51
[INFO] [stderr]   Downloaded proc-macro-hack v0.5.15
[INFO] [stderr]   Downloaded wasm-bindgen-shared v0.2.60
[INFO] [stderr]   Downloaded failure_derive v0.1.7
[INFO] [stderr]   Downloaded ct-logs v0.6.0
[INFO] [stderr]   Downloaded wasm-bindgen-macro v0.2.60
[INFO] [stderr]   Downloaded wasm-bindgen-futures v0.4.10
[INFO] [stderr]   Downloaded wasm-bindgen-backend v0.2.60
[INFO] [stderr]   Downloaded hermit-abi v0.1.10
[INFO] [stderr]   Downloaded wasm-bindgen-macro-support v0.2.60
[INFO] [stderr]   Downloaded mime_guess v1.8.8
[INFO] [stderr]   Downloaded hyper-rustls v0.20.0
[INFO] [stderr]   Downloaded pin-project-internal v0.4.8
[INFO] [stderr]   Downloaded schannel v0.1.18
[INFO] [stderr]   Downloaded http v0.2.1
[INFO] [stderr]   Downloaded web-sys v0.3.37
[INFO] [stderr]   Downloaded hyperx v1.0.0
[INFO] [stderr]   Downloaded ring v0.16.12
[INFO] [stderr]   Downloaded mime_multipart v0.5.2
[INFO] [stderr]   Downloaded buf-read-ext v0.3.0
[INFO] [stderr]   Downloaded hyper v0.13.4
[INFO] [stderr]   Downloaded rustls v0.17.0
[INFO] [stderr]   Downloaded tokio v0.2.16
[INFO] [stderr]   Downloaded wasm-bindgen v0.2.60
[INFO] [stderr]   Downloaded js-sys v0.3.37
[INFO] [stderr]   Downloaded bumpalo v3.2.1
[INFO] [stderr]   Downloaded webpki-roots v0.18.0
[INFO] [stderr]   Downloaded aho-corasick v0.7.10
[INFO] [stderr]   Downloaded chrono v0.4.11
[INFO] [stderr]   Downloaded h2 v0.2.4
[INFO] [stderr]   Downloaded reqwest v0.10.4
[INFO] [stderr]   Downloaded security-framework v0.4.2
[INFO] [stderr]   Downloaded webpki v0.21.2
[INFO] [stderr]   Downloaded serde v1.0.106
[INFO] [stderr]   Downloaded pin-project v0.4.8
[INFO] [stderr]   Downloaded rustls-native-certs v0.3.0
[INFO] [stderr]   Downloaded dtoa v0.4.5
[INFO] [stderr]   Downloaded bytes v0.5.4
[INFO] [stderr]   Downloaded tokio-rustls v0.13.0
[INFO] [stderr]   Downloaded smallvec v1.3.0
[INFO] [stderr]   Downloaded serde_derive v1.0.106
[INFO] [stderr]   Downloaded proc-macro2 v1.0.10
[INFO] [stderr]   Downloaded winapi-util v0.1.4
[INFO] [stderr]   Downloaded tempdir v0.3.7
[INFO] [stderr]   Downloaded failure v0.1.7
[INFO] [stderr]   Downloaded textnonce v0.6.5
[INFO] [stderr]   Downloaded security-framework-sys v0.4.2
[INFO] running `Command { std: "docker" "create" "-v" "/var/lib/crater-agent-workspace/builds/worker-2-tc1/target:/opt/rustwide/target:rw,Z" "-v" "/var/lib/crater-agent-workspace/builds/worker-2-tc1/source:/opt/rustwide/workdir:ro,Z" "-v" "/var/lib/crater-agent-workspace/cargo-home:/opt/rustwide/cargo-home:ro,Z" "-v" "/var/lib/crater-agent-workspace/rustup-home:/opt/rustwide/rustup-home:ro,Z" "-e" "SOURCE_DIR=/opt/rustwide/workdir" "-e" "CARGO_TARGET_DIR=/opt/rustwide/target" "-e" "CARGO_HOME=/opt/rustwide/cargo-home" "-e" "RUSTUP_HOME=/opt/rustwide/rustup-home" "-w" "/opt/rustwide/workdir" "-m" "1610612736" "--user" "0:0" "--network" "none" "ghcr.io/rust-lang/crates-build-env/linux@sha256:2788e3201cd34a07e3172128adcd8b3090168a8e3bcc40d7c032b9dda1df7d1c" "/opt/rustwide/cargo-home/bin/cargo" "+1.75.0" "metadata" "--no-deps" "--format-version=1", kill_on_drop: false }`
[INFO] [stdout] 1ce9d5f61ab042032051587ef0ec07087a131bd7822c4a354ac37797aa0c7da5
[INFO] running `Command { std: "docker" "start" "-a" "1ce9d5f61ab042032051587ef0ec07087a131bd7822c4a354ac37797aa0c7da5", kill_on_drop: false }`
[INFO] running `Command { std: "docker" "inspect" "1ce9d5f61ab042032051587ef0ec07087a131bd7822c4a354ac37797aa0c7da5", kill_on_drop: false }`
[INFO] running `Command { std: "docker" "rm" "-f" "1ce9d5f61ab042032051587ef0ec07087a131bd7822c4a354ac37797aa0c7da5", kill_on_drop: false }`
[INFO] [stdout] 1ce9d5f61ab042032051587ef0ec07087a131bd7822c4a354ac37797aa0c7da5
[INFO] running `Command { std: "docker" "create" "-v" "/var/lib/crater-agent-workspace/builds/worker-2-tc1/target:/opt/rustwide/target:rw,Z" "-v" "/var/lib/crater-agent-workspace/builds/worker-2-tc1/source:/opt/rustwide/workdir:ro,Z" "-v" "/var/lib/crater-agent-workspace/cargo-home:/opt/rustwide/cargo-home:ro,Z" "-v" "/var/lib/crater-agent-workspace/rustup-home:/opt/rustwide/rustup-home:ro,Z" "-e" "SOURCE_DIR=/opt/rustwide/workdir" "-e" "CARGO_TARGET_DIR=/opt/rustwide/target" "-e" "CARGO_INCREMENTAL=0" "-e" "RUST_BACKTRACE=full" "-e" "RUSTFLAGS=--cap-lints=warn" "-e" "RUSTDOCFLAGS=--cap-lints=warn" "-e" "CARGO_HOME=/opt/rustwide/cargo-home" "-e" "RUSTUP_HOME=/opt/rustwide/rustup-home" "-w" "/opt/rustwide/workdir" "-m" "1610612736" "--user" "0:0" "--network" "none" "ghcr.io/rust-lang/crates-build-env/linux@sha256:2788e3201cd34a07e3172128adcd8b3090168a8e3bcc40d7c032b9dda1df7d1c" "/opt/rustwide/cargo-home/bin/cargo" "+1.75.0" "build" "--frozen" "--message-format=json", kill_on_drop: false }`
[INFO] [stdout] 432ec263c1abb1bfb843c3b230a36c0ded013f5c602544804b39e4dc302cac4b
[INFO] running `Command { std: "docker" "start" "-a" "432ec263c1abb1bfb843c3b230a36c0ded013f5c602544804b39e4dc302cac4b", kill_on_drop: false }`
[INFO] [stderr]    Compiling libc v0.2.68
[INFO] [stderr]    Compiling proc-macro2 v1.0.10
[INFO] [stderr]    Compiling log v0.4.8
[INFO] [stderr]    Compiling syn v1.0.17
[INFO] [stderr]    Compiling rand_core v0.4.2
[INFO] [stderr]    Compiling autocfg v0.1.7
[INFO] [stderr]    Compiling version_check v0.1.5
[INFO] [stderr]    Compiling ring v0.16.12
[INFO] [stderr]    Compiling rand_core v0.3.1
[INFO] [stderr]    Compiling untrusted v0.7.0
[INFO] [stderr]    Compiling unicase v1.4.2
[INFO] [stderr]    Compiling fnv v1.0.6
[INFO] [stderr]    Compiling rand_pcg v0.1.2
[INFO] [stderr]    Compiling rand_chacha v0.1.1
[INFO] [stderr]    Compiling spin v0.5.2
[INFO] [stderr]    Compiling byteorder v1.3.4
[INFO] [stderr]    Compiling bytes v0.5.4
[INFO] [stderr]    Compiling rand v0.6.5
[INFO] [stderr]    Compiling itoa v0.4.5
[INFO] [stderr]    Compiling quote v1.0.3
[INFO] [stderr]    Compiling iovec v0.1.4
[INFO] [stderr]    Compiling num_cpus v1.12.0
[INFO] [stderr]    Compiling matches v0.1.8
[INFO] [stderr]    Compiling futures-core v0.3.4
[INFO] [stderr]    Compiling slab v0.4.2
[INFO] [stderr]    Compiling smallvec v1.3.0
[INFO] [stderr]    Compiling unicode-bidi v0.3.4
[INFO] [stderr]    Compiling unicode-normalization v0.1.12
[INFO] [stderr]    Compiling time v0.1.42
[INFO] [stderr]    Compiling net2 v0.2.33
[INFO] [stderr]    Compiling rand_os v0.1.3
[INFO] [stderr]    Compiling rand_hc v0.1.0
[INFO] [stderr]    Compiling rand_xorshift v0.1.1
[INFO] [stderr]    Compiling rand_isaac v0.1.1
[INFO] [stderr]    Compiling rand_jitter v0.1.4
[INFO] [stderr]    Compiling serde v1.0.106
[INFO] [stderr]    Compiling version_check v0.9.1
[INFO] [stderr]    Compiling httparse v1.3.4
[INFO] [stderr]    Compiling mio v0.6.21
[INFO] [stderr]    Compiling unicase v2.6.0
[INFO] [stderr]    Compiling pin-project-lite v0.1.4
[INFO] [stderr]    Compiling siphasher v0.2.3
[INFO] [stderr]    Compiling proc-macro-nested v0.1.4
[INFO] [stderr]    Compiling encoding_index_tests v0.1.4
[INFO] [stderr]    Compiling phf_shared v0.7.24
[INFO] [stderr]    Compiling tokio v0.2.16
[INFO] [stderr]    Compiling http v0.2.1
[INFO] [stderr]    Compiling num-traits v0.2.11
[INFO] [stderr]    Compiling indexmap v1.3.2
[INFO] [stderr]    Compiling proc-macro-hack v0.5.15
[INFO] [stderr]    Compiling base64 v0.11.0
[INFO] [stderr]    Compiling num-integer v0.1.42
[INFO] [stderr]    Compiling pin-utils v0.1.0-alpha.4
[INFO] [stderr]    Compiling futures-task v0.3.4
[INFO] [stderr]    Compiling futures-sink v0.3.4
[INFO] [stderr]    Compiling futures-io v0.3.4
[INFO] [stderr]    Compiling phf_generator v0.7.24
[INFO] [stderr]    Compiling log v0.3.9
[INFO] [stderr]    Compiling webpki v0.21.2
[INFO] [stderr]    Compiling sct v0.6.0
[INFO] [stderr]    Compiling backtrace-sys v0.1.35
[INFO] [stderr]    Compiling percent-encoding v2.1.0
[INFO] [stderr]    Compiling rustls v0.17.0
[INFO] [stderr]    Compiling try-lock v0.2.2
[INFO] [stderr]    Compiling ryu v1.0.3
[INFO] [stderr]    Compiling want v0.3.0
[INFO] [stderr]    Compiling tokio-util v0.3.1
[INFO] [stderr]    Compiling http-body v0.3.1
[INFO] [stderr]    Compiling mime v0.2.6
[INFO] [stderr]    Compiling phf_codegen v0.7.24
[INFO] [stderr]    Compiling mime_guess v2.0.3
[INFO] [stderr]    Compiling phf v0.7.24
[INFO] [stderr]    Compiling idna v0.2.0
[INFO] [stderr]    Compiling idna v0.1.5
[INFO] [stderr]    Compiling bytes v0.4.12
[INFO] [stderr]    Compiling futures-channel v0.3.4
[INFO] [stderr]    Compiling failure_derive v0.1.7
[INFO] [stderr]    Compiling openssl-probe v0.1.2
[INFO] [stderr]    Compiling mime v0.3.16
[INFO] [stderr]    Compiling tower-service v0.3.0
[INFO] [stderr]    Compiling safemem v0.3.3
[INFO] [stderr]    Compiling futures v0.1.29
[INFO] [stderr]    Compiling language-tags v0.2.2
[INFO] [stderr]    Compiling percent-encoding v1.0.1
[INFO] [stderr]    Compiling encoding_rs v0.8.22
[INFO] [stderr]    Compiling url v1.7.2
[INFO] [stderr]    Compiling base64 v0.9.3
[INFO] [stderr]    Compiling rustls-native-certs v0.3.0
[INFO] [stderr]    Compiling url v2.1.1
[INFO] [stderr]    Compiling tokio-rustls v0.13.0
[INFO] [stderr]    Compiling mime_guess v1.8.8
[INFO] [stderr]    Compiling synstructure v0.12.3
[INFO] [stderr]    Compiling ct-logs v0.6.0
[INFO] [stderr]    Compiling serde_derive v1.0.106
[INFO] [stderr]    Compiling futures-macro v0.3.4
[INFO] [stderr]    Compiling pin-project-internal v0.4.8
[INFO] [stderr]    Compiling tokio-io v0.1.13
[INFO] [stderr]    Compiling encoding-index-singlebyte v1.20141219.5
[INFO] [stderr]    Compiling encoding-index-japanese v1.20141219.5
[INFO] [stderr]    Compiling encoding-index-tradchinese v1.20141219.5
[INFO] [stderr]    Compiling encoding-index-simpchinese v1.20141219.5
[INFO] [stderr]    Compiling encoding-index-korean v1.20141219.5
[INFO] [stderr]    Compiling base64 v0.10.1
[INFO] [stderr]    Compiling rand v0.4.6
[INFO] [stderr]    Compiling typeable v0.1.2
[INFO] [stderr]    Compiling dtoa v0.4.5
[INFO] [stderr]    Compiling rustc-demangle v0.1.16
[INFO] [stderr]    Compiling hyperx v1.0.0
[INFO] [stderr]    Compiling remove_dir_all v0.5.2
[INFO] [stderr]    Compiling traitobject v0.1.0
[INFO] [stderr]    Compiling hyper v0.10.16
[INFO] [stderr]    Compiling backtrace v0.3.46
[INFO] [stderr]    Compiling futures-util v0.3.4
[INFO] [stderr]    Compiling tempdir v0.3.7
[INFO] [stderr]    Compiling encoding v0.2.33
[INFO] [stderr]    Compiling buf-read-ext v0.3.0
[INFO] [stderr]    Compiling webpki-roots v0.18.0
[INFO] [stderr]    Compiling pin-project v0.4.8
[INFO] [stderr]    Compiling failure v0.1.7
[INFO] [stderr]    Compiling hex v0.3.2
[INFO] [stderr]    Compiling h2 v0.2.4
[INFO] [stderr]    Compiling hyper v0.13.4
[INFO] [stderr]    Compiling hyper-rustls v0.20.0
[INFO] [stderr]    Compiling chrono v0.4.11
[INFO] [stderr]    Compiling serde_json v1.0.51
[INFO] [stderr]    Compiling serde_urlencoded v0.6.1
[INFO] [stderr]    Compiling textnonce v0.6.5
[INFO] [stderr]    Compiling mime_multipart v0.5.2
[INFO] [stderr]    Compiling reqwest v0.10.4
[INFO] [stderr]    Compiling centerdevice v0.5.1 (/opt/rustwide/workdir)
[INFO] [stderr]     Finished dev [unoptimized + debuginfo] target(s) in 29.00s
[INFO] [stderr] warning: the following packages contain code that will be rejected by a future version of Rust: traitobject v0.1.0
[INFO] [stderr] note: to see what the problems were, use the option `--future-incompat-report`, or run `cargo report future-incompatibilities --id 1`
[INFO] running `Command { std: "docker" "inspect" "432ec263c1abb1bfb843c3b230a36c0ded013f5c602544804b39e4dc302cac4b", kill_on_drop: false }`
[INFO] running `Command { std: "docker" "rm" "-f" "432ec263c1abb1bfb843c3b230a36c0ded013f5c602544804b39e4dc302cac4b", kill_on_drop: false }`
[INFO] [stdout] 432ec263c1abb1bfb843c3b230a36c0ded013f5c602544804b39e4dc302cac4b
[INFO] running `Command { std: "docker" "create" "-v" "/var/lib/crater-agent-workspace/builds/worker-2-tc1/target:/opt/rustwide/target:rw,Z" "-v" "/var/lib/crater-agent-workspace/builds/worker-2-tc1/source:/opt/rustwide/workdir:ro,Z" "-v" "/var/lib/crater-agent-workspace/cargo-home:/opt/rustwide/cargo-home:ro,Z" "-v" "/var/lib/crater-agent-workspace/rustup-home:/opt/rustwide/rustup-home:ro,Z" "-e" "SOURCE_DIR=/opt/rustwide/workdir" "-e" "CARGO_TARGET_DIR=/opt/rustwide/target" "-e" "CARGO_INCREMENTAL=0" "-e" "RUST_BACKTRACE=full" "-e" "RUSTFLAGS=--cap-lints=warn" "-e" "RUSTDOCFLAGS=--cap-lints=warn" "-e" "CARGO_HOME=/opt/rustwide/cargo-home" "-e" "RUSTUP_HOME=/opt/rustwide/rustup-home" "-w" "/opt/rustwide/workdir" "-m" "1610612736" "--user" "0:0" "--network" "none" "ghcr.io/rust-lang/crates-build-env/linux@sha256:2788e3201cd34a07e3172128adcd8b3090168a8e3bcc40d7c032b9dda1df7d1c" "/opt/rustwide/cargo-home/bin/cargo" "+1.75.0" "test" "--frozen" "--no-run" "--message-format=json", kill_on_drop: false }`
[INFO] [stdout] 17dd553d6aa147058f716cd7069be2afe4d9ab581052837373463da26dfc4aa3
[INFO] running `Command { std: "docker" "start" "-a" "17dd553d6aa147058f716cd7069be2afe4d9ab581052837373463da26dfc4aa3", kill_on_drop: false }`
[INFO] [stderr]    Compiling rustc-serialize v0.3.24
[INFO] [stderr]    Compiling num-iter v0.1.40
[INFO] [stderr]    Compiling aho-corasick v0.7.10
[INFO] [stderr]    Compiling regex-syntax v0.6.17
[INFO] [stderr]    Compiling quick-error v1.2.3
[INFO] [stderr]    Compiling atty v0.2.14
[INFO] [stderr]    Compiling termcolor v1.1.0
[INFO] [stderr]    Compiling humantime v1.3.0
[INFO] [stderr]    Compiling num-bigint v0.1.44
[INFO] [stderr]    Compiling num-complex v0.1.43
[INFO] [stderr]    Compiling regex v1.3.6
[INFO] [stderr]    Compiling num-rational v0.1.42
[INFO] [stderr]    Compiling num v0.1.42
[INFO] [stderr]    Compiling spectral v0.6.0
[INFO] [stderr]    Compiling env_logger v0.6.2
[INFO] [stderr]    Compiling centerdevice v0.5.1 (/opt/rustwide/workdir)
[INFO] [stdout] error: linking with `cc` failed: exit status: 1
[INFO] [stdout]   |
[INFO] [stdout]   = note: LC_ALL="C" PATH="/opt/rustwide/rustup-home/toolchains/1.75.0-x86_64-unknown-linux-gnu/lib/rustlib/x86_64-unknown-linux-gnu/bin:/opt/rustwide/cargo-home/bin:/usr/local/sbin:/usr/local/bin:/usr/sbin:/usr/bin:/sbin:/bin" VSLANG="1033" "cc" "-m64" "/tmp/rustcSvaesU/symbols.o" "/opt/rustwide/target/debug/examples/download-94f594dc2ca160fc.download.b5625149721fe3dc-cgu.0.rcgu.o" "/opt/rustwide/target/debug/examples/download-94f594dc2ca160fc.3kpq0s0fxeavpnzy.rcgu.o" "-Wl,--as-needed" "-L" "/opt/rustwide/target/debug/deps" "-L" "/opt/rustwide/target/debug/build/backtrace-sys-08f2885e0337f4bd/out" "-L" "/opt/rustwide/target/debug/build/ring-65eb1407ce2983f6/out" "-L" "/opt/rustwide/rustup-home/toolchains/1.75.0-x86_64-unknown-linux-gnu/lib/rustlib/x86_64-unknown-linux-gnu/lib" "-Wl,-Bstatic" "/opt/rustwide/target/debug/deps/libcenterdevice-3b0a4271f31b3d93.rlib" "/opt/rustwide/target/debug/deps/libmime_multipart-aac0b89c37e1a57c.rlib" "/opt/rustwide/target/debug/deps/libbuf_read_ext-826a43385f1e1278.rlib" "/opt/rustwide/target/debug/deps/libtokio_io-760d9c338bb7c83c.rlib" "/opt/rustwide/target/debug/deps/libbytes-35483272d943a3ca.rlib" "/opt/rustwide/target/debug/deps/libfutures-27fb84f2936e4684.rlib" "/opt/rustwide/target/debug/deps/libencoding-4dd272db3d8bc387.rlib" "/opt/rustwide/target/debug/deps/libencoding_index_tradchinese-49d2ad2a1a25967e.rlib" "/opt/rustwide/target/debug/deps/libencoding_index_simpchinese-b94e8fdd53e01b5a.rlib" "/opt/rustwide/target/debug/deps/libencoding_index_japanese-b8ce3ff4a9f6d607.rlib" "/opt/rustwide/target/debug/deps/libencoding_index_korean-e7c1522b7ba72fc2.rlib" "/opt/rustwide/target/debug/deps/libencoding_index_singlebyte-d54da7a63c6786ce.rlib" "/opt/rustwide/target/debug/deps/libtextnonce-a223ba82409fef78.rlib" "/opt/rustwide/target/debug/deps/librand-5c6d16904028aed9.rlib" "/opt/rustwide/target/debug/deps/librand_xorshift-9b7e196cd50c4e67.rlib" "/opt/rustwide/target/debug/deps/librand_pcg-3c8ef7712ac8b37b.rlib" "/opt/rustwide/target/debug/deps/librand_hc-677515abc5e770db.rlib" "/opt/rustwide/target/debug/deps/librand_chacha-5a40055b7fb3edec.rlib" "/opt/rustwide/target/debug/deps/librand_isaac-9055555a0ce64bea.rlib" "/opt/rustwide/target/debug/deps/librand_core-2d6f500acd6a936c.rlib" "/opt/rustwide/target/debug/deps/librand_os-2e21953083df5422.rlib" "/opt/rustwide/target/debug/deps/librand_jitter-e0716e2be2341726.rlib" "/opt/rustwide/target/debug/deps/librand_core-5f8dc8f8f4491b97.rlib" "/opt/rustwide/target/debug/deps/libbase64-55b81d996be888d0.rlib" "/opt/rustwide/target/debug/deps/libtempdir-61c21925f0fc0435.rlib" "/opt/rustwide/target/debug/deps/libremove_dir_all-ef857d16985aeae1.rlib" "/opt/rustwide/target/debug/deps/librand-c730019ad6c5a875.rlib" "/opt/rustwide/target/debug/deps/libhyper-55cc984cb3ff28c3.rlib" "/opt/rustwide/target/debug/deps/libtypeable-8ace1cd7d8a07f3b.rlib" "/opt/rustwide/target/debug/deps/libtraitobject-41fd5123b8f4ed1a.rlib" "/opt/rustwide/target/debug/deps/libunicase-60882e128d84442b.rlib" "/opt/rustwide/target/debug/deps/liburl-425a52dfc325f0bb.rlib" "/opt/rustwide/target/debug/deps/libpercent_encoding-139f6dad4c5bd392.rlib" "/opt/rustwide/target/debug/deps/libidna-ea0542915123e0b8.rlib" "/opt/rustwide/target/debug/deps/libbase64-99bddfdb1ca8a668.rlib" "/opt/rustwide/target/debug/deps/libsafemem-4745ed10c8b13fe0.rlib" "/opt/rustwide/target/debug/deps/libbyteorder-776134c0f10ee8e7.rlib" "/opt/rustwide/target/debug/deps/libmime-529b4774ae1fa901.rlib" "/opt/rustwide/target/debug/deps/liblog-e092e4300782a98c.rlib" "/opt/rustwide/target/debug/deps/libhex-9358b02fec5bb9c3.rlib" "/opt/rustwide/target/debug/deps/libhyperx-7d792f72d51fccf7.rlib" "/opt/rustwide/target/debug/deps/liblanguage_tags-8a61f3e771a1a6ca.rlib" "/opt/rustwide/target/debug/deps/libchrono-c2b708374191ca47.rlib" "/opt/rustwide/target/debug/deps/libnum_integer-9c4d258186ddeb69.rlib" "/opt/rustwide/target/debug/deps/libnum_traits-0dbb07dd068e6481.rlib" "/opt/rustwide/target/debug/deps/libreqwest-1edb6424e6cb62ce.rlib" "/opt/rustwide/target/debug/deps/libhyper_rustls-3f25d9ed6e5caad7.rlib" "/opt/rustwide/target/debug/deps/libct_logs-29ca70226e4dfc11.rlib" "/opt/rustwide/target/debug/deps/librustls_native_certs-2518b55937cf91ff.rlib" "/opt/rustwide/target/debug/deps/libopenssl_probe-5e9cb7b80e7f7336.rlib" "/opt/rustwide/target/debug/deps/libwebpki_roots-c3009f7744fbfe9e.rlib" "/opt/rustwide/target/debug/deps/libtokio_rustls-0360483bb1e746d4.rlib" "/opt/rustwide/target/debug/deps/librustls-371a0b09a4405228.rlib" "/opt/rustwide/target/debug/deps/libsct-198edd66271a0d0d.rlib" "/opt/rustwide/target/debug/deps/libwebpki-6e85f5aec9430219.rlib" "/opt/rustwide/target/debug/deps/libring-d0f09446d657274d.rlib" "/opt/rustwide/target/debug/deps/libspin-c4098cd951aef6c9.rlib" "/opt/rustwide/target/debug/deps/libuntrusted-2e3baac4b199db3c.rlib" "/opt/rustwide/target/debug/deps/libencoding_rs-8a7f5d2642d88d70.rlib" "/opt/rustwide/target/debug/deps/libserde_urlencoded-ce517d7ffe961254.rlib" "/opt/rustwide/target/debug/deps/libdtoa-51e88a7009f6f9e7.rlib" "/opt/rustwide/target/debug/deps/libserde_json-0ca55fe148aefc0b.rlib" "/opt/rustwide/target/debug/deps/libryu-68bdd8901cdf98f7.rlib" "/opt/rustwide/target/debug/deps/libserde-080e3b47e8a853b8.rlib" "/opt/rustwide/target/debug/deps/libbase64-ab28fc5b32af1eae.rlib" "/opt/rustwide/target/debug/deps/libmime_guess-bb646286c2f6a57f.rlib" "/opt/rustwide/target/debug/deps/libunicase-5d2409e67bf9198d.rlib" "/opt/rustwide/target/debug/deps/libmime-450b243d21db2a61.rlib" "/opt/rustwide/target/debug/deps/libhyper-1da4eaf3099e7588.rlib" "/opt/rustwide/target/debug/deps/libhttparse-820b8b816a59e01c.rlib" "/opt/rustwide/target/debug/deps/libwant-2844131529eea0eb.rlib" "/opt/rustwide/target/debug/deps/libtry_lock-dd94af16c6c33039.rlib" "/opt/rustwide/target/debug/deps/libh2-68dbe156e203e074.rlib" "/opt/rustwide/target/debug/deps/libindexmap-6c9a015671bb358f.rlib" "/opt/rustwide/target/debug/deps/libtokio_util-e029b187453666a9.rlib" "/opt/rustwide/target/debug/deps/libfutures_sink-399dbd04ee2d7a77.rlib" "/opt/rustwide/target/debug/deps/libtime-58e70425245d73d7.rlib" "/opt/rustwide/target/debug/deps/libtower_service-ae61a531df1bf2b2.rlib" "/opt/rustwide/target/debug/deps/libfutures_channel-fbd79e4f7dd87d77.rlib" "/opt/rustwide/target/debug/deps/libpin_project-0cc2e33a7b355913.rlib" "/opt/rustwide/target/debug/deps/libtokio-2f9b9ab80a448553.rlib" "/opt/rustwide/target/debug/deps/libnum_cpus-02af09ac19a8ead8.rlib" "/opt/rustwide/target/debug/deps/libmio-b0f18cbe985d6299.rlib" "/opt/rustwide/target/debug/deps/libiovec-006786ccd65e8741.rlib" "/opt/rustwide/target/debug/deps/libnet2-9403257cd4fdf64a.rlib" "/opt/rustwide/target/debug/deps/libpin_project_lite-422cb77b88ddf8c6.rlib" "/opt/rustwide/target/debug/deps/libhttp_body-622c5f6d7adac3be.rlib" "/opt/rustwide/target/debug/deps/libfutures_util-8cc11bb4016ddc97.rlib" "/opt/rustwide/target/debug/deps/libmemchr-c90c5988db8e650a.rlib" "/opt/rustwide/target/debug/deps/libproc_macro_nested-54ec289174735218.rlib" "/opt/rustwide/target/debug/deps/libfutures_io-efa44d4b302931e0.rlib" "/opt/rustwide/target/debug/deps/libslab-b1892e41b4ad8e0a.rlib" "/opt/rustwide/target/debug/deps/libfutures_task-5d8336a19d38b03b.rlib" "/opt/rustwide/target/debug/deps/libpin_utils-3e872a3388722447.rlib" "/opt/rustwide/target/debug/deps/libfutures_core-1e4e8d39fff7e3b3.rlib" "/opt/rustwide/target/debug/deps/liblazy_static-591486ebcb9a7ead.rlib" "/opt/rustwide/target/debug/deps/liburl-2c8eff1e78e2e0e9.rlib" "/opt/rustwide/target/debug/deps/libpercent_encoding-526c9d71c02fb5bb.rlib" "/opt/rustwide/target/debug/deps/libidna-8783f531e4fc8dbb.rlib" "/opt/rustwide/target/debug/deps/libunicode_normalization-d566808ec2fa1ec4.rlib" "/opt/rustwide/target/debug/deps/libsmallvec-5e9bfe495d5eadb7.rlib" "/opt/rustwide/target/debug/deps/libunicode_bidi-d56242191fa0467f.rlib" "/opt/rustwide/target/debug/deps/libmatches-f26274ea58bc6e21.rlib" "/opt/rustwide/target/debug/deps/libhttp-c9a9526e1e7ff56d.rlib" "/opt/rustwide/target/debug/deps/libitoa-3f79b194d35aff79.rlib" "/opt/rustwide/target/debug/deps/libbytes-7d917abb8af5a7f8.rlib" "/opt/rustwide/target/debug/deps/libfnv-e3c8b711b042d48e.rlib" "/opt/rustwide/target/debug/deps/liblog-ae1c5e579e607d4b.rlib" "/opt/rustwide/target/debug/deps/libfailure-f0fa6add75d7733f.rlib" "/opt/rustwide/target/debug/deps/libbacktrace-45689f28ee8a1dcd.rlib" "/opt/rustwide/target/debug/deps/libbacktrace_sys-f5a6f39fb1023fa4.rlib" "/opt/rustwide/target/debug/deps/liblibc-acf150ce6f89bff8.rlib" "/opt/rustwide/target/debug/deps/libcfg_if-925b73a2e437f0c3.rlib" "/opt/rustwide/target/debug/deps/librustc_demangle-f2172f5b7613ddc0.rlib" "/opt/rustwide/rustup-home/toolchains/1.75.0-x86_64-unknown-linux-gnu/lib/rustlib/x86_64-unknown-linux-gnu/lib/libstd-90f6ddbf82de36ec.rlib" "/opt/rustwide/rustup-home/toolchains/1.75.0-x86_64-unknown-linux-gnu/lib/rustlib/x86_64-unknown-linux-gnu/lib/libpanic_unwind-480c41e9d4e1f677.rlib" "/opt/rustwide/rustup-home/toolchains/1.75.0-x86_64-unknown-linux-gnu/lib/rustlib/x86_64-unknown-linux-gnu/lib/libobject-db744c0ca03eed1d.rlib" "/opt/rustwide/rustup-home/toolchains/1.75.0-x86_64-unknown-linux-gnu/lib/rustlib/x86_64-unknown-linux-gnu/lib/libmemchr-8ba652dc7d4b285a.rlib" "/opt/rustwide/rustup-home/toolchains/1.75.0-x86_64-unknown-linux-gnu/lib/rustlib/x86_64-unknown-linux-gnu/lib/libaddr2line-d5f4520a9ebc0d58.rlib" "/opt/rustwide/rustup-home/toolchains/1.75.0-x86_64-unknown-linux-gnu/lib/rustlib/x86_64-unknown-linux-gnu/lib/libgimli-4ad84de58f0cb463.rlib" "/opt/rustwide/rustup-home/toolchains/1.75.0-x86_64-unknown-linux-gnu/lib/rustlib/x86_64-unknown-linux-gnu/lib/librustc_demangle-0d10aae2e0f38735.rlib" "/opt/rustwide/rustup-home/toolchains/1.75.0-x86_64-unknown-linux-gnu/lib/rustlib/x86_64-unknown-linux-gnu/lib/libstd_detect-0c17cff739e6745b.rlib" "/opt/rustwide/rustup-home/toolchains/1.75.0-x86_64-unknown-linux-gnu/lib/rustlib/x86_64-unknown-linux-gnu/lib/libhashbrown-b29e17139dde1aa8.rlib" "/opt/rustwide/rustup-home/toolchains/1.75.0-x86_64-unknown-linux-gnu/lib/rustlib/x86_64-unknown-linux-gnu/lib/librustc_std_workspace_alloc-1f975299829cc7bd.rlib" "/opt/rustwide/rustup-home/toolchains/1.75.0-x86_64-unknown-linux-gnu/lib/rustlib/x86_64-unknown-linux-gnu/lib/libminiz_oxide-86bae3bc3079f89b.rlib" "/opt/rustwide/rustup-home/toolchains/1.75.0-x86_64-unknown-linux-gnu/lib/rustlib/x86_64-unknown-linux-gnu/lib/libadler-321b82c30dffdf5f.rlib" "/opt/rustwide/rustup-home/toolchains/1.75.0-x86_64-unknown-linux-gnu/lib/rustlib/x86_64-unknown-linux-gnu/lib/libunwind-3dd8a6810a0bdfef.rlib" "/opt/rustwide/rustup-home/toolchains/1.75.0-x86_64-unknown-linux-gnu/lib/rustlib/x86_64-unknown-linux-gnu/lib/libcfg_if-eb39a61c0c879984.rlib" "/opt/rustwide/rustup-home/toolchains/1.75.0-x86_64-unknown-linux-gnu/lib/rustlib/x86_64-unknown-linux-gnu/lib/liblibc-aa769569f91c3548.rlib" "/opt/rustwide/rustup-home/toolchains/1.75.0-x86_64-unknown-linux-gnu/lib/rustlib/x86_64-unknown-linux-gnu/lib/liballoc-510a192a50a983ed.rlib" "/opt/rustwide/rustup-home/toolchains/1.75.0-x86_64-unknown-linux-gnu/lib/rustlib/x86_64-unknown-linux-gnu/lib/librustc_std_workspace_core-0577018320f99037.rlib" "/opt/rustwide/rustup-home/toolchains/1.75.0-x86_64-unknown-linux-gnu/lib/rustlib/x86_64-unknown-linux-gnu/lib/libcore-193cf992125ccd4c.rlib" "/opt/rustwide/rustup-home/toolchains/1.75.0-x86_64-unknown-linux-gnu/lib/rustlib/x86_64-unknown-linux-gnu/lib/libcompiler_builtins-8e138eaf26ebb4a8.rlib" "-Wl,-Bdynamic" "-lutil" "-ldl" "-lutil" "-lgcc_s" "-lutil" "-lrt" "-lpthread" "-lm" "-ldl" "-lc" "-Wl,--eh-frame-hdr" "-Wl,-z,noexecstack" "-L" "/opt/rustwide/rustup-home/toolchains/1.75.0-x86_64-unknown-linux-gnu/lib/rustlib/x86_64-unknown-linux-gnu/lib" "-o" "/opt/rustwide/target/debug/examples/download-94f594dc2ca160fc" "-Wl,--gc-sections" "-pie" "-Wl,-z,relro,-z,now" "-nodefaultlibs"
[INFO] [stdout]   = note: collect2: fatal error: ld terminated with signal 9 [Killed]
[INFO] [stdout]           compilation terminated.
[INFO] [stdout]           
[INFO] [stdout] 
[INFO] [stdout] 
[INFO] [stdout] error: aborting due to previous error
[INFO] [stdout] 
[INFO] [stdout] 
[INFO] [stderr] error: could not compile `centerdevice` (example "download") due to 2 previous errors
[INFO] [stderr] warning: build failed, waiting for other jobs to finish...
[INFO] [stdout] error: linking with `cc` failed: exit status: 1
[INFO] [stdout]   |
[INFO] [stdout]   = note: LC_ALL="C" PATH="/opt/rustwide/rustup-home/toolchains/1.75.0-x86_64-unknown-linux-gnu/lib/rustlib/x86_64-unknown-linux-gnu/bin:/opt/rustwide/cargo-home/bin:/usr/local/sbin:/usr/local/bin:/usr/sbin:/usr/bin:/sbin:/bin" VSLANG="1033" "cc" "-m64" "/tmp/rustco2AUYi/symbols.o" "/opt/rustwide/target/debug/examples/download_with_progress-094d5085de2aaf12.download_with_progress.863480e6736640c-cgu.0.rcgu.o" "/opt/rustwide/target/debug/examples/download_with_progress-094d5085de2aaf12.27clh1049x7p83sa.rcgu.o" "-Wl,--as-needed" "-L" "/opt/rustwide/target/debug/deps" "-L" "/opt/rustwide/target/debug/build/backtrace-sys-08f2885e0337f4bd/out" "-L" "/opt/rustwide/target/debug/build/ring-65eb1407ce2983f6/out" "-L" "/opt/rustwide/rustup-home/toolchains/1.75.0-x86_64-unknown-linux-gnu/lib/rustlib/x86_64-unknown-linux-gnu/lib" "-Wl,-Bstatic" "/opt/rustwide/target/debug/deps/libcenterdevice-3b0a4271f31b3d93.rlib" "/opt/rustwide/target/debug/deps/libmime_multipart-aac0b89c37e1a57c.rlib" "/opt/rustwide/target/debug/deps/libbuf_read_ext-826a43385f1e1278.rlib" "/opt/rustwide/target/debug/deps/libtokio_io-760d9c338bb7c83c.rlib" "/opt/rustwide/target/debug/deps/libbytes-35483272d943a3ca.rlib" "/opt/rustwide/target/debug/deps/libfutures-27fb84f2936e4684.rlib" "/opt/rustwide/target/debug/deps/libencoding-4dd272db3d8bc387.rlib" "/opt/rustwide/target/debug/deps/libencoding_index_tradchinese-49d2ad2a1a25967e.rlib" "/opt/rustwide/target/debug/deps/libencoding_index_simpchinese-b94e8fdd53e01b5a.rlib" "/opt/rustwide/target/debug/deps/libencoding_index_japanese-b8ce3ff4a9f6d607.rlib" "/opt/rustwide/target/debug/deps/libencoding_index_korean-e7c1522b7ba72fc2.rlib" "/opt/rustwide/target/debug/deps/libencoding_index_singlebyte-d54da7a63c6786ce.rlib" "/opt/rustwide/target/debug/deps/libtextnonce-a223ba82409fef78.rlib" "/opt/rustwide/target/debug/deps/librand-5c6d16904028aed9.rlib" "/opt/rustwide/target/debug/deps/librand_xorshift-9b7e196cd50c4e67.rlib" "/opt/rustwide/target/debug/deps/librand_pcg-3c8ef7712ac8b37b.rlib" "/opt/rustwide/target/debug/deps/librand_hc-677515abc5e770db.rlib" "/opt/rustwide/target/debug/deps/librand_chacha-5a40055b7fb3edec.rlib" "/opt/rustwide/target/debug/deps/librand_isaac-9055555a0ce64bea.rlib" "/opt/rustwide/target/debug/deps/librand_core-2d6f500acd6a936c.rlib" "/opt/rustwide/target/debug/deps/librand_os-2e21953083df5422.rlib" "/opt/rustwide/target/debug/deps/librand_jitter-e0716e2be2341726.rlib" "/opt/rustwide/target/debug/deps/librand_core-5f8dc8f8f4491b97.rlib" "/opt/rustwide/target/debug/deps/libbase64-55b81d996be888d0.rlib" "/opt/rustwide/target/debug/deps/libtempdir-61c21925f0fc0435.rlib" "/opt/rustwide/target/debug/deps/libremove_dir_all-ef857d16985aeae1.rlib" "/opt/rustwide/target/debug/deps/librand-c730019ad6c5a875.rlib" "/opt/rustwide/target/debug/deps/libhyper-55cc984cb3ff28c3.rlib" "/opt/rustwide/target/debug/deps/libtypeable-8ace1cd7d8a07f3b.rlib" "/opt/rustwide/target/debug/deps/libtraitobject-41fd5123b8f4ed1a.rlib" "/opt/rustwide/target/debug/deps/libunicase-60882e128d84442b.rlib" "/opt/rustwide/target/debug/deps/liburl-425a52dfc325f0bb.rlib" "/opt/rustwide/target/debug/deps/libpercent_encoding-139f6dad4c5bd392.rlib" "/opt/rustwide/target/debug/deps/libidna-ea0542915123e0b8.rlib" "/opt/rustwide/target/debug/deps/libbase64-99bddfdb1ca8a668.rlib" "/opt/rustwide/target/debug/deps/libsafemem-4745ed10c8b13fe0.rlib" "/opt/rustwide/target/debug/deps/libbyteorder-776134c0f10ee8e7.rlib" "/opt/rustwide/target/debug/deps/libmime-529b4774ae1fa901.rlib" "/opt/rustwide/target/debug/deps/liblog-e092e4300782a98c.rlib" "/opt/rustwide/target/debug/deps/libhex-9358b02fec5bb9c3.rlib" "/opt/rustwide/target/debug/deps/libhyperx-7d792f72d51fccf7.rlib" "/opt/rustwide/target/debug/deps/liblanguage_tags-8a61f3e771a1a6ca.rlib" "/opt/rustwide/target/debug/deps/libchrono-c2b708374191ca47.rlib" "/opt/rustwide/target/debug/deps/libnum_integer-9c4d258186ddeb69.rlib" "/opt/rustwide/target/debug/deps/libnum_traits-0dbb07dd068e6481.rlib" "/opt/rustwide/target/debug/deps/libreqwest-1edb6424e6cb62ce.rlib" "/opt/rustwide/target/debug/deps/libhyper_rustls-3f25d9ed6e5caad7.rlib" "/opt/rustwide/target/debug/deps/libct_logs-29ca70226e4dfc11.rlib" "/opt/rustwide/target/debug/deps/librustls_native_certs-2518b55937cf91ff.rlib" "/opt/rustwide/target/debug/deps/libopenssl_probe-5e9cb7b80e7f7336.rlib" "/opt/rustwide/target/debug/deps/libwebpki_roots-c3009f7744fbfe9e.rlib" "/opt/rustwide/target/debug/deps/libtokio_rustls-0360483bb1e746d4.rlib" "/opt/rustwide/target/debug/deps/librustls-371a0b09a4405228.rlib" "/opt/rustwide/target/debug/deps/libsct-198edd66271a0d0d.rlib" "/opt/rustwide/target/debug/deps/libwebpki-6e85f5aec9430219.rlib" "/opt/rustwide/target/debug/deps/libring-d0f09446d657274d.rlib" "/opt/rustwide/target/debug/deps/libspin-c4098cd951aef6c9.rlib" "/opt/rustwide/target/debug/deps/libuntrusted-2e3baac4b199db3c.rlib" "/opt/rustwide/target/debug/deps/libencoding_rs-8a7f5d2642d88d70.rlib" "/opt/rustwide/target/debug/deps/libserde_urlencoded-ce517d7ffe961254.rlib" "/opt/rustwide/target/debug/deps/libdtoa-51e88a7009f6f9e7.rlib" "/opt/rustwide/target/debug/deps/libserde_json-0ca55fe148aefc0b.rlib" "/opt/rustwide/target/debug/deps/libryu-68bdd8901cdf98f7.rlib" "/opt/rustwide/target/debug/deps/libserde-080e3b47e8a853b8.rlib" "/opt/rustwide/target/debug/deps/libbase64-ab28fc5b32af1eae.rlib" "/opt/rustwide/target/debug/deps/libmime_guess-bb646286c2f6a57f.rlib" "/opt/rustwide/target/debug/deps/libunicase-5d2409e67bf9198d.rlib" "/opt/rustwide/target/debug/deps/libmime-450b243d21db2a61.rlib" "/opt/rustwide/target/debug/deps/libhyper-1da4eaf3099e7588.rlib" "/opt/rustwide/target/debug/deps/libhttparse-820b8b816a59e01c.rlib" "/opt/rustwide/target/debug/deps/libwant-2844131529eea0eb.rlib" "/opt/rustwide/target/debug/deps/libtry_lock-dd94af16c6c33039.rlib" "/opt/rustwide/target/debug/deps/libh2-68dbe156e203e074.rlib" "/opt/rustwide/target/debug/deps/libindexmap-6c9a015671bb358f.rlib" "/opt/rustwide/target/debug/deps/libtokio_util-e029b187453666a9.rlib" "/opt/rustwide/target/debug/deps/libfutures_sink-399dbd04ee2d7a77.rlib" "/opt/rustwide/target/debug/deps/libtime-58e70425245d73d7.rlib" "/opt/rustwide/target/debug/deps/libtower_service-ae61a531df1bf2b2.rlib" "/opt/rustwide/target/debug/deps/libfutures_channel-fbd79e4f7dd87d77.rlib" "/opt/rustwide/target/debug/deps/libpin_project-0cc2e33a7b355913.rlib" "/opt/rustwide/target/debug/deps/libtokio-2f9b9ab80a448553.rlib" "/opt/rustwide/target/debug/deps/libnum_cpus-02af09ac19a8ead8.rlib" "/opt/rustwide/target/debug/deps/libmio-b0f18cbe985d6299.rlib" "/opt/rustwide/target/debug/deps/libiovec-006786ccd65e8741.rlib" "/opt/rustwide/target/debug/deps/libnet2-9403257cd4fdf64a.rlib" "/opt/rustwide/target/debug/deps/libpin_project_lite-422cb77b88ddf8c6.rlib" "/opt/rustwide/target/debug/deps/libhttp_body-622c5f6d7adac3be.rlib" "/opt/rustwide/target/debug/deps/libfutures_util-8cc11bb4016ddc97.rlib" "/opt/rustwide/target/debug/deps/libmemchr-c90c5988db8e650a.rlib" "/opt/rustwide/target/debug/deps/libproc_macro_nested-54ec289174735218.rlib" "/opt/rustwide/target/debug/deps/libfutures_io-efa44d4b302931e0.rlib" "/opt/rustwide/target/debug/deps/libslab-b1892e41b4ad8e0a.rlib" "/opt/rustwide/target/debug/deps/libfutures_task-5d8336a19d38b03b.rlib" "/opt/rustwide/target/debug/deps/libpin_utils-3e872a3388722447.rlib" "/opt/rustwide/target/debug/deps/libfutures_core-1e4e8d39fff7e3b3.rlib" "/opt/rustwide/target/debug/deps/liblazy_static-591486ebcb9a7ead.rlib" "/opt/rustwide/target/debug/deps/liburl-2c8eff1e78e2e0e9.rlib" "/opt/rustwide/target/debug/deps/libpercent_encoding-526c9d71c02fb5bb.rlib" "/opt/rustwide/target/debug/deps/libidna-8783f531e4fc8dbb.rlib" "/opt/rustwide/target/debug/deps/libunicode_normalization-d566808ec2fa1ec4.rlib" "/opt/rustwide/target/debug/deps/libsmallvec-5e9bfe495d5eadb7.rlib" "/opt/rustwide/target/debug/deps/libunicode_bidi-d56242191fa0467f.rlib" "/opt/rustwide/target/debug/deps/libmatches-f26274ea58bc6e21.rlib" "/opt/rustwide/target/debug/deps/libhttp-c9a9526e1e7ff56d.rlib" "/opt/rustwide/target/debug/deps/libitoa-3f79b194d35aff79.rlib" "/opt/rustwide/target/debug/deps/libbytes-7d917abb8af5a7f8.rlib" "/opt/rustwide/target/debug/deps/libfnv-e3c8b711b042d48e.rlib" "/opt/rustwide/target/debug/deps/liblog-ae1c5e579e607d4b.rlib" "/opt/rustwide/target/debug/deps/libfailure-f0fa6add75d7733f.rlib" "/opt/rustwide/target/debug/deps/libbacktrace-45689f28ee8a1dcd.rlib" "/opt/rustwide/target/debug/deps/libbacktrace_sys-f5a6f39fb1023fa4.rlib" "/opt/rustwide/target/debug/deps/liblibc-acf150ce6f89bff8.rlib" "/opt/rustwide/target/debug/deps/libcfg_if-925b73a2e437f0c3.rlib" "/opt/rustwide/target/debug/deps/librustc_demangle-f2172f5b7613ddc0.rlib" "/opt/rustwide/rustup-home/toolchains/1.75.0-x86_64-unknown-linux-gnu/lib/rustlib/x86_64-unknown-linux-gnu/lib/libstd-90f6ddbf82de36ec.rlib" "/opt/rustwide/rustup-home/toolchains/1.75.0-x86_64-unknown-linux-gnu/lib/rustlib/x86_64-unknown-linux-gnu/lib/libpanic_unwind-480c41e9d4e1f677.rlib" "/opt/rustwide/rustup-home/toolchains/1.75.0-x86_64-unknown-linux-gnu/lib/rustlib/x86_64-unknown-linux-gnu/lib/libobject-db744c0ca03eed1d.rlib" "/opt/rustwide/rustup-home/toolchains/1.75.0-x86_64-unknown-linux-gnu/lib/rustlib/x86_64-unknown-linux-gnu/lib/libmemchr-8ba652dc7d4b285a.rlib" "/opt/rustwide/rustup-home/toolchains/1.75.0-x86_64-unknown-linux-gnu/lib/rustlib/x86_64-unknown-linux-gnu/lib/libaddr2line-d5f4520a9ebc0d58.rlib" "/opt/rustwide/rustup-home/toolchains/1.75.0-x86_64-unknown-linux-gnu/lib/rustlib/x86_64-unknown-linux-gnu/lib/libgimli-4ad84de58f0cb463.rlib" "/opt/rustwide/rustup-home/toolchains/1.75.0-x86_64-unknown-linux-gnu/lib/rustlib/x86_64-unknown-linux-gnu/lib/librustc_demangle-0d10aae2e0f38735.rlib" "/opt/rustwide/rustup-home/toolchains/1.75.0-x86_64-unknown-linux-gnu/lib/rustlib/x86_64-unknown-linux-gnu/lib/libstd_detect-0c17cff739e6745b.rlib" "/opt/rustwide/rustup-home/toolchains/1.75.0-x86_64-unknown-linux-gnu/lib/rustlib/x86_64-unknown-linux-gnu/lib/libhashbrown-b29e17139dde1aa8.rlib" "/opt/rustwide/rustup-home/toolchains/1.75.0-x86_64-unknown-linux-gnu/lib/rustlib/x86_64-unknown-linux-gnu/lib/librustc_std_workspace_alloc-1f975299829cc7bd.rlib" "/opt/rustwide/rustup-home/toolchains/1.75.0-x86_64-unknown-linux-gnu/lib/rustlib/x86_64-unknown-linux-gnu/lib/libminiz_oxide-86bae3bc3079f89b.rlib" "/opt/rustwide/rustup-home/toolchains/1.75.0-x86_64-unknown-linux-gnu/lib/rustlib/x86_64-unknown-linux-gnu/lib/libadler-321b82c30dffdf5f.rlib" "/opt/rustwide/rustup-home/toolchains/1.75.0-x86_64-unknown-linux-gnu/lib/rustlib/x86_64-unknown-linux-gnu/lib/libunwind-3dd8a6810a0bdfef.rlib" "/opt/rustwide/rustup-home/toolchains/1.75.0-x86_64-unknown-linux-gnu/lib/rustlib/x86_64-unknown-linux-gnu/lib/libcfg_if-eb39a61c0c879984.rlib" "/opt/rustwide/rustup-home/toolchains/1.75.0-x86_64-unknown-linux-gnu/lib/rustlib/x86_64-unknown-linux-gnu/lib/liblibc-aa769569f91c3548.rlib" "/opt/rustwide/rustup-home/toolchains/1.75.0-x86_64-unknown-linux-gnu/lib/rustlib/x86_64-unknown-linux-gnu/lib/liballoc-510a192a50a983ed.rlib" "/opt/rustwide/rustup-home/toolchains/1.75.0-x86_64-unknown-linux-gnu/lib/rustlib/x86_64-unknown-linux-gnu/lib/librustc_std_workspace_core-0577018320f99037.rlib" "/opt/rustwide/rustup-home/toolchains/1.75.0-x86_64-unknown-linux-gnu/lib/rustlib/x86_64-unknown-linux-gnu/lib/libcore-193cf992125ccd4c.rlib" "/opt/rustwide/rustup-home/toolchains/1.75.0-x86_64-unknown-linux-gnu/lib/rustlib/x86_64-unknown-linux-gnu/lib/libcompiler_builtins-8e138eaf26ebb4a8.rlib" "-Wl,-Bdynamic" "-lutil" "-ldl" "-lutil" "-lgcc_s" "-lutil" "-lrt" "-lpthread" "-lm" "-ldl" "-lc" "-Wl,--eh-frame-hdr" "-Wl,-z,noexecstack" "-L" "/opt/rustwide/rustup-home/toolchains/1.75.0-x86_64-unknown-linux-gnu/lib/rustlib/x86_64-unknown-linux-gnu/lib" "-o" "/opt/rustwide/target/debug/examples/download_with_progress-094d5085de2aaf12" "-Wl,--gc-sections" "-pie" "-Wl,-z,relro,-z,now" "-nodefaultlibs"
[INFO] [stdout]   = note: collect2: fatal error: ld terminated with signal 9 [Killed]
[INFO] [stdout]           compilation terminated.
[INFO] [stdout]           
[INFO] [stdout] 
[INFO] [stdout] 
[INFO] [stdout] error: aborting due to previous error
[INFO] [stdout] 
[INFO] [stdout] 
[INFO] [stderr] error: could not compile `centerdevice` (example "download_with_progress") due to 2 previous errors
[INFO] [stdout] error: linking with `cc` failed: exit status: 1
[INFO] [stdout]   |
[INFO] [stdout]   = note: LC_ALL="C" PATH="/opt/rustwide/rustup-home/toolchains/1.75.0-x86_64-unknown-linux-gnu/lib/rustlib/x86_64-unknown-linux-gnu/bin:/opt/rustwide/cargo-home/bin:/usr/local/sbin:/usr/local/bin:/usr/sbin:/usr/bin:/sbin:/bin" VSLANG="1033" "cc" "-m64" "/tmp/rustci0EYm6/symbols.o" "/opt/rustwide/target/debug/examples/delete-150f4794272c04fe.delete.cfa8ef2d3dd950ca-cgu.0.rcgu.o" "/opt/rustwide/target/debug/examples/delete-150f4794272c04fe.4a20pwam8ns5yug.rcgu.o" "-Wl,--as-needed" "-L" "/opt/rustwide/target/debug/deps" "-L" "/opt/rustwide/target/debug/build/backtrace-sys-08f2885e0337f4bd/out" "-L" "/opt/rustwide/target/debug/build/ring-65eb1407ce2983f6/out" "-L" "/opt/rustwide/rustup-home/toolchains/1.75.0-x86_64-unknown-linux-gnu/lib/rustlib/x86_64-unknown-linux-gnu/lib" "-Wl,-Bstatic" "/opt/rustwide/target/debug/deps/libcenterdevice-3b0a4271f31b3d93.rlib" "/opt/rustwide/target/debug/deps/libmime_multipart-aac0b89c37e1a57c.rlib" "/opt/rustwide/target/debug/deps/libbuf_read_ext-826a43385f1e1278.rlib" "/opt/rustwide/target/debug/deps/libtokio_io-760d9c338bb7c83c.rlib" "/opt/rustwide/target/debug/deps/libbytes-35483272d943a3ca.rlib" "/opt/rustwide/target/debug/deps/libfutures-27fb84f2936e4684.rlib" "/opt/rustwide/target/debug/deps/libencoding-4dd272db3d8bc387.rlib" "/opt/rustwide/target/debug/deps/libencoding_index_tradchinese-49d2ad2a1a25967e.rlib" "/opt/rustwide/target/debug/deps/libencoding_index_simpchinese-b94e8fdd53e01b5a.rlib" "/opt/rustwide/target/debug/deps/libencoding_index_japanese-b8ce3ff4a9f6d607.rlib" "/opt/rustwide/target/debug/deps/libencoding_index_korean-e7c1522b7ba72fc2.rlib" "/opt/rustwide/target/debug/deps/libencoding_index_singlebyte-d54da7a63c6786ce.rlib" "/opt/rustwide/target/debug/deps/libtextnonce-a223ba82409fef78.rlib" "/opt/rustwide/target/debug/deps/librand-5c6d16904028aed9.rlib" "/opt/rustwide/target/debug/deps/librand_xorshift-9b7e196cd50c4e67.rlib" "/opt/rustwide/target/debug/deps/librand_pcg-3c8ef7712ac8b37b.rlib" "/opt/rustwide/target/debug/deps/librand_hc-677515abc5e770db.rlib" "/opt/rustwide/target/debug/deps/librand_chacha-5a40055b7fb3edec.rlib" "/opt/rustwide/target/debug/deps/librand_isaac-9055555a0ce64bea.rlib" "/opt/rustwide/target/debug/deps/librand_core-2d6f500acd6a936c.rlib" "/opt/rustwide/target/debug/deps/librand_os-2e21953083df5422.rlib" "/opt/rustwide/target/debug/deps/librand_jitter-e0716e2be2341726.rlib" "/opt/rustwide/target/debug/deps/librand_core-5f8dc8f8f4491b97.rlib" "/opt/rustwide/target/debug/deps/libbase64-55b81d996be888d0.rlib" "/opt/rustwide/target/debug/deps/libtempdir-61c21925f0fc0435.rlib" "/opt/rustwide/target/debug/deps/libremove_dir_all-ef857d16985aeae1.rlib" "/opt/rustwide/target/debug/deps/librand-c730019ad6c5a875.rlib" "/opt/rustwide/target/debug/deps/libhyper-55cc984cb3ff28c3.rlib" "/opt/rustwide/target/debug/deps/libtypeable-8ace1cd7d8a07f3b.rlib" "/opt/rustwide/target/debug/deps/libtraitobject-41fd5123b8f4ed1a.rlib" "/opt/rustwide/target/debug/deps/libunicase-60882e128d84442b.rlib" "/opt/rustwide/target/debug/deps/liburl-425a52dfc325f0bb.rlib" "/opt/rustwide/target/debug/deps/libpercent_encoding-139f6dad4c5bd392.rlib" "/opt/rustwide/target/debug/deps/libidna-ea0542915123e0b8.rlib" "/opt/rustwide/target/debug/deps/libbase64-99bddfdb1ca8a668.rlib" "/opt/rustwide/target/debug/deps/libsafemem-4745ed10c8b13fe0.rlib" "/opt/rustwide/target/debug/deps/libbyteorder-776134c0f10ee8e7.rlib" "/opt/rustwide/target/debug/deps/libmime-529b4774ae1fa901.rlib" "/opt/rustwide/target/debug/deps/liblog-e092e4300782a98c.rlib" "/opt/rustwide/target/debug/deps/libhex-9358b02fec5bb9c3.rlib" "/opt/rustwide/target/debug/deps/libhyperx-7d792f72d51fccf7.rlib" "/opt/rustwide/target/debug/deps/liblanguage_tags-8a61f3e771a1a6ca.rlib" "/opt/rustwide/target/debug/deps/libchrono-c2b708374191ca47.rlib" "/opt/rustwide/target/debug/deps/libnum_integer-9c4d258186ddeb69.rlib" "/opt/rustwide/target/debug/deps/libnum_traits-0dbb07dd068e6481.rlib" "/opt/rustwide/target/debug/deps/libreqwest-1edb6424e6cb62ce.rlib" "/opt/rustwide/target/debug/deps/libhyper_rustls-3f25d9ed6e5caad7.rlib" "/opt/rustwide/target/debug/deps/libct_logs-29ca70226e4dfc11.rlib" "/opt/rustwide/target/debug/deps/librustls_native_certs-2518b55937cf91ff.rlib" "/opt/rustwide/target/debug/deps/libopenssl_probe-5e9cb7b80e7f7336.rlib" "/opt/rustwide/target/debug/deps/libwebpki_roots-c3009f7744fbfe9e.rlib" "/opt/rustwide/target/debug/deps/libtokio_rustls-0360483bb1e746d4.rlib" "/opt/rustwide/target/debug/deps/librustls-371a0b09a4405228.rlib" "/opt/rustwide/target/debug/deps/libsct-198edd66271a0d0d.rlib" "/opt/rustwide/target/debug/deps/libwebpki-6e85f5aec9430219.rlib" "/opt/rustwide/target/debug/deps/libring-d0f09446d657274d.rlib" "/opt/rustwide/target/debug/deps/libspin-c4098cd951aef6c9.rlib" "/opt/rustwide/target/debug/deps/libuntrusted-2e3baac4b199db3c.rlib" "/opt/rustwide/target/debug/deps/libencoding_rs-8a7f5d2642d88d70.rlib" "/opt/rustwide/target/debug/deps/libserde_urlencoded-ce517d7ffe961254.rlib" "/opt/rustwide/target/debug/deps/libdtoa-51e88a7009f6f9e7.rlib" "/opt/rustwide/target/debug/deps/libserde_json-0ca55fe148aefc0b.rlib" "/opt/rustwide/target/debug/deps/libryu-68bdd8901cdf98f7.rlib" "/opt/rustwide/target/debug/deps/libserde-080e3b47e8a853b8.rlib" "/opt/rustwide/target/debug/deps/libbase64-ab28fc5b32af1eae.rlib" "/opt/rustwide/target/debug/deps/libmime_guess-bb646286c2f6a57f.rlib" "/opt/rustwide/target/debug/deps/libunicase-5d2409e67bf9198d.rlib" "/opt/rustwide/target/debug/deps/libmime-450b243d21db2a61.rlib" "/opt/rustwide/target/debug/deps/libhyper-1da4eaf3099e7588.rlib" "/opt/rustwide/target/debug/deps/libhttparse-820b8b816a59e01c.rlib" "/opt/rustwide/target/debug/deps/libwant-2844131529eea0eb.rlib" "/opt/rustwide/target/debug/deps/libtry_lock-dd94af16c6c33039.rlib" "/opt/rustwide/target/debug/deps/libh2-68dbe156e203e074.rlib" "/opt/rustwide/target/debug/deps/libindexmap-6c9a015671bb358f.rlib" "/opt/rustwide/target/debug/deps/libtokio_util-e029b187453666a9.rlib" "/opt/rustwide/target/debug/deps/libfutures_sink-399dbd04ee2d7a77.rlib" "/opt/rustwide/target/debug/deps/libtime-58e70425245d73d7.rlib" "/opt/rustwide/target/debug/deps/libtower_service-ae61a531df1bf2b2.rlib" "/opt/rustwide/target/debug/deps/libfutures_channel-fbd79e4f7dd87d77.rlib" "/opt/rustwide/target/debug/deps/libpin_project-0cc2e33a7b355913.rlib" "/opt/rustwide/target/debug/deps/libtokio-2f9b9ab80a448553.rlib" "/opt/rustwide/target/debug/deps/libnum_cpus-02af09ac19a8ead8.rlib" "/opt/rustwide/target/debug/deps/libmio-b0f18cbe985d6299.rlib" "/opt/rustwide/target/debug/deps/libiovec-006786ccd65e8741.rlib" "/opt/rustwide/target/debug/deps/libnet2-9403257cd4fdf64a.rlib" "/opt/rustwide/target/debug/deps/libpin_project_lite-422cb77b88ddf8c6.rlib" "/opt/rustwide/target/debug/deps/libhttp_body-622c5f6d7adac3be.rlib" "/opt/rustwide/target/debug/deps/libfutures_util-8cc11bb4016ddc97.rlib" "/opt/rustwide/target/debug/deps/libmemchr-c90c5988db8e650a.rlib" "/opt/rustwide/target/debug/deps/libproc_macro_nested-54ec289174735218.rlib" "/opt/rustwide/target/debug/deps/libfutures_io-efa44d4b302931e0.rlib" "/opt/rustwide/target/debug/deps/libslab-b1892e41b4ad8e0a.rlib" "/opt/rustwide/target/debug/deps/libfutures_task-5d8336a19d38b03b.rlib" "/opt/rustwide/target/debug/deps/libpin_utils-3e872a3388722447.rlib" "/opt/rustwide/target/debug/deps/libfutures_core-1e4e8d39fff7e3b3.rlib" "/opt/rustwide/target/debug/deps/liblazy_static-591486ebcb9a7ead.rlib" "/opt/rustwide/target/debug/deps/liburl-2c8eff1e78e2e0e9.rlib" "/opt/rustwide/target/debug/deps/libpercent_encoding-526c9d71c02fb5bb.rlib" "/opt/rustwide/target/debug/deps/libidna-8783f531e4fc8dbb.rlib" "/opt/rustwide/target/debug/deps/libunicode_normalization-d566808ec2fa1ec4.rlib" "/opt/rustwide/target/debug/deps/libsmallvec-5e9bfe495d5eadb7.rlib" "/opt/rustwide/target/debug/deps/libunicode_bidi-d56242191fa0467f.rlib" "/opt/rustwide/target/debug/deps/libmatches-f26274ea58bc6e21.rlib" "/opt/rustwide/target/debug/deps/libhttp-c9a9526e1e7ff56d.rlib" "/opt/rustwide/target/debug/deps/libitoa-3f79b194d35aff79.rlib" "/opt/rustwide/target/debug/deps/libbytes-7d917abb8af5a7f8.rlib" "/opt/rustwide/target/debug/deps/libfnv-e3c8b711b042d48e.rlib" "/opt/rustwide/target/debug/deps/liblog-ae1c5e579e607d4b.rlib" "/opt/rustwide/target/debug/deps/libfailure-f0fa6add75d7733f.rlib" "/opt/rustwide/target/debug/deps/libbacktrace-45689f28ee8a1dcd.rlib" "/opt/rustwide/target/debug/deps/libbacktrace_sys-f5a6f39fb1023fa4.rlib" "/opt/rustwide/target/debug/deps/liblibc-acf150ce6f89bff8.rlib" "/opt/rustwide/target/debug/deps/libcfg_if-925b73a2e437f0c3.rlib" "/opt/rustwide/target/debug/deps/librustc_demangle-f2172f5b7613ddc0.rlib" "/opt/rustwide/rustup-home/toolchains/1.75.0-x86_64-unknown-linux-gnu/lib/rustlib/x86_64-unknown-linux-gnu/lib/libstd-90f6ddbf82de36ec.rlib" "/opt/rustwide/rustup-home/toolchains/1.75.0-x86_64-unknown-linux-gnu/lib/rustlib/x86_64-unknown-linux-gnu/lib/libpanic_unwind-480c41e9d4e1f677.rlib" "/opt/rustwide/rustup-home/toolchains/1.75.0-x86_64-unknown-linux-gnu/lib/rustlib/x86_64-unknown-linux-gnu/lib/libobject-db744c0ca03eed1d.rlib" "/opt/rustwide/rustup-home/toolchains/1.75.0-x86_64-unknown-linux-gnu/lib/rustlib/x86_64-unknown-linux-gnu/lib/libmemchr-8ba652dc7d4b285a.rlib" "/opt/rustwide/rustup-home/toolchains/1.75.0-x86_64-unknown-linux-gnu/lib/rustlib/x86_64-unknown-linux-gnu/lib/libaddr2line-d5f4520a9ebc0d58.rlib" "/opt/rustwide/rustup-home/toolchains/1.75.0-x86_64-unknown-linux-gnu/lib/rustlib/x86_64-unknown-linux-gnu/lib/libgimli-4ad84de58f0cb463.rlib" "/opt/rustwide/rustup-home/toolchains/1.75.0-x86_64-unknown-linux-gnu/lib/rustlib/x86_64-unknown-linux-gnu/lib/librustc_demangle-0d10aae2e0f38735.rlib" "/opt/rustwide/rustup-home/toolchains/1.75.0-x86_64-unknown-linux-gnu/lib/rustlib/x86_64-unknown-linux-gnu/lib/libstd_detect-0c17cff739e6745b.rlib" "/opt/rustwide/rustup-home/toolchains/1.75.0-x86_64-unknown-linux-gnu/lib/rustlib/x86_64-unknown-linux-gnu/lib/libhashbrown-b29e17139dde1aa8.rlib" "/opt/rustwide/rustup-home/toolchains/1.75.0-x86_64-unknown-linux-gnu/lib/rustlib/x86_64-unknown-linux-gnu/lib/librustc_std_workspace_alloc-1f975299829cc7bd.rlib" "/opt/rustwide/rustup-home/toolchains/1.75.0-x86_64-unknown-linux-gnu/lib/rustlib/x86_64-unknown-linux-gnu/lib/libminiz_oxide-86bae3bc3079f89b.rlib" "/opt/rustwide/rustup-home/toolchains/1.75.0-x86_64-unknown-linux-gnu/lib/rustlib/x86_64-unknown-linux-gnu/lib/libadler-321b82c30dffdf5f.rlib" "/opt/rustwide/rustup-home/toolchains/1.75.0-x86_64-unknown-linux-gnu/lib/rustlib/x86_64-unknown-linux-gnu/lib/libunwind-3dd8a6810a0bdfef.rlib" "/opt/rustwide/rustup-home/toolchains/1.75.0-x86_64-unknown-linux-gnu/lib/rustlib/x86_64-unknown-linux-gnu/lib/libcfg_if-eb39a61c0c879984.rlib" "/opt/rustwide/rustup-home/toolchains/1.75.0-x86_64-unknown-linux-gnu/lib/rustlib/x86_64-unknown-linux-gnu/lib/liblibc-aa769569f91c3548.rlib" "/opt/rustwide/rustup-home/toolchains/1.75.0-x86_64-unknown-linux-gnu/lib/rustlib/x86_64-unknown-linux-gnu/lib/liballoc-510a192a50a983ed.rlib" "/opt/rustwide/rustup-home/toolchains/1.75.0-x86_64-unknown-linux-gnu/lib/rustlib/x86_64-unknown-linux-gnu/lib/librustc_std_workspace_core-0577018320f99037.rlib" "/opt/rustwide/rustup-home/toolchains/1.75.0-x86_64-unknown-linux-gnu/lib/rustlib/x86_64-unknown-linux-gnu/lib/libcore-193cf992125ccd4c.rlib" "/opt/rustwide/rustup-home/toolchains/1.75.0-x86_64-unknown-linux-gnu/lib/rustlib/x86_64-unknown-linux-gnu/lib/libcompiler_builtins-8e138eaf26ebb4a8.rlib" "-Wl,-Bdynamic" "-lutil" "-ldl" "-lutil" "-lgcc_s" "-lutil" "-lrt" "-lpthread" "-lm" "-ldl" "-lc" "-Wl,--eh-frame-hdr" "-Wl,-z,noexecstack" "-L" "/opt/rustwide/rustup-home/toolchains/1.75.0-x86_64-unknown-linux-gnu/lib/rustlib/x86_64-unknown-linux-gnu/lib" "-o" "/opt/rustwide/target/debug/examples/delete-150f4794272c04fe" "-Wl,--gc-sections" "-pie" "-Wl,-z,relro,-z,now" "-nodefaultlibs"
[INFO] [stdout]   = note: collect2: fatal error: ld terminated with signal 9 [Killed]
[INFO] [stdout]           compilation terminated.
[INFO] [stdout]           
[INFO] [stdout] 
[INFO] [stdout] 
[INFO] [stdout] error: aborting due to previous error
[INFO] [stdout] 
[INFO] [stdout] 
[INFO] [stderr] error: could not compile `centerdevice` (example "delete") due to 2 previous errors
[INFO] running `Command { std: "docker" "inspect" "17dd553d6aa147058f716cd7069be2afe4d9ab581052837373463da26dfc4aa3", kill_on_drop: false }`
[INFO] running `Command { std: "docker" "rm" "-f" "17dd553d6aa147058f716cd7069be2afe4d9ab581052837373463da26dfc4aa3", kill_on_drop: false }`
[INFO] [stdout] 17dd553d6aa147058f716cd7069be2afe4d9ab581052837373463da26dfc4aa3
[INFO] testing centerdevice-0.5.1 against beta-2023-12-22 for beta-1.76-1
[INFO] extracting crate centerdevice 0.5.1 into /workspace/builds/worker-2-tc2/source
[INFO] validating manifest of crates.io crate centerdevice 0.5.1 on toolchain beta-2023-12-22
[INFO] running `Command { std: CARGO_HOME="/workspace/cargo-home" RUSTUP_HOME="/workspace/rustup-home" "/workspace/cargo-home/bin/cargo" "+beta-2023-12-22" "metadata" "--manifest-path" "Cargo.toml" "--no-deps", kill_on_drop: false }`
[INFO] started tweaking crates.io crate centerdevice 0.5.1
[INFO] finished tweaking crates.io crate centerdevice 0.5.1
[INFO] tweaked toml for crates.io crate centerdevice 0.5.1 written to /workspace/builds/worker-2-tc2/source/Cargo.toml
[INFO] crate crates.io crate centerdevice 0.5.1 already has a lockfile, it will not be regenerated
[INFO] running `Command { std: CARGO_HOME="/workspace/cargo-home" RUSTUP_HOME="/workspace/rustup-home" "/workspace/cargo-home/bin/cargo" "+beta-2023-12-22" "fetch" "--manifest-path" "Cargo.toml", kill_on_drop: false }`
[INFO] running `Command { std: "docker" "create" "-v" "/var/lib/crater-agent-workspace/builds/worker-2-tc2/target:/opt/rustwide/target:rw,Z" "-v" "/var/lib/crater-agent-workspace/builds/worker-2-tc2/source:/opt/rustwide/workdir:ro,Z" "-v" "/var/lib/crater-agent-workspace/cargo-home:/opt/rustwide/cargo-home:ro,Z" "-v" "/var/lib/crater-agent-workspace/rustup-home:/opt/rustwide/rustup-home:ro,Z" "-e" "SOURCE_DIR=/opt/rustwide/workdir" "-e" "CARGO_TARGET_DIR=/opt/rustwide/target" "-e" "CARGO_HOME=/opt/rustwide/cargo-home" "-e" "RUSTUP_HOME=/opt/rustwide/rustup-home" "-w" "/opt/rustwide/workdir" "-m" "1610612736" "--user" "0:0" "--network" "none" "ghcr.io/rust-lang/crates-build-env/linux@sha256:2788e3201cd34a07e3172128adcd8b3090168a8e3bcc40d7c032b9dda1df7d1c" "/opt/rustwide/cargo-home/bin/cargo" "+beta-2023-12-22" "metadata" "--no-deps" "--format-version=1", kill_on_drop: false }`
[INFO] [stdout] 40a999fe5be06a9bac6fd06fe3026b7fa8007a991a59f555c63671c3ceca8284
[INFO] running `Command { std: "docker" "start" "-a" "40a999fe5be06a9bac6fd06fe3026b7fa8007a991a59f555c63671c3ceca8284", kill_on_drop: false }`
[INFO] running `Command { std: "docker" "inspect" "40a999fe5be06a9bac6fd06fe3026b7fa8007a991a59f555c63671c3ceca8284", kill_on_drop: false }`
[INFO] running `Command { std: "docker" "rm" "-f" "40a999fe5be06a9bac6fd06fe3026b7fa8007a991a59f555c63671c3ceca8284", kill_on_drop: false }`
[INFO] [stdout] 40a999fe5be06a9bac6fd06fe3026b7fa8007a991a59f555c63671c3ceca8284
[INFO] running `Command { std: "docker" "create" "-v" "/var/lib/crater-agent-workspace/builds/worker-2-tc2/target:/opt/rustwide/target:rw,Z" "-v" "/var/lib/crater-agent-workspace/builds/worker-2-tc2/source:/opt/rustwide/workdir:ro,Z" "-v" "/var/lib/crater-agent-workspace/cargo-home:/opt/rustwide/cargo-home:ro,Z" "-v" "/var/lib/crater-agent-workspace/rustup-home:/opt/rustwide/rustup-home:ro,Z" "-e" "SOURCE_DIR=/opt/rustwide/workdir" "-e" "CARGO_TARGET_DIR=/opt/rustwide/target" "-e" "CARGO_INCREMENTAL=0" "-e" "RUST_BACKTRACE=full" "-e" "RUSTFLAGS=--cap-lints=warn" "-e" "RUSTDOCFLAGS=--cap-lints=warn" "-e" "CARGO_HOME=/opt/rustwide/cargo-home" "-e" "RUSTUP_HOME=/opt/rustwide/rustup-home" "-w" "/opt/rustwide/workdir" "-m" "1610612736" "--user" "0:0" "--network" "none" "ghcr.io/rust-lang/crates-build-env/linux@sha256:2788e3201cd34a07e3172128adcd8b3090168a8e3bcc40d7c032b9dda1df7d1c" "/opt/rustwide/cargo-home/bin/cargo" "+beta-2023-12-22" "build" "--frozen" "--message-format=json", kill_on_drop: false }`
[INFO] [stdout] bffa02463464189d0fb4db032c9df47603603a8438a24a9e2f76ace817f46f09
[INFO] running `Command { std: "docker" "start" "-a" "bffa02463464189d0fb4db032c9df47603603a8438a24a9e2f76ace817f46f09", kill_on_drop: false }`
[INFO] [stderr]    Compiling libc v0.2.68
[INFO] [stderr]    Compiling proc-macro2 v1.0.10
[INFO] [stderr]    Compiling log v0.4.8
[INFO] [stderr]    Compiling syn v1.0.17
[INFO] [stderr]    Compiling rand_core v0.4.2
[INFO] [stderr]    Compiling autocfg v0.1.7
[INFO] [stderr]    Compiling version_check v0.1.5
[INFO] [stderr]    Compiling ring v0.16.12
[INFO] [stderr]    Compiling rand_core v0.3.1
[INFO] [stderr]    Compiling unicase v1.4.2
[INFO] [stderr]    Compiling untrusted v0.7.0
[INFO] [stderr]    Compiling rand_pcg v0.1.2
[INFO] [stderr]    Compiling rand_chacha v0.1.1
[INFO] [stderr]    Compiling fnv v1.0.6
[INFO] [stderr]    Compiling spin v0.5.2
[INFO] [stderr]    Compiling byteorder v1.3.4
[INFO] [stderr]    Compiling bytes v0.5.4
[INFO] [stderr]    Compiling rand v0.6.5
[INFO] [stderr]    Compiling slab v0.4.2
[INFO] [stderr]    Compiling itoa v0.4.5
[INFO] [stderr]    Compiling smallvec v1.3.0
[INFO] [stderr]    Compiling matches v0.1.8
[INFO] [stderr]    Compiling futures-core v0.3.4
[INFO] [stderr]    Compiling unicode-normalization v0.1.12
[INFO] [stderr]    Compiling unicode-bidi v0.3.4
[INFO] [stderr]    Compiling quote v1.0.3
[INFO] [stderr]    Compiling iovec v0.1.4
[INFO] [stderr]    Compiling num_cpus v1.12.0
[INFO] [stderr]    Compiling rand_os v0.1.3
[INFO] [stderr]    Compiling time v0.1.42
[INFO] [stderr]    Compiling net2 v0.2.33
[INFO] [stderr]    Compiling rand_xorshift v0.1.1
[INFO] [stderr]    Compiling rand_hc v0.1.0
[INFO] [stderr]    Compiling rand_isaac v0.1.1
[INFO] [stderr]    Compiling rand_jitter v0.1.4
[INFO] [stderr]    Compiling version_check v0.9.1
[INFO] [stderr]    Compiling httparse v1.3.4
[INFO] [stderr]    Compiling serde v1.0.106
[INFO] [stderr]    Compiling mio v0.6.21
[INFO] [stderr]    Compiling siphasher v0.2.3
[INFO] [stderr]    Compiling pin-project-lite v0.1.4
[INFO] [stderr]    Compiling proc-macro-nested v0.1.4
[INFO] [stderr]    Compiling encoding_index_tests v0.1.4
[INFO] [stderr]    Compiling unicase v2.6.0
[INFO] [stderr]    Compiling phf_shared v0.7.24
[INFO] [stderr]    Compiling http v0.2.1
[INFO] [stderr]    Compiling tokio v0.2.16
[INFO] [stderr]    Compiling indexmap v1.3.2
[INFO] [stderr]    Compiling num-traits v0.2.11
[INFO] [stderr]    Compiling base64 v0.11.0
[INFO] [stderr]    Compiling proc-macro-hack v0.5.15
[INFO] [stderr]    Compiling num-integer v0.1.42
[INFO] [stderr]    Compiling pin-utils v0.1.0-alpha.4
[INFO] [stderr]    Compiling futures-io v0.3.4
[INFO] [stderr]    Compiling sct v0.6.0
[INFO] [stderr]    Compiling webpki v0.21.2
[INFO] [stderr]    Compiling futures-sink v0.3.4
[INFO] [stderr]    Compiling futures-task v0.3.4
[INFO] [stderr]    Compiling rustls v0.17.0
[INFO] [stderr]    Compiling phf_generator v0.7.24
[INFO] [stderr]    Compiling log v0.3.9
[INFO] [stderr]    Compiling backtrace-sys v0.1.35
[INFO] [stderr]    Compiling ryu v1.0.3
[INFO] [stderr]    Compiling percent-encoding v2.1.0
[INFO] [stderr]    Compiling try-lock v0.2.2
[INFO] [stderr]    Compiling want v0.3.0
[INFO] [stderr]    Compiling mime v0.2.6
[INFO] [stderr]    Compiling phf_codegen v0.7.24
[INFO] [stderr]    Compiling http-body v0.3.1
[INFO] [stderr]    Compiling tokio-util v0.3.1
[INFO] [stderr]    Compiling mime_guess v2.0.3
[INFO] [stderr]    Compiling phf v0.7.24
[INFO] [stderr]    Compiling idna v0.1.5
[INFO] [stderr]    Compiling idna v0.2.0
[INFO] [stderr]    Compiling bytes v0.4.12
[INFO] [stderr]    Compiling futures-channel v0.3.4
[INFO] [stderr]    Compiling language-tags v0.2.2
[INFO] [stderr]    Compiling mime v0.3.16
[INFO] [stderr]    Compiling failure_derive v0.1.7
[INFO] [stderr]    Compiling safemem v0.3.3
[INFO] [stderr]    Compiling tower-service v0.3.0
[INFO] [stderr]    Compiling futures v0.1.29
[INFO] [stderr]    Compiling openssl-probe v0.1.2
[INFO] [stderr]    Compiling encoding_rs v0.8.22
[INFO] [stderr]    Compiling percent-encoding v1.0.1
[INFO] [stderr]    Compiling url v1.7.2
[INFO] [stderr]    Compiling rustls-native-certs v0.3.0
[INFO] [stderr]    Compiling base64 v0.9.3
[INFO] [stderr]    Compiling tokio-rustls v0.13.0
[INFO] [stderr]    Compiling url v2.1.1
[INFO] [stderr]    Compiling synstructure v0.12.3
[INFO] [stderr]    Compiling mime_guess v1.8.8
[INFO] [stderr]    Compiling ct-logs v0.6.0
[INFO] [stderr]    Compiling tokio-io v0.1.13
[INFO] [stderr]    Compiling encoding-index-japanese v1.20141219.5
[INFO] [stderr]    Compiling encoding-index-simpchinese v1.20141219.5
[INFO] [stderr]    Compiling encoding-index-korean v1.20141219.5
[INFO] [stderr]    Compiling encoding-index-singlebyte v1.20141219.5
[INFO] [stderr]    Compiling encoding-index-tradchinese v1.20141219.5
[INFO] [stderr]    Compiling base64 v0.10.1
[INFO] [stderr]    Compiling rand v0.4.6
[INFO] [stderr]    Compiling remove_dir_all v0.5.2
[INFO] [stderr]    Compiling traitobject v0.1.0
[INFO] [stderr]    Compiling hyperx v1.0.0
[INFO] [stderr]    Compiling dtoa v0.4.5
[INFO] [stderr]    Compiling rustc-demangle v0.1.16
[INFO] [stderr]    Compiling typeable v0.1.2
[INFO] [stderr]    Compiling serde_derive v1.0.106
[INFO] [stderr]    Compiling futures-macro v0.3.4
[INFO] [stderr]    Compiling pin-project-internal v0.4.8
[INFO] [stderr]    Compiling hyper v0.10.16
[INFO] [stderr]    Compiling backtrace v0.3.46
[INFO] [stderr]    Compiling tempdir v0.3.7
[INFO] [stderr]    Compiling encoding v0.2.33
[INFO] [stderr]    Compiling buf-read-ext v0.3.0
[INFO] [stderr]    Compiling futures-util v0.3.4
[INFO] [stderr]    Compiling webpki-roots v0.18.0
[INFO] [stderr]    Compiling failure v0.1.7
[INFO] [stderr]    Compiling hex v0.3.2
[INFO] [stderr]    Compiling pin-project v0.4.8
[INFO] [stderr]    Compiling h2 v0.2.4
[INFO] [stderr]    Compiling hyper v0.13.4
[INFO] [stderr]    Compiling hyper-rustls v0.20.0
[INFO] [stderr]    Compiling chrono v0.4.11
[INFO] [stderr]    Compiling serde_urlencoded v0.6.1
[INFO] [stderr]    Compiling serde_json v1.0.51
[INFO] [stderr]    Compiling textnonce v0.6.5
[INFO] [stderr]    Compiling mime_multipart v0.5.2
[INFO] [stderr]    Compiling reqwest v0.10.4
[INFO] [stderr]    Compiling centerdevice v0.5.1 (/opt/rustwide/workdir)
[INFO] [stderr]     Finished dev [unoptimized + debuginfo] target(s) in 36.68s
[INFO] [stderr] warning: the following packages contain code that will be rejected by a future version of Rust: traitobject v0.1.0
[INFO] [stderr] note: to see what the problems were, use the option `--future-incompat-report`, or run `cargo report future-incompatibilities --id 1`
[INFO] running `Command { std: "docker" "inspect" "bffa02463464189d0fb4db032c9df47603603a8438a24a9e2f76ace817f46f09", kill_on_drop: false }`
[INFO] running `Command { std: "docker" "rm" "-f" "bffa02463464189d0fb4db032c9df47603603a8438a24a9e2f76ace817f46f09", kill_on_drop: false }`
[INFO] [stdout] bffa02463464189d0fb4db032c9df47603603a8438a24a9e2f76ace817f46f09
[INFO] running `Command { std: "docker" "create" "-v" "/var/lib/crater-agent-workspace/builds/worker-2-tc2/target:/opt/rustwide/target:rw,Z" "-v" "/var/lib/crater-agent-workspace/builds/worker-2-tc2/source:/opt/rustwide/workdir:ro,Z" "-v" "/var/lib/crater-agent-workspace/cargo-home:/opt/rustwide/cargo-home:ro,Z" "-v" "/var/lib/crater-agent-workspace/rustup-home:/opt/rustwide/rustup-home:ro,Z" "-e" "SOURCE_DIR=/opt/rustwide/workdir" "-e" "CARGO_TARGET_DIR=/opt/rustwide/target" "-e" "CARGO_INCREMENTAL=0" "-e" "RUST_BACKTRACE=full" "-e" "RUSTFLAGS=--cap-lints=warn" "-e" "RUSTDOCFLAGS=--cap-lints=warn" "-e" "CARGO_HOME=/opt/rustwide/cargo-home" "-e" "RUSTUP_HOME=/opt/rustwide/rustup-home" "-w" "/opt/rustwide/workdir" "-m" "1610612736" "--user" "0:0" "--network" "none" "ghcr.io/rust-lang/crates-build-env/linux@sha256:2788e3201cd34a07e3172128adcd8b3090168a8e3bcc40d7c032b9dda1df7d1c" "/opt/rustwide/cargo-home/bin/cargo" "+beta-2023-12-22" "test" "--frozen" "--no-run" "--message-format=json", kill_on_drop: false }`
[INFO] [stdout] 89df1d739e6b656d599cda9ac3f3983246cb8742d69fd16b4c3aa0ba6eae19ac
[INFO] running `Command { std: "docker" "start" "-a" "89df1d739e6b656d599cda9ac3f3983246cb8742d69fd16b4c3aa0ba6eae19ac", kill_on_drop: false }`
[INFO] [stderr]    Compiling rustc-serialize v0.3.24
[INFO] [stderr]    Compiling num-iter v0.1.40
[INFO] [stderr]    Compiling aho-corasick v0.7.10
[INFO] [stderr]    Compiling regex-syntax v0.6.17
[INFO] [stderr]    Compiling quick-error v1.2.3
[INFO] [stderr]    Compiling atty v0.2.14
[INFO] [stderr]    Compiling termcolor v1.1.0
[INFO] [stderr]    Compiling humantime v1.3.0
[INFO] [stdout] error[E0310]: the parameter type `T` may not live long enough
[INFO] [stdout]     --> /opt/rustwide/cargo-home/registry/src/index.crates.io-6f17d22bba15001f/rustc-serialize-0.3.24/src/serialize.rs:1155:5
[INFO] [stdout]      |
[INFO] [stdout] 1155 |     fn decode<D: Decoder>(d: &mut D) -> Result<Cow<'static, T>, D::Error> {
[INFO] [stdout]      |     ^^^^^^^^^^^^^^^^^^^^^^^^^^^^^^^^^^^^^^^^^^^^^^^^^^^^^^^^^^^^^^^^^^^^^
[INFO] [stdout]      |     |
[INFO] [stdout]      |     the parameter type `T` must be valid for the static lifetime...
[INFO] [stdout]      |     ...so that the type `T` will meet its required lifetime bounds...
[INFO] [stdout]      |
[INFO] [stdout] note: ...that is required by this bound
[INFO] [stdout]     --> /rustc/0e09125c6c3c2fd70d7de961bcf0e51575235fad/library/alloc/src/borrow.rs:180:30
[INFO] [stdout] help: consider adding an explicit lifetime bound
[INFO] [stdout]      |
[INFO] [stdout] 1151 | impl<'a, T: ?Sized + 'static> Decodable for Cow<'a, T>
[INFO] [stdout]      |                    +++++++++
[INFO] [stdout] 
[INFO] [stdout] 
[INFO] [stdout] error: aborting due to 1 previous error
[INFO] [stdout] 
[INFO] [stdout] 
[INFO] [stdout] For more information about this error, try `rustc --explain E0310`.
[INFO] [stdout] 
[INFO] [stderr] error: could not compile `rustc-serialize` (lib) due to 2 previous errors
[INFO] [stderr] warning: build failed, waiting for other jobs to finish...
[INFO] running `Command { std: "docker" "inspect" "89df1d739e6b656d599cda9ac3f3983246cb8742d69fd16b4c3aa0ba6eae19ac", kill_on_drop: false }`
[INFO] running `Command { std: "docker" "rm" "-f" "89df1d739e6b656d599cda9ac3f3983246cb8742d69fd16b4c3aa0ba6eae19ac", kill_on_drop: false }`
[INFO] [stdout] 89df1d739e6b656d599cda9ac3f3983246cb8742d69fd16b4c3aa0ba6eae19ac
