[INFO] fetching crate cellular_raza 0.0.3...
[INFO] testing cellular_raza-0.0.3 against 1.75.0 for beta-1.76-1
[INFO] extracting crate cellular_raza 0.0.3 into /workspace/builds/worker-3-tc1/source
[INFO] validating manifest of crates.io crate cellular_raza 0.0.3 on toolchain 1.75.0
[INFO] running `Command { std: CARGO_HOME="/workspace/cargo-home" RUSTUP_HOME="/workspace/rustup-home" "/workspace/cargo-home/bin/cargo" "+1.75.0" "metadata" "--manifest-path" "Cargo.toml" "--no-deps", kill_on_drop: false }`
[INFO] removed /workspace/builds/worker-3-tc1/source/.cargo/config.toml
[INFO] started tweaking crates.io crate cellular_raza 0.0.3
[INFO] removed 3 missing examples
[INFO] finished tweaking crates.io crate cellular_raza 0.0.3
[INFO] tweaked toml for crates.io crate cellular_raza 0.0.3 written to /workspace/builds/worker-3-tc1/source/Cargo.toml
[INFO] crate crates.io crate cellular_raza 0.0.3 already has a lockfile, it will not be regenerated
[INFO] running `Command { std: CARGO_HOME="/workspace/cargo-home" RUSTUP_HOME="/workspace/rustup-home" "/workspace/cargo-home/bin/cargo" "+1.75.0" "fetch" "--manifest-path" "Cargo.toml", kill_on_drop: false }`
[INFO] [stderr]     Updating crates.io index
[INFO] [stderr]  Downloading crates ...
[INFO] [stderr]   Downloaded core-text v19.2.0
[INFO] [stderr]   Downloaded dlib v0.5.0
[INFO] [stderr]   Downloaded yeslogic-fontconfig-sys v3.2.0
[INFO] [stderr]   Downloaded wio v0.2.2
[INFO] [stderr]   Downloaded console v0.15.5
[INFO] [stderr]   Downloaded pest v2.5.5
[INFO] [stderr]   Downloaded const-cstr v0.3.0
[INFO] [stderr]   Downloaded wide v0.7.6
[INFO] [stderr]   Downloaded paste v1.0.11
[INFO] [stderr]   Downloaded safe_arch v0.6.0
[INFO] [stderr]   Downloaded nalgebra v0.32.1
[INFO] [stderr]   Downloaded cxx v1.0.91
[INFO] [stderr]   Downloaded matrixmultiply v0.3.2
[INFO] [stderr]   Downloaded cxx-build v1.0.91
[INFO] [stderr]   Downloaded image v0.24.5
[INFO] [stderr]   Downloaded cxxbridge-flags v1.0.91
[INFO] [stderr]   Downloaded cxxbridge-macro v1.0.91
[INFO] [stderr]   Downloaded font-kit v0.11.0
[INFO] [stderr]   Downloaded pathfinder_simd v0.5.1
[INFO] [stderr]   Downloaded pathfinder_geometry v0.5.1
[INFO] [stderr]   Downloaded simba v0.8.0
[INFO] [stderr]   Downloaded plotters-bitmap v0.3.2
[INFO] [stderr]   Downloaded chrono v0.4.23
[INFO] [stderr]   Downloaded dwrote v0.11.0
[INFO] [stderr]   Downloaded cmake v0.1.49
[INFO] [stderr]   Downloaded nalgebra-macros v0.2.0
[INFO] [stderr]   Downloaded hurdles v1.0.1
[INFO] [stderr]   Downloaded typed-sled v0.2.3
[INFO] [stderr]   Downloaded ode_integrate v0.0.2
[INFO] running `Command { std: "docker" "create" "-v" "/var/lib/crater-agent-workspace/builds/worker-3-tc1/target:/opt/rustwide/target:rw,Z" "-v" "/var/lib/crater-agent-workspace/builds/worker-3-tc1/source:/opt/rustwide/workdir:ro,Z" "-v" "/var/lib/crater-agent-workspace/cargo-home:/opt/rustwide/cargo-home:ro,Z" "-v" "/var/lib/crater-agent-workspace/rustup-home:/opt/rustwide/rustup-home:ro,Z" "-e" "SOURCE_DIR=/opt/rustwide/workdir" "-e" "CARGO_TARGET_DIR=/opt/rustwide/target" "-e" "CARGO_HOME=/opt/rustwide/cargo-home" "-e" "RUSTUP_HOME=/opt/rustwide/rustup-home" "-w" "/opt/rustwide/workdir" "-m" "1610612736" "--user" "0:0" "--network" "none" "ghcr.io/rust-lang/crates-build-env/linux@sha256:2788e3201cd34a07e3172128adcd8b3090168a8e3bcc40d7c032b9dda1df7d1c" "/opt/rustwide/cargo-home/bin/cargo" "+1.75.0" "metadata" "--no-deps" "--format-version=1", kill_on_drop: false }`
[INFO] [stdout] 6dbb9829469ee42269b2a8f4d8cb9e359e651ac6be088324e763d19adfa074e3
[INFO] running `Command { std: "docker" "start" "-a" "6dbb9829469ee42269b2a8f4d8cb9e359e651ac6be088324e763d19adfa074e3", kill_on_drop: false }`
[INFO] running `Command { std: "docker" "inspect" "6dbb9829469ee42269b2a8f4d8cb9e359e651ac6be088324e763d19adfa074e3", kill_on_drop: false }`
[INFO] running `Command { std: "docker" "rm" "-f" "6dbb9829469ee42269b2a8f4d8cb9e359e651ac6be088324e763d19adfa074e3", kill_on_drop: false }`
[INFO] [stdout] 6dbb9829469ee42269b2a8f4d8cb9e359e651ac6be088324e763d19adfa074e3
[INFO] running `Command { std: "docker" "create" "-v" "/var/lib/crater-agent-workspace/builds/worker-3-tc1/target:/opt/rustwide/target:rw,Z" "-v" "/var/lib/crater-agent-workspace/builds/worker-3-tc1/source:/opt/rustwide/workdir:ro,Z" "-v" "/var/lib/crater-agent-workspace/cargo-home:/opt/rustwide/cargo-home:ro,Z" "-v" "/var/lib/crater-agent-workspace/rustup-home:/opt/rustwide/rustup-home:ro,Z" "-e" "SOURCE_DIR=/opt/rustwide/workdir" "-e" "CARGO_TARGET_DIR=/opt/rustwide/target" "-e" "CARGO_INCREMENTAL=0" "-e" "RUST_BACKTRACE=full" "-e" "RUSTFLAGS=--cap-lints=warn" "-e" "RUSTDOCFLAGS=--cap-lints=warn" "-e" "CARGO_HOME=/opt/rustwide/cargo-home" "-e" "RUSTUP_HOME=/opt/rustwide/rustup-home" "-w" "/opt/rustwide/workdir" "-m" "1610612736" "--user" "0:0" "--network" "none" "ghcr.io/rust-lang/crates-build-env/linux@sha256:2788e3201cd34a07e3172128adcd8b3090168a8e3bcc40d7c032b9dda1df7d1c" "/opt/rustwide/cargo-home/bin/cargo" "+1.75.0" "build" "--frozen" "--message-format=json", kill_on_drop: false }`
[INFO] [stdout] ad73a0aa9ef157c97523c7cfd61d2062bb7586badad897e15888acaff79cb6b2
[INFO] running `Command { std: "docker" "start" "-a" "ad73a0aa9ef157c97523c7cfd61d2062bb7586badad897e15888acaff79cb6b2", kill_on_drop: false }`
[INFO] [stderr]    Compiling proc-macro2 v1.0.51
[INFO] [stderr]    Compiling quote v1.0.23
[INFO] [stderr]    Compiling unicode-ident v1.0.6
[INFO] [stderr]    Compiling syn v1.0.107
[INFO] [stderr]    Compiling libc v0.2.139
[INFO] [stderr]    Compiling crossbeam-utils v0.8.14
[INFO] [stderr]    Compiling num-traits v0.2.15
[INFO] [stderr]    Compiling value-bag v1.0.0-alpha.9
[INFO] [stderr]    Compiling thiserror v1.0.38
[INFO] [stderr]    Compiling num-integer v0.1.45
[INFO] [stderr]    Compiling log v0.4.17
[INFO] [stderr]    Compiling serde_derive v1.0.152
[INFO] [stderr]    Compiling autocfg v0.1.8
[INFO] [stderr]    Compiling serde v1.0.152
[INFO] [stderr]    Compiling rand_core v0.4.2
[INFO] [stderr]    Compiling pkg-config v0.3.26
[INFO] [stderr]    Compiling ucd-trie v0.1.5
[INFO] [stderr]    Compiling futures-core v0.3.26
[INFO] [stderr]    Compiling memoffset v0.7.1
[INFO] [stderr]    Compiling scopeguard v1.1.0
[INFO] [stderr]    Compiling memchr v2.5.0
[INFO] [stderr]    Compiling num-bigint v0.4.3
[INFO] [stderr]    Compiling crossbeam-epoch v0.9.13
[INFO] [stderr]    Compiling rand_core v0.3.1
[INFO] [stderr]    Compiling num-rational v0.4.1
[INFO] [stderr]    Compiling parking v2.0.0
[INFO] [stderr]    Compiling cc v1.0.79
[INFO] [stderr]    Compiling fastrand v1.9.0
[INFO] [stderr]    Compiling event-listener v2.5.3
[INFO] [stderr]    Compiling pin-project-lite v0.2.9
[INFO] [stderr]    Compiling waker-fn v1.1.0
[INFO] [stderr]    Compiling bytemuck v1.13.0
[INFO] [stderr]    Compiling byteorder v1.4.3
[INFO] [stderr]    Compiling futures-io v0.3.26
[INFO] [stderr]    Compiling futures-lite v1.12.0
[INFO] [stderr]    Compiling cmake v0.1.49
[INFO] [stderr]    Compiling concurrent-queue v2.1.0
[INFO] [stderr]    Compiling slab v0.4.7
[INFO] [stderr]    Compiling semver-parser v0.7.0
[INFO] [stderr]    Compiling miniz_oxide v0.6.2
[INFO] [stderr]    Compiling yeslogic-fontconfig-sys v3.2.0
[INFO] [stderr]    Compiling semver v0.9.0
[INFO] [stderr]    Compiling freetype-sys v0.13.1
[INFO] [stderr]    Compiling rand_pcg v0.1.2
[INFO] [stderr]    Compiling async-lock v2.6.0
[INFO] [stderr]    Compiling rand_chacha v0.1.1
[INFO] [stderr]    Compiling lock_api v0.4.9
[INFO] [stderr]    Compiling polling v2.5.2
[INFO] [stderr]    Compiling maybe-uninit v2.0.0
[INFO] [stderr]    Compiling once_cell v1.17.1
[INFO] [stderr]    Compiling parking_lot_core v0.8.6
[INFO] [stderr]    Compiling flate2 v1.0.25
[INFO] [stderr]    Compiling rustc_version v0.2.3
[INFO] [stderr]    Compiling rand v0.6.5
[INFO] [stderr]    Compiling libloading v0.7.4
[INFO] [stderr]    Compiling instant v0.1.12
[INFO] [stderr]    Compiling async-io v1.12.0
[INFO] [stderr]    Compiling either v1.8.1
[INFO] [stderr]    Compiling async-task v4.3.0
[INFO] [stderr]    Compiling rayon-core v1.10.2
[INFO] [stderr]    Compiling smallvec v1.10.0
[INFO] [stderr]    Compiling color_quant v1.1.0
[INFO] [stderr]    Compiling paste v1.0.11
[INFO] [stderr]    Compiling png v0.17.7
[INFO] [stderr]    Compiling parking_lot_core v0.4.0
[INFO] [stderr]    Compiling dlib v0.5.0
[INFO] [stderr]    Compiling async-channel v1.8.0
[INFO] [stderr]    Compiling crossbeam-deque v0.8.2
[INFO] [stderr]    Compiling safe_arch v0.6.0
[INFO] [stderr]    Compiling rand_xorshift v0.1.1
[INFO] [stderr]    Compiling rand_isaac v0.1.1
[INFO] [stderr]    Compiling rand_hc v0.1.0
[INFO] [stderr]    Compiling rand_os v0.1.3
[INFO] [stderr]    Compiling socket2 v0.4.7
[INFO] [stderr]    Compiling getrandom v0.2.8
[INFO] [stderr]    Compiling num_cpus v1.15.0
[INFO] [stderr]    Compiling dirs-sys-next v0.1.2
[INFO] [stderr]    Compiling rand_jitter v0.1.4
[INFO] [stderr]    Compiling crossbeam-channel v0.5.6
[INFO] [stderr]    Compiling num-iter v0.1.43
[INFO] [stderr]    Compiling weezl v0.1.7
[INFO] [stderr]    Compiling portable-atomic v0.3.19
[INFO] [stderr]    Compiling plotters-backend v0.3.4
[INFO] [stderr]    Compiling typenum v1.16.0
[INFO] [stderr]    Compiling font-kit v0.11.0
[INFO] [stderr]    Compiling const-cstr v0.3.0
[INFO] [stderr]    Compiling rawpointer v0.2.1
[INFO] [stderr]    Compiling atomic-waker v1.1.0
[INFO] [stderr]    Compiling jpeg-decoder v0.3.0
[INFO] [stderr]    Compiling blocking v1.3.0
[INFO] [stderr]    Compiling matrixmultiply v0.3.2
[INFO] [stderr]    Compiling gif v0.11.4
[INFO] [stderr]    Compiling dirs-next v2.0.0
[INFO] [stderr]    Compiling wide v0.7.6
[INFO] [stderr]    Compiling rand_core v0.6.4
[INFO] [stderr]    Compiling image v0.24.5
[INFO] [stderr]    Compiling freetype v0.7.0
[INFO] [stderr]    Compiling parking_lot v0.11.2
[INFO] [stderr]    Compiling thiserror-impl v1.0.38
[INFO] [stderr]    Compiling ctor v0.1.26
[INFO] [stderr]    Compiling pin-project-internal v1.0.12
[INFO] [stderr]    Compiling smallvec v0.6.14
[INFO] [stderr]    Compiling async-executor v1.5.0
[INFO] [stderr]    Compiling fxhash v0.2.1
[INFO] [stderr]    Compiling approx v0.5.1
[INFO] [stderr]    Compiling time v0.1.45
[INFO] [stderr]    Compiling fs2 v0.4.3
[INFO] [stderr]    Compiling unicode-width v0.1.10
[INFO] [stderr]    Compiling float-ord v0.2.0
[INFO] [stderr]    Compiling iana-time-zone v0.1.53
[INFO] [stderr]    Compiling console v0.15.5
[INFO] [stderr]    Compiling kv-log-macro v1.0.7
[INFO] [stderr]    Compiling chrono v0.4.23
[INFO] [stderr]    Compiling pest v2.5.5
[INFO] [stderr]    Compiling sled v0.34.7
[INFO] [stderr]    Compiling pin-project v1.0.12
[INFO] [stderr]    Compiling plotters-bitmap v0.3.2
[INFO] [stderr]    Compiling async-global-executor v2.3.1
[INFO] [stderr]    Compiling nalgebra-macros v0.2.0
[INFO] [stderr]    Compiling rayon v1.6.1
[INFO] [stderr]    Compiling semver-parser v0.10.2
[INFO] [stderr]    Compiling semver v0.11.0
[INFO] [stderr]    Compiling rustc_version v0.3.3
[INFO] [stderr]    Compiling plotters-svg v0.3.3
[INFO] [stderr]    Compiling itertools v0.10.5
[INFO] [stderr]    Compiling ttf-parser v0.15.2
[INFO] [stderr]    Compiling async-std v1.12.0
[INFO] [stderr]    Compiling pathfinder_simd v0.5.1
[INFO] [stderr]    Compiling pathfinder_geometry v0.5.1
[INFO] [stderr]    Compiling indicatif v0.17.3
[INFO] [stderr]    Compiling ode_integrate v0.0.2
[INFO] [stderr]    Compiling hurdles v1.0.1
[INFO] [stderr]    Compiling plotters v0.3.4
[INFO] [stderr]    Compiling num-complex v0.4.3
[INFO] [stderr]    Compiling rand_chacha v0.3.1
[INFO] [stderr]    Compiling bincode v1.3.3
[INFO] [stderr]    Compiling rand v0.8.5
[INFO] [stderr]    Compiling simba v0.8.0
[INFO] [stderr]    Compiling num v0.4.0
[INFO] [stderr]    Compiling ndarray v0.15.6
[INFO] [stderr]    Compiling typed-sled v0.2.3
[INFO] [stderr]    Compiling nalgebra v0.32.1
[INFO] [stderr]    Compiling cellular_raza v0.0.3 (/opt/rustwide/workdir)
[INFO] [stdout] error[E0554]: `#![feature]` may not be used on the stable release channel
[INFO] [stdout]  --> src/lib.rs:1:1
[INFO] [stdout]   |
[INFO] [stdout] 1 | #![feature(drain_filter)]
[INFO] [stdout]   | ^^^^^^^^^^^^^^^^^^^^^^^^^
[INFO] [stdout] 
[INFO] [stdout] 
[INFO] [stdout] error[E0554]: `#![feature]` may not be used on the stable release channel
[INFO] [stdout]  --> src/lib.rs:2:1
[INFO] [stdout]   |
[INFO] [stdout] 2 | #![feature(trait_alias)]
[INFO] [stdout]   | ^^^^^^^^^^^^^^^^^^^^^^^^
[INFO] [stdout] 
[INFO] [stdout] 
[INFO] [stdout] warning: unused import: `crate::pipelines::cpu_os_threads::multiple_cell_types::*`
[INFO] [stdout]   --> src/pipelines/cpu_os_threads/prelude.rs:30:9
[INFO] [stdout]    |
[INFO] [stdout] 30 | pub use crate::pipelines::cpu_os_threads::multiple_cell_types::*;
[INFO] [stdout]    |         ^^^^^^^^^^^^^^^^^^^^^^^^^^^^^^^^^^^^^^^^^^^^^^^^^^^^^^^^
[INFO] [stdout]    |
[INFO] [stdout]    = note: `#[warn(unused_imports)]` on by default
[INFO] [stdout] 
[INFO] [stdout] 
[INFO] [stdout] warning: unused import: `crate::plotting::cells_2d::*`
[INFO] [stdout]   --> src/pipelines/cpu_os_threads/prelude.rs:33:9
[INFO] [stdout]    |
[INFO] [stdout] 33 | pub use crate::plotting::cells_2d::*;
[INFO] [stdout]    |         ^^^^^^^^^^^^^^^^^^^^^^^^^^^^
[INFO] [stdout] 
[INFO] [stdout] 
[INFO] [stdout] warning: unused import: `super::config::*`
[INFO] [stdout]   --> src/pipelines/cpu_os_threads/prelude.rs:37:9
[INFO] [stdout]    |
[INFO] [stdout] 37 | pub use super::config::*;
[INFO] [stdout]    |         ^^^^^^^^^^^^^^^^
[INFO] [stdout] 
[INFO] [stdout] 
[INFO] [stdout] warning: unused import: `super::multiple_cell_types::*`
[INFO] [stdout]   --> src/pipelines/cpu_os_threads/prelude.rs:39:9
[INFO] [stdout]    |
[INFO] [stdout] 39 | pub use super::multiple_cell_types::*;
[INFO] [stdout]    |         ^^^^^^^^^^^^^^^^^^^^^^^^^^^^^
[INFO] [stdout] 
[INFO] [stdout] 
[INFO] [stdout] warning: unused import: `super::restart::*`
[INFO] [stdout]   --> src/pipelines/cpu_os_threads/prelude.rs:40:9
[INFO] [stdout]    |
[INFO] [stdout] 40 | pub use super::restart::*;
[INFO] [stdout]    |         ^^^^^^^^^^^^^^^^^
[INFO] [stdout] 
[INFO] [stdout] 
[INFO] [stdout] warning: unused import: `super::supervisor::*`
[INFO] [stdout]   --> src/pipelines/cpu_os_threads/prelude.rs:41:9
[INFO] [stdout]    |
[INFO] [stdout] 41 | pub use super::supervisor::*;
[INFO] [stdout]    |         ^^^^^^^^^^^^^^^^^^^^
[INFO] [stdout] 
[INFO] [stdout] 
[INFO] [stdout] error[E0554]: `#![feature]` may not be used on the stable release channel
[INFO] [stdout]  --> src/lib.rs:1:12
[INFO] [stdout]   |
[INFO] [stdout] 1 | #![feature(drain_filter)]
[INFO] [stdout]   |            ^^^^^^^^^^^^
[INFO] [stdout] 
[INFO] [stdout] 
[INFO] [stdout] error[E0635]: unknown feature `drain_filter`
[INFO] [stdout]  --> src/lib.rs:1:12
[INFO] [stdout]   |
[INFO] [stdout] 1 | #![feature(drain_filter)]
[INFO] [stdout]   |            ^^^^^^^^^^^^
[INFO] [stdout] 
[INFO] [stdout] 
[INFO] [stdout] error[E0599]: no method named `drain_filter` found for struct `Vec<(concepts::cell::CellAgentBox<C>, AuxiliaryCellPropertyStorage<Pos, For, Vel, ConcVecIntracellular>)>` in the current scope
[INFO] [stdout]    --> src/pipelines/cpu_os_threads/domain_decomposition.rs:331:14
[INFO] [stdout]     |
[INFO] [stdout] 330 | /         self.cells
[INFO] [stdout] 331 | |             .drain_filter(|(_, aux_storage)| aux_storage.cycle_event==Some(CycleEvent::Death))
[INFO] [stdout]     | |             -^^^^^^^^^^^^ method not found in `Vec<(CellAgentBox<C>, AuxiliaryCellPropertyStorage<Pos, For, Vel, ConcVecIntracellular>)>`
[INFO] [stdout]     | |_____________|
[INFO] [stdout]     | 
[INFO] [stdout] 
[INFO] [stdout] 
[INFO] [stdout] error[E0599]: no method named `drain_filter` found for struct `Vec<(concepts::cell::CellAgentBox<C>, AuxiliaryCellPropertyStorage<Pos, For, Vel, ConcVecIntracellular>)>` in the current scope
[INFO] [stdout]    --> src/pipelines/cpu_os_threads/domain_decomposition.rs:752:45
[INFO] [stdout]     |
[INFO] [stdout] 752 |             let new_voxel_cells = vox.cells.drain_filter(|(c, _)| match self.index_to_plain_index.get(&self.domain.get_voxel_index(&c)) {
[INFO] [stdout]     |                                   ----------^^^^^^^^^^^^ method not found in `Vec<(CellAgentBox<C>, AuxiliaryCellPropertyStorage<Pos, For, Vel, ConcVecIntracellular>)>`
[INFO] [stdout] 
[INFO] [stdout] 
[INFO] [stdout] error[E0599]: no method named `drain_filter` found for struct `Vec<(f64, bool, bool)>` in the current scope
[INFO] [stdout]    --> src/pipelines/cpu_os_threads/supervisor.rs:250:26
[INFO] [stdout]     |
[INFO] [stdout] 250 |         self.time.t_eval.drain_filter(|(t, _, _)| *t <= end_time);
[INFO] [stdout]     |                          ^^^^^^^^^^^^ method not found in `Vec<(f64, bool, bool)>`
[INFO] [stdout] 
[INFO] [stdout] 
[INFO] [stdout] error[E0308]: mismatched types
[INFO] [stdout]    --> src/pipelines/cpu_os_threads/supervisor.rs:250:57
[INFO] [stdout]     |
[INFO] [stdout] 74  |     Ind,
[INFO] [stdout]     |     --- expected this type parameter
[INFO] [stdout] ...
[INFO] [stdout] 250 |         self.time.t_eval.drain_filter(|(t, _, _)| *t <= end_time);
[INFO] [stdout]     |                                                         ^^^^^^^^ expected type parameter `Ind`, found `f64`
[INFO] [stdout]     |
[INFO] [stdout]     = note: expected type parameter `Ind`
[INFO] [stdout]                          found type `f64`
[INFO] [stdout] 
[INFO] [stdout] 
[INFO] [stdout] error: aborting due to 8 previous errors; 6 warnings emitted
[INFO] [stdout] 
[INFO] [stdout] 
[INFO] [stdout] Some errors have detailed explanations: E0308, E0554, E0599, E0635.
[INFO] [stdout] 
[INFO] [stdout] For more information about an error, try `rustc --explain E0308`.
[INFO] [stdout] 
[INFO] [stderr] error: could not compile `cellular_raza` (lib) due to 9 previous errors; 6 warnings emitted
[INFO] running `Command { std: "docker" "inspect" "ad73a0aa9ef157c97523c7cfd61d2062bb7586badad897e15888acaff79cb6b2", kill_on_drop: false }`
[INFO] running `Command { std: "docker" "rm" "-f" "ad73a0aa9ef157c97523c7cfd61d2062bb7586badad897e15888acaff79cb6b2", kill_on_drop: false }`
[INFO] [stdout] ad73a0aa9ef157c97523c7cfd61d2062bb7586badad897e15888acaff79cb6b2
[INFO] testing cellular_raza-0.0.3 against beta-2023-12-22 for beta-1.76-1
[INFO] extracting crate cellular_raza 0.0.3 into /workspace/builds/worker-3-tc2/source
[INFO] validating manifest of crates.io crate cellular_raza 0.0.3 on toolchain beta-2023-12-22
[INFO] running `Command { std: CARGO_HOME="/workspace/cargo-home" RUSTUP_HOME="/workspace/rustup-home" "/workspace/cargo-home/bin/cargo" "+beta-2023-12-22" "metadata" "--manifest-path" "Cargo.toml" "--no-deps", kill_on_drop: false }`
[INFO] removed /workspace/builds/worker-3-tc2/source/.cargo/config.toml
[INFO] started tweaking crates.io crate cellular_raza 0.0.3
[INFO] removed 3 missing examples
[INFO] finished tweaking crates.io crate cellular_raza 0.0.3
[INFO] tweaked toml for crates.io crate cellular_raza 0.0.3 written to /workspace/builds/worker-3-tc2/source/Cargo.toml
[INFO] crate crates.io crate cellular_raza 0.0.3 already has a lockfile, it will not be regenerated
[INFO] running `Command { std: CARGO_HOME="/workspace/cargo-home" RUSTUP_HOME="/workspace/rustup-home" "/workspace/cargo-home/bin/cargo" "+beta-2023-12-22" "fetch" "--manifest-path" "Cargo.toml", kill_on_drop: false }`
[INFO] running `Command { std: "docker" "create" "-v" "/var/lib/crater-agent-workspace/builds/worker-3-tc2/target:/opt/rustwide/target:rw,Z" "-v" "/var/lib/crater-agent-workspace/builds/worker-3-tc2/source:/opt/rustwide/workdir:ro,Z" "-v" "/var/lib/crater-agent-workspace/cargo-home:/opt/rustwide/cargo-home:ro,Z" "-v" "/var/lib/crater-agent-workspace/rustup-home:/opt/rustwide/rustup-home:ro,Z" "-e" "SOURCE_DIR=/opt/rustwide/workdir" "-e" "CARGO_TARGET_DIR=/opt/rustwide/target" "-e" "CARGO_HOME=/opt/rustwide/cargo-home" "-e" "RUSTUP_HOME=/opt/rustwide/rustup-home" "-w" "/opt/rustwide/workdir" "-m" "1610612736" "--user" "0:0" "--network" "none" "ghcr.io/rust-lang/crates-build-env/linux@sha256:2788e3201cd34a07e3172128adcd8b3090168a8e3bcc40d7c032b9dda1df7d1c" "/opt/rustwide/cargo-home/bin/cargo" "+beta-2023-12-22" "metadata" "--no-deps" "--format-version=1", kill_on_drop: false }`
[INFO] [stdout] 3fc2df2bc92357c06b7b1948ef6733fcbc708581f883edeaea96bb9789a94c9c
[INFO] running `Command { std: "docker" "start" "-a" "3fc2df2bc92357c06b7b1948ef6733fcbc708581f883edeaea96bb9789a94c9c", kill_on_drop: false }`
[INFO] running `Command { std: "docker" "inspect" "3fc2df2bc92357c06b7b1948ef6733fcbc708581f883edeaea96bb9789a94c9c", kill_on_drop: false }`
[INFO] running `Command { std: "docker" "rm" "-f" "3fc2df2bc92357c06b7b1948ef6733fcbc708581f883edeaea96bb9789a94c9c", kill_on_drop: false }`
[INFO] [stdout] 3fc2df2bc92357c06b7b1948ef6733fcbc708581f883edeaea96bb9789a94c9c
[INFO] running `Command { std: "docker" "create" "-v" "/var/lib/crater-agent-workspace/builds/worker-3-tc2/target:/opt/rustwide/target:rw,Z" "-v" "/var/lib/crater-agent-workspace/builds/worker-3-tc2/source:/opt/rustwide/workdir:ro,Z" "-v" "/var/lib/crater-agent-workspace/cargo-home:/opt/rustwide/cargo-home:ro,Z" "-v" "/var/lib/crater-agent-workspace/rustup-home:/opt/rustwide/rustup-home:ro,Z" "-e" "SOURCE_DIR=/opt/rustwide/workdir" "-e" "CARGO_TARGET_DIR=/opt/rustwide/target" "-e" "CARGO_INCREMENTAL=0" "-e" "RUST_BACKTRACE=full" "-e" "RUSTFLAGS=--cap-lints=warn" "-e" "RUSTDOCFLAGS=--cap-lints=warn" "-e" "CARGO_HOME=/opt/rustwide/cargo-home" "-e" "RUSTUP_HOME=/opt/rustwide/rustup-home" "-w" "/opt/rustwide/workdir" "-m" "1610612736" "--user" "0:0" "--network" "none" "ghcr.io/rust-lang/crates-build-env/linux@sha256:2788e3201cd34a07e3172128adcd8b3090168a8e3bcc40d7c032b9dda1df7d1c" "/opt/rustwide/cargo-home/bin/cargo" "+beta-2023-12-22" "build" "--frozen" "--message-format=json", kill_on_drop: false }`
[INFO] [stdout] 86e5d58733b7258a78a00a9cb3dbb006eda44481dbc0b8331a4e21452e6f79e9
[INFO] running `Command { std: "docker" "start" "-a" "86e5d58733b7258a78a00a9cb3dbb006eda44481dbc0b8331a4e21452e6f79e9", kill_on_drop: false }`
[INFO] [stderr]    Compiling proc-macro2 v1.0.51
[INFO] [stderr]    Compiling unicode-ident v1.0.6
[INFO] [stderr]    Compiling quote v1.0.23
[INFO] [stderr]    Compiling syn v1.0.107
[INFO] [stderr]    Compiling libc v0.2.139
[INFO] [stderr]    Compiling crossbeam-utils v0.8.14
[INFO] [stderr]    Compiling num-traits v0.2.15
[INFO] [stderr]    Compiling value-bag v1.0.0-alpha.9
[INFO] [stderr]    Compiling thiserror v1.0.38
[INFO] [stderr]    Compiling num-integer v0.1.45
[INFO] [stderr]    Compiling log v0.4.17
[INFO] [stderr]    Compiling serde_derive v1.0.152
[INFO] [stderr]    Compiling autocfg v0.1.8
[INFO] [stderr]    Compiling rand_core v0.4.2
[INFO] [stderr]    Compiling serde v1.0.152
[INFO] [stderr]    Compiling ucd-trie v0.1.5
[INFO] [stderr]    Compiling futures-core v0.3.26
[INFO] [stderr]    Compiling pkg-config v0.3.26
[INFO] [stderr]    Compiling memoffset v0.7.1
[INFO] [stderr]    Compiling scopeguard v1.1.0
[INFO] [stderr]    Compiling memchr v2.5.0
[INFO] [stderr]    Compiling crossbeam-epoch v0.9.13
[INFO] [stderr]    Compiling num-bigint v0.4.3
[INFO] [stderr]    Compiling rand_core v0.3.1
[INFO] [stderr]    Compiling num-rational v0.4.1
[INFO] [stderr]    Compiling parking v2.0.0
[INFO] [stderr]    Compiling fastrand v1.9.0
[INFO] [stderr]    Compiling bytemuck v1.13.0
[INFO] [stderr]    Compiling cc v1.0.79
[INFO] [stderr]    Compiling event-listener v2.5.3
[INFO] [stderr]    Compiling byteorder v1.4.3
[INFO] [stderr]    Compiling pin-project-lite v0.2.9
[INFO] [stderr]    Compiling futures-io v0.3.26
[INFO] [stderr]    Compiling waker-fn v1.1.0
[INFO] [stderr]    Compiling futures-lite v1.12.0
[INFO] [stderr]    Compiling concurrent-queue v2.1.0
[INFO] [stderr]    Compiling slab v0.4.7
[INFO] [stderr]    Compiling semver-parser v0.7.0
[INFO] [stderr]    Compiling miniz_oxide v0.6.2
[INFO] [stderr]    Compiling cmake v0.1.49
[INFO] [stderr]    Compiling semver v0.9.0
[INFO] [stderr]    Compiling yeslogic-fontconfig-sys v3.2.0
[INFO] [stderr]    Compiling rand_pcg v0.1.2
[INFO] [stderr]    Compiling async-lock v2.6.0
[INFO] [stderr]    Compiling rand_chacha v0.1.1
[INFO] [stderr]    Compiling lock_api v0.4.9
[INFO] [stderr]    Compiling polling v2.5.2
[INFO] [stderr]    Compiling parking_lot_core v0.8.6
[INFO] [stderr]    Compiling maybe-uninit v2.0.0
[INFO] [stderr]    Compiling once_cell v1.17.1
[INFO] [stderr]    Compiling freetype-sys v0.13.1
[INFO] [stderr]    Compiling rustc_version v0.2.3
[INFO] [stderr]    Compiling flate2 v1.0.25
[INFO] [stderr]    Compiling rand v0.6.5
[INFO] [stderr]    Compiling libloading v0.7.4
[INFO] [stderr]    Compiling instant v0.1.12
[INFO] [stderr]    Compiling async-io v1.12.0
[INFO] [stderr]    Compiling color_quant v1.1.0
[INFO] [stderr]    Compiling either v1.8.1
[INFO] [stderr]    Compiling async-task v4.3.0
[INFO] [stderr]    Compiling smallvec v1.10.0
[INFO] [stderr]    Compiling paste v1.0.11
[INFO] [stderr]    Compiling rayon-core v1.10.2
[INFO] [stderr]    Compiling png v0.17.7
[INFO] [stderr]    Compiling dlib v0.5.0
[INFO] [stderr]    Compiling parking_lot_core v0.4.0
[INFO] [stderr]    Compiling crossbeam-deque v0.8.2
[INFO] [stderr]    Compiling async-channel v1.8.0
[INFO] [stderr]    Compiling safe_arch v0.6.0
[INFO] [stderr]    Compiling rand_hc v0.1.0
[INFO] [stderr]    Compiling rand_isaac v0.1.1
[INFO] [stderr]    Compiling rand_xorshift v0.1.1
[INFO] [stderr]    Compiling rand_os v0.1.3
[INFO] [stderr]    Compiling getrandom v0.2.8
[INFO] [stderr]    Compiling socket2 v0.4.7
[INFO] [stderr]    Compiling num_cpus v1.15.0
[INFO] [stderr]    Compiling dirs-sys-next v0.1.2
[INFO] [stderr]    Compiling rand_jitter v0.1.4
[INFO] [stderr]    Compiling crossbeam-channel v0.5.6
[INFO] [stderr]    Compiling num-iter v0.1.43
[INFO] [stderr]    Compiling typenum v1.16.0
[INFO] [stderr]    Compiling jpeg-decoder v0.3.0
[INFO] [stderr]    Compiling rawpointer v0.2.1
[INFO] [stderr]    Compiling plotters-backend v0.3.4
[INFO] [stderr]    Compiling weezl v0.1.7
[INFO] [stderr]    Compiling const-cstr v0.3.0
[INFO] [stderr]    Compiling portable-atomic v0.3.19
[INFO] [stderr]    Compiling atomic-waker v1.1.0
[INFO] [stderr]    Compiling font-kit v0.11.0
[INFO] [stderr]    Compiling blocking v1.3.0
[INFO] [stderr]    Compiling gif v0.11.4
[INFO] [stderr]    Compiling image v0.24.5
[INFO] [stderr]    Compiling matrixmultiply v0.3.2
[INFO] [stderr]    Compiling dirs-next v2.0.0
[INFO] [stderr]    Compiling wide v0.7.6
[INFO] [stderr]    Compiling rand_core v0.6.4
[INFO] [stderr]    Compiling parking_lot v0.11.2
[INFO] [stderr]    Compiling freetype v0.7.0
[INFO] [stderr]    Compiling ctor v0.1.26
[INFO] [stderr]    Compiling thiserror-impl v1.0.38
[INFO] [stderr]    Compiling pin-project-internal v1.0.12
[INFO] [stderr]    Compiling smallvec v0.6.14
[INFO] [stderr]    Compiling async-executor v1.5.0
[INFO] [stderr]    Compiling fxhash v0.2.1
[INFO] [stderr]    Compiling approx v0.5.1
[INFO] [stderr]    Compiling time v0.1.45
[INFO] [stderr]    Compiling fs2 v0.4.3
[INFO] [stderr]    Compiling unicode-width v0.1.10
[INFO] [stderr]    Compiling float-ord v0.2.0
[INFO] [stderr]    Compiling iana-time-zone v0.1.53
[INFO] [stderr]    Compiling chrono v0.4.23
[INFO] [stderr]    Compiling console v0.15.5
[INFO] [stderr]    Compiling sled v0.34.7
[INFO] [stderr]    Compiling pin-project v1.0.12
[INFO] [stderr]    Compiling pest v2.5.5
[INFO] [stderr]    Compiling kv-log-macro v1.0.7
[INFO] [stderr]    Compiling plotters-bitmap v0.3.2
[INFO] [stderr]    Compiling async-global-executor v2.3.1
[INFO] [stderr]    Compiling nalgebra-macros v0.2.0
[INFO] [stderr]    Compiling rayon v1.6.1
[INFO] [stderr]    Compiling semver-parser v0.10.2
[INFO] [stderr]    Compiling semver v0.11.0
[INFO] [stderr]    Compiling plotters-svg v0.3.3
[INFO] [stderr]    Compiling rustc_version v0.3.3
[INFO] [stderr]    Compiling itertools v0.10.5
[INFO] [stderr]    Compiling ttf-parser v0.15.2
[INFO] [stderr]    Compiling async-std v1.12.0
[INFO] [stderr]    Compiling pathfinder_simd v0.5.1
[INFO] [stderr]    Compiling hurdles v1.0.1
[INFO] [stderr]    Compiling indicatif v0.17.3
[INFO] [stderr]    Compiling pathfinder_geometry v0.5.1
[INFO] [stderr]    Compiling ode_integrate v0.0.2
[INFO] [stderr]    Compiling plotters v0.3.4
[INFO] [stderr]    Compiling num-complex v0.4.3
[INFO] [stderr]    Compiling bincode v1.3.3
[INFO] [stderr]    Compiling rand_chacha v0.3.1
[INFO] [stderr]    Compiling rand v0.8.5
[INFO] [stderr]    Compiling typed-sled v0.2.3
[INFO] [stderr]    Compiling simba v0.8.0
[INFO] [stderr]    Compiling ndarray v0.15.6
[INFO] [stderr]    Compiling num v0.4.0
[INFO] [stderr]    Compiling nalgebra v0.32.1
[INFO] [stderr]    Compiling cellular_raza v0.0.3 (/opt/rustwide/workdir)
[INFO] [stdout] error[E0554]: `#![feature]` may not be used on the beta release channel
[INFO] [stdout]  --> src/lib.rs:1:1
[INFO] [stdout]   |
[INFO] [stdout] 1 | #![feature(drain_filter)]
[INFO] [stdout]   | ^^^^^^^^^^^^^^^^^^^^^^^^^
[INFO] [stdout] 
[INFO] [stdout] 
[INFO] [stdout] error[E0554]: `#![feature]` may not be used on the beta release channel
[INFO] [stdout]  --> src/lib.rs:2:1
[INFO] [stdout]   |
[INFO] [stdout] 2 | #![feature(trait_alias)]
[INFO] [stdout]   | ^^^^^^^^^^^^^^^^^^^^^^^^
[INFO] [stdout] 
[INFO] [stdout] 
[INFO] [stdout] warning: unused import: `crate::pipelines::cpu_os_threads::multiple_cell_types::*`
[INFO] [stdout]   --> src/pipelines/cpu_os_threads/prelude.rs:30:9
[INFO] [stdout]    |
[INFO] [stdout] 30 | pub use crate::pipelines::cpu_os_threads::multiple_cell_types::*;
[INFO] [stdout]    |         ^^^^^^^^^^^^^^^^^^^^^^^^^^^^^^^^^^^^^^^^^^^^^^^^^^^^^^^^
[INFO] [stdout]    |
[INFO] [stdout]    = note: `#[warn(unused_imports)]` on by default
[INFO] [stdout] 
[INFO] [stdout] 
[INFO] [stdout] warning: unused import: `crate::plotting::cells_2d::*`
[INFO] [stdout]   --> src/pipelines/cpu_os_threads/prelude.rs:33:9
[INFO] [stdout]    |
[INFO] [stdout] 33 | pub use crate::plotting::cells_2d::*;
[INFO] [stdout]    |         ^^^^^^^^^^^^^^^^^^^^^^^^^^^^
[INFO] [stdout] 
[INFO] [stdout] 
[INFO] [stdout] warning: unused import: `super::config::*`
[INFO] [stdout]   --> src/pipelines/cpu_os_threads/prelude.rs:37:9
[INFO] [stdout]    |
[INFO] [stdout] 37 | pub use super::config::*;
[INFO] [stdout]    |         ^^^^^^^^^^^^^^^^
[INFO] [stdout] 
[INFO] [stdout] 
[INFO] [stdout] warning: unused import: `super::multiple_cell_types::*`
[INFO] [stdout]   --> src/pipelines/cpu_os_threads/prelude.rs:39:9
[INFO] [stdout]    |
[INFO] [stdout] 39 | pub use super::multiple_cell_types::*;
[INFO] [stdout]    |         ^^^^^^^^^^^^^^^^^^^^^^^^^^^^^
[INFO] [stdout] 
[INFO] [stdout] 
[INFO] [stdout] warning: unused import: `super::restart::*`
[INFO] [stdout]   --> src/pipelines/cpu_os_threads/prelude.rs:40:9
[INFO] [stdout]    |
[INFO] [stdout] 40 | pub use super::restart::*;
[INFO] [stdout]    |         ^^^^^^^^^^^^^^^^^
[INFO] [stdout] 
[INFO] [stdout] 
[INFO] [stdout] warning: unused import: `super::supervisor::*`
[INFO] [stdout]   --> src/pipelines/cpu_os_threads/prelude.rs:41:9
[INFO] [stdout]    |
[INFO] [stdout] 41 | pub use super::supervisor::*;
[INFO] [stdout]    |         ^^^^^^^^^^^^^^^^^^^^
[INFO] [stdout] 
[INFO] [stdout] 
[INFO] [stdout] error[E0554]: `#![feature]` may not be used on the beta release channel
[INFO] [stdout]  --> src/lib.rs:1:12
[INFO] [stdout]   |
[INFO] [stdout] 1 | #![feature(drain_filter)]
[INFO] [stdout]   |            ^^^^^^^^^^^^
[INFO] [stdout] 
[INFO] [stdout] 
[INFO] [stdout] error[E0635]: unknown feature `drain_filter`
[INFO] [stdout]  --> src/lib.rs:1:12
[INFO] [stdout]   |
[INFO] [stdout] 1 | #![feature(drain_filter)]
[INFO] [stdout]   |            ^^^^^^^^^^^^
[INFO] [stdout] 
[INFO] [stdout] 
[INFO] [stdout] error[E0599]: no method named `drain_filter` found for struct `Vec<(concepts::cell::CellAgentBox<C>, AuxiliaryCellPropertyStorage<Pos, For, Vel, ConcVecIntracellular>)>` in the current scope
[INFO] [stdout]    --> src/pipelines/cpu_os_threads/domain_decomposition.rs:331:14
[INFO] [stdout]     |
[INFO] [stdout] 330 | /         self.cells
[INFO] [stdout] 331 | |             .drain_filter(|(_, aux_storage)| aux_storage.cycle_event==Some(CycleEvent::Death))
[INFO] [stdout]     | |             -^^^^^^^^^^^^ method not found in `Vec<(CellAgentBox<C>, AuxiliaryCellPropertyStorage<Pos, For, Vel, ConcVecIntracellular>)>`
[INFO] [stdout]     | |_____________|
[INFO] [stdout]     | 
[INFO] [stdout] 
[INFO] [stdout] 
[INFO] [stdout] error[E0599]: no method named `drain_filter` found for struct `Vec<(concepts::cell::CellAgentBox<C>, AuxiliaryCellPropertyStorage<Pos, For, Vel, ConcVecIntracellular>)>` in the current scope
[INFO] [stdout]    --> src/pipelines/cpu_os_threads/domain_decomposition.rs:752:45
[INFO] [stdout]     |
[INFO] [stdout] 752 |             let new_voxel_cells = vox.cells.drain_filter(|(c, _)| match self.index_to_plain_index.get(&self.domain.get_voxel_index(&c)) {
[INFO] [stdout]     |                                   ----------^^^^^^^^^^^^ method not found in `Vec<(CellAgentBox<C>, AuxiliaryCellPropertyStorage<Pos, For, Vel, ConcVecIntracellular>)>`
[INFO] [stdout] 
[INFO] [stdout] 
[INFO] [stdout] error[E0599]: no method named `drain_filter` found for struct `Vec<(f64, bool, bool)>` in the current scope
[INFO] [stdout]    --> src/pipelines/cpu_os_threads/supervisor.rs:250:26
[INFO] [stdout]     |
[INFO] [stdout] 250 |         self.time.t_eval.drain_filter(|(t, _, _)| *t <= end_time);
[INFO] [stdout]     |                          ^^^^^^^^^^^^ method not found in `Vec<(f64, bool, bool)>`
[INFO] [stdout] 
[INFO] [stdout] 
[INFO] [stdout] error[E0308]: mismatched types
[INFO] [stdout]    --> src/pipelines/cpu_os_threads/supervisor.rs:250:57
[INFO] [stdout]     |
[INFO] [stdout] 74  |     Ind,
[INFO] [stdout]     |     --- expected this type parameter
[INFO] [stdout] ...
[INFO] [stdout] 250 |         self.time.t_eval.drain_filter(|(t, _, _)| *t <= end_time);
[INFO] [stdout]     |                                                         ^^^^^^^^ expected type parameter `Ind`, found `f64`
[INFO] [stdout]     |
[INFO] [stdout]     = note: expected type parameter `Ind`
[INFO] [stdout]                          found type `f64`
[INFO] [stdout] 
[INFO] [stdout] 
[INFO] [stdout] error: aborting due to 8 previous errors; 6 warnings emitted
[INFO] [stdout] 
[INFO] [stdout] 
[INFO] [stdout] Some errors have detailed explanations: E0308, E0554, E0599, E0635.
[INFO] [stdout] 
[INFO] [stdout] For more information about an error, try `rustc --explain E0308`.
[INFO] [stdout] 
[INFO] [stderr] error: could not compile `cellular_raza` (lib) due to 9 previous errors; 6 warnings emitted
[INFO] running `Command { std: "docker" "inspect" "86e5d58733b7258a78a00a9cb3dbb006eda44481dbc0b8331a4e21452e6f79e9", kill_on_drop: false }`
[INFO] running `Command { std: "docker" "rm" "-f" "86e5d58733b7258a78a00a9cb3dbb006eda44481dbc0b8331a4e21452e6f79e9", kill_on_drop: false }`
[INFO] [stdout] 86e5d58733b7258a78a00a9cb3dbb006eda44481dbc0b8331a4e21452e6f79e9
