[INFO] fetching crate cedar 0.1.1...
[INFO] testing cedar-0.1.1 against 1.75.0 for beta-1.76-1
[INFO] extracting crate cedar 0.1.1 into /workspace/builds/worker-6-tc1/source
[INFO] validating manifest of crates.io crate cedar 0.1.1 on toolchain 1.75.0
[INFO] running `Command { std: CARGO_HOME="/workspace/cargo-home" RUSTUP_HOME="/workspace/rustup-home" "/workspace/cargo-home/bin/cargo" "+1.75.0" "metadata" "--manifest-path" "Cargo.toml" "--no-deps", kill_on_drop: false }`
[INFO] started tweaking crates.io crate cedar 0.1.1
[INFO] finished tweaking crates.io crate cedar 0.1.1
[INFO] tweaked toml for crates.io crate cedar 0.1.1 written to /workspace/builds/worker-6-tc1/source/Cargo.toml
[INFO] running `Command { std: CARGO_HOME="/workspace/cargo-home" RUSTUP_HOME="/workspace/rustup-home" "/workspace/cargo-home/bin/cargo" "+1.75.0" "generate-lockfile" "--manifest-path" "Cargo.toml", kill_on_drop: false }`
[INFO] [stderr]     Updating crates.io index
[INFO] running `Command { std: CARGO_HOME="/workspace/cargo-home" RUSTUP_HOME="/workspace/rustup-home" "/workspace/cargo-home/bin/cargo" "+1.75.0" "fetch" "--manifest-path" "Cargo.toml", kill_on_drop: false }`
[INFO] [stderr]  Downloading crates ...
[INFO] [stderr]   Downloaded bitflags v0.5.0
[INFO] [stderr]   Downloaded core-foundation v0.3.0
[INFO] [stderr]   Downloaded c_vec v1.2.1
[INFO] [stderr]   Downloaded crossbeam v0.2.12
[INFO] [stderr]   Downloaded bitflags v0.7.0
[INFO] [stderr]   Downloaded bitflags v0.8.2
[INFO] [stderr]   Downloaded core-foundation-sys v0.3.1
[INFO] [stderr]   Downloaded serde v0.8.23
[INFO] [stderr]   Downloaded atk-sys v0.3.4
[INFO] [stderr]   Downloaded cairo-sys-rs v0.3.4
[INFO] [stderr]   Downloaded pango-sys v0.3.4
[INFO] [stderr]   Downloaded core-graphics v0.6.0
[INFO] [stderr]   Downloaded gobject-sys v0.3.4
[INFO] [stderr]   Downloaded gdk-sys v0.3.4
[INFO] [stderr]   Downloaded glib-sys v0.3.4
[INFO] [stderr]   Downloaded gdk-pixbuf v0.1.3
[INFO] [stderr]   Downloaded gio v0.1.3
[INFO] [stderr]   Downloaded cairo-rs v0.1.3
[INFO] [stderr]   Downloaded pango v0.1.3
[INFO] [stderr]   Downloaded gio-sys v0.3.4
[INFO] [stderr]   Downloaded gtk-sys v0.3.4
[INFO] [stderr]   Downloaded gdk v0.5.3
[INFO] [stderr]   Downloaded glib v0.1.3
[INFO] [stderr]   Downloaded gdk-pixbuf-sys v0.3.4
[INFO] [stderr]   Downloaded cocoa v0.7.0
[INFO] [stderr]   Downloaded gtk v0.1.3
[INFO] running `Command { std: "docker" "create" "-v" "/var/lib/crater-agent-workspace/builds/worker-6-tc1/target:/opt/rustwide/target:rw,Z" "-v" "/var/lib/crater-agent-workspace/builds/worker-6-tc1/source:/opt/rustwide/workdir:ro,Z" "-v" "/var/lib/crater-agent-workspace/cargo-home:/opt/rustwide/cargo-home:ro,Z" "-v" "/var/lib/crater-agent-workspace/rustup-home:/opt/rustwide/rustup-home:ro,Z" "-e" "SOURCE_DIR=/opt/rustwide/workdir" "-e" "CARGO_TARGET_DIR=/opt/rustwide/target" "-e" "CARGO_HOME=/opt/rustwide/cargo-home" "-e" "RUSTUP_HOME=/opt/rustwide/rustup-home" "-w" "/opt/rustwide/workdir" "-m" "1610612736" "--user" "0:0" "--network" "none" "ghcr.io/rust-lang/crates-build-env/linux@sha256:2788e3201cd34a07e3172128adcd8b3090168a8e3bcc40d7c032b9dda1df7d1c" "/opt/rustwide/cargo-home/bin/cargo" "+1.75.0" "metadata" "--no-deps" "--format-version=1", kill_on_drop: false }`
[INFO] [stdout] caa247862641a4d5ad47ee2183db37e34dc12316c5048bfe0041f7ba4b8a4c1e
[INFO] running `Command { std: "docker" "start" "-a" "caa247862641a4d5ad47ee2183db37e34dc12316c5048bfe0041f7ba4b8a4c1e", kill_on_drop: false }`
[INFO] running `Command { std: "docker" "inspect" "caa247862641a4d5ad47ee2183db37e34dc12316c5048bfe0041f7ba4b8a4c1e", kill_on_drop: false }`
[INFO] running `Command { std: "docker" "rm" "-f" "caa247862641a4d5ad47ee2183db37e34dc12316c5048bfe0041f7ba4b8a4c1e", kill_on_drop: false }`
[INFO] [stdout] caa247862641a4d5ad47ee2183db37e34dc12316c5048bfe0041f7ba4b8a4c1e
[INFO] running `Command { std: "docker" "create" "-v" "/var/lib/crater-agent-workspace/builds/worker-6-tc1/target:/opt/rustwide/target:rw,Z" "-v" "/var/lib/crater-agent-workspace/builds/worker-6-tc1/source:/opt/rustwide/workdir:ro,Z" "-v" "/var/lib/crater-agent-workspace/cargo-home:/opt/rustwide/cargo-home:ro,Z" "-v" "/var/lib/crater-agent-workspace/rustup-home:/opt/rustwide/rustup-home:ro,Z" "-e" "SOURCE_DIR=/opt/rustwide/workdir" "-e" "CARGO_TARGET_DIR=/opt/rustwide/target" "-e" "CARGO_INCREMENTAL=0" "-e" "RUST_BACKTRACE=full" "-e" "RUSTFLAGS=--cap-lints=warn" "-e" "RUSTDOCFLAGS=--cap-lints=warn" "-e" "CARGO_HOME=/opt/rustwide/cargo-home" "-e" "RUSTUP_HOME=/opt/rustwide/rustup-home" "-w" "/opt/rustwide/workdir" "-m" "1610612736" "--user" "0:0" "--network" "none" "ghcr.io/rust-lang/crates-build-env/linux@sha256:2788e3201cd34a07e3172128adcd8b3090168a8e3bcc40d7c032b9dda1df7d1c" "/opt/rustwide/cargo-home/bin/cargo" "+1.75.0" "build" "--frozen" "--message-format=json", kill_on_drop: false }`
[INFO] [stdout] 5a6f04085ea01c5f0dbbf65daadbb6041f1a94ddb6b3589f75ca49ace59b4fc9
[INFO] running `Command { std: "docker" "start" "-a" "5a6f04085ea01c5f0dbbf65daadbb6041f1a94ddb6b3589f75ca49ace59b4fc9", kill_on_drop: false }`
[INFO] [stderr]    Compiling pkg-config v0.3.28
[INFO] [stderr]    Compiling bitflags v0.8.2
[INFO] [stderr]    Compiling lazy_static v0.2.11
[INFO] [stderr]    Compiling bitflags v0.5.0
[INFO] [stderr]    Compiling gdk-pixbuf v0.1.3
[INFO] [stderr]    Compiling cairo-rs v0.1.3
[INFO] [stderr]    Compiling gio v0.1.3
[INFO] [stderr]    Compiling c_vec v1.2.1
[INFO] [stderr]    Compiling gdk v0.5.3
[INFO] [stderr]    Compiling gtk v0.1.3
[INFO] [stderr]    Compiling crossbeam v0.2.12
[INFO] [stderr]    Compiling glib-sys v0.3.4
[INFO] [stderr]    Compiling gobject-sys v0.3.4
[INFO] [stderr]    Compiling gio-sys v0.3.4
[INFO] [stderr]    Compiling cairo-sys-rs v0.3.4
[INFO] [stderr]    Compiling gdk-pixbuf-sys v0.3.4
[INFO] [stderr]    Compiling pango-sys v0.3.4
[INFO] [stderr]    Compiling gdk-sys v0.3.4
[INFO] [stderr]    Compiling atk-sys v0.3.4
[INFO] [stderr]    Compiling gtk-sys v0.3.4
[INFO] [stderr]    Compiling glib v0.1.3
[INFO] [stdout] error[E0119]: conflicting implementations of trait `SetValue` for type `&_`
[INFO] [stdout]    --> /opt/rustwide/cargo-home/registry/src/index.crates.io-6f17d22bba15001f/glib-0.1.3/src/value.rs:503:1
[INFO] [stdout]     |
[INFO] [stdout] 472 | impl<'a, T: ?Sized + SetValue> SetValue for &'a T {
[INFO] [stdout]     | ------------------------------------------------- first implementation here
[INFO] [stdout] ...
[INFO] [stdout] 503 | impl<T: IsA<Object>> SetValue for T {
[INFO] [stdout]     | ^^^^^^^^^^^^^^^^^^^^^^^^^^^^^^^^^^^ conflicting implementation for `&_`
[INFO] [stdout]     |
[INFO] [stdout]     = note: downstream crates may implement trait `object::IsA<object::Object>` for type `&_`
[INFO] [stdout] 
[INFO] [stdout] 
[INFO] [stdout] error[E0119]: conflicting implementations of trait `SetValueOptional` for type `&_`
[INFO] [stdout]    --> /opt/rustwide/cargo-home/registry/src/index.crates.io-6f17d22bba15001f/glib-0.1.3/src/value.rs:509:1
[INFO] [stdout]     |
[INFO] [stdout] 478 | impl<'a, T: ?Sized + SetValueOptional> SetValueOptional for &'a T {
[INFO] [stdout]     | ----------------------------------------------------------------- first implementation here
[INFO] [stdout] ...
[INFO] [stdout] 509 | impl<T: IsA<Object>> SetValueOptional for T {
[INFO] [stdout]     | ^^^^^^^^^^^^^^^^^^^^^^^^^^^^^^^^^^^^^^^^^^^ conflicting implementation for `&_`
[INFO] [stdout]     |
[INFO] [stdout]     = note: downstream crates may implement trait `object::IsA<object::Object>` for type `&_`
[INFO] [stdout] 
[INFO] [stdout] 
[INFO] [stdout] error: aborting due to 2 previous errors
[INFO] [stdout] 
[INFO] [stdout] 
[INFO] [stdout] For more information about this error, try `rustc --explain E0119`.
[INFO] [stdout] 
[INFO] [stderr] error: could not compile `glib` (lib) due to 3 previous errors
[INFO] [stderr] warning: build failed, waiting for other jobs to finish...
[INFO] running `Command { std: "docker" "inspect" "5a6f04085ea01c5f0dbbf65daadbb6041f1a94ddb6b3589f75ca49ace59b4fc9", kill_on_drop: false }`
[INFO] running `Command { std: "docker" "rm" "-f" "5a6f04085ea01c5f0dbbf65daadbb6041f1a94ddb6b3589f75ca49ace59b4fc9", kill_on_drop: false }`
[INFO] [stdout] 5a6f04085ea01c5f0dbbf65daadbb6041f1a94ddb6b3589f75ca49ace59b4fc9
[INFO] testing cedar-0.1.1 against beta-2023-12-22 for beta-1.76-1
[INFO] extracting crate cedar 0.1.1 into /workspace/builds/worker-6-tc2/source
[INFO] validating manifest of crates.io crate cedar 0.1.1 on toolchain beta-2023-12-22
[INFO] running `Command { std: CARGO_HOME="/workspace/cargo-home" RUSTUP_HOME="/workspace/rustup-home" "/workspace/cargo-home/bin/cargo" "+beta-2023-12-22" "metadata" "--manifest-path" "Cargo.toml" "--no-deps", kill_on_drop: false }`
[INFO] started tweaking crates.io crate cedar 0.1.1
[INFO] finished tweaking crates.io crate cedar 0.1.1
[INFO] tweaked toml for crates.io crate cedar 0.1.1 written to /workspace/builds/worker-6-tc2/source/Cargo.toml
[INFO] running `Command { std: CARGO_HOME="/workspace/cargo-home" RUSTUP_HOME="/workspace/rustup-home" "/workspace/cargo-home/bin/cargo" "+beta-2023-12-22" "generate-lockfile" "--manifest-path" "Cargo.toml", kill_on_drop: false }`
[INFO] [stderr]     Updating crates.io index
[INFO] running `Command { std: CARGO_HOME="/workspace/cargo-home" RUSTUP_HOME="/workspace/rustup-home" "/workspace/cargo-home/bin/cargo" "+beta-2023-12-22" "fetch" "--manifest-path" "Cargo.toml", kill_on_drop: false }`
[INFO] running `Command { std: "docker" "create" "-v" "/var/lib/crater-agent-workspace/builds/worker-6-tc2/target:/opt/rustwide/target:rw,Z" "-v" "/var/lib/crater-agent-workspace/builds/worker-6-tc2/source:/opt/rustwide/workdir:ro,Z" "-v" "/var/lib/crater-agent-workspace/cargo-home:/opt/rustwide/cargo-home:ro,Z" "-v" "/var/lib/crater-agent-workspace/rustup-home:/opt/rustwide/rustup-home:ro,Z" "-e" "SOURCE_DIR=/opt/rustwide/workdir" "-e" "CARGO_TARGET_DIR=/opt/rustwide/target" "-e" "CARGO_HOME=/opt/rustwide/cargo-home" "-e" "RUSTUP_HOME=/opt/rustwide/rustup-home" "-w" "/opt/rustwide/workdir" "-m" "1610612736" "--user" "0:0" "--network" "none" "ghcr.io/rust-lang/crates-build-env/linux@sha256:2788e3201cd34a07e3172128adcd8b3090168a8e3bcc40d7c032b9dda1df7d1c" "/opt/rustwide/cargo-home/bin/cargo" "+beta-2023-12-22" "metadata" "--no-deps" "--format-version=1", kill_on_drop: false }`
[INFO] [stdout] 03d843febe0f8e4ff532b5bd1dbe9c2f9d551c56cfe4b54e365614dd101a0281
[INFO] running `Command { std: "docker" "start" "-a" "03d843febe0f8e4ff532b5bd1dbe9c2f9d551c56cfe4b54e365614dd101a0281", kill_on_drop: false }`
[INFO] running `Command { std: "docker" "inspect" "03d843febe0f8e4ff532b5bd1dbe9c2f9d551c56cfe4b54e365614dd101a0281", kill_on_drop: false }`
[INFO] running `Command { std: "docker" "rm" "-f" "03d843febe0f8e4ff532b5bd1dbe9c2f9d551c56cfe4b54e365614dd101a0281", kill_on_drop: false }`
[INFO] [stdout] 03d843febe0f8e4ff532b5bd1dbe9c2f9d551c56cfe4b54e365614dd101a0281
[INFO] running `Command { std: "docker" "create" "-v" "/var/lib/crater-agent-workspace/builds/worker-6-tc2/target:/opt/rustwide/target:rw,Z" "-v" "/var/lib/crater-agent-workspace/builds/worker-6-tc2/source:/opt/rustwide/workdir:ro,Z" "-v" "/var/lib/crater-agent-workspace/cargo-home:/opt/rustwide/cargo-home:ro,Z" "-v" "/var/lib/crater-agent-workspace/rustup-home:/opt/rustwide/rustup-home:ro,Z" "-e" "SOURCE_DIR=/opt/rustwide/workdir" "-e" "CARGO_TARGET_DIR=/opt/rustwide/target" "-e" "CARGO_INCREMENTAL=0" "-e" "RUST_BACKTRACE=full" "-e" "RUSTFLAGS=--cap-lints=warn" "-e" "RUSTDOCFLAGS=--cap-lints=warn" "-e" "CARGO_HOME=/opt/rustwide/cargo-home" "-e" "RUSTUP_HOME=/opt/rustwide/rustup-home" "-w" "/opt/rustwide/workdir" "-m" "1610612736" "--user" "0:0" "--network" "none" "ghcr.io/rust-lang/crates-build-env/linux@sha256:2788e3201cd34a07e3172128adcd8b3090168a8e3bcc40d7c032b9dda1df7d1c" "/opt/rustwide/cargo-home/bin/cargo" "+beta-2023-12-22" "build" "--frozen" "--message-format=json", kill_on_drop: false }`
[INFO] [stdout] 49c7ba727056812e1cb5c099f20f7064a850904301ae97fdaee189bee7ac4c5b
[INFO] running `Command { std: "docker" "start" "-a" "49c7ba727056812e1cb5c099f20f7064a850904301ae97fdaee189bee7ac4c5b", kill_on_drop: false }`
[INFO] [stderr]    Compiling pkg-config v0.3.28
[INFO] [stderr]    Compiling bitflags v0.8.2
[INFO] [stderr]    Compiling bitflags v0.5.0
[INFO] [stderr]    Compiling lazy_static v0.2.11
[INFO] [stderr]    Compiling gio v0.1.3
[INFO] [stderr]    Compiling cairo-rs v0.1.3
[INFO] [stderr]    Compiling gdk-pixbuf v0.1.3
[INFO] [stderr]    Compiling c_vec v1.2.1
[INFO] [stderr]    Compiling gdk v0.5.3
[INFO] [stderr]    Compiling gtk v0.1.3
[INFO] [stderr]    Compiling crossbeam v0.2.12
[INFO] [stderr]    Compiling glib-sys v0.3.4
[INFO] [stderr]    Compiling gobject-sys v0.3.4
[INFO] [stderr]    Compiling gio-sys v0.3.4
[INFO] [stderr]    Compiling gdk-pixbuf-sys v0.3.4
[INFO] [stderr]    Compiling cairo-sys-rs v0.3.4
[INFO] [stderr]    Compiling pango-sys v0.3.4
[INFO] [stderr]    Compiling gdk-sys v0.3.4
[INFO] [stderr]    Compiling atk-sys v0.3.4
[INFO] [stderr]    Compiling gtk-sys v0.3.4
[INFO] [stderr]    Compiling glib v0.1.3
[INFO] [stdout] error[E0119]: conflicting implementations of trait `SetValue` for type `&_`
[INFO] [stdout]    --> /opt/rustwide/cargo-home/registry/src/index.crates.io-6f17d22bba15001f/glib-0.1.3/src/value.rs:503:1
[INFO] [stdout]     |
[INFO] [stdout] 472 | impl<'a, T: ?Sized + SetValue> SetValue for &'a T {
[INFO] [stdout]     | ------------------------------------------------- first implementation here
[INFO] [stdout] ...
[INFO] [stdout] 503 | impl<T: IsA<Object>> SetValue for T {
[INFO] [stdout]     | ^^^^^^^^^^^^^^^^^^^^^^^^^^^^^^^^^^^ conflicting implementation for `&_`
[INFO] [stdout]     |
[INFO] [stdout]     = note: downstream crates may implement trait `object::IsA<object::Object>` for type `&_`
[INFO] [stdout] 
[INFO] [stdout] 
[INFO] [stdout] error[E0119]: conflicting implementations of trait `SetValueOptional` for type `&_`
[INFO] [stdout]    --> /opt/rustwide/cargo-home/registry/src/index.crates.io-6f17d22bba15001f/glib-0.1.3/src/value.rs:509:1
[INFO] [stdout]     |
[INFO] [stdout] 478 | impl<'a, T: ?Sized + SetValueOptional> SetValueOptional for &'a T {
[INFO] [stdout]     | ----------------------------------------------------------------- first implementation here
[INFO] [stdout] ...
[INFO] [stdout] 509 | impl<T: IsA<Object>> SetValueOptional for T {
[INFO] [stdout]     | ^^^^^^^^^^^^^^^^^^^^^^^^^^^^^^^^^^^^^^^^^^^ conflicting implementation for `&_`
[INFO] [stdout]     |
[INFO] [stdout]     = note: downstream crates may implement trait `object::IsA<object::Object>` for type `&_`
[INFO] [stdout] 
[INFO] [stdout] 
[INFO] [stdout] error: aborting due to 2 previous errors
[INFO] [stdout] 
[INFO] [stdout] 
[INFO] [stdout] For more information about this error, try `rustc --explain E0119`.
[INFO] [stdout] 
[INFO] [stderr] error: could not compile `glib` (lib) due to 3 previous errors
[INFO] [stderr] warning: build failed, waiting for other jobs to finish...
[INFO] running `Command { std: "docker" "inspect" "49c7ba727056812e1cb5c099f20f7064a850904301ae97fdaee189bee7ac4c5b", kill_on_drop: false }`
[INFO] running `Command { std: "docker" "rm" "-f" "49c7ba727056812e1cb5c099f20f7064a850904301ae97fdaee189bee7ac4c5b", kill_on_drop: false }`
[INFO] [stdout] 49c7ba727056812e1cb5c099f20f7064a850904301ae97fdaee189bee7ac4c5b
