[INFO] fetching crate cedar-policy 2.4.2...
[INFO] testing cedar-policy-2.4.2 against 1.75.0 for beta-1.76-1
[INFO] extracting crate cedar-policy 2.4.2 into /workspace/builds/worker-1-tc1/source
[INFO] validating manifest of crates.io crate cedar-policy 2.4.2 on toolchain 1.75.0
[INFO] running `Command { std: CARGO_HOME="/workspace/cargo-home" RUSTUP_HOME="/workspace/rustup-home" "/workspace/cargo-home/bin/cargo" "+1.75.0" "metadata" "--manifest-path" "Cargo.toml" "--no-deps", kill_on_drop: false }`
[INFO] started tweaking crates.io crate cedar-policy 2.4.2
[INFO] finished tweaking crates.io crate cedar-policy 2.4.2
[INFO] tweaked toml for crates.io crate cedar-policy 2.4.2 written to /workspace/builds/worker-1-tc1/source/Cargo.toml
[INFO] running `Command { std: CARGO_HOME="/workspace/cargo-home" RUSTUP_HOME="/workspace/rustup-home" "/workspace/cargo-home/bin/cargo" "+1.75.0" "generate-lockfile" "--manifest-path" "Cargo.toml", kill_on_drop: false }`
[INFO] [stderr]     Updating crates.io index
[INFO] running `Command { std: CARGO_HOME="/workspace/cargo-home" RUSTUP_HOME="/workspace/rustup-home" "/workspace/cargo-home/bin/cargo" "+1.75.0" "fetch" "--manifest-path" "Cargo.toml", kill_on_drop: false }`
[INFO] [stderr]  Downloading crates ...
[INFO] [stderr]   Downloaded cool_asserts v2.0.3
[INFO] [stderr]   Downloaded dhat v0.3.2
[INFO] [stderr]   Downloaded rustc_lexer v0.1.0
[INFO] [stderr]   Downloaded stacker v0.1.15
[INFO] [stderr]   Downloaded mintex v0.1.2
[INFO] [stderr]   Downloaded serde_with_macros v3.4.0
[INFO] [stderr]   Downloaded unicode-script v0.5.5
[INFO] [stderr]   Downloaded cedar-policy-core v2.4.2
[INFO] [stderr]   Downloaded cedar-policy-validator v2.4.2
[INFO] [stderr]   Downloaded unicode-security v0.1.0
[INFO] running `Command { std: "docker" "create" "-v" "/var/lib/crater-agent-workspace/builds/worker-1-tc1/target:/opt/rustwide/target:rw,Z" "-v" "/var/lib/crater-agent-workspace/builds/worker-1-tc1/source:/opt/rustwide/workdir:ro,Z" "-v" "/var/lib/crater-agent-workspace/cargo-home:/opt/rustwide/cargo-home:ro,Z" "-v" "/var/lib/crater-agent-workspace/rustup-home:/opt/rustwide/rustup-home:ro,Z" "-e" "SOURCE_DIR=/opt/rustwide/workdir" "-e" "CARGO_TARGET_DIR=/opt/rustwide/target" "-e" "CARGO_HOME=/opt/rustwide/cargo-home" "-e" "RUSTUP_HOME=/opt/rustwide/rustup-home" "-w" "/opt/rustwide/workdir" "-m" "1610612736" "--user" "0:0" "--network" "none" "ghcr.io/rust-lang/crates-build-env/linux@sha256:2788e3201cd34a07e3172128adcd8b3090168a8e3bcc40d7c032b9dda1df7d1c" "/opt/rustwide/cargo-home/bin/cargo" "+1.75.0" "metadata" "--no-deps" "--format-version=1", kill_on_drop: false }`
[INFO] [stdout] fb0489ce67899d377311f3128289d94e834042476afd3340f6b05beb5490c2ba
[INFO] running `Command { std: "docker" "start" "-a" "fb0489ce67899d377311f3128289d94e834042476afd3340f6b05beb5490c2ba", kill_on_drop: false }`
[INFO] running `Command { std: "docker" "inspect" "fb0489ce67899d377311f3128289d94e834042476afd3340f6b05beb5490c2ba", kill_on_drop: false }`
[INFO] running `Command { std: "docker" "rm" "-f" "fb0489ce67899d377311f3128289d94e834042476afd3340f6b05beb5490c2ba", kill_on_drop: false }`
[INFO] [stdout] fb0489ce67899d377311f3128289d94e834042476afd3340f6b05beb5490c2ba
[INFO] running `Command { std: "docker" "create" "-v" "/var/lib/crater-agent-workspace/builds/worker-1-tc1/target:/opt/rustwide/target:rw,Z" "-v" "/var/lib/crater-agent-workspace/builds/worker-1-tc1/source:/opt/rustwide/workdir:ro,Z" "-v" "/var/lib/crater-agent-workspace/cargo-home:/opt/rustwide/cargo-home:ro,Z" "-v" "/var/lib/crater-agent-workspace/rustup-home:/opt/rustwide/rustup-home:ro,Z" "-e" "SOURCE_DIR=/opt/rustwide/workdir" "-e" "CARGO_TARGET_DIR=/opt/rustwide/target" "-e" "CARGO_INCREMENTAL=0" "-e" "RUST_BACKTRACE=full" "-e" "RUSTFLAGS=--cap-lints=warn" "-e" "RUSTDOCFLAGS=--cap-lints=warn" "-e" "CARGO_HOME=/opt/rustwide/cargo-home" "-e" "RUSTUP_HOME=/opt/rustwide/rustup-home" "-w" "/opt/rustwide/workdir" "-m" "1610612736" "--user" "0:0" "--network" "none" "ghcr.io/rust-lang/crates-build-env/linux@sha256:2788e3201cd34a07e3172128adcd8b3090168a8e3bcc40d7c032b9dda1df7d1c" "/opt/rustwide/cargo-home/bin/cargo" "+1.75.0" "build" "--frozen" "--message-format=json", kill_on_drop: false }`
[INFO] [stdout] 6617af1fcd19a22b674c0d2412088e9e92a63c12d0906f7ec79a8096c70de513
[INFO] running `Command { std: "docker" "start" "-a" "6617af1fcd19a22b674c0d2412088e9e92a63c12d0906f7ec79a8096c70de513", kill_on_drop: false }`
[INFO] [stderr]    Compiling libc v0.2.151
[INFO] [stderr]    Compiling hashbrown v0.14.3
[INFO] [stderr]    Compiling parking_lot_core v0.9.9
[INFO] [stderr]    Compiling equivalent v1.0.1
[INFO] [stderr]    Compiling scopeguard v1.2.0
[INFO] [stderr]    Compiling rustix v0.38.28
[INFO] [stderr]    Compiling smallvec v1.11.2
[INFO] [stderr]    Compiling crunchy v0.2.2
[INFO] [stderr]    Compiling regex-syntax v0.8.2
[INFO] [stderr]    Compiling linux-raw-sys v0.4.12
[INFO] [stderr]    Compiling once_cell v1.19.0
[INFO] [stderr]    Compiling lock_api v0.4.11
[INFO] [stderr]    Compiling aho-corasick v1.1.2
[INFO] [stderr]    Compiling serde v1.0.194
[INFO] [stderr]    Compiling tiny-keccak v2.0.2
[INFO] [stderr]    Compiling syn v2.0.48
[INFO] [stderr]    Compiling siphasher v0.3.11
[INFO] [stderr]    Compiling bitflags v2.4.1
[INFO] [stderr]    Compiling strsim v0.10.0
[INFO] [stderr]    Compiling ident_case v1.0.1
[INFO] [stderr]    Compiling fnv v1.0.7
[INFO] [stderr]    Compiling phf_shared v0.10.0
[INFO] [stderr]    Compiling bit-vec v0.6.3
[INFO] [stderr]    Compiling log v0.4.20
[INFO] [stderr]    Compiling fixedbitset v0.4.2
[INFO] [stderr]    Compiling new_debug_unreachable v1.0.4
[INFO] [stderr]    Compiling unicode-xid v0.2.4
[INFO] [stderr]    Compiling either v1.9.0
[INFO] [stderr]    Compiling precomputed-hash v0.1.1
[INFO] [stderr]    Compiling ena v0.14.2
[INFO] [stderr]    Compiling bit-set v0.5.3
[INFO] [stderr]    Compiling regex-syntax v0.7.5
[INFO] [stderr]    Compiling diff v0.1.13
[INFO] [stderr]    Compiling thiserror v1.0.56
[INFO] [stderr]    Compiling pico-args v0.5.0
[INFO] [stderr]    Compiling itertools v0.10.5
[INFO] [stderr]    Compiling serde_json v1.0.111
[INFO] [stderr]    Compiling tinyvec_macros v0.1.1
[INFO] [stderr]    Compiling itoa v1.0.10
[INFO] [stderr]    Compiling ryu v1.0.16
[INFO] [stderr]    Compiling tinyvec v1.6.0
[INFO] [stderr]    Compiling indexmap v2.1.0
[INFO] [stderr]    Compiling unicode-width v0.1.11
[INFO] [stderr]    Compiling rustc_lexer v0.1.0
[INFO] [stderr]    Compiling unicode-script v0.5.5
[INFO] [stderr]    Compiling ipnet v2.9.0
[INFO] [stderr]    Compiling lazy_static v1.4.0
[INFO] [stderr]    Compiling ref-cast v1.0.22
[INFO] [stderr]    Compiling is-terminal v0.4.10
[INFO] [stderr]    Compiling petgraph v0.6.4
[INFO] [stderr]    Compiling unicode-normalization v0.1.22
[INFO] [stderr]    Compiling unicode-security v0.1.0
[INFO] [stderr]    Compiling cc v1.0.83
[INFO] [stderr]    Compiling dirs-sys-next v0.1.2
[INFO] [stderr]    Compiling regex-automata v0.4.3
[INFO] [stderr]    Compiling dirs-next v2.0.0
[INFO] [stderr]    Compiling term v0.7.0
[INFO] [stderr]    Compiling parking_lot v0.12.1
[INFO] [stderr]    Compiling string_cache v0.8.7
[INFO] [stderr]    Compiling ascii-canvas v3.0.0
[INFO] [stderr]    Compiling psm v0.1.21
[INFO] [stderr]    Compiling stacker v0.1.15
[INFO] [stderr]    Compiling darling_core v0.20.3
[INFO] [stderr]    Compiling regex v1.10.2
[INFO] [stderr]    Compiling serde_derive v1.0.194
[INFO] [stderr]    Compiling thiserror-impl v1.0.56
[INFO] [stderr]    Compiling miette-derive v5.10.0
[INFO] [stderr]    Compiling ref-cast-impl v1.0.22
[INFO] [stderr]    Compiling lalrpop-util v0.20.0
[INFO] [stderr]    Compiling lalrpop v0.20.0
[INFO] [stderr]    Compiling darling_macro v0.20.3
[INFO] [stderr]    Compiling miette v5.10.0
[INFO] [stderr]    Compiling darling v0.20.3
[INFO] [stderr]    Compiling serde_with_macros v3.4.0
[INFO] [stderr]    Compiling smol_str v0.2.0
[INFO] [stderr]    Compiling serde_with v3.4.0
[INFO] [stderr]    Compiling cedar-policy-core v2.4.2
[INFO] [stderr]    Compiling cedar-policy-validator v2.4.2
[INFO] [stderr]    Compiling cedar-policy v2.4.2 (/opt/rustwide/workdir)
[INFO] [stderr]     Finished dev [unoptimized + debuginfo] target(s) in 28.13s
[INFO] running `Command { std: "docker" "inspect" "6617af1fcd19a22b674c0d2412088e9e92a63c12d0906f7ec79a8096c70de513", kill_on_drop: false }`
[INFO] running `Command { std: "docker" "rm" "-f" "6617af1fcd19a22b674c0d2412088e9e92a63c12d0906f7ec79a8096c70de513", kill_on_drop: false }`
[INFO] [stdout] 6617af1fcd19a22b674c0d2412088e9e92a63c12d0906f7ec79a8096c70de513
[INFO] running `Command { std: "docker" "create" "-v" "/var/lib/crater-agent-workspace/builds/worker-1-tc1/target:/opt/rustwide/target:rw,Z" "-v" "/var/lib/crater-agent-workspace/builds/worker-1-tc1/source:/opt/rustwide/workdir:ro,Z" "-v" "/var/lib/crater-agent-workspace/cargo-home:/opt/rustwide/cargo-home:ro,Z" "-v" "/var/lib/crater-agent-workspace/rustup-home:/opt/rustwide/rustup-home:ro,Z" "-e" "SOURCE_DIR=/opt/rustwide/workdir" "-e" "CARGO_TARGET_DIR=/opt/rustwide/target" "-e" "CARGO_INCREMENTAL=0" "-e" "RUST_BACKTRACE=full" "-e" "RUSTFLAGS=--cap-lints=warn" "-e" "RUSTDOCFLAGS=--cap-lints=warn" "-e" "CARGO_HOME=/opt/rustwide/cargo-home" "-e" "RUSTUP_HOME=/opt/rustwide/rustup-home" "-w" "/opt/rustwide/workdir" "-m" "1610612736" "--user" "0:0" "--network" "none" "ghcr.io/rust-lang/crates-build-env/linux@sha256:2788e3201cd34a07e3172128adcd8b3090168a8e3bcc40d7c032b9dda1df7d1c" "/opt/rustwide/cargo-home/bin/cargo" "+1.75.0" "test" "--frozen" "--no-run" "--message-format=json", kill_on_drop: false }`
[INFO] [stdout] b7d23e4bab9da382c35b11a14a91475cc93040402f3da70ce756780e52fd610d
[INFO] running `Command { std: "docker" "start" "-a" "b7d23e4bab9da382c35b11a14a91475cc93040402f3da70ce756780e52fd610d", kill_on_drop: false }`
[INFO] [stderr]    Compiling rustix v0.38.28
[INFO] [stderr]    Compiling bitflags v2.4.1
[INFO] [stderr]    Compiling linux-raw-sys v0.4.12
[INFO] [stderr]    Compiling log v0.4.20
[INFO] [stderr]    Compiling crossbeam-utils v0.8.18
[INFO] [stderr]    Compiling num-traits v0.2.17
[INFO] [stderr]    Compiling rayon-core v1.12.0
[INFO] [stderr]    Compiling clap_lex v0.6.0
[INFO] [stderr]    Compiling ciborium-io v0.2.1
[INFO] [stderr]    Compiling plotters-backend v0.3.5
[INFO] [stderr]    Compiling half v1.8.2
[INFO] [stderr]    Compiling anstyle v1.0.4
[INFO] [stderr]    Compiling cast v0.3.0
[INFO] [stderr]    Compiling same-file v1.0.6
[INFO] [stderr]    Compiling tinytemplate v1.2.1
[INFO] [stderr]    Compiling bstr v1.9.0
[INFO] [stderr]    Compiling indent_write v2.2.0
[INFO] [stderr]    Compiling anes v0.1.6
[INFO] [stderr]    Compiling ena v0.14.2
[INFO] [stderr]    Compiling walkdir v2.4.0
[INFO] [stderr]    Compiling clap_builder v4.4.12
[INFO] [stderr]    Compiling criterion-plot v0.5.0
[INFO] [stderr]    Compiling oorandom v11.1.3
[INFO] [stderr]    Compiling ciborium-ll v0.2.1
[INFO] [stderr]    Compiling plotters-svg v0.3.5
[INFO] [stderr]    Compiling cool_asserts v2.0.3
[INFO] [stderr]    Compiling ciborium v0.2.1
[INFO] [stderr]    Compiling globset v0.4.14
[INFO] [stderr]    Compiling crossbeam-epoch v0.9.17
[INFO] [stderr]    Compiling crossbeam-deque v0.8.4
[INFO] [stderr]    Compiling is-terminal v0.4.10
[INFO] [stderr]    Compiling lalrpop v0.20.0
[INFO] [stderr]    Compiling plotters v0.3.5
[INFO] [stderr]    Compiling rayon v1.8.0
[INFO] [stderr]    Compiling clap v4.4.13
[INFO] [stderr]    Compiling criterion v0.5.1
[INFO] [stderr]    Compiling cedar-policy-core v2.4.2
[INFO] [stderr]    Compiling cedar-policy-validator v2.4.2
[INFO] [stderr]    Compiling cedar-policy v2.4.2 (/opt/rustwide/workdir)
[INFO] [stdout] error[E0432]: unresolved import `cedar_policy::integration_testing`
[INFO] [stdout]   --> tests/multi.rs:21:19
[INFO] [stdout]    |
[INFO] [stdout] 21 | use cedar_policy::integration_testing::perform_integration_test_from_json;
[INFO] [stdout]    |                   ^^^^^^^^^^^^^^^^^^^ could not find `integration_testing` in `cedar_policy`
[INFO] [stdout] 
[INFO] [stdout] 
[INFO] [stdout] error[E0432]: unresolved import `cedar_policy::integration_testing`
[INFO] [stdout]   --> tests/example_use_cases_doc.rs:17:19
[INFO] [stdout]    |
[INFO] [stdout] 17 | use cedar_policy::integration_testing::perform_integration_test_from_json;
[INFO] [stdout]    |                   ^^^^^^^^^^^^^^^^^^^ could not find `integration_testing` in `cedar_policy`
[INFO] [stdout] 
[INFO] [stdout] 
[INFO] [stdout] error[E0432]: unresolved import `cedar_policy::integration_testing`
[INFO] [stdout]   --> tests/corpus_tests.rs:23:19
[INFO] [stdout]    |
[INFO] [stdout] 23 | use cedar_policy::integration_testing::perform_integration_test_from_json;
[INFO] [stdout]    |                   ^^^^^^^^^^^^^^^^^^^ could not find `integration_testing` in `cedar_policy`
[INFO] [stdout] 
[INFO] [stdout] 
[INFO] [stdout] error[E0432]: unresolved import `cedar_policy::integration_testing`
[INFO] [stdout]   --> tests/corpus_tests.rs:24:19
[INFO] [stdout]    |
[INFO] [stdout] 24 | use cedar_policy::integration_testing::resolve_integration_test_path;
[INFO] [stdout]    |                   ^^^^^^^^^^^^^^^^^^^ could not find `integration_testing` in `cedar_policy`
[INFO] [stdout] 
[INFO] [stdout] 
[INFO] [stdout] error: aborting due to previous error
[INFO] [stdout] 
[INFO] [stdout] 
[INFO] [stdout] For more information about this error, try `rustc --explain E0432`.
[INFO] [stdout] 
[INFO] [stderr] error: could not compile `cedar-policy` (test "multi") due to 2 previous errors
[INFO] [stderr] warning: build failed, waiting for other jobs to finish...
[INFO] [stdout] error: aborting due to previous error
[INFO] [stdout] 
[INFO] [stdout] 
[INFO] [stdout] For more information about this error, try `rustc --explain E0432`.
[INFO] [stdout] 
[INFO] [stderr] error: could not compile `cedar-policy` (test "example_use_cases_doc") due to 2 previous errors
[INFO] [stdout] error: aborting due to 2 previous errors
[INFO] [stdout] 
[INFO] [stdout] 
[INFO] [stdout] For more information about this error, try `rustc --explain E0432`.
[INFO] [stdout] 
[INFO] [stdout] error[E0432]: unresolved import `cedar_policy::integration_testing`
[INFO] [stdout]   --> tests/ip.rs:20:19
[INFO] [stdout]    |
[INFO] [stdout] 20 | use cedar_policy::integration_testing::perform_integration_test_from_json;
[INFO] [stdout]    |                   ^^^^^^^^^^^^^^^^^^^ could not find `integration_testing` in `cedar_policy`
[INFO] [stdout] 
[INFO] [stdout] 
[INFO] [stderr] error: could not compile `cedar-policy` (test "corpus_tests") due to 3 previous errors
[INFO] [stdout] error[E0432]: unresolved import `cedar_policy::integration_testing`
[INFO] [stdout]   --> tests/decimal.rs:20:19
[INFO] [stdout]    |
[INFO] [stdout] 20 | use cedar_policy::integration_testing::perform_integration_test_from_json;
[INFO] [stdout]    |                   ^^^^^^^^^^^^^^^^^^^ could not find `integration_testing` in `cedar_policy`
[INFO] [stdout] 
[INFO] [stdout] 
[INFO] [stdout] error: aborting due to previous error
[INFO] [stdout] 
[INFO] [stdout] 
[INFO] [stdout] For more information about this error, try `rustc --explain E0432`.
[INFO] [stdout] 
[INFO] [stdout] error: aborting due to previous error
[INFO] [stdout] 
[INFO] [stdout] 
[INFO] [stderr] error: could not compile `cedar-policy` (test "decimal") due to 2 previous errors
[INFO] [stdout] For more information about this error, try `rustc --explain E0432`.
[INFO] [stdout] 
[INFO] [stderr] error: could not compile `cedar-policy` (test "ip") due to 2 previous errors
[INFO] running `Command { std: "docker" "inspect" "b7d23e4bab9da382c35b11a14a91475cc93040402f3da70ce756780e52fd610d", kill_on_drop: false }`
[INFO] running `Command { std: "docker" "rm" "-f" "b7d23e4bab9da382c35b11a14a91475cc93040402f3da70ce756780e52fd610d", kill_on_drop: false }`
[INFO] [stdout] b7d23e4bab9da382c35b11a14a91475cc93040402f3da70ce756780e52fd610d
[INFO] testing cedar-policy-2.4.2 against beta-2023-12-22 for beta-1.76-1
[INFO] extracting crate cedar-policy 2.4.2 into /workspace/builds/worker-1-tc2/source
[INFO] validating manifest of crates.io crate cedar-policy 2.4.2 on toolchain beta-2023-12-22
[INFO] running `Command { std: CARGO_HOME="/workspace/cargo-home" RUSTUP_HOME="/workspace/rustup-home" "/workspace/cargo-home/bin/cargo" "+beta-2023-12-22" "metadata" "--manifest-path" "Cargo.toml" "--no-deps", kill_on_drop: false }`
[INFO] started tweaking crates.io crate cedar-policy 2.4.2
[INFO] finished tweaking crates.io crate cedar-policy 2.4.2
[INFO] tweaked toml for crates.io crate cedar-policy 2.4.2 written to /workspace/builds/worker-1-tc2/source/Cargo.toml
[INFO] running `Command { std: CARGO_HOME="/workspace/cargo-home" RUSTUP_HOME="/workspace/rustup-home" "/workspace/cargo-home/bin/cargo" "+beta-2023-12-22" "generate-lockfile" "--manifest-path" "Cargo.toml", kill_on_drop: false }`
[INFO] [stderr]     Updating crates.io index
[INFO] running `Command { std: CARGO_HOME="/workspace/cargo-home" RUSTUP_HOME="/workspace/rustup-home" "/workspace/cargo-home/bin/cargo" "+beta-2023-12-22" "fetch" "--manifest-path" "Cargo.toml", kill_on_drop: false }`
[INFO] running `Command { std: "docker" "create" "-v" "/var/lib/crater-agent-workspace/builds/worker-1-tc2/target:/opt/rustwide/target:rw,Z" "-v" "/var/lib/crater-agent-workspace/builds/worker-1-tc2/source:/opt/rustwide/workdir:ro,Z" "-v" "/var/lib/crater-agent-workspace/cargo-home:/opt/rustwide/cargo-home:ro,Z" "-v" "/var/lib/crater-agent-workspace/rustup-home:/opt/rustwide/rustup-home:ro,Z" "-e" "SOURCE_DIR=/opt/rustwide/workdir" "-e" "CARGO_TARGET_DIR=/opt/rustwide/target" "-e" "CARGO_HOME=/opt/rustwide/cargo-home" "-e" "RUSTUP_HOME=/opt/rustwide/rustup-home" "-w" "/opt/rustwide/workdir" "-m" "1610612736" "--user" "0:0" "--network" "none" "ghcr.io/rust-lang/crates-build-env/linux@sha256:2788e3201cd34a07e3172128adcd8b3090168a8e3bcc40d7c032b9dda1df7d1c" "/opt/rustwide/cargo-home/bin/cargo" "+beta-2023-12-22" "metadata" "--no-deps" "--format-version=1", kill_on_drop: false }`
[INFO] [stdout] 98aba10cb4fbe88eaeba4cb99b0e6ccad2770c9756d43e16bf7993d3f81c31b7
[INFO] running `Command { std: "docker" "start" "-a" "98aba10cb4fbe88eaeba4cb99b0e6ccad2770c9756d43e16bf7993d3f81c31b7", kill_on_drop: false }`
[INFO] running `Command { std: "docker" "inspect" "98aba10cb4fbe88eaeba4cb99b0e6ccad2770c9756d43e16bf7993d3f81c31b7", kill_on_drop: false }`
[INFO] running `Command { std: "docker" "rm" "-f" "98aba10cb4fbe88eaeba4cb99b0e6ccad2770c9756d43e16bf7993d3f81c31b7", kill_on_drop: false }`
[INFO] [stdout] 98aba10cb4fbe88eaeba4cb99b0e6ccad2770c9756d43e16bf7993d3f81c31b7
[INFO] running `Command { std: "docker" "create" "-v" "/var/lib/crater-agent-workspace/builds/worker-1-tc2/target:/opt/rustwide/target:rw,Z" "-v" "/var/lib/crater-agent-workspace/builds/worker-1-tc2/source:/opt/rustwide/workdir:ro,Z" "-v" "/var/lib/crater-agent-workspace/cargo-home:/opt/rustwide/cargo-home:ro,Z" "-v" "/var/lib/crater-agent-workspace/rustup-home:/opt/rustwide/rustup-home:ro,Z" "-e" "SOURCE_DIR=/opt/rustwide/workdir" "-e" "CARGO_TARGET_DIR=/opt/rustwide/target" "-e" "CARGO_INCREMENTAL=0" "-e" "RUST_BACKTRACE=full" "-e" "RUSTFLAGS=--cap-lints=warn" "-e" "RUSTDOCFLAGS=--cap-lints=warn" "-e" "CARGO_HOME=/opt/rustwide/cargo-home" "-e" "RUSTUP_HOME=/opt/rustwide/rustup-home" "-w" "/opt/rustwide/workdir" "-m" "1610612736" "--user" "0:0" "--network" "none" "ghcr.io/rust-lang/crates-build-env/linux@sha256:2788e3201cd34a07e3172128adcd8b3090168a8e3bcc40d7c032b9dda1df7d1c" "/opt/rustwide/cargo-home/bin/cargo" "+beta-2023-12-22" "build" "--frozen" "--message-format=json", kill_on_drop: false }`
[INFO] [stdout] a3f0c30683bfb5b3bc1cdc286c66dc612fa2c8b0bf662cc6064f718bef06a583
[INFO] running `Command { std: "docker" "start" "-a" "a3f0c30683bfb5b3bc1cdc286c66dc612fa2c8b0bf662cc6064f718bef06a583", kill_on_drop: false }`
[INFO] [stderr]    Compiling libc v0.2.151
[INFO] [stderr]    Compiling equivalent v1.0.1
[INFO] [stderr]    Compiling parking_lot_core v0.9.9
[INFO] [stderr]    Compiling hashbrown v0.14.3
[INFO] [stderr]    Compiling crunchy v0.2.2
[INFO] [stderr]    Compiling rustix v0.38.28
[INFO] [stderr]    Compiling regex-syntax v0.8.2
[INFO] [stderr]    Compiling scopeguard v1.2.0
[INFO] [stderr]    Compiling smallvec v1.11.2
[INFO] [stderr]    Compiling strsim v0.10.0
[INFO] [stderr]    Compiling siphasher v0.3.11
[INFO] [stderr]    Compiling lock_api v0.4.11
[INFO] [stderr]    Compiling aho-corasick v1.1.2
[INFO] [stderr]    Compiling once_cell v1.19.0
[INFO] [stderr]    Compiling ident_case v1.0.1
[INFO] [stderr]    Compiling syn v2.0.48
[INFO] [stderr]    Compiling serde v1.0.194
[INFO] [stderr]    Compiling linux-raw-sys v0.4.12
[INFO] [stderr]    Compiling tiny-keccak v2.0.2
[INFO] [stderr]    Compiling bitflags v2.4.1
[INFO] [stderr]    Compiling fnv v1.0.7
[INFO] [stderr]    Compiling phf_shared v0.10.0
[INFO] [stderr]    Compiling bit-vec v0.6.3
[INFO] [stderr]    Compiling new_debug_unreachable v1.0.4
[INFO] [stderr]    Compiling precomputed-hash v0.1.1
[INFO] [stderr]    Compiling fixedbitset v0.4.2
[INFO] [stderr]    Compiling log v0.4.20
[INFO] [stderr]    Compiling unicode-xid v0.2.4
[INFO] [stderr]    Compiling either v1.9.0
[INFO] [stderr]    Compiling diff v0.1.13
[INFO] [stderr]    Compiling pico-args v0.5.0
[INFO] [stderr]    Compiling bit-set v0.5.3
[INFO] [stderr]    Compiling regex-syntax v0.7.5
[INFO] [stderr]    Compiling ena v0.14.2
[INFO] [stderr]    Compiling serde_json v1.0.111
[INFO] [stderr]    Compiling itertools v0.10.5
[INFO] [stderr]    Compiling thiserror v1.0.56
[INFO] [stderr]    Compiling ryu v1.0.16
[INFO] [stderr]    Compiling itoa v1.0.10
[INFO] [stderr]    Compiling tinyvec_macros v0.1.1
[INFO] [stderr]    Compiling tinyvec v1.6.0
[INFO] [stderr]    Compiling unicode-width v0.1.11
[INFO] [stderr]    Compiling rustc_lexer v0.1.0
[INFO] [stderr]    Compiling lazy_static v1.4.0
[INFO] [stderr]    Compiling indexmap v2.1.0
[INFO] [stderr]    Compiling ref-cast v1.0.22
[INFO] [stderr]    Compiling ipnet v2.9.0
[INFO] [stderr]    Compiling unicode-script v0.5.5
[INFO] [stderr]    Compiling petgraph v0.6.4
[INFO] [stderr]    Compiling is-terminal v0.4.10
[INFO] [stderr]    Compiling unicode-normalization v0.1.22
[INFO] [stderr]    Compiling dirs-sys-next v0.1.2
[INFO] [stderr]    Compiling cc v1.0.83
[INFO] [stderr]    Compiling dirs-next v2.0.0
[INFO] [stderr]    Compiling term v0.7.0
[INFO] [stderr]    Compiling parking_lot v0.12.1
[INFO] [stderr]    Compiling regex-automata v0.4.3
[INFO] [stderr]    Compiling unicode-security v0.1.0
[INFO] [stderr]    Compiling string_cache v0.8.7
[INFO] [stderr]    Compiling ascii-canvas v3.0.0
[INFO] [stderr]    Compiling psm v0.1.21
[INFO] [stderr]    Compiling stacker v0.1.15
[INFO] [stderr]    Compiling darling_core v0.20.3
[INFO] [stderr]    Compiling serde_derive v1.0.194
[INFO] [stderr]    Compiling thiserror-impl v1.0.56
[INFO] [stderr]    Compiling miette-derive v5.10.0
[INFO] [stderr]    Compiling ref-cast-impl v1.0.22
[INFO] [stderr]    Compiling regex v1.10.2
[INFO] [stderr]    Compiling lalrpop-util v0.20.0
[INFO] [stderr]    Compiling lalrpop v0.20.0
[INFO] [stderr]    Compiling darling_macro v0.20.3
[INFO] [stderr]    Compiling miette v5.10.0
[INFO] [stderr]    Compiling darling v0.20.3
[INFO] [stderr]    Compiling serde_with_macros v3.4.0
[INFO] [stderr]    Compiling smol_str v0.2.0
[INFO] [stderr]    Compiling serde_with v3.4.0
[INFO] [stderr]    Compiling cedar-policy-core v2.4.2
[INFO] [stderr]    Compiling cedar-policy-validator v2.4.2
[INFO] [stderr]    Compiling cedar-policy v2.4.2 (/opt/rustwide/workdir)
[INFO] [stderr]     Finished dev [unoptimized + debuginfo] target(s) in 21.10s
[INFO] running `Command { std: "docker" "inspect" "a3f0c30683bfb5b3bc1cdc286c66dc612fa2c8b0bf662cc6064f718bef06a583", kill_on_drop: false }`
[INFO] running `Command { std: "docker" "rm" "-f" "a3f0c30683bfb5b3bc1cdc286c66dc612fa2c8b0bf662cc6064f718bef06a583", kill_on_drop: false }`
[INFO] [stdout] a3f0c30683bfb5b3bc1cdc286c66dc612fa2c8b0bf662cc6064f718bef06a583
[INFO] running `Command { std: "docker" "create" "-v" "/var/lib/crater-agent-workspace/builds/worker-1-tc2/target:/opt/rustwide/target:rw,Z" "-v" "/var/lib/crater-agent-workspace/builds/worker-1-tc2/source:/opt/rustwide/workdir:ro,Z" "-v" "/var/lib/crater-agent-workspace/cargo-home:/opt/rustwide/cargo-home:ro,Z" "-v" "/var/lib/crater-agent-workspace/rustup-home:/opt/rustwide/rustup-home:ro,Z" "-e" "SOURCE_DIR=/opt/rustwide/workdir" "-e" "CARGO_TARGET_DIR=/opt/rustwide/target" "-e" "CARGO_INCREMENTAL=0" "-e" "RUST_BACKTRACE=full" "-e" "RUSTFLAGS=--cap-lints=warn" "-e" "RUSTDOCFLAGS=--cap-lints=warn" "-e" "CARGO_HOME=/opt/rustwide/cargo-home" "-e" "RUSTUP_HOME=/opt/rustwide/rustup-home" "-w" "/opt/rustwide/workdir" "-m" "1610612736" "--user" "0:0" "--network" "none" "ghcr.io/rust-lang/crates-build-env/linux@sha256:2788e3201cd34a07e3172128adcd8b3090168a8e3bcc40d7c032b9dda1df7d1c" "/opt/rustwide/cargo-home/bin/cargo" "+beta-2023-12-22" "test" "--frozen" "--no-run" "--message-format=json", kill_on_drop: false }`
[INFO] [stdout] 499386cd34a44927419ff4c795e995815a59b1338f1cbe8704c475596188d0b8
[INFO] running `Command { std: "docker" "start" "-a" "499386cd34a44927419ff4c795e995815a59b1338f1cbe8704c475596188d0b8", kill_on_drop: false }`
[INFO] [stderr]    Compiling bitflags v2.4.1
[INFO] [stderr]    Compiling rustix v0.38.28
[INFO] [stderr]    Compiling linux-raw-sys v0.4.12
[INFO] [stderr]    Compiling log v0.4.20
[INFO] [stderr]    Compiling crossbeam-utils v0.8.18
[INFO] [stderr]    Compiling num-traits v0.2.17
[INFO] [stderr]    Compiling rayon-core v1.12.0
[INFO] [stderr]    Compiling ciborium-io v0.2.1
[INFO] [stderr]    Compiling plotters-backend v0.3.5
[INFO] [stderr]    Compiling half v1.8.2
[INFO] [stderr]    Compiling clap_lex v0.6.0
[INFO] [stderr]    Compiling anstyle v1.0.4
[INFO] [stderr]    Compiling cast v0.3.0
[INFO] [stderr]    Compiling same-file v1.0.6
[INFO] [stderr]    Compiling tinytemplate v1.2.1
[INFO] [stderr]    Compiling bstr v1.9.0
[INFO] [stderr]    Compiling anes v0.1.6
[INFO] [stderr]    Compiling oorandom v11.1.3
[INFO] [stderr]    Compiling walkdir v2.4.0
[INFO] [stderr]    Compiling ena v0.14.2
[INFO] [stderr]    Compiling criterion-plot v0.5.0
[INFO] [stderr]    Compiling indent_write v2.2.0
[INFO] [stderr]    Compiling clap_builder v4.4.12
[INFO] [stderr]    Compiling ciborium-ll v0.2.1
[INFO] [stderr]    Compiling plotters-svg v0.3.5
[INFO] [stderr]    Compiling cool_asserts v2.0.3
[INFO] [stderr]    Compiling ciborium v0.2.1
[INFO] [stderr]    Compiling globset v0.4.14
[INFO] [stderr]    Compiling crossbeam-epoch v0.9.17
[INFO] [stderr]    Compiling crossbeam-deque v0.8.4
[INFO] [stderr]    Compiling is-terminal v0.4.10
[INFO] [stderr]    Compiling lalrpop v0.20.0
[INFO] [stderr]    Compiling plotters v0.3.5
[INFO] [stderr]    Compiling rayon v1.8.0
[INFO] [stderr]    Compiling clap v4.4.13
[INFO] [stderr]    Compiling criterion v0.5.1
[INFO] [stderr]    Compiling cedar-policy-core v2.4.2
[INFO] [stderr]    Compiling cedar-policy-validator v2.4.2
[INFO] [stderr]    Compiling cedar-policy v2.4.2 (/opt/rustwide/workdir)
[INFO] [stdout] error[E0432]: unresolved import `cedar_policy::integration_testing`
[INFO] [stdout]   --> tests/decimal.rs:20:19
[INFO] [stdout]    |
[INFO] [stdout] 20 | use cedar_policy::integration_testing::perform_integration_test_from_json;
[INFO] [stdout]    |                   ^^^^^^^^^^^^^^^^^^^ could not find `integration_testing` in `cedar_policy`
[INFO] [stdout] 
[INFO] [stdout] 
[INFO] [stdout] error[E0432]: unresolved import `cedar_policy::integration_testing`
[INFO] [stdout]   --> tests/multi.rs:21:19
[INFO] [stdout]    |
[INFO] [stdout] 21 | use cedar_policy::integration_testing::perform_integration_test_from_json;
[INFO] [stdout]    |                   ^^^^^^^^^^^^^^^^^^^ could not find `integration_testing` in `cedar_policy`
[INFO] [stdout] 
[INFO] [stdout] 
[INFO] [stdout] error[E0432]: unresolved import `cedar_policy::integration_testing`
[INFO] [stdout]   --> tests/ip.rs:20:19
[INFO] [stdout]    |
[INFO] [stdout] 20 | use cedar_policy::integration_testing::perform_integration_test_from_json;
[INFO] [stdout]    |                   ^^^^^^^^^^^^^^^^^^^ could not find `integration_testing` in `cedar_policy`
[INFO] [stdout] 
[INFO] [stdout] 
[INFO] [stdout] error[E0432]: unresolved import `cedar_policy::integration_testing`
[INFO] [stdout]   --> tests/corpus_tests.rs:23:19
[INFO] [stdout]    |
[INFO] [stdout] 23 | use cedar_policy::integration_testing::perform_integration_test_from_json;
[INFO] [stdout]    |                   ^^^^^^^^^^^^^^^^^^^ could not find `integration_testing` in `cedar_policy`
[INFO] [stdout] 
[INFO] [stdout] 
[INFO] [stdout] error[E0432]: unresolved import `cedar_policy::integration_testing`
[INFO] [stdout]   --> tests/corpus_tests.rs:24:19
[INFO] [stdout]    |
[INFO] [stdout] 24 | use cedar_policy::integration_testing::resolve_integration_test_path;
[INFO] [stdout]    |                   ^^^^^^^^^^^^^^^^^^^ could not find `integration_testing` in `cedar_policy`
[INFO] [stdout] 
[INFO] [stdout] 
[INFO] [stdout] error[E0432]: unresolved import `cedar_policy::integration_testing`
[INFO] [stdout]   --> tests/example_use_cases_doc.rs:17:19
[INFO] [stdout]    |
[INFO] [stdout] 17 | use cedar_policy::integration_testing::perform_integration_test_from_json;
[INFO] [stdout]    |                   ^^^^^^^^^^^^^^^^^^^ could not find `integration_testing` in `cedar_policy`
[INFO] [stdout] 
[INFO] [stdout] 
[INFO] [stdout] error: aborting due to 1 previous error
[INFO] [stdout] 
[INFO] [stdout] 
[INFO] [stdout] For more information about this error, try `rustc --explain E0432`.
[INFO] [stdout] 
[INFO] [stdout] error: aborting due to 1 previous error
[INFO] [stdout] 
[INFO] [stdout] 
[INFO] [stdout] error: aborting due to 1 previous error
[INFO] [stdout] 
[INFO] [stdout] 
[INFO] [stdout] For more information about this error, try `rustc --explain E0432`.
[INFO] [stdout] 
[INFO] [stdout] For more information about this error, try `rustc --explain E0432`.
[INFO] [stdout] 
[INFO] [stderr] error: could not compile `cedar-policy` (test "decimal") due to 2 previous errors
[INFO] [stderr] warning: build failed, waiting for other jobs to finish...
[INFO] [stderr] error: could not compile `cedar-policy` (test "multi") due to 2 previous errors
[INFO] [stderr] error: could not compile `cedar-policy` (test "ip") due to 2 previous errors
[INFO] [stdout] error: aborting due to 2 previous errors
[INFO] [stdout] 
[INFO] [stdout] 
[INFO] [stdout] For more information about this error, try `rustc --explain E0432`.
[INFO] [stdout] 
[INFO] [stdout] error: aborting due to 1 previous error
[INFO] [stdout] 
[INFO] [stdout] 
[INFO] [stdout] For more information about this error, try `rustc --explain E0432`.
[INFO] [stdout] 
[INFO] [stderr] error: could not compile `cedar-policy` (test "corpus_tests") due to 3 previous errors
[INFO] [stderr] error: could not compile `cedar-policy` (test "example_use_cases_doc") due to 2 previous errors
[INFO] running `Command { std: "docker" "inspect" "499386cd34a44927419ff4c795e995815a59b1338f1cbe8704c475596188d0b8", kill_on_drop: false }`
[INFO] running `Command { std: "docker" "rm" "-f" "499386cd34a44927419ff4c795e995815a59b1338f1cbe8704c475596188d0b8", kill_on_drop: false }`
[INFO] [stdout] 499386cd34a44927419ff4c795e995815a59b1338f1cbe8704c475596188d0b8
