[INFO] fetching crate catppuccin 1.3.0...
[INFO] testing catppuccin-1.3.0 against 1.75.0 for beta-1.76-1
[INFO] extracting crate catppuccin 1.3.0 into /workspace/builds/worker-1-tc1/source
[INFO] validating manifest of crates.io crate catppuccin 1.3.0 on toolchain 1.75.0
[INFO] running `Command { std: CARGO_HOME="/workspace/cargo-home" RUSTUP_HOME="/workspace/rustup-home" "/workspace/cargo-home/bin/cargo" "+1.75.0" "metadata" "--manifest-path" "Cargo.toml" "--no-deps", kill_on_drop: false }`
[INFO] started tweaking crates.io crate catppuccin 1.3.0
[INFO] finished tweaking crates.io crate catppuccin 1.3.0
[INFO] tweaked toml for crates.io crate catppuccin 1.3.0 written to /workspace/builds/worker-1-tc1/source/Cargo.toml
[INFO] crate crates.io crate catppuccin 1.3.0 already has a lockfile, it will not be regenerated
[INFO] running `Command { std: CARGO_HOME="/workspace/cargo-home" RUSTUP_HOME="/workspace/rustup-home" "/workspace/cargo-home/bin/cargo" "+1.75.0" "fetch" "--manifest-path" "Cargo.toml", kill_on_drop: false }`
[INFO] [stderr]     Updating crates.io index
[INFO] [stderr]  Downloading crates ...
[INFO] [stderr]   Downloaded css-colors v1.0.1
[INFO] running `Command { std: "docker" "create" "-v" "/var/lib/crater-agent-workspace/builds/worker-1-tc1/target:/opt/rustwide/target:rw,Z" "-v" "/var/lib/crater-agent-workspace/builds/worker-1-tc1/source:/opt/rustwide/workdir:ro,Z" "-v" "/var/lib/crater-agent-workspace/cargo-home:/opt/rustwide/cargo-home:ro,Z" "-v" "/var/lib/crater-agent-workspace/rustup-home:/opt/rustwide/rustup-home:ro,Z" "-e" "SOURCE_DIR=/opt/rustwide/workdir" "-e" "CARGO_TARGET_DIR=/opt/rustwide/target" "-e" "CARGO_HOME=/opt/rustwide/cargo-home" "-e" "RUSTUP_HOME=/opt/rustwide/rustup-home" "-w" "/opt/rustwide/workdir" "-m" "1610612736" "--user" "0:0" "--network" "none" "ghcr.io/rust-lang/crates-build-env/linux@sha256:2788e3201cd34a07e3172128adcd8b3090168a8e3bcc40d7c032b9dda1df7d1c" "/opt/rustwide/cargo-home/bin/cargo" "+1.75.0" "metadata" "--no-deps" "--format-version=1", kill_on_drop: false }`
[INFO] [stdout] e1a1e2128644b4c1b2b3bb4b05fc490f2f5a492e80990fca2adbcb122bbfb63d
[INFO] running `Command { std: "docker" "start" "-a" "e1a1e2128644b4c1b2b3bb4b05fc490f2f5a492e80990fca2adbcb122bbfb63d", kill_on_drop: false }`
[INFO] running `Command { std: "docker" "inspect" "e1a1e2128644b4c1b2b3bb4b05fc490f2f5a492e80990fca2adbcb122bbfb63d", kill_on_drop: false }`
[INFO] running `Command { std: "docker" "rm" "-f" "e1a1e2128644b4c1b2b3bb4b05fc490f2f5a492e80990fca2adbcb122bbfb63d", kill_on_drop: false }`
[INFO] [stdout] e1a1e2128644b4c1b2b3bb4b05fc490f2f5a492e80990fca2adbcb122bbfb63d
[INFO] running `Command { std: "docker" "create" "-v" "/var/lib/crater-agent-workspace/builds/worker-1-tc1/target:/opt/rustwide/target:rw,Z" "-v" "/var/lib/crater-agent-workspace/builds/worker-1-tc1/source:/opt/rustwide/workdir:ro,Z" "-v" "/var/lib/crater-agent-workspace/cargo-home:/opt/rustwide/cargo-home:ro,Z" "-v" "/var/lib/crater-agent-workspace/rustup-home:/opt/rustwide/rustup-home:ro,Z" "-e" "SOURCE_DIR=/opt/rustwide/workdir" "-e" "CARGO_TARGET_DIR=/opt/rustwide/target" "-e" "CARGO_INCREMENTAL=0" "-e" "RUST_BACKTRACE=full" "-e" "RUSTFLAGS=--cap-lints=warn" "-e" "RUSTDOCFLAGS=--cap-lints=warn" "-e" "CARGO_HOME=/opt/rustwide/cargo-home" "-e" "RUSTUP_HOME=/opt/rustwide/rustup-home" "-w" "/opt/rustwide/workdir" "-m" "1610612736" "--user" "0:0" "--network" "none" "ghcr.io/rust-lang/crates-build-env/linux@sha256:2788e3201cd34a07e3172128adcd8b3090168a8e3bcc40d7c032b9dda1df7d1c" "/opt/rustwide/cargo-home/bin/cargo" "+1.75.0" "build" "--frozen" "--message-format=json", kill_on_drop: false }`
[INFO] [stdout] 8a5874c1c9e3b721a8c09c759592d49304d2a6d14315affc24edc10a9ac54d71
[INFO] running `Command { std: "docker" "start" "-a" "8a5874c1c9e3b721a8c09c759592d49304d2a6d14315affc24edc10a9ac54d71", kill_on_drop: false }`
[INFO] [stderr]    Compiling catppuccin v1.3.0 (/opt/rustwide/workdir)
[INFO] [stderr]     Finished dev [unoptimized + debuginfo] target(s) in 0.09s
[INFO] running `Command { std: "docker" "inspect" "8a5874c1c9e3b721a8c09c759592d49304d2a6d14315affc24edc10a9ac54d71", kill_on_drop: false }`
[INFO] running `Command { std: "docker" "rm" "-f" "8a5874c1c9e3b721a8c09c759592d49304d2a6d14315affc24edc10a9ac54d71", kill_on_drop: false }`
[INFO] [stdout] 8a5874c1c9e3b721a8c09c759592d49304d2a6d14315affc24edc10a9ac54d71
[INFO] running `Command { std: "docker" "create" "-v" "/var/lib/crater-agent-workspace/builds/worker-1-tc1/target:/opt/rustwide/target:rw,Z" "-v" "/var/lib/crater-agent-workspace/builds/worker-1-tc1/source:/opt/rustwide/workdir:ro,Z" "-v" "/var/lib/crater-agent-workspace/cargo-home:/opt/rustwide/cargo-home:ro,Z" "-v" "/var/lib/crater-agent-workspace/rustup-home:/opt/rustwide/rustup-home:ro,Z" "-e" "SOURCE_DIR=/opt/rustwide/workdir" "-e" "CARGO_TARGET_DIR=/opt/rustwide/target" "-e" "CARGO_INCREMENTAL=0" "-e" "RUST_BACKTRACE=full" "-e" "RUSTFLAGS=--cap-lints=warn" "-e" "RUSTDOCFLAGS=--cap-lints=warn" "-e" "CARGO_HOME=/opt/rustwide/cargo-home" "-e" "RUSTUP_HOME=/opt/rustwide/rustup-home" "-w" "/opt/rustwide/workdir" "-m" "1610612736" "--user" "0:0" "--network" "none" "ghcr.io/rust-lang/crates-build-env/linux@sha256:2788e3201cd34a07e3172128adcd8b3090168a8e3bcc40d7c032b9dda1df7d1c" "/opt/rustwide/cargo-home/bin/cargo" "+1.75.0" "test" "--frozen" "--no-run" "--message-format=json", kill_on_drop: false }`
[INFO] [stdout] 4fc3a2af7fbe4fffe2c52218e17a9cb1f65d8e99dfa9d40eba88b7b784f39693
[INFO] running `Command { std: "docker" "start" "-a" "4fc3a2af7fbe4fffe2c52218e17a9cb1f65d8e99dfa9d40eba88b7b784f39693", kill_on_drop: false }`
[INFO] [stderr]    Compiling catppuccin v1.3.0 (/opt/rustwide/workdir)
[INFO] [stdout] error[E0432]: unresolved import `css_colors`
[INFO] [stdout]  --> examples/css.rs:2:5
[INFO] [stdout]   |
[INFO] [stdout] 2 | use css_colors::{percent, Color};
[INFO] [stdout]   |     ^^^^^^^^^^ use of undeclared crate or module `css_colors`
[INFO] [stdout] 
[INFO] [stdout] 
[INFO] [stdout] error[E0433]: failed to resolve: use of undeclared crate or module `css_colors`
[INFO] [stdout]  --> examples/css.rs:7:14
[INFO] [stdout]   |
[INFO] [stdout] 7 |     let rgb: css_colors::RGB = teal.into();
[INFO] [stdout]   |              ^^^^^^^^^^ use of undeclared crate or module `css_colors`
[INFO] [stdout] 
[INFO] [stdout] 
[INFO] [stdout] error: aborting due to 2 previous errors
[INFO] [stdout] 
[INFO] [stdout] 
[INFO] [stdout] Some errors have detailed explanations: E0432, E0433.
[INFO] [stdout] 
[INFO] [stdout] For more information about an error, try `rustc --explain E0432`.
[INFO] [stdout] 
[INFO] [stdout] error[E0599]: no method named `ansi_paint` found for struct `Colour` in the current scope
[INFO] [stdout]   --> examples/term.rs:10:33
[INFO] [stdout]    |
[INFO] [stdout] 10 |             print!("{}", colour.ansi_paint("██"));
[INFO] [stdout]    |                                 ^^^^^^^^^^ method not found in `Colour`
[INFO] [stdout] 
[INFO] [stdout] 
[INFO] [stderr] error: could not compile `catppuccin` (example "css") due to 3 previous errors
[INFO] [stderr] warning: build failed, waiting for other jobs to finish...
[INFO] [stdout] error: aborting due to previous error
[INFO] [stdout] 
[INFO] [stdout] 
[INFO] [stdout] For more information about this error, try `rustc --explain E0599`.
[INFO] [stdout] 
[INFO] [stderr] error: could not compile `catppuccin` (example "term") due to 2 previous errors
[INFO] running `Command { std: "docker" "inspect" "4fc3a2af7fbe4fffe2c52218e17a9cb1f65d8e99dfa9d40eba88b7b784f39693", kill_on_drop: false }`
[INFO] running `Command { std: "docker" "rm" "-f" "4fc3a2af7fbe4fffe2c52218e17a9cb1f65d8e99dfa9d40eba88b7b784f39693", kill_on_drop: false }`
[INFO] [stdout] 4fc3a2af7fbe4fffe2c52218e17a9cb1f65d8e99dfa9d40eba88b7b784f39693
