[INFO] fetching crate castle-game 0.1.36...
[INFO] testing castle-game-0.1.36 against 1.75.0 for beta-1.76-1
[INFO] extracting crate castle-game 0.1.36 into /workspace/builds/worker-0-tc1/source
[INFO] validating manifest of crates.io crate castle-game 0.1.36 on toolchain 1.75.0
[INFO] running `Command { std: CARGO_HOME="/workspace/cargo-home" RUSTUP_HOME="/workspace/rustup-home" "/workspace/cargo-home/bin/cargo" "+1.75.0" "metadata" "--manifest-path" "Cargo.toml" "--no-deps", kill_on_drop: false }`
[INFO] started tweaking crates.io crate castle-game 0.1.36
[INFO] finished tweaking crates.io crate castle-game 0.1.36
[INFO] tweaked toml for crates.io crate castle-game 0.1.36 written to /workspace/builds/worker-0-tc1/source/Cargo.toml
[INFO] crate crates.io crate castle-game 0.1.36 already has a lockfile, it will not be regenerated
[INFO] running `Command { std: CARGO_HOME="/workspace/cargo-home" RUSTUP_HOME="/workspace/rustup-home" "/workspace/cargo-home/bin/cargo" "+1.75.0" "fetch" "--manifest-path" "Cargo.toml", kill_on_drop: false }`
[INFO] [stderr]     Updating crates.io index
[INFO] [stderr]  Downloading crates ...
[INFO] [stderr]   Downloaded thiserror v1.0.13
[INFO] [stderr]   Downloaded wayland-client v0.24.1
[INFO] [stderr]   Downloaded num v0.2.1
[INFO] [stderr]   Downloaded string v0.2.1
[INFO] [stderr]   Downloaded futures-core v0.3.4
[INFO] [stderr]   Downloaded http-service-hyper v0.4.1
[INFO] [stderr]   Downloaded xml-rs v0.8.0
[INFO] [stderr]   Downloaded async-task v1.3.1
[INFO] [stderr]   Downloaded hashbrown v0.7.1
[INFO] [stderr]   Downloaded miniz_oxide v0.3.6
[INFO] [stderr]   Downloaded async-std v1.5.0
[INFO] [stderr]   Downloaded bit-set v0.5.1
[INFO] [stderr]   Downloaded wayland-sys v0.24.1
[INFO] [stderr]   Downloaded rust-embed-utils v5.0.0
[INFO] [stderr]   Downloaded ryu v1.0.3
[INFO] [stderr]   Downloaded coreaudio-sys v0.2.4
[INFO] [stderr]   Downloaded remove_dir_all v0.5.2
[INFO] [stderr]   Downloaded bincode v1.2.1
[INFO] [stderr]   Downloaded num-iter v0.1.40
[INFO] [stderr]   Downloaded anyhow v1.0.27
[INFO] [stderr]   Downloaded proc-macro-nested v0.1.4
[INFO] [stderr]   Downloaded kv-log-macro v1.0.4
[INFO] [stderr]   Downloaded futures-channel v0.3.4
[INFO] [stderr]   Downloaded http-body v0.1.0
[INFO] [stderr]   Downloaded const-random v0.1.8
[INFO] [stderr]   Downloaded darling_macro v0.10.2
[INFO] [stderr]   Downloaded shred-derive v0.6.2
[INFO] [stderr]   Downloaded openssl-probe v0.1.2
[INFO] [stderr]   Downloaded rust-embed-impl v5.5.1
[INFO] [stderr]   Downloaded color_quant v1.0.1
[INFO] [stderr]   Downloaded aseprite v0.1.3
[INFO] [stderr]   Downloaded shrev v1.1.1
[INFO] [stderr]   Downloaded futures-timer v2.0.2
[INFO] [stderr]   Downloaded proc-macro-hack v0.5.14
[INFO] [stderr]   Downloaded jobserver v0.1.21
[INFO] [stderr]   Downloaded cgmath v0.17.0
[INFO] [stderr]   Downloaded regex v1.3.6
[INFO] [stderr]   Downloaded const-tweaker-attribute v0.4.0
[INFO] [stderr]   Downloaded image v0.23.2
[INFO] [stderr]   Downloaded libgit2-sys v0.12.0+0.99.0
[INFO] [stderr]   Downloaded collision v0.20.1
[INFO] [stderr]   Downloaded direct-gui v0.1.24
[INFO] [stderr]   Downloaded const-tweaker v0.2.5
[INFO] [stderr]   Downloaded dashmap v3.8.0
[INFO] [stderr]   Downloaded clang-sys v0.29.2
[INFO] [stderr]   Downloaded git2 v0.13.0
[INFO] [stderr]   Downloaded ahash v0.3.2
[INFO] [stderr]   Downloaded png v0.16.1
[INFO] [stderr]   Downloaded shellexpand v2.0.0
[INFO] [stderr]   Downloaded blit v0.5.12
[INFO] [stderr]   Downloaded sfxr v0.1.4
[INFO] [stderr]   Downloaded rust-embed v5.5.1
[INFO] [stderr]   Downloaded backtrace-sys v0.1.35
[INFO] [stderr]   Downloaded sdl2-sys v0.32.6
[INFO] [stderr]   Downloaded orbclient v0.3.27
[INFO] [stderr]   Downloaded libc v0.2.68
[INFO] [stderr]   Downloaded hyper v0.12.35
[INFO] [stderr]   Downloaded libssh2-sys v0.2.16
[INFO] [stderr]   Downloaded wayland-protocols v0.24.1
[INFO] [stderr]   Downloaded futures v0.1.29
[INFO] [stderr]   Downloaded atom v0.3.5
[INFO] [stderr]   Downloaded rand v0.5.6
[INFO] [stderr]   Downloaded bindgen v0.53.2
[INFO] [stderr]   Downloaded nom v5.1.1
[INFO] [stderr]   Downloaded cpal v0.11.0
[INFO] [stderr]   Downloaded http v0.1.21
[INFO] [stderr]   Downloaded jpeg-decoder v0.1.18
[INFO] [stderr]   Downloaded deflate v0.8.3
[INFO] [stderr]   Downloaded h2 v0.1.26
[INFO] [stderr]   Downloaded num-bigint v0.2.6
[INFO] [stderr]   Downloaded crossbeam-channel v0.4.2
[INFO] [stderr]   Downloaded sdl2 v0.32.2
[INFO] [stderr]   Downloaded nix v0.15.0
[INFO] [stderr]   Downloaded serde v1.0.105
[INFO] [stderr]   Downloaded rayon v1.3.0
[INFO] [stderr]   Downloaded futures-util v0.3.4
[INFO] [stderr]   Downloaded regex-syntax v0.6.17
[INFO] [stderr]   Downloaded unicode-normalization v0.1.12
[INFO] [stderr]   Downloaded syn v1.0.17
[INFO] [stderr]   Downloaded tide v0.6.0
[INFO] [stderr]   Downloaded rayon-core v1.7.0
[INFO] [stderr]   Downloaded backtrace v0.3.46
[INFO] [stderr]   Downloaded serde_json v1.0.48
[INFO] [stderr]   Downloaded serde_qs v0.5.2
[INFO] [stderr]   Downloaded serde_derive v1.0.105
[INFO] [stderr]   Downloaded pin-project-lite v0.1.4
[INFO] [stderr]   Downloaded futures v0.3.4
[INFO] [stderr]   Downloaded darling_core v0.10.2
[INFO] [stderr]   Downloaded tiff v0.4.0
[INFO] [stderr]   Downloaded tempfile v3.1.0
[INFO] [stderr]   Downloaded x11-dl v2.18.5
[INFO] [stderr]   Downloaded minifb v0.15.3
[INFO] [stderr]   Downloaded indexmap v1.3.2
[INFO] [stderr]   Downloaded futures-executor v0.3.4
[INFO] [stderr]   Downloaded quote v1.0.3
[INFO] [stderr]   Downloaded futures-macro v0.3.4
[INFO] [stderr]   Downloaded bytemuck v1.2.0
[INFO] [stderr]   Downloaded tynm v0.1.4
[INFO] [stderr]   Downloaded lazycell v1.2.1
[INFO] [stderr]   Downloaded futures-task v0.3.4
[INFO] [stderr]   Downloaded coreaudio-rs v0.9.1
[INFO] [stderr]   Downloaded cookie v0.12.0
[INFO] [stderr]   Downloaded hibitset v0.6.3
[INFO] [stderr]   Downloaded bit-vec v0.5.1
[INFO] [stderr]   Downloaded crossbeam-deque v0.7.3
[INFO] [stderr]   Downloaded version_check v0.9.1
[INFO] [stderr]   Downloaded strsim v0.9.3
[INFO] [stderr]   Downloaded crossbeam-queue v0.2.1
[INFO] [stderr]   Downloaded http-service v0.4.0
[INFO] [stderr]   Downloaded downcast-rs v1.1.1
[INFO] [stderr]   Downloaded thiserror-impl v1.0.13
[INFO] [stderr]   Downloaded walkdir v2.3.1
[INFO] [stderr]   Downloaded line_drawing v0.8.0
[INFO] [stderr]   Downloaded wayland-scanner v0.24.1
[INFO] [stderr]   Downloaded horrorshow v0.8.3
[INFO] [stderr]   Downloaded smallvec v0.6.13
[INFO] [stderr]   Downloaded futures-sink v0.3.4
[INFO] [stderr]   Downloaded memoffset v0.5.4
[INFO] [stderr]   Downloaded const-random-macro v0.1.8
[INFO] [stderr]   Downloaded raw-window-handle v0.3.3
[INFO] [stderr]   Downloaded wayland-commons v0.24.1
[INFO] [stderr]   Downloaded itoa v0.4.5
[INFO] [stderr]   Downloaded parking_lot_core v0.6.2
[INFO] [stderr]   Downloaded broadcaster v1.0.0
[INFO] [stderr]   Downloaded darling v0.10.2
[INFO] [stderr]   Downloaded futures-io v0.3.4
[INFO] [stderr]   Downloaded tokio-buf v0.1.1
[INFO] [stderr]   Downloaded route-recognizer v0.1.13
[INFO] [stderr]   Downloaded cast v0.2.3
[INFO] [stderr]   Downloaded once_cell v1.3.1
[INFO] [stderr]   Downloaded try-lock v0.2.2
[INFO] [stderr]   Downloaded want v0.2.0
[INFO] [stderr]   Downloaded data-encoding v2.2.0
[INFO] [stderr]   Downloaded error-chain v0.12.2
[INFO] [stderr]   Downloaded alsa-sys v0.1.2
[INFO] running `Command { std: "docker" "create" "-v" "/var/lib/crater-agent-workspace/builds/worker-0-tc1/target:/opt/rustwide/target:rw,Z" "-v" "/var/lib/crater-agent-workspace/builds/worker-0-tc1/source:/opt/rustwide/workdir:ro,Z" "-v" "/var/lib/crater-agent-workspace/cargo-home:/opt/rustwide/cargo-home:ro,Z" "-v" "/var/lib/crater-agent-workspace/rustup-home:/opt/rustwide/rustup-home:ro,Z" "-e" "SOURCE_DIR=/opt/rustwide/workdir" "-e" "CARGO_TARGET_DIR=/opt/rustwide/target" "-e" "CARGO_HOME=/opt/rustwide/cargo-home" "-e" "RUSTUP_HOME=/opt/rustwide/rustup-home" "-w" "/opt/rustwide/workdir" "-m" "1610612736" "--user" "0:0" "--network" "none" "ghcr.io/rust-lang/crates-build-env/linux@sha256:2788e3201cd34a07e3172128adcd8b3090168a8e3bcc40d7c032b9dda1df7d1c" "/opt/rustwide/cargo-home/bin/cargo" "+1.75.0" "metadata" "--no-deps" "--format-version=1", kill_on_drop: false }`
[INFO] [stdout] fff2feb190dcf67fab7336db237aac2b4cb542918582c9ddb63e844e78bbbb50
[INFO] running `Command { std: "docker" "start" "-a" "fff2feb190dcf67fab7336db237aac2b4cb542918582c9ddb63e844e78bbbb50", kill_on_drop: false }`
[INFO] running `Command { std: "docker" "inspect" "fff2feb190dcf67fab7336db237aac2b4cb542918582c9ddb63e844e78bbbb50", kill_on_drop: false }`
[INFO] running `Command { std: "docker" "rm" "-f" "fff2feb190dcf67fab7336db237aac2b4cb542918582c9ddb63e844e78bbbb50", kill_on_drop: false }`
[INFO] [stdout] fff2feb190dcf67fab7336db237aac2b4cb542918582c9ddb63e844e78bbbb50
[INFO] running `Command { std: "docker" "create" "-v" "/var/lib/crater-agent-workspace/builds/worker-0-tc1/target:/opt/rustwide/target:rw,Z" "-v" "/var/lib/crater-agent-workspace/builds/worker-0-tc1/source:/opt/rustwide/workdir:ro,Z" "-v" "/var/lib/crater-agent-workspace/cargo-home:/opt/rustwide/cargo-home:ro,Z" "-v" "/var/lib/crater-agent-workspace/rustup-home:/opt/rustwide/rustup-home:ro,Z" "-e" "SOURCE_DIR=/opt/rustwide/workdir" "-e" "CARGO_TARGET_DIR=/opt/rustwide/target" "-e" "CARGO_INCREMENTAL=0" "-e" "RUST_BACKTRACE=full" "-e" "RUSTFLAGS=--cap-lints=warn" "-e" "RUSTDOCFLAGS=--cap-lints=warn" "-e" "CARGO_HOME=/opt/rustwide/cargo-home" "-e" "RUSTUP_HOME=/opt/rustwide/rustup-home" "-w" "/opt/rustwide/workdir" "-m" "1610612736" "--user" "0:0" "--network" "none" "ghcr.io/rust-lang/crates-build-env/linux@sha256:2788e3201cd34a07e3172128adcd8b3090168a8e3bcc40d7c032b9dda1df7d1c" "/opt/rustwide/cargo-home/bin/cargo" "+1.75.0" "build" "--frozen" "--message-format=json", kill_on_drop: false }`
[INFO] [stdout] 198f8c926b9fb74579d99de74c4c75eeb313f7205fb088edbdf36d9b26d6cfdd
[INFO] running `Command { std: "docker" "start" "-a" "198f8c926b9fb74579d99de74c4c75eeb313f7205fb088edbdf36d9b26d6cfdd", kill_on_drop: false }`
[INFO] [stderr]    Compiling libc v0.2.68
[INFO] [stderr]    Compiling autocfg v1.0.0
[INFO] [stderr]    Compiling proc-macro2 v1.0.9
[INFO] [stderr]    Compiling unicode-xid v0.2.0
[INFO] [stderr]    Compiling syn v1.0.17
[INFO] [stderr]    Compiling maybe-uninit v2.0.0
[INFO] [stderr]    Compiling byteorder v1.3.4
[INFO] [stderr]    Compiling either v1.5.3
[INFO] [stderr]    Compiling log v0.4.8
[INFO] [stderr]    Compiling futures v0.1.29
[INFO] [stderr]    Compiling crossbeam-utils v0.7.2
[INFO] [stderr]    Compiling memoffset v0.5.4
[INFO] [stderr]    Compiling crossbeam-epoch v0.8.2
[INFO] [stderr]    Compiling quote v1.0.3
[INFO] [stderr]    Compiling pkg-config v0.3.17
[INFO] [stderr]    Compiling semver-parser v0.7.0
[INFO] [stderr]    Compiling num-traits v0.2.11
[INFO] [stderr]    Compiling serde v1.0.105
[INFO] [stderr]    Compiling jobserver v0.1.21
[INFO] [stderr]    Compiling num_cpus v1.12.0
[INFO] [stderr]    Compiling cc v1.0.50
[INFO] [stderr]    Compiling iovec v0.1.4
[INFO] [stderr]    Compiling semver v0.9.0
[INFO] [stderr]    Compiling crossbeam-deque v0.7.3
[INFO] [stderr]    Compiling bytes v0.4.12
[INFO] [stderr]    Compiling crossbeam-queue v0.2.1
[INFO] [stderr]    Compiling smallvec v1.2.0
[INFO] [stderr]    Compiling rustc_version v0.2.3
[INFO] [stderr]    Compiling slab v0.4.2
[INFO] [stderr]    Compiling proc-macro-hack v0.5.14
[INFO] [stderr]    Compiling fnv v1.0.6
[INFO] [stderr]    Compiling itoa v0.4.5
[INFO] [stderr]    Compiling bitflags v1.2.1
[INFO] [stderr]    Compiling memchr v2.3.3
[INFO] [stderr]    Compiling getrandom v0.1.14
[INFO] [stderr]    Compiling tokio-io v0.1.13
[INFO] [stderr]    Compiling smallvec v0.6.13
[INFO] [stderr]    Compiling rayon-core v1.7.0
[INFO] [stderr]    Compiling rand_core v0.4.2
[INFO] [stderr]    Compiling num-integer v0.1.42
[INFO] [stderr]    Compiling lock_api v0.3.3
[INFO] [stderr]    Compiling adler32 v1.0.4
[INFO] [stderr]    Compiling ryu v1.0.3
[INFO] [stderr]    Compiling version_check v0.9.1
[INFO] [stderr]    Compiling net2 v0.2.33
[INFO] [stderr]    Compiling matches v0.1.8
[INFO] [stderr]    Compiling autocfg v0.1.7
[INFO] [stderr]    Compiling proc-macro-nested v0.1.4
[INFO] [stderr]    Compiling rayon v1.3.0
[INFO] [stderr]    Compiling unicode-bidi v0.3.4
[INFO] [stderr]    Compiling mio v0.6.21
[INFO] [stderr]    Compiling parking_lot_core v0.6.2
[INFO] [stderr]    Compiling unicode-normalization v0.1.12
[INFO] [stderr]    Compiling tokio-executor v0.1.10
[INFO] [stderr]    Compiling num-bigint v0.2.6
[INFO] [stderr]    Compiling crc32fast v1.2.0
[INFO] [stderr]    Compiling futures-core v0.3.4
[INFO] [stderr]    Compiling futures-sink v0.3.4
[INFO] [stderr]    Compiling futures-channel v0.3.4
[INFO] [stderr]    Compiling rand_core v0.3.1
[INFO] [stderr]    Compiling libz-sys v1.0.25
[INFO] [stderr]    Compiling openssl-sys v0.9.54
[INFO] [stderr]    Compiling parking_lot v0.9.0
[INFO] [stderr]    Compiling num-rational v0.2.4
[INFO] [stderr]    Compiling num-iter v0.1.40
[INFO] [stderr]    Compiling lzw v0.10.0
[INFO] [stderr]    Compiling pin-utils v0.1.0-alpha.4
[INFO] [stderr]    Compiling futures-task v0.3.4
[INFO] [stderr]    Compiling futures-io v0.3.4
[INFO] [stderr]    Compiling inflate v0.4.5
[INFO] [stderr]    Compiling miniz_oxide v0.3.6
[INFO] [stderr]    Compiling deflate v0.8.3
[INFO] [stderr]    Compiling xml-rs v0.8.0
[INFO] [stderr] The following warnings were emitted during compilation:
[INFO] [stderr] 
[INFO] [stderr] warning: openssl-sys@0.9.54: build/expando.c:4:24: error: pasting "RUST_VERSION_OPENSSL_" and "(" does not give a valid preprocessing token
[INFO] [stderr] warning: openssl-sys@0.9.54:     4 | #define VERSION2(n, v) RUST_VERSION_##n##_##v
[INFO] [stderr] warning: openssl-sys@0.9.54:       |                        ^~~~~~~~~~~~~
[INFO] [stderr] warning: openssl-sys@0.9.54: build/expando.c:5:23: note: in expansion of macro 'VERSION2'
[INFO] [stderr] warning: openssl-sys@0.9.54:     5 | #define VERSION(n, v) VERSION2(n, v)
[INFO] [stderr] warning: openssl-sys@0.9.54:       |                       ^~~~~~~~
[INFO] [stderr] warning: openssl-sys@0.9.54: build/expando.c:10:1: note: in expansion of macro 'VERSION'
[INFO] [stderr] warning: openssl-sys@0.9.54:    10 | VERSION(OPENSSL, OPENSSL_VERSION_NUMBER)
[INFO] [stderr] warning: openssl-sys@0.9.54:       | ^~~~~~~
[INFO] [stderr] 
[INFO] [stderr] error: failed to run custom build command for `openssl-sys v0.9.54`
[INFO] [stderr] note: To improve backtraces for build dependencies, set the CARGO_PROFILE_DEV_BUILD_OVERRIDE_DEBUG=true environment variable to enable debug information generation.
[INFO] [stderr] 
[INFO] [stderr] Caused by:
[INFO] [stderr]   process didn't exit successfully: `/opt/rustwide/target/debug/build/openssl-sys-fb2338d3aadb633f/build-script-main` (exit status: 101)
[INFO] [stderr]   --- stdout
[INFO] [stderr]   cargo:rustc-cfg=const_fn
[INFO] [stderr]   cargo:rerun-if-env-changed=X86_64_UNKNOWN_LINUX_GNU_OPENSSL_LIB_DIR
[INFO] [stderr]   X86_64_UNKNOWN_LINUX_GNU_OPENSSL_LIB_DIR unset
[INFO] [stderr]   cargo:rerun-if-env-changed=OPENSSL_LIB_DIR
[INFO] [stderr]   OPENSSL_LIB_DIR unset
[INFO] [stderr]   cargo:rerun-if-env-changed=X86_64_UNKNOWN_LINUX_GNU_OPENSSL_INCLUDE_DIR
[INFO] [stderr]   X86_64_UNKNOWN_LINUX_GNU_OPENSSL_INCLUDE_DIR unset
[INFO] [stderr]   cargo:rerun-if-env-changed=OPENSSL_INCLUDE_DIR
[INFO] [stderr]   OPENSSL_INCLUDE_DIR unset
[INFO] [stderr]   cargo:rerun-if-env-changed=X86_64_UNKNOWN_LINUX_GNU_OPENSSL_DIR
[INFO] [stderr]   X86_64_UNKNOWN_LINUX_GNU_OPENSSL_DIR unset
[INFO] [stderr]   cargo:rerun-if-env-changed=OPENSSL_DIR
[INFO] [stderr]   OPENSSL_DIR unset
[INFO] [stderr]   cargo:rustc-link-lib=ssl
[INFO] [stderr]   cargo:rustc-link-lib=crypto
[INFO] [stderr]   OPT_LEVEL = Some("0")
[INFO] [stderr]   TARGET = Some("x86_64-unknown-linux-gnu")
[INFO] [stderr]   HOST = Some("x86_64-unknown-linux-gnu")
[INFO] [stderr]   CC_x86_64-unknown-linux-gnu = None
[INFO] [stderr]   CC_x86_64_unknown_linux_gnu = None
[INFO] [stderr]   HOST_CC = None
[INFO] [stderr]   CC = None
[INFO] [stderr]   CFLAGS_x86_64-unknown-linux-gnu = None
[INFO] [stderr]   CFLAGS_x86_64_unknown_linux_gnu = None
[INFO] [stderr]   HOST_CFLAGS = None
[INFO] [stderr]   CFLAGS = None
[INFO] [stderr]   CRATE_CC_NO_DEFAULTS = None
[INFO] [stderr]   DEBUG = Some("false")
[INFO] [stderr]   CARGO_CFG_TARGET_FEATURE = Some("fxsr,sse,sse2")
[INFO] [stderr]   running: "cc" "-O0" "-ffunction-sections" "-fdata-sections" "-fPIC" "-m64" "-I" "/usr/include" "-Wall" "-Wextra" "-E" "build/expando.c"
[INFO] [stderr]   cargo:warning=build/expando.c:4:24: error: pasting "RUST_VERSION_OPENSSL_" and "(" does not give a valid preprocessing token
[INFO] [stderr]   cargo:warning=    4 | #define VERSION2(n, v) RUST_VERSION_##n##_##v
[INFO] [stderr]   cargo:warning=      |                        ^~~~~~~~~~~~~
[INFO] [stderr]   cargo:warning=build/expando.c:5:23: note: in expansion of macro 'VERSION2'
[INFO] [stderr]   cargo:warning=    5 | #define VERSION(n, v) VERSION2(n, v)
[INFO] [stderr]   cargo:warning=      |                       ^~~~~~~~
[INFO] [stderr]   cargo:warning=build/expando.c:10:1: note: in expansion of macro 'VERSION'
[INFO] [stderr]   cargo:warning=   10 | VERSION(OPENSSL, OPENSSL_VERSION_NUMBER)
[INFO] [stderr]   cargo:warning=      | ^~~~~~~
[INFO] [stderr]   exit status: 1
[INFO] [stderr] 
[INFO] [stderr]   --- stderr
[INFO] [stderr]   thread 'main' panicked at /opt/rustwide/cargo-home/registry/src/index.crates.io-6f17d22bba15001f/openssl-sys-0.9.54/build/main.rs:126:13:
[INFO] [stderr] 
[INFO] [stderr]   Header expansion error:
[INFO] [stderr]   Error { kind: ToolExecError, message: "Command \"cc\" \"-O0\" \"-ffunction-sections\" \"-fdata-sections\" \"-fPIC\" \"-m64\" \"-I\" \"/usr/include\" \"-Wall\" \"-Wextra\" \"-E\" \"build/expando.c\" with args \"cc\" did not execute successfully (status code exit status: 1)." }
[INFO] [stderr] 
[INFO] [stderr]   Failed to find OpenSSL development headers.
[INFO] [stderr] 
[INFO] [stderr]   You can try fixing this setting the `OPENSSL_DIR` environment variable
[INFO] [stderr]   pointing to your OpenSSL installation or installing OpenSSL headers package
[INFO] [stderr]   specific to your distribution:
[INFO] [stderr] 
[INFO] [stderr]       # On Ubuntu
[INFO] [stderr]       sudo apt-get install libssl-dev
[INFO] [stderr]       # On Arch Linux
[INFO] [stderr]       sudo pacman -S openssl
[INFO] [stderr]       # On Fedora
[INFO] [stderr]       sudo dnf install openssl-devel
[INFO] [stderr] 
[INFO] [stderr]   See rust-openssl README for more information:
[INFO] [stderr] 
[INFO] [stderr]       https://github.com/sfackler/rust-openssl#linux
[INFO] [stderr] 
[INFO] [stderr]   stack backtrace:
[INFO] [stderr]      0:     0x5598652fd4bc - std::backtrace_rs::backtrace::libunwind::trace::ha637c64ce894333a
[INFO] [stderr]                                  at /rustc/82e1608dfa6e0b5569232559e3d385fea5a93112/library/std/src/../../backtrace/src/backtrace/libunwind.rs:104:5
[INFO] [stderr]      1:     0x5598652fd4bc - std::backtrace_rs::backtrace::trace_unsynchronized::h47f62dea28e0c88d
[INFO] [stderr]                                  at /rustc/82e1608dfa6e0b5569232559e3d385fea5a93112/library/std/src/../../backtrace/src/backtrace/mod.rs:66:5
[INFO] [stderr]      2:     0x5598652fd4bc - std::sys_common::backtrace::_print_fmt::h9eef0abe20ede486
[INFO] [stderr]                                  at /rustc/82e1608dfa6e0b5569232559e3d385fea5a93112/library/std/src/sys_common/backtrace.rs:67:5
[INFO] [stderr]      3:     0x5598652fd4bc - <std::sys_common::backtrace::_print::DisplayBacktrace as core::fmt::Display>::fmt::hed7f999df88cc644
[INFO] [stderr]                                  at /rustc/82e1608dfa6e0b5569232559e3d385fea5a93112/library/std/src/sys_common/backtrace.rs:44:22
[INFO] [stderr]      4:     0x559865323620 - core::fmt::rt::Argument::fmt::h1539a9308b8d058d
[INFO] [stderr]                                  at /rustc/82e1608dfa6e0b5569232559e3d385fea5a93112/library/core/src/fmt/rt.rs:142:9
[INFO] [stderr]      5:     0x559865323620 - core::fmt::write::h3a39390d8560d9c9
[INFO] [stderr]                                  at /rustc/82e1608dfa6e0b5569232559e3d385fea5a93112/library/core/src/fmt/mod.rs:1120:17
[INFO] [stderr]      6:     0x5598652faebf - std::io::Write::write_fmt::h5fc9997dfe05f882
[INFO] [stderr]                                  at /rustc/82e1608dfa6e0b5569232559e3d385fea5a93112/library/std/src/io/mod.rs:1762:15
[INFO] [stderr]      7:     0x5598652fd2a4 - std::sys_common::backtrace::_print::h894006fb5c6f3d45
[INFO] [stderr]                                  at /rustc/82e1608dfa6e0b5569232559e3d385fea5a93112/library/std/src/sys_common/backtrace.rs:47:5
[INFO] [stderr]      8:     0x5598652fd2a4 - std::sys_common::backtrace::print::h23a2d212c6fff936
[INFO] [stderr]                                  at /rustc/82e1608dfa6e0b5569232559e3d385fea5a93112/library/std/src/sys_common/backtrace.rs:34:9
[INFO] [stderr]      9:     0x5598652feab7 - std::panicking::default_hook::{{closure}}::h8a1d2ee00185001a
[INFO] [stderr]     10:     0x5598652fe81f - std::panicking::default_hook::h6038f2eba384e475
[INFO] [stderr]                                  at /rustc/82e1608dfa6e0b5569232559e3d385fea5a93112/library/std/src/panicking.rs:292:9
[INFO] [stderr]     11:     0x5598652fef38 - std::panicking::rust_panic_with_hook::h2b5517d590cab22e
[INFO] [stderr]                                  at /rustc/82e1608dfa6e0b5569232559e3d385fea5a93112/library/std/src/panicking.rs:779:13
[INFO] [stderr]     12:     0x5598652fee1e - std::panicking::begin_panic_handler::{{closure}}::h233112c06e0ef43e
[INFO] [stderr]                                  at /rustc/82e1608dfa6e0b5569232559e3d385fea5a93112/library/std/src/panicking.rs:657:13
[INFO] [stderr]     13:     0x5598652fd986 - std::sys_common::backtrace::__rust_end_short_backtrace::h6e893f24d7ebbff8
[INFO] [stderr]                                  at /rustc/82e1608dfa6e0b5569232559e3d385fea5a93112/library/std/src/sys_common/backtrace.rs:170:18
[INFO] [stderr]     14:     0x5598652feb82 - rust_begin_unwind
[INFO] [stderr]                                  at /rustc/82e1608dfa6e0b5569232559e3d385fea5a93112/library/std/src/panicking.rs:645:5
[INFO] [stderr]     15:     0x55986526e685 - core::panicking::panic_fmt::hbf0e066aabfa482c
[INFO] [stderr]                                  at /rustc/82e1608dfa6e0b5569232559e3d385fea5a93112/library/core/src/panicking.rs:72:14
[INFO] [stderr]     16:     0x559865276440 - build_script_main::validate_headers::h09c582aa114bcd11
[INFO] [stderr]     17:     0x559865273152 - build_script_main::find::try_pkg_config::h74c1c4b23a586bf8
[INFO] [stderr]     18:     0x559865272014 - build_script_main::find::find_openssl_dir::h2360af570acd33f6
[INFO] [stderr]     19:     0x559865271eb2 - build_script_main::find::get_openssl::{{closure}}::h8a31859aec687ee6
[INFO] [stderr]     20:     0x5598652796e9 - core::option::Option<T>::unwrap_or_else::he7fc7e829b583ad7
[INFO] [stderr]     21:     0x559865271cb1 - build_script_main::find::get_openssl::h7fe92d26c53d7211
[INFO] [stderr]     22:     0x559865273ed5 - build_script_main::main::h207e47f3bb2870f0
[INFO] [stderr]     23:     0x559865278243 - core::ops::function::FnOnce::call_once::h263b774a852c653d
[INFO] [stderr]     24:     0x5598652779d6 - std::sys_common::backtrace::__rust_begin_short_backtrace::h46f202f7108d1396
[INFO] [stderr]     25:     0x559865277b19 - std::rt::lang_start::{{closure}}::hfd4c4d1a20d47d46
[INFO] [stderr]     26:     0x5598652f7247 - core::ops::function::impls::<impl core::ops::function::FnOnce<A> for &F>::call_once::hd95060ecd5e1ca24
[INFO] [stderr]                                  at /rustc/82e1608dfa6e0b5569232559e3d385fea5a93112/library/core/src/ops/function.rs:284:13
[INFO] [stderr]     27:     0x5598652f7247 - std::panicking::try::do_call::h6e8cf51db32a6e4b
[INFO] [stderr]                                  at /rustc/82e1608dfa6e0b5569232559e3d385fea5a93112/library/std/src/panicking.rs:552:40
[INFO] [stderr]     28:     0x5598652f7247 - std::panicking::try::h3a52eefe24fe3c29
[INFO] [stderr]                                  at /rustc/82e1608dfa6e0b5569232559e3d385fea5a93112/library/std/src/panicking.rs:516:19
[INFO] [stderr]     29:     0x5598652f7247 - std::panic::catch_unwind::h24c28c23c02c3841
[INFO] [stderr]                                  at /rustc/82e1608dfa6e0b5569232559e3d385fea5a93112/library/std/src/panic.rs:142:14
[INFO] [stderr]     30:     0x5598652f7247 - std::rt::lang_start_internal::{{closure}}::h705d3c9cbc06ef47
[INFO] [stderr]                                  at /rustc/82e1608dfa6e0b5569232559e3d385fea5a93112/library/std/src/rt.rs:148:48
[INFO] [stderr]     31:     0x5598652f7247 - std::panicking::try::do_call::ha21f52ba13158470
[INFO] [stderr]                                  at /rustc/82e1608dfa6e0b5569232559e3d385fea5a93112/library/std/src/panicking.rs:552:40
[INFO] [stderr]     32:     0x5598652f7247 - std::panicking::try::h5581346bf6aeb1f8
[INFO] [stderr]                                  at /rustc/82e1608dfa6e0b5569232559e3d385fea5a93112/library/std/src/panicking.rs:516:19
[INFO] [stderr]     33:     0x5598652f7247 - std::panic::catch_unwind::h7919645a6b72e25b
[INFO] [stderr]                                  at /rustc/82e1608dfa6e0b5569232559e3d385fea5a93112/library/std/src/panic.rs:142:14
[INFO] [stderr]     34:     0x5598652f7247 - std::rt::lang_start_internal::h12de51168669836e
[INFO] [stderr]                                  at /rustc/82e1608dfa6e0b5569232559e3d385fea5a93112/library/std/src/rt.rs:148:20
[INFO] [stderr]     35:     0x559865277af7 - std::rt::lang_start::h1b8839b22f7ba9b4
[INFO] [stderr]     36:     0x559865277175 - main
[INFO] [stderr]     37:     0x7f7d08d5dd90 - <unknown>
[INFO] [stderr]     38:     0x7f7d08d5de40 - __libc_start_main
[INFO] [stderr]     39:     0x55986526ee95 - _start
[INFO] [stderr]     40:                0x0 - <unknown>
[INFO] [stderr] warning: build failed, waiting for other jobs to finish...
[INFO] running `Command { std: "docker" "inspect" "198f8c926b9fb74579d99de74c4c75eeb313f7205fb088edbdf36d9b26d6cfdd", kill_on_drop: false }`
[INFO] running `Command { std: "docker" "rm" "-f" "198f8c926b9fb74579d99de74c4c75eeb313f7205fb088edbdf36d9b26d6cfdd", kill_on_drop: false }`
[INFO] [stdout] 198f8c926b9fb74579d99de74c4c75eeb313f7205fb088edbdf36d9b26d6cfdd
[INFO] testing castle-game-0.1.36 against beta-2023-12-22 for beta-1.76-1
[INFO] extracting crate castle-game 0.1.36 into /workspace/builds/worker-0-tc2/source
[INFO] validating manifest of crates.io crate castle-game 0.1.36 on toolchain beta-2023-12-22
[INFO] running `Command { std: CARGO_HOME="/workspace/cargo-home" RUSTUP_HOME="/workspace/rustup-home" "/workspace/cargo-home/bin/cargo" "+beta-2023-12-22" "metadata" "--manifest-path" "Cargo.toml" "--no-deps", kill_on_drop: false }`
[INFO] started tweaking crates.io crate castle-game 0.1.36
[INFO] finished tweaking crates.io crate castle-game 0.1.36
[INFO] tweaked toml for crates.io crate castle-game 0.1.36 written to /workspace/builds/worker-0-tc2/source/Cargo.toml
[INFO] crate crates.io crate castle-game 0.1.36 already has a lockfile, it will not be regenerated
[INFO] running `Command { std: CARGO_HOME="/workspace/cargo-home" RUSTUP_HOME="/workspace/rustup-home" "/workspace/cargo-home/bin/cargo" "+beta-2023-12-22" "fetch" "--manifest-path" "Cargo.toml", kill_on_drop: false }`
[INFO] running `Command { std: "docker" "create" "-v" "/var/lib/crater-agent-workspace/builds/worker-0-tc2/target:/opt/rustwide/target:rw,Z" "-v" "/var/lib/crater-agent-workspace/builds/worker-0-tc2/source:/opt/rustwide/workdir:ro,Z" "-v" "/var/lib/crater-agent-workspace/cargo-home:/opt/rustwide/cargo-home:ro,Z" "-v" "/var/lib/crater-agent-workspace/rustup-home:/opt/rustwide/rustup-home:ro,Z" "-e" "SOURCE_DIR=/opt/rustwide/workdir" "-e" "CARGO_TARGET_DIR=/opt/rustwide/target" "-e" "CARGO_HOME=/opt/rustwide/cargo-home" "-e" "RUSTUP_HOME=/opt/rustwide/rustup-home" "-w" "/opt/rustwide/workdir" "-m" "1610612736" "--user" "0:0" "--network" "none" "ghcr.io/rust-lang/crates-build-env/linux@sha256:2788e3201cd34a07e3172128adcd8b3090168a8e3bcc40d7c032b9dda1df7d1c" "/opt/rustwide/cargo-home/bin/cargo" "+beta-2023-12-22" "metadata" "--no-deps" "--format-version=1", kill_on_drop: false }`
[INFO] [stdout] 9fcba4ab45d1a78a088f0a5c0954e5c09a6cc152b3f74fd27bdbc4d916514e5b
[INFO] running `Command { std: "docker" "start" "-a" "9fcba4ab45d1a78a088f0a5c0954e5c09a6cc152b3f74fd27bdbc4d916514e5b", kill_on_drop: false }`
[INFO] running `Command { std: "docker" "inspect" "9fcba4ab45d1a78a088f0a5c0954e5c09a6cc152b3f74fd27bdbc4d916514e5b", kill_on_drop: false }`
[INFO] running `Command { std: "docker" "rm" "-f" "9fcba4ab45d1a78a088f0a5c0954e5c09a6cc152b3f74fd27bdbc4d916514e5b", kill_on_drop: false }`
[INFO] [stdout] 9fcba4ab45d1a78a088f0a5c0954e5c09a6cc152b3f74fd27bdbc4d916514e5b
[INFO] running `Command { std: "docker" "create" "-v" "/var/lib/crater-agent-workspace/builds/worker-0-tc2/target:/opt/rustwide/target:rw,Z" "-v" "/var/lib/crater-agent-workspace/builds/worker-0-tc2/source:/opt/rustwide/workdir:ro,Z" "-v" "/var/lib/crater-agent-workspace/cargo-home:/opt/rustwide/cargo-home:ro,Z" "-v" "/var/lib/crater-agent-workspace/rustup-home:/opt/rustwide/rustup-home:ro,Z" "-e" "SOURCE_DIR=/opt/rustwide/workdir" "-e" "CARGO_TARGET_DIR=/opt/rustwide/target" "-e" "CARGO_INCREMENTAL=0" "-e" "RUST_BACKTRACE=full" "-e" "RUSTFLAGS=--cap-lints=warn" "-e" "RUSTDOCFLAGS=--cap-lints=warn" "-e" "CARGO_HOME=/opt/rustwide/cargo-home" "-e" "RUSTUP_HOME=/opt/rustwide/rustup-home" "-w" "/opt/rustwide/workdir" "-m" "1610612736" "--user" "0:0" "--network" "none" "ghcr.io/rust-lang/crates-build-env/linux@sha256:2788e3201cd34a07e3172128adcd8b3090168a8e3bcc40d7c032b9dda1df7d1c" "/opt/rustwide/cargo-home/bin/cargo" "+beta-2023-12-22" "build" "--frozen" "--message-format=json", kill_on_drop: false }`
[INFO] [stdout] faf7566d1fb79ac6e8f7acb70452d39cb59fdc3a05ca7070a5597cd7d6b1d294
[INFO] running `Command { std: "docker" "start" "-a" "faf7566d1fb79ac6e8f7acb70452d39cb59fdc3a05ca7070a5597cd7d6b1d294", kill_on_drop: false }`
[INFO] [stderr]    Compiling libc v0.2.68
[INFO] [stderr]    Compiling autocfg v1.0.0
[INFO] [stderr]    Compiling proc-macro2 v1.0.9
[INFO] [stderr]    Compiling unicode-xid v0.2.0
[INFO] [stderr]    Compiling syn v1.0.17
[INFO] [stderr]    Compiling maybe-uninit v2.0.0
[INFO] [stderr]    Compiling byteorder v1.3.4
[INFO] [stderr]    Compiling either v1.5.3
[INFO] [stderr]    Compiling log v0.4.8
[INFO] [stderr]    Compiling futures v0.1.29
[INFO] [stderr]    Compiling crossbeam-utils v0.7.2
[INFO] [stderr]    Compiling memoffset v0.5.4
[INFO] [stderr]    Compiling crossbeam-epoch v0.8.2
[INFO] [stderr]    Compiling pkg-config v0.3.17
[INFO] [stderr]    Compiling semver-parser v0.7.0
[INFO] [stderr]    Compiling num-traits v0.2.11
[INFO] [stderr]    Compiling quote v1.0.3
[INFO] [stderr]    Compiling semver v0.9.0
[INFO] [stderr]    Compiling crossbeam-queue v0.2.1
[INFO] [stderr]    Compiling smallvec v1.2.0
[INFO] [stderr]    Compiling jobserver v0.1.21
[INFO] [stderr]    Compiling num_cpus v1.12.0
[INFO] [stderr]    Compiling iovec v0.1.4
[INFO] [stderr]    Compiling cc v1.0.50
[INFO] [stderr]    Compiling crossbeam-deque v0.7.3
[INFO] [stderr]    Compiling bytes v0.4.12
[INFO] [stderr]    Compiling rustc_version v0.2.3
[INFO] [stderr]    Compiling serde v1.0.105
[INFO] [stderr]    Compiling slab v0.4.2
[INFO] [stderr]    Compiling proc-macro-hack v0.5.14
[INFO] [stderr]    Compiling bitflags v1.2.1
[INFO] [stderr]    Compiling itoa v0.4.5
[INFO] [stderr]    Compiling fnv v1.0.6
[INFO] [stderr]    Compiling getrandom v0.1.14
[INFO] [stderr]    Compiling memchr v2.3.3
[INFO] [stderr]    Compiling tokio-io v0.1.13
[INFO] [stderr]    Compiling smallvec v0.6.13
[INFO] [stderr]    Compiling rayon-core v1.7.0
[INFO] [stderr]    Compiling rand_core v0.4.2
[INFO] [stderr]    Compiling num-integer v0.1.42
[INFO] [stderr]    Compiling lock_api v0.3.3
[INFO] [stderr]    Compiling ryu v1.0.3
[INFO] [stderr]    Compiling adler32 v1.0.4
[INFO] [stderr]    Compiling version_check v0.9.1
[INFO] [stderr]    Compiling net2 v0.2.33
[INFO] [stderr]    Compiling matches v0.1.8
[INFO] [stderr]    Compiling proc-macro-nested v0.1.4
[INFO] [stderr]    Compiling autocfg v0.1.7
[INFO] [stderr]    Compiling rayon v1.3.0
[INFO] [stderr]    Compiling unicode-bidi v0.3.4
[INFO] [stderr]    Compiling mio v0.6.21
[INFO] [stderr]    Compiling parking_lot_core v0.6.2
[INFO] [stderr]    Compiling unicode-normalization v0.1.12
[INFO] [stderr]    Compiling tokio-executor v0.1.10
[INFO] [stderr]    Compiling num-bigint v0.2.6
[INFO] [stderr]    Compiling crc32fast v1.2.0
[INFO] [stderr]    Compiling futures-core v0.3.4
[INFO] [stderr]    Compiling futures-sink v0.3.4
[INFO] [stderr]    Compiling futures-channel v0.3.4
[INFO] [stderr]    Compiling libz-sys v1.0.25
[INFO] [stderr]    Compiling openssl-sys v0.9.54
[INFO] [stderr]    Compiling rand_core v0.3.1
[INFO] [stderr]    Compiling parking_lot v0.9.0
[INFO] [stderr]    Compiling num-rational v0.2.4
[INFO] [stderr]    Compiling num-iter v0.1.40
[INFO] [stderr]    Compiling futures-task v0.3.4
[INFO] [stderr]    Compiling pin-utils v0.1.0-alpha.4
[INFO] [stderr]    Compiling lzw v0.10.0
[INFO] [stderr]    Compiling futures-io v0.3.4
[INFO] [stderr]    Compiling inflate v0.4.5
[INFO] [stderr]    Compiling miniz_oxide v0.3.6
[INFO] [stderr]    Compiling deflate v0.8.3
[INFO] [stderr]    Compiling color_quant v1.0.1
[INFO] [stderr] The following warnings were emitted during compilation:
[INFO] [stderr] 
[INFO] [stderr] warning: openssl-sys@0.9.54: build/expando.c:4:24: error: pasting "RUST_VERSION_OPENSSL_" and "(" does not give a valid preprocessing token
[INFO] [stderr] warning: openssl-sys@0.9.54:     4 | #define VERSION2(n, v) RUST_VERSION_##n##_##v
[INFO] [stderr] warning: openssl-sys@0.9.54:       |                        ^~~~~~~~~~~~~
[INFO] [stderr] warning: openssl-sys@0.9.54: build/expando.c:5:23: note: in expansion of macro 'VERSION2'
[INFO] [stderr] warning: openssl-sys@0.9.54:     5 | #define VERSION(n, v) VERSION2(n, v)
[INFO] [stderr] warning: openssl-sys@0.9.54:       |                       ^~~~~~~~
[INFO] [stderr] warning: openssl-sys@0.9.54: build/expando.c:10:1: note: in expansion of macro 'VERSION'
[INFO] [stderr] warning: openssl-sys@0.9.54:    10 | VERSION(OPENSSL, OPENSSL_VERSION_NUMBER)
[INFO] [stderr] warning: openssl-sys@0.9.54:       | ^~~~~~~
[INFO] [stderr] 
[INFO] [stderr] error: failed to run custom build command for `openssl-sys v0.9.54`
[INFO] [stderr] note: To improve backtraces for build dependencies, set the CARGO_PROFILE_DEV_BUILD_OVERRIDE_DEBUG=true environment variable to enable debug information generation.
[INFO] [stderr] 
[INFO] [stderr] Caused by:
[INFO] [stderr]   process didn't exit successfully: `/opt/rustwide/target/debug/build/openssl-sys-b614181c212229ee/build-script-main` (exit status: 101)
[INFO] [stderr]   --- stdout
[INFO] [stderr]   cargo:rustc-cfg=const_fn
[INFO] [stderr]   cargo:rerun-if-env-changed=X86_64_UNKNOWN_LINUX_GNU_OPENSSL_LIB_DIR
[INFO] [stderr]   X86_64_UNKNOWN_LINUX_GNU_OPENSSL_LIB_DIR unset
[INFO] [stderr]   cargo:rerun-if-env-changed=OPENSSL_LIB_DIR
[INFO] [stderr]   OPENSSL_LIB_DIR unset
[INFO] [stderr]   cargo:rerun-if-env-changed=X86_64_UNKNOWN_LINUX_GNU_OPENSSL_INCLUDE_DIR
[INFO] [stderr]   X86_64_UNKNOWN_LINUX_GNU_OPENSSL_INCLUDE_DIR unset
[INFO] [stderr]   cargo:rerun-if-env-changed=OPENSSL_INCLUDE_DIR
[INFO] [stderr]   OPENSSL_INCLUDE_DIR unset
[INFO] [stderr]   cargo:rerun-if-env-changed=X86_64_UNKNOWN_LINUX_GNU_OPENSSL_DIR
[INFO] [stderr]   X86_64_UNKNOWN_LINUX_GNU_OPENSSL_DIR unset
[INFO] [stderr]   cargo:rerun-if-env-changed=OPENSSL_DIR
[INFO] [stderr]   OPENSSL_DIR unset
[INFO] [stderr]   cargo:rustc-link-lib=ssl
[INFO] [stderr]   cargo:rustc-link-lib=crypto
[INFO] [stderr]   OPT_LEVEL = Some("0")
[INFO] [stderr]   TARGET = Some("x86_64-unknown-linux-gnu")
[INFO] [stderr]   HOST = Some("x86_64-unknown-linux-gnu")
[INFO] [stderr]   CC_x86_64-unknown-linux-gnu = None
[INFO] [stderr]   CC_x86_64_unknown_linux_gnu = None
[INFO] [stderr]   HOST_CC = None
[INFO] [stderr]   CC = None
[INFO] [stderr]   CFLAGS_x86_64-unknown-linux-gnu = None
[INFO] [stderr]   CFLAGS_x86_64_unknown_linux_gnu = None
[INFO] [stderr]   HOST_CFLAGS = None
[INFO] [stderr]   CFLAGS = None
[INFO] [stderr]   CRATE_CC_NO_DEFAULTS = None
[INFO] [stderr]   DEBUG = Some("false")
[INFO] [stderr]   CARGO_CFG_TARGET_FEATURE = Some("fxsr,sse,sse2")
[INFO] [stderr]   running: "cc" "-O0" "-ffunction-sections" "-fdata-sections" "-fPIC" "-m64" "-I" "/usr/include" "-Wall" "-Wextra" "-E" "build/expando.c"
[INFO] [stderr]   cargo:warning=build/expando.c:4:24: error: pasting "RUST_VERSION_OPENSSL_" and "(" does not give a valid preprocessing token
[INFO] [stderr]   cargo:warning=    4 | #define VERSION2(n, v) RUST_VERSION_##n##_##v
[INFO] [stderr]   cargo:warning=      |                        ^~~~~~~~~~~~~
[INFO] [stderr]   cargo:warning=build/expando.c:5:23: note: in expansion of macro 'VERSION2'
[INFO] [stderr]   cargo:warning=    5 | #define VERSION(n, v) VERSION2(n, v)
[INFO] [stderr]   cargo:warning=      |                       ^~~~~~~~
[INFO] [stderr]   cargo:warning=build/expando.c:10:1: note: in expansion of macro 'VERSION'
[INFO] [stderr]   cargo:warning=   10 | VERSION(OPENSSL, OPENSSL_VERSION_NUMBER)
[INFO] [stderr]   cargo:warning=      | ^~~~~~~
[INFO] [stderr]   exit status: 1
[INFO] [stderr] 
[INFO] [stderr]   --- stderr
[INFO] [stderr]   thread 'main' panicked at /opt/rustwide/cargo-home/registry/src/index.crates.io-6f17d22bba15001f/openssl-sys-0.9.54/build/main.rs:126:13:
[INFO] [stderr] 
[INFO] [stderr]   Header expansion error:
[INFO] [stderr]   Error { kind: ToolExecError, message: "Command \"cc\" \"-O0\" \"-ffunction-sections\" \"-fdata-sections\" \"-fPIC\" \"-m64\" \"-I\" \"/usr/include\" \"-Wall\" \"-Wextra\" \"-E\" \"build/expando.c\" with args \"cc\" did not execute successfully (status code exit status: 1)." }
[INFO] [stderr] 
[INFO] [stderr]   Failed to find OpenSSL development headers.
[INFO] [stderr] 
[INFO] [stderr]   You can try fixing this setting the `OPENSSL_DIR` environment variable
[INFO] [stderr]   pointing to your OpenSSL installation or installing OpenSSL headers package
[INFO] [stderr]   specific to your distribution:
[INFO] [stderr] 
[INFO] [stderr]       # On Ubuntu
[INFO] [stderr]       sudo apt-get install libssl-dev
[INFO] [stderr]       # On Arch Linux
[INFO] [stderr]       sudo pacman -S openssl
[INFO] [stderr]       # On Fedora
[INFO] [stderr]       sudo dnf install openssl-devel
[INFO] [stderr] 
[INFO] [stderr]   See rust-openssl README for more information:
[INFO] [stderr] 
[INFO] [stderr]       https://github.com/sfackler/rust-openssl#linux
[INFO] [stderr] 
[INFO] [stderr]   stack backtrace:
[INFO] [stderr]      0:     0x55568988d286 - std::backtrace_rs::backtrace::libunwind::trace::h261606ad26a499c1
[INFO] [stderr]                                  at /rustc/0e09125c6c3c2fd70d7de961bcf0e51575235fad/library/std/src/../../backtrace/src/backtrace/libunwind.rs:104:5
[INFO] [stderr]      1:     0x55568988d286 - std::backtrace_rs::backtrace::trace_unsynchronized::hd183f0625477fb28
[INFO] [stderr]                                  at /rustc/0e09125c6c3c2fd70d7de961bcf0e51575235fad/library/std/src/../../backtrace/src/backtrace/mod.rs:66:5
[INFO] [stderr]      2:     0x55568988d286 - std::sys_common::backtrace::_print_fmt::hd7f8fef21b4eda67
[INFO] [stderr]                                  at /rustc/0e09125c6c3c2fd70d7de961bcf0e51575235fad/library/std/src/sys_common/backtrace.rs:68:5
[INFO] [stderr]      3:     0x55568988d286 - <std::sys_common::backtrace::_print::DisplayBacktrace as core::fmt::Display>::fmt::h623d9b51f2f453f1
[INFO] [stderr]                                  at /rustc/0e09125c6c3c2fd70d7de961bcf0e51575235fad/library/std/src/sys_common/backtrace.rs:44:22
[INFO] [stderr]      4:     0x5556898b27d0 - core::fmt::rt::Argument::fmt::h9f417ac76a86f368
[INFO] [stderr]                                  at /rustc/0e09125c6c3c2fd70d7de961bcf0e51575235fad/library/core/src/fmt/rt.rs:142:9
[INFO] [stderr]      5:     0x5556898b27d0 - core::fmt::write::hc9b6faf4ac2aeff7
[INFO] [stderr]                                  at /rustc/0e09125c6c3c2fd70d7de961bcf0e51575235fad/library/core/src/fmt/mod.rs:1120:17
[INFO] [stderr]      6:     0x55568988adaf - std::io::Write::write_fmt::hfead1eee52c2e65e
[INFO] [stderr]                                  at /rustc/0e09125c6c3c2fd70d7de961bcf0e51575235fad/library/std/src/io/mod.rs:1810:15
[INFO] [stderr]      7:     0x55568988d064 - std::sys_common::backtrace::_print::hd5d66399c7df88a2
[INFO] [stderr]                                  at /rustc/0e09125c6c3c2fd70d7de961bcf0e51575235fad/library/std/src/sys_common/backtrace.rs:47:5
[INFO] [stderr]      8:     0x55568988d064 - std::sys_common::backtrace::print::he81ed2da642d37e5
[INFO] [stderr]                                  at /rustc/0e09125c6c3c2fd70d7de961bcf0e51575235fad/library/std/src/sys_common/backtrace.rs:34:9
[INFO] [stderr]      9:     0x55568988e947 - std::panicking::default_hook::{{closure}}::h85773f4fa117163d
[INFO] [stderr]     10:     0x55568988e6a9 - std::panicking::default_hook::h6a1694a91d09b278
[INFO] [stderr]                                  at /rustc/0e09125c6c3c2fd70d7de961bcf0e51575235fad/library/std/src/panicking.rs:292:9
[INFO] [stderr]     11:     0x55568988edd8 - std::panicking::rust_panic_with_hook::h0a7ad96e90f7145b
[INFO] [stderr]                                  at /rustc/0e09125c6c3c2fd70d7de961bcf0e51575235fad/library/std/src/panicking.rs:779:13
[INFO] [stderr]     12:     0x55568988ecb2 - std::panicking::begin_panic_handler::{{closure}}::h7919090525c6485e
[INFO] [stderr]                                  at /rustc/0e09125c6c3c2fd70d7de961bcf0e51575235fad/library/std/src/panicking.rs:657:13
[INFO] [stderr]     13:     0x55568988d786 - std::sys_common::backtrace::__rust_end_short_backtrace::hf3289479464f7dfe
[INFO] [stderr]                                  at /rustc/0e09125c6c3c2fd70d7de961bcf0e51575235fad/library/std/src/sys_common/backtrace.rs:171:18
[INFO] [stderr]     14:     0x55568988ea10 - rust_begin_unwind
[INFO] [stderr]                                  at /rustc/0e09125c6c3c2fd70d7de961bcf0e51575235fad/library/std/src/panicking.rs:645:5
[INFO] [stderr]     15:     0x5556897fc685 - core::panicking::panic_fmt::hcc9f77c5c132af55
[INFO] [stderr]                                  at /rustc/0e09125c6c3c2fd70d7de961bcf0e51575235fad/library/core/src/panicking.rs:72:14
[INFO] [stderr]     16:     0x555689804760 - build_script_main::validate_headers::h18dd234fff48e73b
[INFO] [stderr]     17:     0x555689801438 - build_script_main::find::try_pkg_config::hbf7adf6c89486965
[INFO] [stderr]     18:     0x5556898002e4 - build_script_main::find::find_openssl_dir::h0923fd82d20aaa19
[INFO] [stderr]     19:     0x555689800182 - build_script_main::find::get_openssl::{{closure}}::h29ad2bca89178166
[INFO] [stderr]     20:     0x55568980749f - core::option::Option<T>::unwrap_or_else::h6d301a5da6d7e489
[INFO] [stderr]     21:     0x5556897fff7f - build_script_main::find::get_openssl::h4145762608a4543f
[INFO] [stderr]     22:     0x5556898021e5 - build_script_main::main::h5772143c6a7838e8
[INFO] [stderr]     23:     0x5556898064a3 - core::ops::function::FnOnce::call_once::h796db70adb3d7060
[INFO] [stderr]     24:     0x555689805cd6 - std::sys_common::backtrace::__rust_begin_short_backtrace::hf8ff41c7e2ca968b
[INFO] [stderr]     25:     0x555689805d39 - std::rt::lang_start::{{closure}}::h79c26b0506ac6313
[INFO] [stderr]     26:     0x555689886ee1 - core::ops::function::impls::<impl core::ops::function::FnOnce<A> for &F>::call_once::h4eb4c5e1620f29b0
[INFO] [stderr]                                  at /rustc/0e09125c6c3c2fd70d7de961bcf0e51575235fad/library/core/src/ops/function.rs:284:13
[INFO] [stderr]     27:     0x555689886ee1 - std::panicking::try::do_call::h73fd26535faffcdf
[INFO] [stderr]                                  at /rustc/0e09125c6c3c2fd70d7de961bcf0e51575235fad/library/std/src/panicking.rs:552:40
[INFO] [stderr]     28:     0x555689886ee1 - std::panicking::try::h77ff1d98f0fb9f39
[INFO] [stderr]                                  at /rustc/0e09125c6c3c2fd70d7de961bcf0e51575235fad/library/std/src/panicking.rs:516:19
[INFO] [stderr]     29:     0x555689886ee1 - std::panic::catch_unwind::hab3caf2448b95e37
[INFO] [stderr]                                  at /rustc/0e09125c6c3c2fd70d7de961bcf0e51575235fad/library/std/src/panic.rs:142:14
[INFO] [stderr]     30:     0x555689886ee1 - std::rt::lang_start_internal::{{closure}}::h8086711f9c783f78
[INFO] [stderr]                                  at /rustc/0e09125c6c3c2fd70d7de961bcf0e51575235fad/library/std/src/rt.rs:148:48
[INFO] [stderr]     31:     0x555689886ee1 - std::panicking::try::do_call::hf920d4dc291cd6ca
[INFO] [stderr]                                  at /rustc/0e09125c6c3c2fd70d7de961bcf0e51575235fad/library/std/src/panicking.rs:552:40
[INFO] [stderr]     32:     0x555689886ee1 - std::panicking::try::h2b806ccc0a85db74
[INFO] [stderr]                                  at /rustc/0e09125c6c3c2fd70d7de961bcf0e51575235fad/library/std/src/panicking.rs:516:19
[INFO] [stderr]     33:     0x555689886ee1 - std::panic::catch_unwind::h038489539c507df2
[INFO] [stderr]                                  at /rustc/0e09125c6c3c2fd70d7de961bcf0e51575235fad/library/std/src/panic.rs:142:14
[INFO] [stderr]     34:     0x555689886ee1 - std::rt::lang_start_internal::h28503b88912e8a5c
[INFO] [stderr]                                  at /rustc/0e09125c6c3c2fd70d7de961bcf0e51575235fad/library/std/src/rt.rs:148:20
[INFO] [stderr]     35:     0x555689805d17 - std::rt::lang_start::h119a148f259d8268
[INFO] [stderr]     36:     0x555689805495 - main
[INFO] [stderr]     37:     0x7f4672dafd90 - <unknown>
[INFO] [stderr]     38:     0x7f4672dafe40 - __libc_start_main
[INFO] [stderr]     39:     0x5556897fcea5 - _start
[INFO] [stderr]     40:                0x0 - <unknown>
[INFO] [stderr] warning: build failed, waiting for other jobs to finish...
[INFO] running `Command { std: "docker" "inspect" "faf7566d1fb79ac6e8f7acb70452d39cb59fdc3a05ca7070a5597cd7d6b1d294", kill_on_drop: false }`
[INFO] running `Command { std: "docker" "rm" "-f" "faf7566d1fb79ac6e8f7acb70452d39cb59fdc3a05ca7070a5597cd7d6b1d294", kill_on_drop: false }`
[INFO] [stdout] faf7566d1fb79ac6e8f7acb70452d39cb59fdc3a05ca7070a5597cd7d6b1d294
