[INFO] fetching crate casper-wasmi 0.13.2...
[INFO] testing casper-wasmi-0.13.2 against 1.75.0 for beta-1.76-1
[INFO] extracting crate casper-wasmi 0.13.2 into /workspace/builds/worker-6-tc1/source
[INFO] validating manifest of crates.io crate casper-wasmi 0.13.2 on toolchain 1.75.0
[INFO] running `Command { std: CARGO_HOME="/workspace/cargo-home" RUSTUP_HOME="/workspace/rustup-home" "/workspace/cargo-home/bin/cargo" "+1.75.0" "metadata" "--manifest-path" "Cargo.toml" "--no-deps", kill_on_drop: false }`
[INFO] started tweaking crates.io crate casper-wasmi 0.13.2
[INFO] finished tweaking crates.io crate casper-wasmi 0.13.2
[INFO] tweaked toml for crates.io crate casper-wasmi 0.13.2 written to /workspace/builds/worker-6-tc1/source/Cargo.toml
[INFO] crate crates.io crate casper-wasmi 0.13.2 already has a lockfile, it will not be regenerated
[INFO] running `Command { std: CARGO_HOME="/workspace/cargo-home" RUSTUP_HOME="/workspace/rustup-home" "/workspace/cargo-home/bin/cargo" "+1.75.0" "fetch" "--manifest-path" "Cargo.toml", kill_on_drop: false }`
[INFO] [stderr]     Updating crates.io index
[INFO] [stderr]  Downloading crates ...
[INFO] [stderr]   Downloaded wasm-encoder v0.35.0
[INFO] [stderr]   Downloaded serde v1.0.189
[INFO] [stderr]   Downloaded serde_derive v1.0.189
[INFO] [stderr]   Downloaded assert_matches v1.5.0
[INFO] [stderr]   Downloaded wast v66.0.2
[INFO] [stderr]   Downloaded wat v1.0.77
[INFO] [stderr]   Downloaded region v3.0.0
[INFO] [stderr]   Downloaded wasm-encoder v0.14.0
[INFO] [stderr]   Downloaded wast v44.0.0
[INFO] [stderr]   Downloaded casper-wasmi-core v0.2.1
[INFO] [stderr]   Downloaded casper-wasm v0.46.0
[INFO] [stderr]   Downloaded casper-wasmi-validation v0.5.0
[INFO] [stderr]   Downloaded leb128 v0.2.5
[INFO] [stderr]   Downloaded wabt v0.9.1
[INFO] [stderr]   Downloaded wabt-sys v0.6.1
[INFO] running `Command { std: "docker" "create" "-v" "/var/lib/crater-agent-workspace/builds/worker-6-tc1/target:/opt/rustwide/target:rw,Z" "-v" "/var/lib/crater-agent-workspace/builds/worker-6-tc1/source:/opt/rustwide/workdir:ro,Z" "-v" "/var/lib/crater-agent-workspace/cargo-home:/opt/rustwide/cargo-home:ro,Z" "-v" "/var/lib/crater-agent-workspace/rustup-home:/opt/rustwide/rustup-home:ro,Z" "-e" "SOURCE_DIR=/opt/rustwide/workdir" "-e" "CARGO_TARGET_DIR=/opt/rustwide/target" "-e" "CARGO_HOME=/opt/rustwide/cargo-home" "-e" "RUSTUP_HOME=/opt/rustwide/rustup-home" "-w" "/opt/rustwide/workdir" "-m" "1610612736" "--user" "0:0" "--network" "none" "ghcr.io/rust-lang/crates-build-env/linux@sha256:2788e3201cd34a07e3172128adcd8b3090168a8e3bcc40d7c032b9dda1df7d1c" "/opt/rustwide/cargo-home/bin/cargo" "+1.75.0" "metadata" "--no-deps" "--format-version=1", kill_on_drop: false }`
[INFO] [stdout] 38c88d3cff9373f4282d815678930232e36c587798e401f22548cb1f2a42b45a
[INFO] running `Command { std: "docker" "start" "-a" "38c88d3cff9373f4282d815678930232e36c587798e401f22548cb1f2a42b45a", kill_on_drop: false }`
[INFO] running `Command { std: "docker" "inspect" "38c88d3cff9373f4282d815678930232e36c587798e401f22548cb1f2a42b45a", kill_on_drop: false }`
[INFO] running `Command { std: "docker" "rm" "-f" "38c88d3cff9373f4282d815678930232e36c587798e401f22548cb1f2a42b45a", kill_on_drop: false }`
[INFO] [stdout] 38c88d3cff9373f4282d815678930232e36c587798e401f22548cb1f2a42b45a
[INFO] running `Command { std: "docker" "create" "-v" "/var/lib/crater-agent-workspace/builds/worker-6-tc1/target:/opt/rustwide/target:rw,Z" "-v" "/var/lib/crater-agent-workspace/builds/worker-6-tc1/source:/opt/rustwide/workdir:ro,Z" "-v" "/var/lib/crater-agent-workspace/cargo-home:/opt/rustwide/cargo-home:ro,Z" "-v" "/var/lib/crater-agent-workspace/rustup-home:/opt/rustwide/rustup-home:ro,Z" "-e" "SOURCE_DIR=/opt/rustwide/workdir" "-e" "CARGO_TARGET_DIR=/opt/rustwide/target" "-e" "CARGO_INCREMENTAL=0" "-e" "RUST_BACKTRACE=full" "-e" "RUSTFLAGS=--cap-lints=warn" "-e" "RUSTDOCFLAGS=--cap-lints=warn" "-e" "CARGO_HOME=/opt/rustwide/cargo-home" "-e" "RUSTUP_HOME=/opt/rustwide/rustup-home" "-w" "/opt/rustwide/workdir" "-m" "1610612736" "--user" "0:0" "--network" "none" "ghcr.io/rust-lang/crates-build-env/linux@sha256:2788e3201cd34a07e3172128adcd8b3090168a8e3bcc40d7c032b9dda1df7d1c" "/opt/rustwide/cargo-home/bin/cargo" "+1.75.0" "build" "--frozen" "--message-format=json", kill_on_drop: false }`
[INFO] [stdout] 857164346c19f07770d2ad06a7ee7139fd4c497e10b52b91549c21341b79c5c8
[INFO] running `Command { std: "docker" "start" "-a" "857164346c19f07770d2ad06a7ee7139fd4c497e10b52b91549c21341b79c5c8", kill_on_drop: false }`
[INFO] [stderr]    Compiling num-traits v0.2.17
[INFO] [stderr]    Compiling casper-wasm v0.46.0
[INFO] [stderr]    Compiling downcast-rs v1.2.0
[INFO] [stderr]    Compiling memory_units v0.4.0
[INFO] [stderr]    Compiling casper-wasmi-validation v0.5.0
[INFO] [stderr]    Compiling num-integer v0.1.45
[INFO] [stderr]    Compiling num-bigint v0.4.4
[INFO] [stderr]    Compiling num-rational v0.4.1
[INFO] [stderr]    Compiling casper-wasmi-core v0.2.1
[INFO] [stderr]    Compiling casper-wasmi v0.13.2 (/opt/rustwide/workdir)
[INFO] [stdout] warning: unused imports: `Value as RuntimeValue`, `ValueType`
[INFO] [stdout]    --> src/lib.rs:306:9
[INFO] [stdout]     |
[INFO] [stdout] 306 |         Value as RuntimeValue,
[INFO] [stdout]     |         ^^^^^^^^^^^^^^^^^^^^^
[INFO] [stdout] 307 |         ValueType,
[INFO] [stdout]     |         ^^^^^^^^^
[INFO] [stdout]     |
[INFO] [stdout]     = note: `#[warn(unused_imports)]` on by default
[INFO] [stdout] 
[INFO] [stdout] 
[INFO] [stdout] warning: 1 warning emitted
[INFO] [stdout] 
[INFO] [stdout] 
[INFO] [stderr]     Finished dev [unoptimized + debuginfo] target(s) in 7.25s
[INFO] running `Command { std: "docker" "inspect" "857164346c19f07770d2ad06a7ee7139fd4c497e10b52b91549c21341b79c5c8", kill_on_drop: false }`
[INFO] running `Command { std: "docker" "rm" "-f" "857164346c19f07770d2ad06a7ee7139fd4c497e10b52b91549c21341b79c5c8", kill_on_drop: false }`
[INFO] [stdout] 857164346c19f07770d2ad06a7ee7139fd4c497e10b52b91549c21341b79c5c8
[INFO] running `Command { std: "docker" "create" "-v" "/var/lib/crater-agent-workspace/builds/worker-6-tc1/target:/opt/rustwide/target:rw,Z" "-v" "/var/lib/crater-agent-workspace/builds/worker-6-tc1/source:/opt/rustwide/workdir:ro,Z" "-v" "/var/lib/crater-agent-workspace/cargo-home:/opt/rustwide/cargo-home:ro,Z" "-v" "/var/lib/crater-agent-workspace/rustup-home:/opt/rustwide/rustup-home:ro,Z" "-e" "SOURCE_DIR=/opt/rustwide/workdir" "-e" "CARGO_TARGET_DIR=/opt/rustwide/target" "-e" "CARGO_INCREMENTAL=0" "-e" "RUST_BACKTRACE=full" "-e" "RUSTFLAGS=--cap-lints=warn" "-e" "RUSTDOCFLAGS=--cap-lints=warn" "-e" "CARGO_HOME=/opt/rustwide/cargo-home" "-e" "RUSTUP_HOME=/opt/rustwide/rustup-home" "-w" "/opt/rustwide/workdir" "-m" "1610612736" "--user" "0:0" "--network" "none" "ghcr.io/rust-lang/crates-build-env/linux@sha256:2788e3201cd34a07e3172128adcd8b3090168a8e3bcc40d7c032b9dda1df7d1c" "/opt/rustwide/cargo-home/bin/cargo" "+1.75.0" "test" "--frozen" "--no-run" "--message-format=json", kill_on_drop: false }`
[INFO] [stdout] 0a9940a85afc10695058c1dc2712e5eee7dcac8ebd0e3ecd82f9f9bd0a734829
[INFO] running `Command { std: "docker" "start" "-a" "0a9940a85afc10695058c1dc2712e5eee7dcac8ebd0e3ecd82f9f9bd0a734829", kill_on_drop: false }`
[INFO] [stderr]    Compiling libc v0.2.149
[INFO] [stderr]    Compiling num-traits v0.2.17
[INFO] [stderr]    Compiling serde v1.0.189
[INFO] [stderr]    Compiling proc-macro2 v1.0.69
[INFO] [stderr]    Compiling memchr v2.6.4
[INFO] [stderr]    Compiling leb128 v0.2.5
[INFO] [stderr]    Compiling itoa v1.0.9
[INFO] [stderr]    Compiling ryu v1.0.15
[INFO] [stderr]    Compiling serde_json v1.0.107
[INFO] [stderr]    Compiling crossbeam-epoch v0.9.15
[INFO] [stderr]    Compiling either v1.9.0
[INFO] [stderr]    Compiling regex-syntax v0.8.2
[INFO] [stderr]    Compiling plotters-backend v0.3.5
[INFO] [stderr]    Compiling anyhow v1.0.75
[INFO] [stderr]    Compiling cast v0.3.0
[INFO] [stderr]    Compiling half v1.8.2
[INFO] [stderr]    Compiling wasm-encoder v0.35.0
[INFO] [stderr]    Compiling same-file v1.0.6
[INFO] [stderr]    Compiling walkdir v2.4.0
[INFO] [stderr]    Compiling clap v2.34.0
[INFO] [stderr]    Compiling itertools v0.10.5
[INFO] [stderr]    Compiling wasm-encoder v0.14.0
[INFO] [stderr]    Compiling oorandom v11.1.3
[INFO] [stderr]    Compiling crossbeam-deque v0.8.3
[INFO] [stderr]    Compiling plotters-svg v0.3.5
[INFO] [stderr]    Compiling rayon-core v1.12.0
[INFO] [stderr]    Compiling csv-core v0.1.11
[INFO] [stderr]    Compiling assert_matches v1.5.0
[INFO] [stderr]    Compiling quote v1.0.33
[INFO] [stderr]    Compiling syn v2.0.38
[INFO] [stderr]    Compiling wast v44.0.0
[INFO] [stderr]    Compiling rayon v1.8.0
[INFO] [stderr]    Compiling wast v66.0.2
[INFO] [stderr]    Compiling cc v1.0.83
[INFO] [stderr]    Compiling atty v0.2.14
[INFO] [stderr]    Compiling regex-automata v0.4.3
[INFO] [stderr]    Compiling criterion-plot v0.4.5
[INFO] [stderr]    Compiling num-integer v0.1.45
[INFO] [stderr]    Compiling plotters v0.3.5
[INFO] [stderr]    Compiling cmake v0.1.50
[INFO] [stderr]    Compiling num-bigint v0.4.4
[INFO] [stderr]    Compiling wabt-sys v0.6.1
[INFO] [stderr]    Compiling csv v1.3.0
[INFO] [stderr]    Compiling serde_cbor v0.11.2
[INFO] [stderr]    Compiling serde_derive v1.0.189
[INFO] [stderr]    Compiling regex v1.10.2
[INFO] [stderr]    Compiling num-rational v0.4.1
[INFO] [stderr]    Compiling casper-wasmi-core v0.2.1
[INFO] [stderr]    Compiling tinytemplate v1.2.1
[INFO] [stderr]    Compiling casper-wasmi v0.13.2 (/opt/rustwide/workdir)
[INFO] [stdout] warning: unused imports: `Value as RuntimeValue`, `ValueType`
[INFO] [stdout]    --> src/lib.rs:306:9
[INFO] [stdout]     |
[INFO] [stdout] 306 |         Value as RuntimeValue,
[INFO] [stdout]     |         ^^^^^^^^^^^^^^^^^^^^^
[INFO] [stdout] 307 |         ValueType,
[INFO] [stdout]     |         ^^^^^^^^^
[INFO] [stdout]     |
[INFO] [stdout]     = note: `#[warn(unused_imports)]` on by default
[INFO] [stdout] 
[INFO] [stdout] 
[INFO] [stdout] warning: 1 warning emitted
[INFO] [stdout] 
[INFO] [stdout] 
[INFO] [stderr]    Compiling criterion v0.3.6
[INFO] [stderr]    Compiling wat v1.0.77
[INFO] [stderr] error: could not compile `wast` (lib)
[INFO] [stderr] 
[INFO] [stderr] Caused by:
[INFO] [stderr]   process didn't exit successfully: `/opt/rustwide/rustup-home/toolchains/1.75.0-x86_64-unknown-linux-gnu/bin/rustc --crate-name wast --edition=2021 /opt/rustwide/cargo-home/registry/src/index.crates.io-6f17d22bba15001f/wast-66.0.2/src/lib.rs --error-format=json --json=diagnostic-rendered-ansi,artifacts,future-incompat --crate-type lib --emit=dep-info,metadata,link -C embed-bitcode=no -C debuginfo=2 --cfg 'feature="default"' --cfg 'feature="wasm-module"' -C metadata=3bb76b1376abef0f -C extra-filename=-3bb76b1376abef0f --out-dir /opt/rustwide/target/debug/deps -L dependency=/opt/rustwide/target/debug/deps --extern leb128=/opt/rustwide/target/debug/deps/libleb128-fa96e8afb3197617.rmeta --extern memchr=/opt/rustwide/target/debug/deps/libmemchr-8adfc22b612d6f7a.rmeta --extern unicode_width=/opt/rustwide/target/debug/deps/libunicode_width-a645f17db2f885de.rmeta --extern wasm_encoder=/opt/rustwide/target/debug/deps/libwasm_encoder-6c1536edbc0dcbdb.rmeta --cap-lints allow --cap-lints=warn` (signal: 9, SIGKILL: kill)
[INFO] [stderr] warning: build failed, waiting for other jobs to finish...
[INFO] [stderr] error: could not compile `criterion` (lib)
[INFO] [stderr] 
[INFO] [stderr] Caused by:
[INFO] [stderr]   process didn't exit successfully: `/opt/rustwide/rustup-home/toolchains/1.75.0-x86_64-unknown-linux-gnu/bin/rustc --crate-name criterion --edition=2018 /opt/rustwide/cargo-home/registry/src/index.crates.io-6f17d22bba15001f/criterion-0.3.6/src/lib.rs --error-format=json --json=diagnostic-rendered-ansi,artifacts,future-incompat --crate-type lib --emit=dep-info,metadata,link -C embed-bitcode=no -C debuginfo=2 --cfg 'feature="cargo_bench_support"' --cfg 'feature="default"' -C metadata=63f9145a1131cff7 -C extra-filename=-63f9145a1131cff7 --out-dir /opt/rustwide/target/debug/deps -L dependency=/opt/rustwide/target/debug/deps --extern atty=/opt/rustwide/target/debug/deps/libatty-dae60b4a53f42ae8.rmeta --extern cast=/opt/rustwide/target/debug/deps/libcast-a81607c6c1d51bae.rmeta --extern clap=/opt/rustwide/target/debug/deps/libclap-94f8d26ef1bb622f.rmeta --extern criterion_plot=/opt/rustwide/target/debug/deps/libcriterion_plot-51bddcc7e42e0fb2.rmeta --extern csv=/opt/rustwide/target/debug/deps/libcsv-35446aa35b3984d6.rmeta --extern itertools=/opt/rustwide/target/debug/deps/libitertools-d23258e09cafc198.rmeta --extern lazy_static=/opt/rustwide/target/debug/deps/liblazy_static-591486ebcb9a7ead.rmeta --extern num_traits=/opt/rustwide/target/debug/deps/libnum_traits-aa75f3964f70d2b4.rmeta --extern oorandom=/opt/rustwide/target/debug/deps/liboorandom-5d7abb35862f718e.rmeta --extern plotters=/opt/rustwide/target/debug/deps/libplotters-4973e2f0fe864ec4.rmeta --extern rayon=/opt/rustwide/target/debug/deps/librayon-9e799be7742a3d63.rmeta --extern regex=/opt/rustwide/target/debug/deps/libregex-a4558f559687d32c.rmeta --extern serde=/opt/rustwide/target/debug/deps/libserde-f3211f7ff95b7588.rmeta --extern serde_cbor=/opt/rustwide/target/debug/deps/libserde_cbor-22919d15bca30189.rmeta --extern serde_derive=/opt/rustwide/target/debug/deps/libserde_derive-ec1204a5e05756fb.so --extern serde_json=/opt/rustwide/target/debug/deps/libserde_json-e93d7a97be4dd08c.rmeta --extern tinytemplate=/opt/rustwide/target/debug/deps/libtinytemplate-1764e82d9ae0655a.rmeta --extern walkdir=/opt/rustwide/target/debug/deps/libwalkdir-855d0afe3de90c17.rmeta --cap-lints allow --cap-lints=warn` (signal: 9, SIGKILL: kill)
[INFO] running `Command { std: "docker" "inspect" "0a9940a85afc10695058c1dc2712e5eee7dcac8ebd0e3ecd82f9f9bd0a734829", kill_on_drop: false }`
[INFO] running `Command { std: "docker" "rm" "-f" "0a9940a85afc10695058c1dc2712e5eee7dcac8ebd0e3ecd82f9f9bd0a734829", kill_on_drop: false }`
[INFO] [stdout] 0a9940a85afc10695058c1dc2712e5eee7dcac8ebd0e3ecd82f9f9bd0a734829
[INFO] testing casper-wasmi-0.13.2 against beta-2023-12-22 for beta-1.76-1
[INFO] extracting crate casper-wasmi 0.13.2 into /workspace/builds/worker-6-tc2/source
[INFO] validating manifest of crates.io crate casper-wasmi 0.13.2 on toolchain beta-2023-12-22
[INFO] running `Command { std: CARGO_HOME="/workspace/cargo-home" RUSTUP_HOME="/workspace/rustup-home" "/workspace/cargo-home/bin/cargo" "+beta-2023-12-22" "metadata" "--manifest-path" "Cargo.toml" "--no-deps", kill_on_drop: false }`
[INFO] started tweaking crates.io crate casper-wasmi 0.13.2
[INFO] finished tweaking crates.io crate casper-wasmi 0.13.2
[INFO] tweaked toml for crates.io crate casper-wasmi 0.13.2 written to /workspace/builds/worker-6-tc2/source/Cargo.toml
[INFO] crate crates.io crate casper-wasmi 0.13.2 already has a lockfile, it will not be regenerated
[INFO] running `Command { std: CARGO_HOME="/workspace/cargo-home" RUSTUP_HOME="/workspace/rustup-home" "/workspace/cargo-home/bin/cargo" "+beta-2023-12-22" "fetch" "--manifest-path" "Cargo.toml", kill_on_drop: false }`
[INFO] running `Command { std: "docker" "create" "-v" "/var/lib/crater-agent-workspace/builds/worker-6-tc2/target:/opt/rustwide/target:rw,Z" "-v" "/var/lib/crater-agent-workspace/builds/worker-6-tc2/source:/opt/rustwide/workdir:ro,Z" "-v" "/var/lib/crater-agent-workspace/cargo-home:/opt/rustwide/cargo-home:ro,Z" "-v" "/var/lib/crater-agent-workspace/rustup-home:/opt/rustwide/rustup-home:ro,Z" "-e" "SOURCE_DIR=/opt/rustwide/workdir" "-e" "CARGO_TARGET_DIR=/opt/rustwide/target" "-e" "CARGO_HOME=/opt/rustwide/cargo-home" "-e" "RUSTUP_HOME=/opt/rustwide/rustup-home" "-w" "/opt/rustwide/workdir" "-m" "1610612736" "--user" "0:0" "--network" "none" "ghcr.io/rust-lang/crates-build-env/linux@sha256:2788e3201cd34a07e3172128adcd8b3090168a8e3bcc40d7c032b9dda1df7d1c" "/opt/rustwide/cargo-home/bin/cargo" "+beta-2023-12-22" "metadata" "--no-deps" "--format-version=1", kill_on_drop: false }`
[INFO] [stdout] 059ec60d1de3806475496c150d8c7b58e1d6dc6dbfe77086ae09a4c0048d5aea
[INFO] running `Command { std: "docker" "start" "-a" "059ec60d1de3806475496c150d8c7b58e1d6dc6dbfe77086ae09a4c0048d5aea", kill_on_drop: false }`
[INFO] running `Command { std: "docker" "inspect" "059ec60d1de3806475496c150d8c7b58e1d6dc6dbfe77086ae09a4c0048d5aea", kill_on_drop: false }`
[INFO] running `Command { std: "docker" "rm" "-f" "059ec60d1de3806475496c150d8c7b58e1d6dc6dbfe77086ae09a4c0048d5aea", kill_on_drop: false }`
[INFO] [stdout] 059ec60d1de3806475496c150d8c7b58e1d6dc6dbfe77086ae09a4c0048d5aea
[INFO] running `Command { std: "docker" "create" "-v" "/var/lib/crater-agent-workspace/builds/worker-6-tc2/target:/opt/rustwide/target:rw,Z" "-v" "/var/lib/crater-agent-workspace/builds/worker-6-tc2/source:/opt/rustwide/workdir:ro,Z" "-v" "/var/lib/crater-agent-workspace/cargo-home:/opt/rustwide/cargo-home:ro,Z" "-v" "/var/lib/crater-agent-workspace/rustup-home:/opt/rustwide/rustup-home:ro,Z" "-e" "SOURCE_DIR=/opt/rustwide/workdir" "-e" "CARGO_TARGET_DIR=/opt/rustwide/target" "-e" "CARGO_INCREMENTAL=0" "-e" "RUST_BACKTRACE=full" "-e" "RUSTFLAGS=--cap-lints=warn" "-e" "RUSTDOCFLAGS=--cap-lints=warn" "-e" "CARGO_HOME=/opt/rustwide/cargo-home" "-e" "RUSTUP_HOME=/opt/rustwide/rustup-home" "-w" "/opt/rustwide/workdir" "-m" "1610612736" "--user" "0:0" "--network" "none" "ghcr.io/rust-lang/crates-build-env/linux@sha256:2788e3201cd34a07e3172128adcd8b3090168a8e3bcc40d7c032b9dda1df7d1c" "/opt/rustwide/cargo-home/bin/cargo" "+beta-2023-12-22" "build" "--frozen" "--message-format=json", kill_on_drop: false }`
[INFO] [stdout] b29c3f25a4ebf3482524333921eb8176fee66835690f68c8f66183f23443b548
[INFO] running `Command { std: "docker" "start" "-a" "b29c3f25a4ebf3482524333921eb8176fee66835690f68c8f66183f23443b548", kill_on_drop: false }`
[INFO] [stderr]    Compiling num-traits v0.2.17
[INFO] [stderr]    Compiling downcast-rs v1.2.0
[INFO] [stderr]    Compiling memory_units v0.4.0
[INFO] [stderr]    Compiling casper-wasm v0.46.0
[INFO] [stderr]    Compiling casper-wasmi-validation v0.5.0
[INFO] [stderr]    Compiling num-integer v0.1.45
[INFO] [stderr]    Compiling num-bigint v0.4.4
[INFO] [stderr]    Compiling num-rational v0.4.1
[INFO] [stderr]    Compiling casper-wasmi-core v0.2.1
[INFO] [stderr]    Compiling casper-wasmi v0.13.2 (/opt/rustwide/workdir)
[INFO] [stdout] warning: unused imports: `Value as RuntimeValue`, `ValueType`
[INFO] [stdout]    --> src/lib.rs:306:9
[INFO] [stdout]     |
[INFO] [stdout] 306 |         Value as RuntimeValue,
[INFO] [stdout]     |         ^^^^^^^^^^^^^^^^^^^^^
[INFO] [stdout] 307 |         ValueType,
[INFO] [stdout]     |         ^^^^^^^^^
[INFO] [stdout]     |
[INFO] [stdout]     = note: `#[warn(unused_imports)]` on by default
[INFO] [stdout] 
[INFO] [stdout] 
[INFO] [stdout] warning: 1 warning emitted
[INFO] [stdout] 
[INFO] [stdout] 
[INFO] [stderr]     Finished dev [unoptimized + debuginfo] target(s) in 4.70s
[INFO] running `Command { std: "docker" "inspect" "b29c3f25a4ebf3482524333921eb8176fee66835690f68c8f66183f23443b548", kill_on_drop: false }`
[INFO] running `Command { std: "docker" "rm" "-f" "b29c3f25a4ebf3482524333921eb8176fee66835690f68c8f66183f23443b548", kill_on_drop: false }`
[INFO] [stdout] b29c3f25a4ebf3482524333921eb8176fee66835690f68c8f66183f23443b548
[INFO] running `Command { std: "docker" "create" "-v" "/var/lib/crater-agent-workspace/builds/worker-6-tc2/target:/opt/rustwide/target:rw,Z" "-v" "/var/lib/crater-agent-workspace/builds/worker-6-tc2/source:/opt/rustwide/workdir:ro,Z" "-v" "/var/lib/crater-agent-workspace/cargo-home:/opt/rustwide/cargo-home:ro,Z" "-v" "/var/lib/crater-agent-workspace/rustup-home:/opt/rustwide/rustup-home:ro,Z" "-e" "SOURCE_DIR=/opt/rustwide/workdir" "-e" "CARGO_TARGET_DIR=/opt/rustwide/target" "-e" "CARGO_INCREMENTAL=0" "-e" "RUST_BACKTRACE=full" "-e" "RUSTFLAGS=--cap-lints=warn" "-e" "RUSTDOCFLAGS=--cap-lints=warn" "-e" "CARGO_HOME=/opt/rustwide/cargo-home" "-e" "RUSTUP_HOME=/opt/rustwide/rustup-home" "-w" "/opt/rustwide/workdir" "-m" "1610612736" "--user" "0:0" "--network" "none" "ghcr.io/rust-lang/crates-build-env/linux@sha256:2788e3201cd34a07e3172128adcd8b3090168a8e3bcc40d7c032b9dda1df7d1c" "/opt/rustwide/cargo-home/bin/cargo" "+beta-2023-12-22" "test" "--frozen" "--no-run" "--message-format=json", kill_on_drop: false }`
[INFO] [stdout] 67343471dd6b64df881f1fcefbc1e6944a5760c07bbcaf030cd31e7c00a8f712
[INFO] running `Command { std: "docker" "start" "-a" "67343471dd6b64df881f1fcefbc1e6944a5760c07bbcaf030cd31e7c00a8f712", kill_on_drop: false }`
[INFO] [stderr]    Compiling libc v0.2.149
[INFO] [stderr]    Compiling num-traits v0.2.17
[INFO] [stderr]    Compiling serde v1.0.189
[INFO] [stderr]    Compiling proc-macro2 v1.0.69
[INFO] [stderr]    Compiling memchr v2.6.4
[INFO] [stderr]    Compiling leb128 v0.2.5
[INFO] [stderr]    Compiling serde_json v1.0.107
[INFO] [stderr]    Compiling ryu v1.0.15
[INFO] [stderr]    Compiling itoa v1.0.9
[INFO] [stderr]    Compiling either v1.9.0
[INFO] [stderr]    Compiling plotters-backend v0.3.5
[INFO] [stderr]    Compiling crossbeam-epoch v0.9.15
[INFO] [stderr]    Compiling regex-syntax v0.8.2
[INFO] [stderr]    Compiling cast v0.3.0
[INFO] [stderr]    Compiling half v1.8.2
[INFO] [stderr]    Compiling same-file v1.0.6
[INFO] [stderr]    Compiling wasm-encoder v0.35.0
[INFO] [stderr]    Compiling anyhow v1.0.75
[INFO] [stderr]    Compiling clap v2.34.0
[INFO] [stderr]    Compiling itertools v0.10.5
[INFO] [stderr]    Compiling walkdir v2.4.0
[INFO] [stderr]    Compiling wasm-encoder v0.14.0
[INFO] [stderr]    Compiling crossbeam-deque v0.8.3
[INFO] [stderr]    Compiling plotters-svg v0.3.5
[INFO] [stderr]    Compiling oorandom v11.1.3
[INFO] [stderr]    Compiling assert_matches v1.5.0
[INFO] [stderr]    Compiling rayon-core v1.12.0
[INFO] [stderr]    Compiling csv-core v0.1.11
[INFO] [stderr]    Compiling wast v44.0.0
[INFO] [stderr]    Compiling quote v1.0.33
[INFO] [stderr]    Compiling wast v66.0.2
[INFO] [stderr]    Compiling syn v2.0.38
[INFO] [stderr]    Compiling rayon v1.8.0
[INFO] [stderr]    Compiling cc v1.0.83
[INFO] [stderr]    Compiling atty v0.2.14
[INFO] [stderr]    Compiling regex-automata v0.4.3
[INFO] [stderr]    Compiling num-integer v0.1.45
[INFO] [stderr]    Compiling plotters v0.3.5
[INFO] [stderr]    Compiling cmake v0.1.50
[INFO] [stderr]    Compiling num-bigint v0.4.4
[INFO] [stderr]    Compiling criterion-plot v0.4.5
[INFO] [stderr]    Compiling wabt-sys v0.6.1
[INFO] [stderr]    Compiling regex v1.10.2
[INFO] [stderr]    Compiling serde_derive v1.0.189
[INFO] [stderr]    Compiling num-rational v0.4.1
[INFO] [stderr]    Compiling serde_cbor v0.11.2
[INFO] [stderr]    Compiling csv v1.3.0
[INFO] [stderr]    Compiling casper-wasmi-core v0.2.1
[INFO] [stderr]    Compiling casper-wasmi v0.13.2 (/opt/rustwide/workdir)
[INFO] [stderr]    Compiling tinytemplate v1.2.1
[INFO] [stdout] warning: unused imports: `Value as RuntimeValue`, `ValueType`
[INFO] [stdout]    --> src/lib.rs:306:9
[INFO] [stdout]     |
[INFO] [stdout] 306 |         Value as RuntimeValue,
[INFO] [stdout]     |         ^^^^^^^^^^^^^^^^^^^^^
[INFO] [stdout] 307 |         ValueType,
[INFO] [stdout]     |         ^^^^^^^^^
[INFO] [stdout]     |
[INFO] [stdout]     = note: `#[warn(unused_imports)]` on by default
[INFO] [stdout] 
[INFO] [stdout] 
[INFO] [stdout] warning: 1 warning emitted
[INFO] [stdout] 
[INFO] [stdout] 
[INFO] [stderr]    Compiling wat v1.0.77
[INFO] [stderr]    Compiling criterion v0.3.6
[INFO] [stderr] error: could not compile `wast` (lib)
[INFO] [stderr] 
[INFO] [stderr] Caused by:
[INFO] [stderr]   process didn't exit successfully: `/opt/rustwide/rustup-home/toolchains/beta-2023-12-22-x86_64-unknown-linux-gnu/bin/rustc --crate-name wast --edition=2021 /opt/rustwide/cargo-home/registry/src/index.crates.io-6f17d22bba15001f/wast-66.0.2/src/lib.rs --error-format=json --json=diagnostic-rendered-ansi,artifacts,future-incompat --crate-type lib --emit=dep-info,metadata,link -C embed-bitcode=no -C debuginfo=2 --cfg 'feature="default"' --cfg 'feature="wasm-module"' -C metadata=9abf6a5eb2131c99 -C extra-filename=-9abf6a5eb2131c99 --out-dir /opt/rustwide/target/debug/deps -L dependency=/opt/rustwide/target/debug/deps --extern leb128=/opt/rustwide/target/debug/deps/libleb128-1f8a1131065c9baf.rmeta --extern memchr=/opt/rustwide/target/debug/deps/libmemchr-996a195865583db1.rmeta --extern unicode_width=/opt/rustwide/target/debug/deps/libunicode_width-0ea374cdbf7c3a56.rmeta --extern wasm_encoder=/opt/rustwide/target/debug/deps/libwasm_encoder-a6105371dd685ebc.rmeta --cap-lints allow --cap-lints=warn` (signal: 9, SIGKILL: kill)
[INFO] [stderr] warning: build failed, waiting for other jobs to finish...
[INFO] [stderr] error: failed to run custom build command for `wabt-sys v0.6.1`
[INFO] [stderr] note: To improve backtraces for build dependencies, set the CARGO_PROFILE_TEST_BUILD_OVERRIDE_DEBUG=true environment variable to enable debug information generation.
[INFO] [stderr] 
[INFO] [stderr] Caused by:
[INFO] [stderr]   process didn't exit successfully: `/opt/rustwide/target/debug/build/wabt-sys-e2ed07ea93aa01ee/build-script-build` (exit status: 101)
[INFO] [stderr]   --- stdout
[INFO] [stderr]   CMAKE_TOOLCHAIN_FILE_x86_64-unknown-linux-gnu = None
[INFO] [stderr]   CMAKE_TOOLCHAIN_FILE_x86_64_unknown_linux_gnu = None
[INFO] [stderr]   HOST_CMAKE_TOOLCHAIN_FILE = None
[INFO] [stderr]   CMAKE_TOOLCHAIN_FILE = None
[INFO] [stderr]   CMAKE_GENERATOR_x86_64-unknown-linux-gnu = None
[INFO] [stderr]   CMAKE_GENERATOR_x86_64_unknown_linux_gnu = None
[INFO] [stderr]   HOST_CMAKE_GENERATOR = None
[INFO] [stderr]   CMAKE_GENERATOR = None
[INFO] [stderr]   CMAKE_PREFIX_PATH_x86_64-unknown-linux-gnu = None
[INFO] [stderr]   CMAKE_PREFIX_PATH_x86_64_unknown_linux_gnu = None
[INFO] [stderr]   HOST_CMAKE_PREFIX_PATH = None
[INFO] [stderr]   CMAKE_PREFIX_PATH = None
[INFO] [stderr]   CMAKE_x86_64-unknown-linux-gnu = None
[INFO] [stderr]   CMAKE_x86_64_unknown_linux_gnu = None
[INFO] [stderr]   HOST_CMAKE = None
[INFO] [stderr]   CMAKE = None
[INFO] [stderr]   running: cd "/opt/rustwide/target/debug/build/wabt-sys-a5906173276fc2ee/out/build" && CMAKE_PREFIX_PATH="" "cmake" "/opt/rustwide/cargo-home/registry/src/index.crates.io-6f17d22bba15001f/wabt-sys-0.6.1/wabt" "-DBUILD_TESTS=OFF" "-DBUILD_TOOLS=OFF" "-DCMAKE_INSTALL_PREFIX=/opt/rustwide/target/debug/build/wabt-sys-a5906173276fc2ee/out" "-DCMAKE_C_FLAGS= -ffunction-sections -fdata-sections -fPIC -m64" "-DCMAKE_C_COMPILER=/usr/bin/cc" "-DCMAKE_CXX_FLAGS= -ffunction-sections -fdata-sections -fPIC -m64" "-DCMAKE_CXX_COMPILER=/usr/bin/c++" "-DCMAKE_ASM_FLAGS= -ffunction-sections -fdata-sections -fPIC -m64" "-DCMAKE_ASM_COMPILER=/usr/bin/cc" "-DCMAKE_BUILD_TYPE=Debug"
[INFO] [stderr]   -- The C compiler identification is GNU 11.4.0
[INFO] [stderr]   -- The CXX compiler identification is GNU 11.4.0
[INFO] [stderr]   -- Detecting C compiler ABI info
[INFO] [stderr]   -- Detecting C compiler ABI info - done
[INFO] [stderr]   -- Check for working C compiler: /usr/bin/cc - skipped
[INFO] [stderr]   -- Detecting C compile features
[INFO] [stderr]   -- Detecting C compile features - done
[INFO] [stderr]   -- Detecting CXX compiler ABI info
[INFO] [stderr]   -- Detecting CXX compiler ABI info - done
[INFO] [stderr]   -- Check for working CXX compiler: /usr/bin/c++ - skipped
[INFO] [stderr]   -- Detecting CXX compile features
[INFO] [stderr]   -- Detecting CXX compile features - done
[INFO] [stderr]   -- Looking for alloca.h
[INFO] [stderr]   -- Looking for alloca.h - found
[INFO] [stderr]   -- Looking for unistd.h
[INFO] [stderr]   -- Looking for unistd.h - found
[INFO] [stderr]   -- Looking for snprintf
[INFO] [stderr]   -- Looking for snprintf - found
[INFO] [stderr]   -- Looking for sysconf
[INFO] [stderr]   -- Looking for sysconf - found
[INFO] [stderr]   -- Looking for strcasecmp
[INFO] [stderr]   -- Looking for strcasecmp - found
[INFO] [stderr]   -- Looking for sys/types.h
[INFO] [stderr]   -- Looking for sys/types.h - found
[INFO] [stderr]   -- Looking for stdint.h
[INFO] [stderr]   -- Looking for stdint.h - found
[INFO] [stderr]   -- Looking for stddef.h
[INFO] [stderr]   -- Looking for stddef.h - found
[INFO] [stderr]   -- Check size of ssize_t
[INFO] [stderr]   -- Check size of ssize_t - done
[INFO] [stderr]   -- Check size of size_t
[INFO] [stderr]   -- Check size of size_t - done
[INFO] [stderr]   -- Looking for pthread.h
[INFO] [stderr]   -- Looking for pthread.h - found
[INFO] [stderr]   -- Performing Test CMAKE_HAVE_LIBC_PTHREAD
[INFO] [stderr]   -- Performing Test CMAKE_HAVE_LIBC_PTHREAD - Success
[INFO] [stderr]   -- Found Threads: TRUE  
[INFO] [stderr]   -- Configuring done
[INFO] [stderr]   -- Generating done
[INFO] [stderr]   -- Build files have been written to: /opt/rustwide/target/debug/build/wabt-sys-a5906173276fc2ee/out/build
[INFO] [stderr]   running: cd "/opt/rustwide/target/debug/build/wabt-sys-a5906173276fc2ee/out/build" && MAKEFLAGS="-j --jobserver-fds=7,8 --jobserver-auth=7,8" "cmake" "--build" "." "--config" "Debug"
[INFO] [stderr]   [  2%] Building CXX object CMakeFiles/wabt.dir/src/apply-names.cc.o
[INFO] [stderr]   [  4%] Building CXX object CMakeFiles/wabt.dir/src/binary.cc.o
[INFO] [stderr]   [  7%] Building CXX object CMakeFiles/wabt.dir/src/binary-reader-ir.cc.o
[INFO] [stderr]   [ 12%] Building CXX object CMakeFiles/wabt.dir/src/binary-writer.cc.o
[INFO] [stderr]   [ 14%] Building CXX object CMakeFiles/wabt.dir/src/binary-reader.cc.o
[INFO] [stderr]   [ 17%] Building CXX object CMakeFiles/wabt.dir/src/binary-writer-spec.cc.o
[INFO] [stderr]   [ 12%] Building CXX object CMakeFiles/wabt.dir/src/binary-reader-logging.cc.o
[INFO] [stderr]   [ 19%] Building CXX object CMakeFiles/wabt.dir/src/binding-hash.cc.o
[INFO] [stderr]   [ 21%] Building CXX object CMakeFiles/wabt.dir/src/common.cc.o
[INFO] [stderr]   [ 24%] Building CXX object CMakeFiles/wabt.dir/src/color.cc.o
[INFO] [stderr]   [ 26%] Building CXX object CMakeFiles/wabt.dir/src/config.cc.o
[INFO] [stderr]   [ 29%] Building CXX object CMakeFiles/wabt.dir/src/error-formatter.cc.o
[INFO] [stderr]   [ 31%] Building CXX object CMakeFiles/wabt.dir/src/expr-visitor.cc.o
[INFO] [stderr]   [ 34%] Building CXX object CMakeFiles/wabt.dir/src/feature.cc.o
[INFO] [stderr]   [ 36%] Building CXX object CMakeFiles/wabt.dir/src/filenames.cc.o
[INFO] [stderr]   [ 39%] Building CXX object CMakeFiles/wabt.dir/src/hash-util.cc.o
[INFO] [stderr]   [ 41%] Building CXX object CMakeFiles/wabt.dir/src/generate-names.cc.o
[INFO] [stderr]   [ 43%] Building CXX object CMakeFiles/wabt.dir/src/ir.cc.o
[INFO] [stderr]   [ 46%] Building CXX object CMakeFiles/wabt.dir/src/leb128.cc.o
[INFO] [stderr]   [ 48%] Building CXX object CMakeFiles/wabt.dir/src/lexer-source.cc.o
[INFO] [stderr]   [ 51%] Building CXX object CMakeFiles/wabt.dir/src/lexer-source-line-finder.cc.o
[INFO] [stderr]   [ 53%] Building CXX object CMakeFiles/wabt.dir/src/literal.cc.o
[INFO] [stderr]   [ 56%] Building CXX object CMakeFiles/wabt.dir/src/opcode.cc.o
[INFO] [stderr]   [ 58%] Building C object CMakeFiles/wabt.dir/src/opcode-code-table.c.o
[INFO] [stderr]   [ 60%] Building CXX object CMakeFiles/wabt.dir/src/option-parser.cc.o
[INFO] [stderr]   [ 63%] Building CXX object CMakeFiles/wabt.dir/src/resolve-names.cc.o
[INFO] [stderr]   [ 65%] Building CXX object CMakeFiles/wabt.dir/src/stream.cc.o
[INFO] [stderr]   [ 68%] Building CXX object CMakeFiles/wabt.dir/src/string-view.cc.o
[INFO] [stderr]   [ 70%] Building CXX object CMakeFiles/wabt.dir/src/token.cc.o
[INFO] [stderr]   [ 75%] Building CXX object CMakeFiles/wabt.dir/src/type-checker.cc.o
[INFO] [stderr]   [ 75%] Building CXX object CMakeFiles/wabt.dir/src/tracing.cc.o
[INFO] [stderr]   [ 78%] Building CXX object CMakeFiles/wabt.dir/src/utf8.cc.o
[INFO] [stderr]   [ 80%] Building CXX object CMakeFiles/wabt.dir/src/validator.cc.o
[INFO] [stderr]   [ 82%] Building CXX object CMakeFiles/wabt.dir/src/wast-lexer.cc.o
[INFO] [stderr]   [ 85%] Building CXX object CMakeFiles/wabt.dir/src/wast-parser.cc.o
[INFO] [stderr]   [ 87%] Building CXX object CMakeFiles/wabt.dir/src/wat-writer.cc.o
[INFO] [stderr]   [ 90%] Building CXX object CMakeFiles/wabt.dir/src/interp/interp.cc.o
[INFO] [stderr]   [ 92%] Building CXX object CMakeFiles/wabt.dir/src/interp/binary-reader-interp.cc.o
[INFO] [stderr]   [ 95%] Building CXX object CMakeFiles/wabt.dir/src/interp/interp-disassemble.cc.o
[INFO] [stderr]   [ 97%] Building CXX object CMakeFiles/wabt.dir/src/interp/interp-trace.cc.o
[INFO] [stderr] 
[INFO] [stderr]   --- stderr
[INFO] [stderr]   CMake Deprecation Warning at CMakeLists.txt:17 (cmake_minimum_required):
[INFO] [stderr]     Compatibility with CMake < 2.8.12 will be removed from a future version of
[INFO] [stderr]     CMake.
[INFO] [stderr] 
[INFO] [stderr]     Update the VERSION argument <min> value or use a ...<max> suffix to tell
[INFO] [stderr]     CMake that the project does not need compatibility with older versions.
[INFO] [stderr] 
[INFO] [stderr] 
[INFO] [stderr]   CMake Warning:
[INFO] [stderr]     Manually-specified variables were not used by the project:
[INFO] [stderr] 
[INFO] [stderr]       CMAKE_ASM_COMPILER
[INFO] [stderr]       CMAKE_ASM_FLAGS
[INFO] [stderr] 
[INFO] [stderr] 
[INFO] [stderr]   c++: fatal error: Killed signal terminated program cc1plus
[INFO] [stderr]   compilation terminated.
[INFO] [stderr]   gmake[2]: *** [CMakeFiles/wabt.dir/build.make:118: CMakeFiles/wabt.dir/src/binary-reader-ir.cc.o] Error 1
[INFO] [stderr]   gmake[2]: *** Waiting for unfinished jobs....
[INFO] [stderr]   gmake[1]: *** [CMakeFiles/Makefile2:110: CMakeFiles/wabt.dir/all] Error 2
[INFO] [stderr]   gmake: *** [Makefile:91: all] Error 2
[INFO] [stderr]   thread 'main' panicked at /opt/rustwide/cargo-home/registry/src/index.crates.io-6f17d22bba15001f/cmake-0.1.50/src/lib.rs:1098:5:
[INFO] [stderr] 
[INFO] [stderr]   command did not execute successfully, got: exit status: 2
[INFO] [stderr] 
[INFO] [stderr]   build script failed, must exit now
[INFO] [stderr]   stack backtrace:
[INFO] [stderr]      0:     0x556f3b7ea9a6 - std::backtrace_rs::backtrace::libunwind::trace::h261606ad26a499c1
[INFO] [stderr]                                  at /rustc/0e09125c6c3c2fd70d7de961bcf0e51575235fad/library/std/src/../../backtrace/src/backtrace/libunwind.rs:104:5
[INFO] [stderr]      1:     0x556f3b7ea9a6 - std::backtrace_rs::backtrace::trace_unsynchronized::hd183f0625477fb28
[INFO] [stderr]                                  at /rustc/0e09125c6c3c2fd70d7de961bcf0e51575235fad/library/std/src/../../backtrace/src/backtrace/mod.rs:66:5
[INFO] [stderr]      2:     0x556f3b7ea9a6 - std::sys_common::backtrace::_print_fmt::hd7f8fef21b4eda67
[INFO] [stderr]                                  at /rustc/0e09125c6c3c2fd70d7de961bcf0e51575235fad/library/std/src/sys_common/backtrace.rs:68:5
[INFO] [stderr]      3:     0x556f3b7ea9a6 - <std::sys_common::backtrace::_print::DisplayBacktrace as core::fmt::Display>::fmt::h623d9b51f2f453f1
[INFO] [stderr]                                  at /rustc/0e09125c6c3c2fd70d7de961bcf0e51575235fad/library/std/src/sys_common/backtrace.rs:44:22
[INFO] [stderr]      4:     0x556f3b811af0 - core::fmt::rt::Argument::fmt::h9f417ac76a86f368
[INFO] [stderr]                                  at /rustc/0e09125c6c3c2fd70d7de961bcf0e51575235fad/library/core/src/fmt/rt.rs:142:9
[INFO] [stderr]      5:     0x556f3b811af0 - core::fmt::write::hc9b6faf4ac2aeff7
[INFO] [stderr]                                  at /rustc/0e09125c6c3c2fd70d7de961bcf0e51575235fad/library/core/src/fmt/mod.rs:1120:17
[INFO] [stderr]      6:     0x556f3b7e7b5f - std::io::Write::write_fmt::hfead1eee52c2e65e
[INFO] [stderr]                                  at /rustc/0e09125c6c3c2fd70d7de961bcf0e51575235fad/library/std/src/io/mod.rs:1810:15
[INFO] [stderr]      7:     0x556f3b7ea784 - std::sys_common::backtrace::_print::hd5d66399c7df88a2
[INFO] [stderr]                                  at /rustc/0e09125c6c3c2fd70d7de961bcf0e51575235fad/library/std/src/sys_common/backtrace.rs:47:5
[INFO] [stderr]      8:     0x556f3b7ea784 - std::sys_common::backtrace::print::he81ed2da642d37e5
[INFO] [stderr]                                  at /rustc/0e09125c6c3c2fd70d7de961bcf0e51575235fad/library/std/src/sys_common/backtrace.rs:34:9
[INFO] [stderr]      9:     0x556f3b7ec6b7 - std::panicking::default_hook::{{closure}}::h85773f4fa117163d
[INFO] [stderr]     10:     0x556f3b7ec419 - std::panicking::default_hook::h6a1694a91d09b278
[INFO] [stderr]                                  at /rustc/0e09125c6c3c2fd70d7de961bcf0e51575235fad/library/std/src/panicking.rs:292:9
[INFO] [stderr]     11:     0x556f3b7ecb48 - std::panicking::rust_panic_with_hook::h0a7ad96e90f7145b
[INFO] [stderr]                                  at /rustc/0e09125c6c3c2fd70d7de961bcf0e51575235fad/library/std/src/panicking.rs:779:13
[INFO] [stderr]     12:     0x556f3b7eca22 - std::panicking::begin_panic_handler::{{closure}}::h7919090525c6485e
[INFO] [stderr]                                  at /rustc/0e09125c6c3c2fd70d7de961bcf0e51575235fad/library/std/src/panicking.rs:657:13
[INFO] [stderr]     13:     0x556f3b7eaea6 - std::sys_common::backtrace::__rust_end_short_backtrace::hf3289479464f7dfe
[INFO] [stderr]                                  at /rustc/0e09125c6c3c2fd70d7de961bcf0e51575235fad/library/std/src/sys_common/backtrace.rs:171:18
[INFO] [stderr]     14:     0x556f3b7ec780 - rust_begin_unwind
[INFO] [stderr]                                  at /rustc/0e09125c6c3c2fd70d7de961bcf0e51575235fad/library/std/src/panicking.rs:645:5
[INFO] [stderr]     15:     0x556f3b754845 - core::panicking::panic_fmt::hcc9f77c5c132af55
[INFO] [stderr]                                  at /rustc/0e09125c6c3c2fd70d7de961bcf0e51575235fad/library/core/src/panicking.rs:72:14
[INFO] [stderr]     16:     0x556f3b769981 - cmake::fail::ha192cfd6d22c44b1
[INFO] [stderr]     17:     0x556f3b769117 - cmake::run::hbf0b28388447bfcd
[INFO] [stderr]     18:     0x556f3b765a4d - cmake::Config::build::h0d468e8ff981fea8
[INFO] [stderr]     19:     0x556f3b757339 - build_script_build::main::haacc9ca03fef11cf
[INFO] [stderr]     20:     0x556f3b7556f3 - core::ops::function::FnOnce::call_once::h72e3797f20fe489f
[INFO] [stderr]     21:     0x556f3b7552f6 - std::sys_common::backtrace::__rust_begin_short_backtrace::h470a429636328edd
[INFO] [stderr]     22:     0x556f3b755409 - std::rt::lang_start::{{closure}}::h8a82d6fadb2fa022
[INFO] [stderr]     23:     0x556f3b7e3731 - core::ops::function::impls::<impl core::ops::function::FnOnce<A> for &F>::call_once::h4eb4c5e1620f29b0
[INFO] [stderr]                                  at /rustc/0e09125c6c3c2fd70d7de961bcf0e51575235fad/library/core/src/ops/function.rs:284:13
[INFO] [stderr]     24:     0x556f3b7e3731 - std::panicking::try::do_call::h73fd26535faffcdf
[INFO] [stderr]                                  at /rustc/0e09125c6c3c2fd70d7de961bcf0e51575235fad/library/std/src/panicking.rs:552:40
[INFO] [stderr]     25:     0x556f3b7e3731 - std::panicking::try::h77ff1d98f0fb9f39
[INFO] [stderr]                                  at /rustc/0e09125c6c3c2fd70d7de961bcf0e51575235fad/library/std/src/panicking.rs:516:19
[INFO] [stderr]     26:     0x556f3b7e3731 - std::panic::catch_unwind::hab3caf2448b95e37
[INFO] [stderr]                                  at /rustc/0e09125c6c3c2fd70d7de961bcf0e51575235fad/library/std/src/panic.rs:142:14
[INFO] [stderr]     27:     0x556f3b7e3731 - std::rt::lang_start_internal::{{closure}}::h8086711f9c783f78
[INFO] [stderr]                                  at /rustc/0e09125c6c3c2fd70d7de961bcf0e51575235fad/library/std/src/rt.rs:148:48
[INFO] [stderr]     28:     0x556f3b7e3731 - std::panicking::try::do_call::hf920d4dc291cd6ca
[INFO] [stderr]                                  at /rustc/0e09125c6c3c2fd70d7de961bcf0e51575235fad/library/std/src/panicking.rs:552:40
[INFO] [stderr]     29:     0x556f3b7e3731 - std::panicking::try::h2b806ccc0a85db74
[INFO] [stderr]                                  at /rustc/0e09125c6c3c2fd70d7de961bcf0e51575235fad/library/std/src/panicking.rs:516:19
[INFO] [stderr]     30:     0x556f3b7e3731 - std::panic::catch_unwind::h038489539c507df2
[INFO] [stderr]                                  at /rustc/0e09125c6c3c2fd70d7de961bcf0e51575235fad/library/std/src/panic.rs:142:14
[INFO] [stderr]     31:     0x556f3b7e3731 - std::rt::lang_start_internal::h28503b88912e8a5c
[INFO] [stderr]                                  at /rustc/0e09125c6c3c2fd70d7de961bcf0e51575235fad/library/std/src/rt.rs:148:20
[INFO] [stderr]     32:     0x556f3b7553e7 - std::rt::lang_start::h84b821d1e5a3307c
[INFO] [stderr]     33:     0x556f3b757b85 - main
[INFO] [stderr]     34:     0x7f30e0a6bd90 - <unknown>
[INFO] [stderr]     35:     0x7f30e0a6be40 - __libc_start_main
[INFO] [stderr]     36:     0x556f3b754f75 - _start
[INFO] [stderr]     37:                0x0 - <unknown>
[INFO] running `Command { std: "docker" "inspect" "67343471dd6b64df881f1fcefbc1e6944a5760c07bbcaf030cd31e7c00a8f712", kill_on_drop: false }`
[INFO] running `Command { std: "docker" "rm" "-f" "67343471dd6b64df881f1fcefbc1e6944a5760c07bbcaf030cd31e7c00a8f712", kill_on_drop: false }`
[INFO] [stdout] 67343471dd6b64df881f1fcefbc1e6944a5760c07bbcaf030cd31e7c00a8f712
