[INFO] fetching crate cases2 0.1.0...
[INFO] testing cases2-0.1.0 against 1.75.0 for beta-1.76-1
[INFO] extracting crate cases2 0.1.0 into /workspace/builds/worker-7-tc1/source
[INFO] validating manifest of crates.io crate cases2 0.1.0 on toolchain 1.75.0
[INFO] running `Command { std: CARGO_HOME="/workspace/cargo-home" RUSTUP_HOME="/workspace/rustup-home" "/workspace/cargo-home/bin/cargo" "+1.75.0" "metadata" "--manifest-path" "Cargo.toml" "--no-deps", kill_on_drop: false }`
[INFO] started tweaking crates.io crate cases2 0.1.0
[INFO] finished tweaking crates.io crate cases2 0.1.0
[INFO] tweaked toml for crates.io crate cases2 0.1.0 written to /workspace/builds/worker-7-tc1/source/Cargo.toml
[INFO] crate crates.io crate cases2 0.1.0 already has a lockfile, it will not be regenerated
[INFO] running `Command { std: CARGO_HOME="/workspace/cargo-home" RUSTUP_HOME="/workspace/rustup-home" "/workspace/cargo-home/bin/cargo" "+1.75.0" "fetch" "--manifest-path" "Cargo.toml", kill_on_drop: false }`
[INFO] running `Command { std: "docker" "create" "-v" "/var/lib/crater-agent-workspace/builds/worker-7-tc1/target:/opt/rustwide/target:rw,Z" "-v" "/var/lib/crater-agent-workspace/builds/worker-7-tc1/source:/opt/rustwide/workdir:ro,Z" "-v" "/var/lib/crater-agent-workspace/cargo-home:/opt/rustwide/cargo-home:ro,Z" "-v" "/var/lib/crater-agent-workspace/rustup-home:/opt/rustwide/rustup-home:ro,Z" "-e" "SOURCE_DIR=/opt/rustwide/workdir" "-e" "CARGO_TARGET_DIR=/opt/rustwide/target" "-e" "CARGO_HOME=/opt/rustwide/cargo-home" "-e" "RUSTUP_HOME=/opt/rustwide/rustup-home" "-w" "/opt/rustwide/workdir" "-m" "1610612736" "--user" "0:0" "--network" "none" "ghcr.io/rust-lang/crates-build-env/linux@sha256:2788e3201cd34a07e3172128adcd8b3090168a8e3bcc40d7c032b9dda1df7d1c" "/opt/rustwide/cargo-home/bin/cargo" "+1.75.0" "metadata" "--no-deps" "--format-version=1", kill_on_drop: false }`
[INFO] [stdout] 87fea60f7d60c371c97b9fc49cda5d02452fb125a3a57ae2f10ed64364e884fb
[INFO] running `Command { std: "docker" "start" "-a" "87fea60f7d60c371c97b9fc49cda5d02452fb125a3a57ae2f10ed64364e884fb", kill_on_drop: false }`
[INFO] running `Command { std: "docker" "inspect" "87fea60f7d60c371c97b9fc49cda5d02452fb125a3a57ae2f10ed64364e884fb", kill_on_drop: false }`
[INFO] running `Command { std: "docker" "rm" "-f" "87fea60f7d60c371c97b9fc49cda5d02452fb125a3a57ae2f10ed64364e884fb", kill_on_drop: false }`
[INFO] [stdout] 87fea60f7d60c371c97b9fc49cda5d02452fb125a3a57ae2f10ed64364e884fb
[INFO] running `Command { std: "docker" "create" "-v" "/var/lib/crater-agent-workspace/builds/worker-7-tc1/target:/opt/rustwide/target:rw,Z" "-v" "/var/lib/crater-agent-workspace/builds/worker-7-tc1/source:/opt/rustwide/workdir:ro,Z" "-v" "/var/lib/crater-agent-workspace/cargo-home:/opt/rustwide/cargo-home:ro,Z" "-v" "/var/lib/crater-agent-workspace/rustup-home:/opt/rustwide/rustup-home:ro,Z" "-e" "SOURCE_DIR=/opt/rustwide/workdir" "-e" "CARGO_TARGET_DIR=/opt/rustwide/target" "-e" "CARGO_INCREMENTAL=0" "-e" "RUST_BACKTRACE=full" "-e" "RUSTFLAGS=--cap-lints=warn" "-e" "RUSTDOCFLAGS=--cap-lints=warn" "-e" "CARGO_HOME=/opt/rustwide/cargo-home" "-e" "RUSTUP_HOME=/opt/rustwide/rustup-home" "-w" "/opt/rustwide/workdir" "-m" "1610612736" "--user" "0:0" "--network" "none" "ghcr.io/rust-lang/crates-build-env/linux@sha256:2788e3201cd34a07e3172128adcd8b3090168a8e3bcc40d7c032b9dda1df7d1c" "/opt/rustwide/cargo-home/bin/cargo" "+1.75.0" "build" "--frozen" "--message-format=json", kill_on_drop: false }`
[INFO] [stdout] f5fd583186642b7da07edc606e4f78cf0098ee48dd6824299aa5a7cd0f5d6dd6
[INFO] running `Command { std: "docker" "start" "-a" "f5fd583186642b7da07edc606e4f78cf0098ee48dd6824299aa5a7cd0f5d6dd6", kill_on_drop: false }`
[INFO] [stderr]    Compiling cases2 v0.1.0 (/opt/rustwide/workdir)
[INFO] [stderr]     Finished dev [unoptimized + debuginfo] target(s) in 0.19s
[INFO] running `Command { std: "docker" "inspect" "f5fd583186642b7da07edc606e4f78cf0098ee48dd6824299aa5a7cd0f5d6dd6", kill_on_drop: false }`
[INFO] running `Command { std: "docker" "rm" "-f" "f5fd583186642b7da07edc606e4f78cf0098ee48dd6824299aa5a7cd0f5d6dd6", kill_on_drop: false }`
[INFO] [stdout] f5fd583186642b7da07edc606e4f78cf0098ee48dd6824299aa5a7cd0f5d6dd6
[INFO] running `Command { std: "docker" "create" "-v" "/var/lib/crater-agent-workspace/builds/worker-7-tc1/target:/opt/rustwide/target:rw,Z" "-v" "/var/lib/crater-agent-workspace/builds/worker-7-tc1/source:/opt/rustwide/workdir:ro,Z" "-v" "/var/lib/crater-agent-workspace/cargo-home:/opt/rustwide/cargo-home:ro,Z" "-v" "/var/lib/crater-agent-workspace/rustup-home:/opt/rustwide/rustup-home:ro,Z" "-e" "SOURCE_DIR=/opt/rustwide/workdir" "-e" "CARGO_TARGET_DIR=/opt/rustwide/target" "-e" "CARGO_INCREMENTAL=0" "-e" "RUST_BACKTRACE=full" "-e" "RUSTFLAGS=--cap-lints=warn" "-e" "RUSTDOCFLAGS=--cap-lints=warn" "-e" "CARGO_HOME=/opt/rustwide/cargo-home" "-e" "RUSTUP_HOME=/opt/rustwide/rustup-home" "-w" "/opt/rustwide/workdir" "-m" "1610612736" "--user" "0:0" "--network" "none" "ghcr.io/rust-lang/crates-build-env/linux@sha256:2788e3201cd34a07e3172128adcd8b3090168a8e3bcc40d7c032b9dda1df7d1c" "/opt/rustwide/cargo-home/bin/cargo" "+1.75.0" "test" "--frozen" "--no-run" "--message-format=json", kill_on_drop: false }`
[INFO] [stdout] 37d96521ae4e8aefad12e7ef61412c6166ff14580e87f73dc1de66f8c7622a4f
[INFO] running `Command { std: "docker" "start" "-a" "37d96521ae4e8aefad12e7ef61412c6166ff14580e87f73dc1de66f8c7622a4f", kill_on_drop: false }`
[INFO] [stderr]    Compiling cases2 v0.1.0 (/opt/rustwide/workdir)
[INFO] [stdout] error[E0433]: failed to resolve: use of undeclared crate or module `cases`
[INFO] [stdout]  --> examples/usage.rs:5:32
[INFO] [stdout]   |
[INFO] [stdout] 5 |     println!("Snake Case: {}", cases::to_snake_case(sample));
[INFO] [stdout]   |                                ^^^^^ use of undeclared crate or module `cases`
[INFO] [stdout]   |
[INFO] [stdout] help: there is a crate or module with a similar name
[INFO] [stdout]   |
[INFO] [stdout] 5 |     println!("Snake Case: {}", cases2::to_snake_case(sample));
[INFO] [stdout]   |                                ~~~~~~
[INFO] [stdout] 
[INFO] [stdout] 
[INFO] [stdout] error[E0433]: failed to resolve: use of undeclared crate or module `cases`
[INFO] [stdout]  --> examples/usage.rs:6:32
[INFO] [stdout]   |
[INFO] [stdout] 6 |     println!("Camel Case: {}", cases::to_camel_case(sample));
[INFO] [stdout]   |                                ^^^^^ use of undeclared crate or module `cases`
[INFO] [stdout]   |
[INFO] [stdout] help: there is a crate or module with a similar name
[INFO] [stdout]   |
[INFO] [stdout] 6 |     println!("Camel Case: {}", cases2::to_camel_case(sample));
[INFO] [stdout]   |                                ~~~~~~
[INFO] [stdout] 
[INFO] [stdout] 
[INFO] [stdout] error[E0433]: failed to resolve: use of undeclared crate or module `cases`
[INFO] [stdout]  --> examples/usage.rs:9:9
[INFO] [stdout]   |
[INFO] [stdout] 9 |         cases::to_screaming_snake_case(sample)
[INFO] [stdout]   |         ^^^^^ use of undeclared crate or module `cases`
[INFO] [stdout]   |
[INFO] [stdout] help: there is a crate or module with a similar name
[INFO] [stdout]   |
[INFO] [stdout] 9 |         cases2::to_screaming_snake_case(sample)
[INFO] [stdout]   |         ~~~~~~
[INFO] [stdout] 
[INFO] [stdout] 
[INFO] [stdout] error[E0433]: failed to resolve: use of undeclared crate or module `cases`
[INFO] [stdout]   --> examples/usage.rs:11:33
[INFO] [stdout]    |
[INFO] [stdout] 11 |     println!("Pascal Case: {}", cases::to_pascal_case(sample));
[INFO] [stdout]    |                                 ^^^^^ use of undeclared crate or module `cases`
[INFO] [stdout]    |
[INFO] [stdout] help: there is a crate or module with a similar name
[INFO] [stdout]    |
[INFO] [stdout] 11 |     println!("Pascal Case: {}", cases2::to_pascal_case(sample));
[INFO] [stdout]    |                                 ~~~~~~
[INFO] [stdout] 
[INFO] [stdout] 
[INFO] [stdout] error: aborting due to 4 previous errors
[INFO] [stdout] 
[INFO] [stdout] 
[INFO] [stdout] For more information about this error, try `rustc --explain E0433`.
[INFO] [stdout] 
[INFO] [stderr] error: could not compile `cases2` (example "usage") due to 5 previous errors
[INFO] [stderr] warning: build failed, waiting for other jobs to finish...
[INFO] running `Command { std: "docker" "inspect" "37d96521ae4e8aefad12e7ef61412c6166ff14580e87f73dc1de66f8c7622a4f", kill_on_drop: false }`
[INFO] running `Command { std: "docker" "rm" "-f" "37d96521ae4e8aefad12e7ef61412c6166ff14580e87f73dc1de66f8c7622a4f", kill_on_drop: false }`
[INFO] [stdout] 37d96521ae4e8aefad12e7ef61412c6166ff14580e87f73dc1de66f8c7622a4f
