[INFO] fetching crate cargo-test-fuzz 4.0.4...
[INFO] testing cargo-test-fuzz-4.0.4 against 1.75.0 for beta-1.76-1
[INFO] extracting crate cargo-test-fuzz 4.0.4 into /workspace/builds/worker-7-tc1/source
[INFO] validating manifest of crates.io crate cargo-test-fuzz 4.0.4 on toolchain 1.75.0
[INFO] running `Command { std: CARGO_HOME="/workspace/cargo-home" RUSTUP_HOME="/workspace/rustup-home" "/workspace/cargo-home/bin/cargo" "+1.75.0" "metadata" "--manifest-path" "Cargo.toml" "--no-deps", kill_on_drop: false }`
[INFO] started tweaking crates.io crate cargo-test-fuzz 4.0.4
[INFO] finished tweaking crates.io crate cargo-test-fuzz 4.0.4
[INFO] tweaked toml for crates.io crate cargo-test-fuzz 4.0.4 written to /workspace/builds/worker-7-tc1/source/Cargo.toml
[INFO] crate crates.io crate cargo-test-fuzz 4.0.4 already has a lockfile, it will not be regenerated
[INFO] running `Command { std: CARGO_HOME="/workspace/cargo-home" RUSTUP_HOME="/workspace/rustup-home" "/workspace/cargo-home/bin/cargo" "+1.75.0" "fetch" "--manifest-path" "Cargo.toml", kill_on_drop: false }`
[INFO] [stderr]     Updating crates.io index
[INFO] [stderr]  Downloading crates ...
[INFO] [stderr]   Downloaded remain v0.2.11
[INFO] [stderr]   Downloaded xshell v0.2.5
[INFO] [stderr]   Downloaded test-fuzz-macro v4.0.4
[INFO] [stderr]   Downloaded test-fuzz-runtime v4.0.4
[INFO] [stderr]   Downloaded test-fuzz-internal v4.0.4
[INFO] [stderr]   Downloaded xshell-macros v0.2.5
[INFO] [stderr]   Downloaded rlimit v0.10.1
[INFO] [stderr]   Downloaded predicates v3.0.4
[INFO] [stderr]   Downloaded if_chain v1.0.2
[INFO] [stderr]   Downloaded test-fuzz v4.0.4
[INFO] [stderr]   Downloaded bstr v1.8.0
[INFO] [stderr]   Downloaded option_set v0.2.0
[INFO] running `Command { std: "docker" "create" "-v" "/var/lib/crater-agent-workspace/builds/worker-7-tc1/target:/opt/rustwide/target:rw,Z" "-v" "/var/lib/crater-agent-workspace/builds/worker-7-tc1/source:/opt/rustwide/workdir:ro,Z" "-v" "/var/lib/crater-agent-workspace/cargo-home:/opt/rustwide/cargo-home:ro,Z" "-v" "/var/lib/crater-agent-workspace/rustup-home:/opt/rustwide/rustup-home:ro,Z" "-e" "SOURCE_DIR=/opt/rustwide/workdir" "-e" "CARGO_TARGET_DIR=/opt/rustwide/target" "-e" "CARGO_HOME=/opt/rustwide/cargo-home" "-e" "RUSTUP_HOME=/opt/rustwide/rustup-home" "-w" "/opt/rustwide/workdir" "-m" "1610612736" "--user" "0:0" "--network" "none" "ghcr.io/rust-lang/crates-build-env/linux@sha256:2788e3201cd34a07e3172128adcd8b3090168a8e3bcc40d7c032b9dda1df7d1c" "/opt/rustwide/cargo-home/bin/cargo" "+1.75.0" "metadata" "--no-deps" "--format-version=1", kill_on_drop: false }`
[INFO] [stdout] 71ecd2c4318fca52434f0a21b51f8832abd258aae6a771cc101fad9fe66a993a
[INFO] running `Command { std: "docker" "start" "-a" "71ecd2c4318fca52434f0a21b51f8832abd258aae6a771cc101fad9fe66a993a", kill_on_drop: false }`
[INFO] running `Command { std: "docker" "inspect" "71ecd2c4318fca52434f0a21b51f8832abd258aae6a771cc101fad9fe66a993a", kill_on_drop: false }`
[INFO] running `Command { std: "docker" "rm" "-f" "71ecd2c4318fca52434f0a21b51f8832abd258aae6a771cc101fad9fe66a993a", kill_on_drop: false }`
[INFO] [stdout] 71ecd2c4318fca52434f0a21b51f8832abd258aae6a771cc101fad9fe66a993a
[INFO] running `Command { std: "docker" "create" "-v" "/var/lib/crater-agent-workspace/builds/worker-7-tc1/target:/opt/rustwide/target:rw,Z" "-v" "/var/lib/crater-agent-workspace/builds/worker-7-tc1/source:/opt/rustwide/workdir:ro,Z" "-v" "/var/lib/crater-agent-workspace/cargo-home:/opt/rustwide/cargo-home:ro,Z" "-v" "/var/lib/crater-agent-workspace/rustup-home:/opt/rustwide/rustup-home:ro,Z" "-e" "SOURCE_DIR=/opt/rustwide/workdir" "-e" "CARGO_TARGET_DIR=/opt/rustwide/target" "-e" "CARGO_INCREMENTAL=0" "-e" "RUST_BACKTRACE=full" "-e" "RUSTFLAGS=--cap-lints=warn" "-e" "RUSTDOCFLAGS=--cap-lints=warn" "-e" "CARGO_HOME=/opt/rustwide/cargo-home" "-e" "RUSTUP_HOME=/opt/rustwide/rustup-home" "-w" "/opt/rustwide/workdir" "-m" "1610612736" "--user" "0:0" "--network" "none" "ghcr.io/rust-lang/crates-build-env/linux@sha256:2788e3201cd34a07e3172128adcd8b3090168a8e3bcc40d7c032b9dda1df7d1c" "/opt/rustwide/cargo-home/bin/cargo" "+1.75.0" "build" "--frozen" "--message-format=json", kill_on_drop: false }`
[INFO] [stdout] 5bedb92317dd41b15644f7e8eeaf08fbd645bcdf320cfb6fc4e71828232f7599
[INFO] running `Command { std: "docker" "start" "-a" "5bedb92317dd41b15644f7e8eeaf08fbd645bcdf320cfb6fc4e71828232f7599", kill_on_drop: false }`
[INFO] [stderr]    Compiling proc-macro2 v1.0.69
[INFO] [stderr]    Compiling unicode-ident v1.0.12
[INFO] [stderr]    Compiling memchr v2.6.4
[INFO] [stderr]    Compiling serde v1.0.192
[INFO] [stderr]    Compiling libc v0.2.150
[INFO] [stderr]    Compiling typenum v1.17.0
[INFO] [stderr]    Compiling version_check v0.9.4
[INFO] [stderr]    Compiling strsim v0.10.0
[INFO] [stderr]    Compiling rustix v0.38.24
[INFO] [stderr]    Compiling thiserror v1.0.50
[INFO] [stderr]    Compiling camino v1.1.6
[INFO] [stderr]    Compiling linux-raw-sys v0.4.11
[INFO] [stderr]    Compiling bitflags v2.4.1
[INFO] [stderr]    Compiling serde_json v1.0.108
[INFO] [stderr]    Compiling semver v1.0.20
[INFO] [stderr]    Compiling cfg-if v1.0.0
[INFO] [stderr]    Compiling fnv v1.0.7
[INFO] [stderr]    Compiling regex-syntax v0.8.2
[INFO] [stderr]    Compiling itoa v1.0.9
[INFO] [stderr]    Compiling autocfg v1.1.0
[INFO] [stderr]    Compiling ident_case v1.0.1
[INFO] [stderr]    Compiling generic-array v0.14.7
[INFO] [stderr]    Compiling ryu v1.0.15
[INFO] [stderr]    Compiling test-fuzz-internal v4.0.4
[INFO] [stderr]    Compiling utf8parse v0.2.1
[INFO] [stderr]    Compiling same-file v1.0.6
[INFO] [stderr]    Compiling anstyle-query v1.0.0
[INFO] [stderr]    Compiling anstyle-parse v0.2.2
[INFO] [stderr]    Compiling walkdir v2.4.0
[INFO] [stderr]    Compiling colorchoice v1.0.0
[INFO] [stderr]    Compiling cpufeatures v0.2.11
[INFO] [stderr]    Compiling aho-corasick v1.1.2
[INFO] [stderr]    Compiling home v0.5.5
[INFO] [stderr]    Compiling adler v1.0.2
[INFO] [stderr]    Compiling heck v0.4.1
[INFO] [stderr]    Compiling anstyle v1.0.4
[INFO] [stderr]    Compiling gimli v0.28.0
[INFO] [stderr]    Compiling num-traits v0.2.17
[INFO] [stderr]    Compiling rustversion v1.0.14
[INFO] [stderr]    Compiling either v1.9.0
[INFO] [stderr]    Compiling quote v1.0.33
[INFO] [stderr]    Compiling once_cell v1.18.0
[INFO] [stderr]    Compiling anstream v0.6.4
[INFO] [stderr]    Compiling itertools v0.11.0
[INFO] [stderr]    Compiling miniz_oxide v0.7.1
[INFO] [stderr]    Compiling syn v2.0.39
[INFO] [stderr]    Compiling object v0.32.1
[INFO] [stderr]    Compiling anyhow v1.0.75
[INFO] [stderr]    Compiling cc v1.0.83
[INFO] [stderr]    Compiling subprocess v0.2.9
[INFO] [stderr]    Compiling test-fuzz v4.0.4
[INFO] [stderr]    Compiling terminal_size v0.3.0
[INFO] [stderr]    Compiling hex v0.4.3
[INFO] [stderr]    Compiling if_chain v1.0.2
[INFO] [stderr]    Compiling clap_lex v0.6.0
[INFO] [stderr]    Compiling rustc-demangle v0.1.23
[INFO] [stderr]    Compiling paste v1.0.14
[INFO] [stderr]    Compiling clap_builder v4.4.8
[INFO] [stderr]    Compiling is-terminal v0.4.9
[INFO] [stderr]    Compiling log v0.4.20
[INFO] [stderr]    Compiling regex-automata v0.4.3
[INFO] [stderr]    Compiling humantime v2.1.0
[INFO] [stderr]    Compiling termcolor v1.4.0
[INFO] [stderr]    Compiling crypto-common v0.1.6
[INFO] [stderr]    Compiling block-buffer v0.10.4
[INFO] [stderr]    Compiling digest v0.10.7
[INFO] [stderr]    Compiling sha-1 v0.10.1
[INFO] [stderr]    Compiling backtrace v0.3.69
[INFO] [stderr]    Compiling addr2line v0.21.0
[INFO] [stderr]    Compiling regex v1.10.2
[INFO] [stderr]    Compiling env_logger v0.10.1
[INFO] [stderr]    Compiling darling_core v0.20.3
[INFO] [stderr]    Compiling toolchain_find v0.4.0
[INFO] [stderr]    Compiling serde_derive v1.0.192
[INFO] [stderr]    Compiling thiserror-impl v1.0.50
[INFO] [stderr]    Compiling clap_derive v4.4.7
[INFO] [stderr]    Compiling strum_macros v0.25.3
[INFO] [stderr]    Compiling remain v0.2.11
[INFO] [stderr]    Compiling darling_macro v0.20.3
[INFO] [stderr]    Compiling darling v0.20.3
[INFO] [stderr]    Compiling test-fuzz-macro v4.0.4
[INFO] [stderr]    Compiling clap v4.4.8
[INFO] [stderr]    Compiling cargo-platform v0.1.4
[INFO] [stderr]    Compiling bincode v1.3.3
[INFO] [stderr]    Compiling cargo_metadata v0.18.1
[INFO] [stderr]    Compiling test-fuzz-runtime v4.0.4
[INFO] [stderr]    Compiling cargo-test-fuzz v4.0.4 (/opt/rustwide/workdir)
[INFO] [stderr]     Finished dev [unoptimized + debuginfo] target(s) in 20.08s
[INFO] running `Command { std: "docker" "inspect" "5bedb92317dd41b15644f7e8eeaf08fbd645bcdf320cfb6fc4e71828232f7599", kill_on_drop: false }`
[INFO] running `Command { std: "docker" "rm" "-f" "5bedb92317dd41b15644f7e8eeaf08fbd645bcdf320cfb6fc4e71828232f7599", kill_on_drop: false }`
[INFO] [stdout] 5bedb92317dd41b15644f7e8eeaf08fbd645bcdf320cfb6fc4e71828232f7599
[INFO] running `Command { std: "docker" "create" "-v" "/var/lib/crater-agent-workspace/builds/worker-7-tc1/target:/opt/rustwide/target:rw,Z" "-v" "/var/lib/crater-agent-workspace/builds/worker-7-tc1/source:/opt/rustwide/workdir:ro,Z" "-v" "/var/lib/crater-agent-workspace/cargo-home:/opt/rustwide/cargo-home:ro,Z" "-v" "/var/lib/crater-agent-workspace/rustup-home:/opt/rustwide/rustup-home:ro,Z" "-e" "SOURCE_DIR=/opt/rustwide/workdir" "-e" "CARGO_TARGET_DIR=/opt/rustwide/target" "-e" "CARGO_INCREMENTAL=0" "-e" "RUST_BACKTRACE=full" "-e" "RUSTFLAGS=--cap-lints=warn" "-e" "RUSTDOCFLAGS=--cap-lints=warn" "-e" "CARGO_HOME=/opt/rustwide/cargo-home" "-e" "RUSTUP_HOME=/opt/rustwide/rustup-home" "-w" "/opt/rustwide/workdir" "-m" "1610612736" "--user" "0:0" "--network" "none" "ghcr.io/rust-lang/crates-build-env/linux@sha256:2788e3201cd34a07e3172128adcd8b3090168a8e3bcc40d7c032b9dda1df7d1c" "/opt/rustwide/cargo-home/bin/cargo" "+1.75.0" "test" "--frozen" "--no-run" "--message-format=json", kill_on_drop: false }`
[INFO] [stdout] bd297a4c666918a40b6b766557e875985e0235127b591c6ed6f2bedc50f57a7f
[INFO] running `Command { std: "docker" "start" "-a" "bd297a4c666918a40b6b766557e875985e0235127b591c6ed6f2bedc50f57a7f", kill_on_drop: false }`
[INFO] [stderr]    Compiling regex-syntax v0.8.2
[INFO] [stderr]    Compiling rustix v0.38.24
[INFO] [stderr]    Compiling either v1.9.0
[INFO] [stderr]    Compiling doc-comment v0.3.3
[INFO] [stderr]    Compiling predicates-core v1.0.6
[INFO] [stderr]    Compiling float-cmp v0.9.0
[INFO] [stderr]    Compiling difflib v0.4.0
[INFO] [stderr]    Compiling termtree v0.4.1
[INFO] [stderr]    Compiling rlimit v0.10.1
[INFO] [stderr]    Compiling normalize-line-endings v0.3.0
[INFO] [stderr]    Compiling wait-timeout v0.2.0
[INFO] [stderr]    Compiling fastrand v2.0.1
[INFO] [stderr]    Compiling xshell-macros v0.2.5
[INFO] [stderr]    Compiling rustc_version v0.4.0
[INFO] [stderr]    Compiling option_set v0.2.0
[INFO] [stderr]    Compiling itertools v0.11.0
[INFO] [stderr]    Compiling predicates-tree v1.0.9
[INFO] [stderr]    Compiling xshell v0.2.5
[INFO] [stderr]    Compiling regex-automata v0.4.3
[INFO] [stderr]    Compiling terminal_size v0.3.0
[INFO] [stderr]    Compiling is-terminal v0.4.9
[INFO] [stderr]    Compiling tempfile v3.8.1
[INFO] [stderr]    Compiling clap_builder v4.4.8
[INFO] [stderr]    Compiling regex v1.10.2
[INFO] [stderr]    Compiling toolchain_find v0.4.0
[INFO] [stderr]    Compiling bstr v1.8.0
[INFO] [stderr]    Compiling test-fuzz-macro v4.0.4
[INFO] [stderr]    Compiling env_logger v0.10.1
[INFO] [stderr]    Compiling predicates v3.0.4
[INFO] [stderr]    Compiling clap v4.4.8
[INFO] [stderr]    Compiling assert_cmd v2.0.12
[INFO] [stderr]    Compiling test-fuzz v4.0.4
[INFO] [stderr]    Compiling cargo-test-fuzz v4.0.4 (/opt/rustwide/workdir)
[INFO] [stdout] error[E0432]: unresolved import `testing`
[INFO] [stdout]  --> tests/auto_concretize.rs:7:5
[INFO] [stdout]   |
[INFO] [stdout] 7 | use testing::{examples, CommandExt};
[INFO] [stdout]   |     ^^^^^^^ use of undeclared crate or module `testing`
[INFO] [stdout] 
[INFO] [stdout] 
[INFO] [stdout] error[E0432]: unresolved import `testing`
[INFO] [stdout]  --> tests/auto_generate.rs:5:5
[INFO] [stdout]   |
[INFO] [stdout] 5 | use testing::{examples, retry, CommandExt};
[INFO] [stdout]   |     ^^^^^^^ use of undeclared crate or module `testing`
[INFO] [stdout] 
[INFO] [stdout] 
[INFO] [stdout] error[E0432]: unresolved import `testing`
[INFO] [stdout]  --> tests/build.rs:1:5
[INFO] [stdout]   |
[INFO] [stdout] 1 | use testing::{examples, CommandExt};
[INFO] [stdout]   |     ^^^^^^^ use of undeclared crate or module `testing`
[INFO] [stdout] 
[INFO] [stdout] 
[INFO] [stdout] error[E0432]: unresolved import `testing`
[INFO] [stdout]  --> tests/display.rs:2:5
[INFO] [stdout]   |
[INFO] [stdout] 2 | use testing::{examples, CommandExt};
[INFO] [stdout]   |     ^^^^^^^ use of undeclared crate or module `testing`
[INFO] [stdout] 
[INFO] [stdout] 
[INFO] [stdout] error[E0432]: unresolved import `testing`
[INFO] [stdout]  --> tests/replay.rs:8:5
[INFO] [stdout]   |
[INFO] [stdout] 8 | use testing::{examples, retry, CommandExt};
[INFO] [stdout]   |     ^^^^^^^ use of undeclared crate or module `testing`
[INFO] [stdout] 
[INFO] [stdout] 
[INFO] [stdout] error: aborting due to previous error
[INFO] [stdout] 
[INFO] [stdout] 
[INFO] [stdout] error: aborting due to previous error
[INFO] [stdout] 
[INFO] [stdout] 
[INFO] [stdout] For more information about this error, try `rustc --explain E0432`.
[INFO] [stdout] 
[INFO] [stdout] error: aborting due to previous error
[INFO] [stdout] 
[INFO] [stdout] 
[INFO] [stdout] For more information about this error, try `rustc --explain E0432`.
[INFO] [stdout] 
[INFO] [stderr] error: could not compile `cargo-test-fuzz` (test "build") due to 2 previous errors
[INFO] [stderr] warning: build failed, waiting for other jobs to finish...
[INFO] [stdout] For more information about this error, try `rustc --explain E0432`.
[INFO] [stdout] 
[INFO] [stderr] error: could not compile `cargo-test-fuzz` (test "display") due to 2 previous errors
[INFO] [stdout] error: aborting due to previous error
[INFO] [stdout] 
[INFO] [stdout] 
[INFO] [stdout] For more information about this error, try `rustc --explain E0432`.
[INFO] [stdout] 
[INFO] [stdout] error: aborting due to previous error
[INFO] [stdout] 
[INFO] [stdout] 
[INFO] [stdout] For more information about this error, try `rustc --explain E0432`.
[INFO] [stdout] 
[INFO] [stdout] error[E0432]: unresolved import `testing`
[INFO] [stdout]  --> tests/fuzz.rs:4:5
[INFO] [stdout]   |
[INFO] [stdout] 4 | use testing::{examples, retry, CommandExt};
[INFO] [stdout]   |     ^^^^^^^ use of undeclared crate or module `testing`
[INFO] [stdout] 
[INFO] [stdout] 
[INFO] [stderr] error: could not compile `cargo-test-fuzz` (test "replay") due to 2 previous errors
[INFO] [stderr] error: could not compile `cargo-test-fuzz` (test "auto_generate") due to 2 previous errors
[INFO] [stdout] error[E0432]: unresolved import `testing`
[INFO] [stdout]   --> tests/third_party.rs:15:5
[INFO] [stdout]    |
[INFO] [stdout] 15 | use testing::CommandExt;
[INFO] [stdout]    |     ^^^^^^^ use of undeclared crate or module `testing`
[INFO] [stdout] 
[INFO] [stdout] 
[INFO] [stderr] error: could not compile `cargo-test-fuzz` (test "auto_concretize") due to 2 previous errors
[INFO] [stdout] error[E0432]: unresolved import `testing`
[INFO] [stdout]  --> tests/fuzz_generic.rs:4:5
[INFO] [stdout]   |
[INFO] [stdout] 4 | use testing::{examples, retry, CommandExt};
[INFO] [stdout]   |     ^^^^^^^ use of undeclared crate or module `testing`
[INFO] [stdout] 
[INFO] [stdout] 
[INFO] [stdout] error[E0432]: unresolved import `testing`
[INFO] [stdout]  --> tests/consolidate.rs:5:5
[INFO] [stdout]   |
[INFO] [stdout] 5 | use testing::{examples, retry, CommandExt};
[INFO] [stdout]   |     ^^^^^^^ use of undeclared crate or module `testing`
[INFO] [stdout] 
[INFO] [stdout] 
[INFO] [stdout] error: aborting due to previous error
[INFO] [stdout] 
[INFO] [stdout] 
[INFO] [stdout] error[E0432]: unresolved import `testing`
[INFO] [stdout]  --> tests/concretizations.rs:5:5
[INFO] [stdout]   |
[INFO] [stdout] 5 | use testing::{examples, CommandExt};
[INFO] [stdout]   |     ^^^^^^^ use of undeclared crate or module `testing`
[INFO] [stdout] 
[INFO] [stdout] 
[INFO] [stdout] For more information about this error, try `rustc --explain E0432`.
[INFO] [stdout] 
[INFO] [stdout] error: aborting due to previous error
[INFO] [stdout] 
[INFO] [stdout] 
[INFO] [stdout] For more information about this error, try `rustc --explain E0432`.
[INFO] [stdout] 
[INFO] [stderr] error: could not compile `cargo-test-fuzz` (test "consolidate") due to 2 previous errors
[INFO] [stdout] error: aborting due to previous error
[INFO] [stdout] 
[INFO] [stdout] 
[INFO] [stdout] For more information about this error, try `rustc --explain E0432`.
[INFO] [stdout] 
[INFO] [stderr] error: could not compile `cargo-test-fuzz` (test "fuzz") due to 2 previous errors
[INFO] [stderr] error: could not compile `cargo-test-fuzz` (test "fuzz_generic") due to 2 previous errors
[INFO] [stdout] error: aborting due to previous error
[INFO] [stdout] 
[INFO] [stdout] 
[INFO] [stdout] For more information about this error, try `rustc --explain E0432`.
[INFO] [stdout] 
[INFO] [stderr] error: could not compile `cargo-test-fuzz` (test "concretizations") due to 2 previous errors
[INFO] [stdout] error[E0599]: no method named `logged_assert` found for mutable reference `&mut assert_cmd::Command` in the current scope
[INFO] [stdout]    --> tests/third_party.rs:105:10
[INFO] [stdout]     |
[INFO] [stdout] 102 | /     Command::new("git")
[INFO] [stdout] 103 | |         .current_dir(&tempdir)
[INFO] [stdout] 104 | |         .args(["clone", &test.url, "."])
[INFO] [stdout] 105 | |         .logged_assert()
[INFO] [stdout]     | |         -^^^^^^^^^^^^^ method not found in `&mut Command`
[INFO] [stdout]     | |_________|
[INFO] [stdout]     | 
[INFO] [stdout] 
[INFO] [stdout] 
[INFO] [stdout] error[E0599]: no method named `logged_assert` found for mutable reference `&mut assert_cmd::Command` in the current scope
[INFO] [stdout]    --> tests/third_party.rs:111:10
[INFO] [stdout]     |
[INFO] [stdout] 108 | /     Command::new("git")
[INFO] [stdout] 109 | |         .current_dir(&tempdir)
[INFO] [stdout] 110 | |         .args(["checkout", &test.rev])
[INFO] [stdout] 111 | |         .logged_assert()
[INFO] [stdout]     | |         -^^^^^^^^^^^^^ method not found in `&mut Command`
[INFO] [stdout]     | |_________|
[INFO] [stdout]     | 
[INFO] [stdout] 
[INFO] [stdout] 
[INFO] [stdout] error[E0599]: no method named `logged_assert` found for mutable reference `&mut assert_cmd::Command` in the current scope
[INFO] [stdout]    --> tests/third_party.rs:124:10
[INFO] [stdout]     |
[INFO] [stdout] 121 | /     Command::new("git")
[INFO] [stdout] 122 | |         .current_dir(&tempdir)
[INFO] [stdout] 123 | |         .args(["apply", &patch.to_string_lossy()])
[INFO] [stdout] 124 | |         .logged_assert()
[INFO] [stdout]     | |         -^^^^^^^^^^^^^ method not found in `&mut Command`
[INFO] [stdout]     | |_________|
[INFO] [stdout]     | 
[INFO] [stdout] 
[INFO] [stdout] 
[INFO] [stdout] error[E0599]: no method named `logged_assert` found for mutable reference `&mut assert_cmd::Command` in the current scope
[INFO] [stdout]    --> tests/third_party.rs:154:14
[INFO] [stdout]     |
[INFO] [stdout] 151 |           let () = Command::new("cargo")
[INFO] [stdout]     |  __________________-
[INFO] [stdout] 152 | |             .current_dir(&subdir)
[INFO] [stdout] 153 | |             .args(["update", "-p", package])
[INFO] [stdout] 154 | |             .logged_assert()
[INFO] [stdout]     | |             -^^^^^^^^^^^^^ method not found in `&mut Command`
[INFO] [stdout]     | |_____________|
[INFO] [stdout]     | 
[INFO] [stdout] 
[INFO] [stdout] 
[INFO] [stdout] error[E0599]: no method named `logged_assert` found for mutable reference `&mut assert_cmd::Command` in the current scope
[INFO] [stdout]    --> tests/third_party.rs:197:14
[INFO] [stdout]     |
[INFO] [stdout] 187 | /         Command::cargo_bin("cargo-test-fuzz")
[INFO] [stdout] 188 | |             .unwrap()
[INFO] [stdout] 189 | |             .current_dir(&subdir)
[INFO] [stdout] 190 | |             .args([
[INFO] [stdout] ...   |
[INFO] [stdout] 196 | |             ])
[INFO] [stdout] 197 | |             .logged_assert()
[INFO] [stdout]     | |             -^^^^^^^^^^^^^ method not found in `&mut Command`
[INFO] [stdout]     | |_____________|
[INFO] [stdout]     | 
[INFO] [stdout] 
[INFO] [stdout] 
[INFO] [stdout] error[E0599]: no method named `logged_assert` found for mutable reference `&mut assert_cmd::Command` in the current scope
[INFO] [stdout]    --> tests/third_party.rs:211:14
[INFO] [stdout]     |
[INFO] [stdout] 201 | /         Command::cargo_bin("cargo-test-fuzz")
[INFO] [stdout] 202 | |             .unwrap()
[INFO] [stdout] 203 | |             .current_dir(&subdir)
[INFO] [stdout] 204 | |             .args([
[INFO] [stdout] ...   |
[INFO] [stdout] 210 | |             ])
[INFO] [stdout] 211 | |             .logged_assert()
[INFO] [stdout]     | |             -^^^^^^^^^^^^^ method not found in `&mut Command`
[INFO] [stdout]     | |_____________|
[INFO] [stdout]     | 
[INFO] [stdout] 
[INFO] [stdout] 
[INFO] [stdout] error[E0599]: no method named `logged_assert` found for mutable reference `&mut assert_cmd::Command` in the current scope
[INFO] [stdout]    --> tests/third_party.rs:249:14
[INFO] [stdout]     |
[INFO] [stdout] 246 | /         Command::new("git")
[INFO] [stdout] 247 | |             .current_dir(&tempdir)
[INFO] [stdout] 248 | |             .args(["clone", "--depth=1", &test.url, "."])
[INFO] [stdout] 249 | |             .logged_assert()
[INFO] [stdout]     | |             -^^^^^^^^^^^^^ method not found in `&mut Command`
[INFO] [stdout]     | |_____________|
[INFO] [stdout]     | 
[INFO] [stdout] 
[INFO] [stdout] 
[INFO] [stdout] error[E0599]: no method named `logged_assert` found for mutable reference `&mut assert_cmd::Command` in the current scope
[INFO] [stdout]    --> tests/third_party.rs:261:14
[INFO] [stdout]     |
[INFO] [stdout] 257 | /         Command::new("git")
[INFO] [stdout] 258 | |             .current_dir(&tempdir)
[INFO] [stdout] 259 | |             .args(["apply"])
[INFO] [stdout] 260 | |             .write_stdin(patch.as_bytes())
[INFO] [stdout] 261 | |             .logged_assert()
[INFO] [stdout]     | |             -^^^^^^^^^^^^^ method not found in `&mut Command`
[INFO] [stdout]     | |_____________|
[INFO] [stdout]     | 
[INFO] [stdout] 
[INFO] [stdout] 
[INFO] [stdout] error[E0599]: no method named `logged_assert` found for mutable reference `&mut assert_cmd::Command` in the current scope
[INFO] [stdout]    --> tests/third_party.rs:270:14
[INFO] [stdout]     |
[INFO] [stdout] 267 |           let assert = Command::new("git")
[INFO] [stdout]     |  ______________________-
[INFO] [stdout] 268 | |             .current_dir(&tempdir)
[INFO] [stdout] 269 | |             .args(["diff", &format!("--unified={LINES_OF_CONTEXT}")])
[INFO] [stdout] 270 | |             .logged_assert()
[INFO] [stdout]     | |             -^^^^^^^^^^^^^ method not found in `&mut Command`
[INFO] [stdout]     | |_____________|
[INFO] [stdout]     | 
[INFO] [stdout] 
[INFO] [stdout] 
[INFO] [stdout] error: aborting due to 10 previous errors
[INFO] [stdout] 
[INFO] [stdout] 
[INFO] [stdout] Some errors have detailed explanations: E0432, E0599.
[INFO] [stdout] 
[INFO] [stdout] For more information about an error, try `rustc --explain E0432`.
[INFO] [stdout] 
[INFO] [stderr] error: could not compile `cargo-test-fuzz` (test "third_party") due to 11 previous errors
[INFO] running `Command { std: "docker" "inspect" "bd297a4c666918a40b6b766557e875985e0235127b591c6ed6f2bedc50f57a7f", kill_on_drop: false }`
[INFO] running `Command { std: "docker" "rm" "-f" "bd297a4c666918a40b6b766557e875985e0235127b591c6ed6f2bedc50f57a7f", kill_on_drop: false }`
[INFO] [stdout] bd297a4c666918a40b6b766557e875985e0235127b591c6ed6f2bedc50f57a7f
[INFO] testing cargo-test-fuzz-4.0.4 against beta-2023-12-22 for beta-1.76-1
[INFO] extracting crate cargo-test-fuzz 4.0.4 into /workspace/builds/worker-7-tc2/source
[INFO] validating manifest of crates.io crate cargo-test-fuzz 4.0.4 on toolchain beta-2023-12-22
[INFO] running `Command { std: CARGO_HOME="/workspace/cargo-home" RUSTUP_HOME="/workspace/rustup-home" "/workspace/cargo-home/bin/cargo" "+beta-2023-12-22" "metadata" "--manifest-path" "Cargo.toml" "--no-deps", kill_on_drop: false }`
[INFO] started tweaking crates.io crate cargo-test-fuzz 4.0.4
[INFO] finished tweaking crates.io crate cargo-test-fuzz 4.0.4
[INFO] tweaked toml for crates.io crate cargo-test-fuzz 4.0.4 written to /workspace/builds/worker-7-tc2/source/Cargo.toml
[INFO] crate crates.io crate cargo-test-fuzz 4.0.4 already has a lockfile, it will not be regenerated
[INFO] running `Command { std: CARGO_HOME="/workspace/cargo-home" RUSTUP_HOME="/workspace/rustup-home" "/workspace/cargo-home/bin/cargo" "+beta-2023-12-22" "fetch" "--manifest-path" "Cargo.toml", kill_on_drop: false }`
[INFO] running `Command { std: "docker" "create" "-v" "/var/lib/crater-agent-workspace/builds/worker-7-tc2/target:/opt/rustwide/target:rw,Z" "-v" "/var/lib/crater-agent-workspace/builds/worker-7-tc2/source:/opt/rustwide/workdir:ro,Z" "-v" "/var/lib/crater-agent-workspace/cargo-home:/opt/rustwide/cargo-home:ro,Z" "-v" "/var/lib/crater-agent-workspace/rustup-home:/opt/rustwide/rustup-home:ro,Z" "-e" "SOURCE_DIR=/opt/rustwide/workdir" "-e" "CARGO_TARGET_DIR=/opt/rustwide/target" "-e" "CARGO_HOME=/opt/rustwide/cargo-home" "-e" "RUSTUP_HOME=/opt/rustwide/rustup-home" "-w" "/opt/rustwide/workdir" "-m" "1610612736" "--user" "0:0" "--network" "none" "ghcr.io/rust-lang/crates-build-env/linux@sha256:2788e3201cd34a07e3172128adcd8b3090168a8e3bcc40d7c032b9dda1df7d1c" "/opt/rustwide/cargo-home/bin/cargo" "+beta-2023-12-22" "metadata" "--no-deps" "--format-version=1", kill_on_drop: false }`
[INFO] [stdout] 42c4c37426aaa493b39ab09c1623a2d4f0c37b4f1701d142d37207faca5a53fe
[INFO] running `Command { std: "docker" "start" "-a" "42c4c37426aaa493b39ab09c1623a2d4f0c37b4f1701d142d37207faca5a53fe", kill_on_drop: false }`
[INFO] running `Command { std: "docker" "inspect" "42c4c37426aaa493b39ab09c1623a2d4f0c37b4f1701d142d37207faca5a53fe", kill_on_drop: false }`
[INFO] running `Command { std: "docker" "rm" "-f" "42c4c37426aaa493b39ab09c1623a2d4f0c37b4f1701d142d37207faca5a53fe", kill_on_drop: false }`
[INFO] [stdout] 42c4c37426aaa493b39ab09c1623a2d4f0c37b4f1701d142d37207faca5a53fe
[INFO] running `Command { std: "docker" "create" "-v" "/var/lib/crater-agent-workspace/builds/worker-7-tc2/target:/opt/rustwide/target:rw,Z" "-v" "/var/lib/crater-agent-workspace/builds/worker-7-tc2/source:/opt/rustwide/workdir:ro,Z" "-v" "/var/lib/crater-agent-workspace/cargo-home:/opt/rustwide/cargo-home:ro,Z" "-v" "/var/lib/crater-agent-workspace/rustup-home:/opt/rustwide/rustup-home:ro,Z" "-e" "SOURCE_DIR=/opt/rustwide/workdir" "-e" "CARGO_TARGET_DIR=/opt/rustwide/target" "-e" "CARGO_INCREMENTAL=0" "-e" "RUST_BACKTRACE=full" "-e" "RUSTFLAGS=--cap-lints=warn" "-e" "RUSTDOCFLAGS=--cap-lints=warn" "-e" "CARGO_HOME=/opt/rustwide/cargo-home" "-e" "RUSTUP_HOME=/opt/rustwide/rustup-home" "-w" "/opt/rustwide/workdir" "-m" "1610612736" "--user" "0:0" "--network" "none" "ghcr.io/rust-lang/crates-build-env/linux@sha256:2788e3201cd34a07e3172128adcd8b3090168a8e3bcc40d7c032b9dda1df7d1c" "/opt/rustwide/cargo-home/bin/cargo" "+beta-2023-12-22" "build" "--frozen" "--message-format=json", kill_on_drop: false }`
[INFO] [stdout] f7d61649631cd1562ec7bb5ab8dadf78f4fda303e8fcce3cc71892b665329a9d
[INFO] running `Command { std: "docker" "start" "-a" "f7d61649631cd1562ec7bb5ab8dadf78f4fda303e8fcce3cc71892b665329a9d", kill_on_drop: false }`
[INFO] [stderr]    Compiling proc-macro2 v1.0.69
[INFO] [stderr]    Compiling unicode-ident v1.0.12
[INFO] [stderr]    Compiling memchr v2.6.4
[INFO] [stderr]    Compiling serde v1.0.192
[INFO] [stderr]    Compiling libc v0.2.150
[INFO] [stderr]    Compiling typenum v1.17.0
[INFO] [stderr]    Compiling version_check v0.9.4
[INFO] [stderr]    Compiling strsim v0.10.0
[INFO] [stderr]    Compiling rustix v0.38.24
[INFO] [stderr]    Compiling bitflags v2.4.1
[INFO] [stderr]    Compiling linux-raw-sys v0.4.11
[INFO] [stderr]    Compiling semver v1.0.20
[INFO] [stderr]    Compiling serde_json v1.0.108
[INFO] [stderr]    Compiling camino v1.1.6
[INFO] [stderr]    Compiling thiserror v1.0.50
[INFO] [stderr]    Compiling autocfg v1.1.0
[INFO] [stderr]    Compiling regex-syntax v0.8.2
[INFO] [stderr]    Compiling cfg-if v1.0.0
[INFO] [stderr]    Compiling fnv v1.0.7
[INFO] [stderr]    Compiling ident_case v1.0.1
[INFO] [stderr]    Compiling ryu v1.0.15
[INFO] [stderr]    Compiling itoa v1.0.9
[INFO] [stderr]    Compiling test-fuzz-internal v4.0.4
[INFO] [stderr]    Compiling utf8parse v0.2.1
[INFO] [stderr]    Compiling aho-corasick v1.1.2
[INFO] [stderr]    Compiling same-file v1.0.6
[INFO] [stderr]    Compiling anstyle-parse v0.2.2
[INFO] [stderr]    Compiling generic-array v0.14.7
[INFO] [stderr]    Compiling num-traits v0.2.17
[INFO] [stderr]    Compiling walkdir v2.4.0
[INFO] [stderr]    Compiling cpufeatures v0.2.11
[INFO] [stderr]    Compiling home v0.5.5
[INFO] [stderr]    Compiling anstyle-query v1.0.0
[INFO] [stderr]    Compiling rustversion v1.0.14
[INFO] [stderr]    Compiling gimli v0.28.0
[INFO] [stderr]    Compiling either v1.9.0
[INFO] [stderr]    Compiling once_cell v1.18.0
[INFO] [stderr]    Compiling colorchoice v1.0.0
[INFO] [stderr]    Compiling heck v0.4.1
[INFO] [stderr]    Compiling anstyle v1.0.4
[INFO] [stderr]    Compiling adler v1.0.2
[INFO] [stderr]    Compiling quote v1.0.33
[INFO] [stderr]    Compiling miniz_oxide v0.7.1
[INFO] [stderr]    Compiling itertools v0.11.0
[INFO] [stderr]    Compiling object v0.32.1
[INFO] [stderr]    Compiling syn v2.0.39
[INFO] [stderr]    Compiling test-fuzz v4.0.4
[INFO] [stderr]    Compiling anstream v0.6.4
[INFO] [stderr]    Compiling hex v0.4.3
[INFO] [stderr]    Compiling clap_lex v0.6.0
[INFO] [stderr]    Compiling anyhow v1.0.75
[INFO] [stderr]    Compiling cc v1.0.83
[INFO] [stderr]    Compiling subprocess v0.2.9
[INFO] [stderr]    Compiling rustc-demangle v0.1.23
[INFO] [stderr]    Compiling if_chain v1.0.2
[INFO] [stderr]    Compiling paste v1.0.14
[INFO] [stderr]    Compiling log v0.4.20
[INFO] [stderr]    Compiling terminal_size v0.3.0
[INFO] [stderr]    Compiling crypto-common v0.1.6
[INFO] [stderr]    Compiling block-buffer v0.10.4
[INFO] [stderr]    Compiling digest v0.10.7
[INFO] [stderr]    Compiling regex-automata v0.4.3
[INFO] [stderr]    Compiling clap_builder v4.4.8
[INFO] [stderr]    Compiling is-terminal v0.4.9
[INFO] [stderr]    Compiling humantime v2.1.0
[INFO] [stderr]    Compiling sha-1 v0.10.1
[INFO] [stderr]    Compiling termcolor v1.4.0
[INFO] [stderr]    Compiling backtrace v0.3.69
[INFO] [stderr]    Compiling addr2line v0.21.0
[INFO] [stderr]    Compiling regex v1.10.2
[INFO] [stderr]    Compiling env_logger v0.10.1
[INFO] [stderr]    Compiling darling_core v0.20.3
[INFO] [stderr]    Compiling toolchain_find v0.4.0
[INFO] [stderr]    Compiling serde_derive v1.0.192
[INFO] [stderr]    Compiling thiserror-impl v1.0.50
[INFO] [stderr]    Compiling clap_derive v4.4.7
[INFO] [stderr]    Compiling strum_macros v0.25.3
[INFO] [stderr]    Compiling remain v0.2.11
[INFO] [stderr]    Compiling darling_macro v0.20.3
[INFO] [stderr]    Compiling darling v0.20.3
[INFO] [stderr]    Compiling test-fuzz-macro v4.0.4
[INFO] [stderr]    Compiling clap v4.4.8
[INFO] [stderr]    Compiling cargo-platform v0.1.4
[INFO] [stderr]    Compiling bincode v1.3.3
[INFO] [stderr]    Compiling cargo_metadata v0.18.1
[INFO] [stderr]    Compiling test-fuzz-runtime v4.0.4
[INFO] [stderr]    Compiling cargo-test-fuzz v4.0.4 (/opt/rustwide/workdir)
[INFO] [stderr]     Finished dev [unoptimized + debuginfo] target(s) in 26.21s
[INFO] running `Command { std: "docker" "inspect" "f7d61649631cd1562ec7bb5ab8dadf78f4fda303e8fcce3cc71892b665329a9d", kill_on_drop: false }`
[INFO] running `Command { std: "docker" "rm" "-f" "f7d61649631cd1562ec7bb5ab8dadf78f4fda303e8fcce3cc71892b665329a9d", kill_on_drop: false }`
[INFO] [stdout] f7d61649631cd1562ec7bb5ab8dadf78f4fda303e8fcce3cc71892b665329a9d
[INFO] running `Command { std: "docker" "create" "-v" "/var/lib/crater-agent-workspace/builds/worker-7-tc2/target:/opt/rustwide/target:rw,Z" "-v" "/var/lib/crater-agent-workspace/builds/worker-7-tc2/source:/opt/rustwide/workdir:ro,Z" "-v" "/var/lib/crater-agent-workspace/cargo-home:/opt/rustwide/cargo-home:ro,Z" "-v" "/var/lib/crater-agent-workspace/rustup-home:/opt/rustwide/rustup-home:ro,Z" "-e" "SOURCE_DIR=/opt/rustwide/workdir" "-e" "CARGO_TARGET_DIR=/opt/rustwide/target" "-e" "CARGO_INCREMENTAL=0" "-e" "RUST_BACKTRACE=full" "-e" "RUSTFLAGS=--cap-lints=warn" "-e" "RUSTDOCFLAGS=--cap-lints=warn" "-e" "CARGO_HOME=/opt/rustwide/cargo-home" "-e" "RUSTUP_HOME=/opt/rustwide/rustup-home" "-w" "/opt/rustwide/workdir" "-m" "1610612736" "--user" "0:0" "--network" "none" "ghcr.io/rust-lang/crates-build-env/linux@sha256:2788e3201cd34a07e3172128adcd8b3090168a8e3bcc40d7c032b9dda1df7d1c" "/opt/rustwide/cargo-home/bin/cargo" "+beta-2023-12-22" "test" "--frozen" "--no-run" "--message-format=json", kill_on_drop: false }`
[INFO] [stdout] ab38a5d9cb9be4a56ef05c3b182e168d75ae94bab4bbfdb658e4bc3f450d3823
[INFO] running `Command { std: "docker" "start" "-a" "ab38a5d9cb9be4a56ef05c3b182e168d75ae94bab4bbfdb658e4bc3f450d3823", kill_on_drop: false }`
[INFO] [stderr]    Compiling regex-syntax v0.8.2
[INFO] [stderr]    Compiling rustix v0.38.24
[INFO] [stderr]    Compiling either v1.9.0
[INFO] [stderr]    Compiling doc-comment v0.3.3
[INFO] [stderr]    Compiling predicates-core v1.0.6
[INFO] [stderr]    Compiling float-cmp v0.9.0
[INFO] [stderr]    Compiling normalize-line-endings v0.3.0
[INFO] [stderr]    Compiling rlimit v0.10.1
[INFO] [stderr]    Compiling termtree v0.4.1
[INFO] [stderr]    Compiling difflib v0.4.0
[INFO] [stderr]    Compiling wait-timeout v0.2.0
[INFO] [stderr]    Compiling xshell-macros v0.2.5
[INFO] [stderr]    Compiling fastrand v2.0.1
[INFO] [stderr]    Compiling option_set v0.2.0
[INFO] [stderr]    Compiling rustc_version v0.4.0
[INFO] [stderr]    Compiling predicates-tree v1.0.9
[INFO] [stderr]    Compiling itertools v0.11.0
[INFO] [stderr]    Compiling xshell v0.2.5
[INFO] [stderr]    Compiling regex-automata v0.4.3
[INFO] [stderr]    Compiling terminal_size v0.3.0
[INFO] [stderr]    Compiling is-terminal v0.4.9
[INFO] [stderr]    Compiling tempfile v3.8.1
[INFO] [stderr]    Compiling clap_builder v4.4.8
[INFO] [stderr]    Compiling regex v1.10.2
[INFO] [stderr]    Compiling toolchain_find v0.4.0
[INFO] [stderr]    Compiling bstr v1.8.0
[INFO] [stderr]    Compiling test-fuzz-macro v4.0.4
[INFO] [stderr]    Compiling clap v4.4.8
[INFO] [stderr]    Compiling env_logger v0.10.1
[INFO] [stderr]    Compiling predicates v3.0.4
[INFO] [stderr]    Compiling assert_cmd v2.0.12
[INFO] [stderr]    Compiling test-fuzz v4.0.4
[INFO] [stderr]    Compiling cargo-test-fuzz v4.0.4 (/opt/rustwide/workdir)
[INFO] [stdout] error[E0432]: unresolved import `testing`
[INFO] [stdout]  --> tests/display.rs:2:5
[INFO] [stdout]   |
[INFO] [stdout] 2 | use testing::{examples, CommandExt};
[INFO] [stdout]   |     ^^^^^^^ use of undeclared crate or module `testing`
[INFO] [stdout] 
[INFO] [stdout] 
[INFO] [stdout] error[E0432]: unresolved import `testing`
[INFO] [stdout]  --> tests/replay.rs:8:5
[INFO] [stdout]   |
[INFO] [stdout] 8 | use testing::{examples, retry, CommandExt};
[INFO] [stdout]   |     ^^^^^^^ use of undeclared crate or module `testing`
[INFO] [stdout] 
[INFO] [stdout] 
[INFO] [stdout] error[E0432]: unresolved import `testing`
[INFO] [stdout]  --> tests/build.rs:1:5
[INFO] [stdout]   |
[INFO] [stdout] 1 | use testing::{examples, CommandExt};
[INFO] [stdout]   |     ^^^^^^^ use of undeclared crate or module `testing`
[INFO] [stdout] 
[INFO] [stdout] 
[INFO] [stdout] error[E0432]: unresolved import `testing`
[INFO] [stdout]  --> tests/fuzz.rs:4:5
[INFO] [stdout]   |
[INFO] [stdout] 4 | use testing::{examples, retry, CommandExt};
[INFO] [stdout]   |     ^^^^^^^ use of undeclared crate or module `testing`
[INFO] [stdout] 
[INFO] [stdout] 
[INFO] [stdout] error[E0432]: unresolved import `testing`
[INFO] [stdout]  --> tests/fuzz_generic.rs:4:5
[INFO] [stdout]   |
[INFO] [stdout] 4 | use testing::{examples, retry, CommandExt};
[INFO] [stdout]   |     ^^^^^^^ use of undeclared crate or module `testing`
[INFO] [stdout] 
[INFO] [stdout] 
[INFO] [stdout] error[E0432]: unresolved import `testing`
[INFO] [stdout]  --> tests/auto_concretize.rs:7:5
[INFO] [stdout]   |
[INFO] [stdout] 7 | use testing::{examples, CommandExt};
[INFO] [stdout]   |     ^^^^^^^ use of undeclared crate or module `testing`
[INFO] [stdout] 
[INFO] [stdout] 
[INFO] [stdout] error: aborting due to 1 previous error
[INFO] [stdout] 
[INFO] [stdout] 
[INFO] [stdout] For more information about this error, try `rustc --explain E0432`.
[INFO] [stdout] 
[INFO] [stdout] error: aborting due to 1 previous error
[INFO] [stdout] 
[INFO] [stdout] 
[INFO] [stdout] For more information about this error, try `rustc --explain E0432`.
[INFO] [stdout] 
[INFO] [stdout] error[E0432]: unresolved import `testing`
[INFO] [stdout]  --> tests/auto_generate.rs:5:5
[INFO] [stdout]   |
[INFO] [stdout] 5 | use testing::{examples, retry, CommandExt};
[INFO] [stdout]   |     ^^^^^^^ use of undeclared crate or module `testing`
[INFO] [stdout] 
[INFO] [stdout] 
[INFO] [stderr] error: could not compile `cargo-test-fuzz` (test "display") due to 2 previous errors
[INFO] [stderr] warning: build failed, waiting for other jobs to finish...
[INFO] [stdout] error[E0432]: unresolved import `testing`
[INFO] [stdout]  --> tests/consolidate.rs:5:5
[INFO] [stdout]   |
[INFO] [stdout] 5 | use testing::{examples, retry, CommandExt};
[INFO] [stdout]   |     ^^^^^^^ use of undeclared crate or module `testing`
[INFO] [stdout] 
[INFO] [stdout] 
[INFO] [stderr] error: could not compile `cargo-test-fuzz` (test "build") due to 2 previous errors
[INFO] [stdout] error: aborting due to 1 previous error
[INFO] [stdout] 
[INFO] [stdout] 
[INFO] [stdout] For more information about this error, try `rustc --explain E0432`.
[INFO] [stdout] 
[INFO] [stdout] error: aborting due to 1 previous error
[INFO] [stdout] 
[INFO] [stdout] 
[INFO] [stdout] error: aborting due to 1 previous error
[INFO] [stdout] 
[INFO] [stdout] 
[INFO] [stdout] For more information about this error, try `rustc --explain E0432`.
[INFO] [stdout] 
[INFO] [stdout] For more information about this error, try `rustc --explain E0432`.
[INFO] [stdout] 
[INFO] [stderr] error: could not compile `cargo-test-fuzz` (test "auto_concretize") due to 2 previous errors
[INFO] [stderr] error: could not compile `cargo-test-fuzz` (test "fuzz") due to 2 previous errors
[INFO] [stderr] error: could not compile `cargo-test-fuzz` (test "fuzz_generic") due to 2 previous errors
[INFO] [stdout] error[E0432]: unresolved import `testing`
[INFO] [stdout]  --> tests/concretizations.rs:5:5
[INFO] [stdout]   |
[INFO] [stdout] 5 | use testing::{examples, CommandExt};
[INFO] [stdout]   |     ^^^^^^^ use of undeclared crate or module `testing`
[INFO] [stdout] 
[INFO] [stdout] 
[INFO] [stdout] error[E0432]: unresolved import `testing`
[INFO] [stdout]   --> tests/third_party.rs:15:5
[INFO] [stdout]    |
[INFO] [stdout] 15 | use testing::CommandExt;
[INFO] [stdout]    |     ^^^^^^^ use of undeclared crate or module `testing`
[INFO] [stdout] 
[INFO] [stdout] 
[INFO] [stdout] error: aborting due to 1 previous error
[INFO] [stdout] 
[INFO] [stdout] 
[INFO] [stdout] error: aborting due to 1 previous error
[INFO] [stdout] 
[INFO] [stdout] 
[INFO] [stdout] For more information about this error, try `rustc --explain E0432`.
[INFO] [stdout] 
[INFO] [stdout] error: aborting due to 1 previous error
[INFO] [stdout] 
[INFO] [stdout] 
[INFO] [stdout] For more information about this error, try `rustc --explain E0432`.
[INFO] [stdout] 
[INFO] [stderr] error: could not compile `cargo-test-fuzz` (test "consolidate") due to 2 previous errors
[INFO] [stdout] For more information about this error, try `rustc --explain E0432`.
[INFO] [stdout] 
[INFO] [stderr] error: could not compile `cargo-test-fuzz` (test "auto_generate") due to 2 previous errors
[INFO] [stderr] error: could not compile `cargo-test-fuzz` (test "replay") due to 2 previous errors
[INFO] [stdout] error: aborting due to 1 previous error
[INFO] [stdout] 
[INFO] [stdout] 
[INFO] [stdout] For more information about this error, try `rustc --explain E0432`.
[INFO] [stdout] 
[INFO] [stderr] error: could not compile `cargo-test-fuzz` (test "concretizations") due to 2 previous errors
[INFO] [stdout] error[E0599]: no method named `logged_assert` found for mutable reference `&mut assert_cmd::Command` in the current scope
[INFO] [stdout]    --> tests/third_party.rs:105:10
[INFO] [stdout]     |
[INFO] [stdout] 102 | /     Command::new("git")
[INFO] [stdout] 103 | |         .current_dir(&tempdir)
[INFO] [stdout] 104 | |         .args(["clone", &test.url, "."])
[INFO] [stdout] 105 | |         .logged_assert()
[INFO] [stdout]     | |         -^^^^^^^^^^^^^ method not found in `&mut Command`
[INFO] [stdout]     | |_________|
[INFO] [stdout]     | 
[INFO] [stdout] 
[INFO] [stdout] 
[INFO] [stdout] error[E0599]: no method named `logged_assert` found for mutable reference `&mut assert_cmd::Command` in the current scope
[INFO] [stdout]    --> tests/third_party.rs:111:10
[INFO] [stdout]     |
[INFO] [stdout] 108 | /     Command::new("git")
[INFO] [stdout] 109 | |         .current_dir(&tempdir)
[INFO] [stdout] 110 | |         .args(["checkout", &test.rev])
[INFO] [stdout] 111 | |         .logged_assert()
[INFO] [stdout]     | |         -^^^^^^^^^^^^^ method not found in `&mut Command`
[INFO] [stdout]     | |_________|
[INFO] [stdout]     | 
[INFO] [stdout] 
[INFO] [stdout] 
[INFO] [stdout] error[E0599]: no method named `logged_assert` found for mutable reference `&mut assert_cmd::Command` in the current scope
[INFO] [stdout]    --> tests/third_party.rs:124:10
[INFO] [stdout]     |
[INFO] [stdout] 121 | /     Command::new("git")
[INFO] [stdout] 122 | |         .current_dir(&tempdir)
[INFO] [stdout] 123 | |         .args(["apply", &patch.to_string_lossy()])
[INFO] [stdout] 124 | |         .logged_assert()
[INFO] [stdout]     | |         -^^^^^^^^^^^^^ method not found in `&mut Command`
[INFO] [stdout]     | |_________|
[INFO] [stdout]     | 
[INFO] [stdout] 
[INFO] [stdout] 
[INFO] [stdout] error[E0599]: no method named `logged_assert` found for mutable reference `&mut assert_cmd::Command` in the current scope
[INFO] [stdout]    --> tests/third_party.rs:154:14
[INFO] [stdout]     |
[INFO] [stdout] 151 |           let () = Command::new("cargo")
[INFO] [stdout]     |  __________________-
[INFO] [stdout] 152 | |             .current_dir(&subdir)
[INFO] [stdout] 153 | |             .args(["update", "-p", package])
[INFO] [stdout] 154 | |             .logged_assert()
[INFO] [stdout]     | |             -^^^^^^^^^^^^^ method not found in `&mut Command`
[INFO] [stdout]     | |_____________|
[INFO] [stdout]     | 
[INFO] [stdout] 
[INFO] [stdout] 
[INFO] [stdout] error[E0599]: no method named `logged_assert` found for mutable reference `&mut assert_cmd::Command` in the current scope
[INFO] [stdout]    --> tests/third_party.rs:197:14
[INFO] [stdout]     |
[INFO] [stdout] 187 | /         Command::cargo_bin("cargo-test-fuzz")
[INFO] [stdout] 188 | |             .unwrap()
[INFO] [stdout] 189 | |             .current_dir(&subdir)
[INFO] [stdout] 190 | |             .args([
[INFO] [stdout] ...   |
[INFO] [stdout] 196 | |             ])
[INFO] [stdout] 197 | |             .logged_assert()
[INFO] [stdout]     | |             -^^^^^^^^^^^^^ method not found in `&mut Command`
[INFO] [stdout]     | |_____________|
[INFO] [stdout]     | 
[INFO] [stdout] 
[INFO] [stdout] 
[INFO] [stdout] error[E0599]: no method named `logged_assert` found for mutable reference `&mut assert_cmd::Command` in the current scope
[INFO] [stdout]    --> tests/third_party.rs:211:14
[INFO] [stdout]     |
[INFO] [stdout] 201 | /         Command::cargo_bin("cargo-test-fuzz")
[INFO] [stdout] 202 | |             .unwrap()
[INFO] [stdout] 203 | |             .current_dir(&subdir)
[INFO] [stdout] 204 | |             .args([
[INFO] [stdout] ...   |
[INFO] [stdout] 210 | |             ])
[INFO] [stdout] 211 | |             .logged_assert()
[INFO] [stdout]     | |             -^^^^^^^^^^^^^ method not found in `&mut Command`
[INFO] [stdout]     | |_____________|
[INFO] [stdout]     | 
[INFO] [stdout] 
[INFO] [stdout] 
[INFO] [stdout] error[E0599]: no method named `logged_assert` found for mutable reference `&mut assert_cmd::Command` in the current scope
[INFO] [stdout]    --> tests/third_party.rs:249:14
[INFO] [stdout]     |
[INFO] [stdout] 246 | /         Command::new("git")
[INFO] [stdout] 247 | |             .current_dir(&tempdir)
[INFO] [stdout] 248 | |             .args(["clone", "--depth=1", &test.url, "."])
[INFO] [stdout] 249 | |             .logged_assert()
[INFO] [stdout]     | |             -^^^^^^^^^^^^^ method not found in `&mut Command`
[INFO] [stdout]     | |_____________|
[INFO] [stdout]     | 
[INFO] [stdout] 
[INFO] [stdout] 
[INFO] [stdout] error[E0599]: no method named `logged_assert` found for mutable reference `&mut assert_cmd::Command` in the current scope
[INFO] [stdout]    --> tests/third_party.rs:261:14
[INFO] [stdout]     |
[INFO] [stdout] 257 | /         Command::new("git")
[INFO] [stdout] 258 | |             .current_dir(&tempdir)
[INFO] [stdout] 259 | |             .args(["apply"])
[INFO] [stdout] 260 | |             .write_stdin(patch.as_bytes())
[INFO] [stdout] 261 | |             .logged_assert()
[INFO] [stdout]     | |             -^^^^^^^^^^^^^ method not found in `&mut Command`
[INFO] [stdout]     | |_____________|
[INFO] [stdout]     | 
[INFO] [stdout] 
[INFO] [stdout] 
[INFO] [stdout] error[E0599]: no method named `logged_assert` found for mutable reference `&mut assert_cmd::Command` in the current scope
[INFO] [stdout]    --> tests/third_party.rs:270:14
[INFO] [stdout]     |
[INFO] [stdout] 267 |           let assert = Command::new("git")
[INFO] [stdout]     |  ______________________-
[INFO] [stdout] 268 | |             .current_dir(&tempdir)
[INFO] [stdout] 269 | |             .args(["diff", &format!("--unified={LINES_OF_CONTEXT}")])
[INFO] [stdout] 270 | |             .logged_assert()
[INFO] [stdout]     | |             -^^^^^^^^^^^^^ method not found in `&mut Command`
[INFO] [stdout]     | |_____________|
[INFO] [stdout]     | 
[INFO] [stdout] 
[INFO] [stdout] 
[INFO] [stdout] error: aborting due to 10 previous errors
[INFO] [stdout] 
[INFO] [stdout] 
[INFO] [stdout] Some errors have detailed explanations: E0432, E0599.
[INFO] [stdout] 
[INFO] [stdout] For more information about an error, try `rustc --explain E0432`.
[INFO] [stdout] 
[INFO] [stderr] error: could not compile `cargo-test-fuzz` (test "third_party") due to 11 previous errors
[INFO] running `Command { std: "docker" "inspect" "ab38a5d9cb9be4a56ef05c3b182e168d75ae94bab4bbfdb658e4bc3f450d3823", kill_on_drop: false }`
[INFO] running `Command { std: "docker" "rm" "-f" "ab38a5d9cb9be4a56ef05c3b182e168d75ae94bab4bbfdb658e4bc3f450d3823", kill_on_drop: false }`
[INFO] [stdout] ab38a5d9cb9be4a56ef05c3b182e168d75ae94bab4bbfdb658e4bc3f450d3823
