[INFO] fetching crate cargo-leap 0.1.0...
[INFO] testing cargo-leap-0.1.0 against 1.75.0 for beta-1.76-1
[INFO] extracting crate cargo-leap 0.1.0 into /workspace/builds/worker-0-tc1/source
[INFO] validating manifest of crates.io crate cargo-leap 0.1.0 on toolchain 1.75.0
[INFO] running `Command { std: CARGO_HOME="/workspace/cargo-home" RUSTUP_HOME="/workspace/rustup-home" "/workspace/cargo-home/bin/cargo" "+1.75.0" "metadata" "--manifest-path" "Cargo.toml" "--no-deps", kill_on_drop: false }`
[INFO] started tweaking crates.io crate cargo-leap 0.1.0
[INFO] finished tweaking crates.io crate cargo-leap 0.1.0
[INFO] tweaked toml for crates.io crate cargo-leap 0.1.0 written to /workspace/builds/worker-0-tc1/source/Cargo.toml
[INFO] crate crates.io crate cargo-leap 0.1.0 already has a lockfile, it will not be regenerated
[INFO] running `Command { std: CARGO_HOME="/workspace/cargo-home" RUSTUP_HOME="/workspace/rustup-home" "/workspace/cargo-home/bin/cargo" "+1.75.0" "fetch" "--manifest-path" "Cargo.toml", kill_on_drop: false }`
[INFO] [stderr]     Updating crates.io index
[INFO] [stderr]  Downloading crates ...
[INFO] [stderr]   Downloaded futures-sink-preview v0.3.0-alpha.19
[INFO] [stderr]   Downloaded cache-padded v1.1.0
[INFO] [stderr]   Downloaded scoped-tls v1.0.0
[INFO] [stderr]   Downloaded concurrent-queue v1.1.1
[INFO] [stderr]   Downloaded blocking v0.4.6
[INFO] [stderr]   Downloaded async-std v1.6.2
[INFO] [stderr]   Downloaded futures-executor-preview v0.3.0-alpha.19
[INFO] [stderr]   Downloaded futures-core-preview v0.3.0-alpha.19
[INFO] [stderr]   Downloaded directories v2.0.2
[INFO] [stderr]   Downloaded dirs-sys v0.3.5
[INFO] [stderr]   Downloaded curl v0.4.29
[INFO] [stderr]   Downloaded libz-sys v1.0.25
[INFO] [stderr]   Downloaded libnghttp2-sys v0.1.4+1.41.0
[INFO] [stderr]   Downloaded archiver-rs v0.5.0
[INFO] [stderr]   Downloaded semver v0.7.0
[INFO] [stderr]   Downloaded wepoll-sys-stjepang v1.0.0
[INFO] [stderr]   Downloaded lzma-rs v0.1.3
[INFO] [stderr]   Downloaded smol v0.1.17
[INFO] [stderr]   Downloaded crates_io_api v0.6.0
[INFO] [stderr]   Downloaded surf v1.0.3
[INFO] [stderr]   Downloaded isahc v0.7.6
[INFO] [stderr]   Downloaded tar v0.4.29
[INFO] [stderr]   Downloaded bzip2-sys v0.1.9+1.0.8
[INFO] [stderr]   Downloaded futures-channel-preview v0.3.0-alpha.19
[INFO] [stderr]   Downloaded blake2b_simd v0.5.10
[INFO] [stderr]   Downloaded futures-preview v0.3.0-alpha.19
[INFO] [stderr]   Downloaded wasm-bindgen-futures v0.3.27
[INFO] [stderr]   Downloaded redox_users v0.3.4
[INFO] [stderr]   Downloaded sluice v0.4.2
[INFO] [stderr]   Downloaded rust-argon2 v0.7.0
[INFO] [stderr]   Downloaded futures-io-preview v0.3.0-alpha.19
[INFO] [stderr]   Downloaded fastrand v1.2.4
[INFO] [stderr]   Downloaded futures-util-preview v0.3.0-alpha.19
[INFO] [stderr]   Downloaded termcolor v1.1.0
[INFO] [stderr]   Downloaded build_const v0.2.1
[INFO] [stderr]   Downloaded filetime v0.2.10
[INFO] [stderr]   Downloaded curl-sys v0.4.31+curl-7.70.0
[INFO] [stderr]   Downloaded xattr v0.2.2
[INFO] [stderr]   Downloaded bzip2 v0.3.3
[INFO] [stderr]   Downloaded podio v0.1.7
[INFO] [stderr]   Downloaded zip v0.5.6
[INFO] [stderr]   Downloaded kv-log-macro v1.0.6
[INFO] [stderr]   Downloaded async-task v3.0.0
[INFO] [stderr]   Downloaded parking v1.0.1
[INFO] [stderr]   Downloaded waker-fn v1.0.0
[INFO] running `Command { std: "docker" "create" "-v" "/var/lib/crater-agent-workspace/builds/worker-0-tc1/target:/opt/rustwide/target:rw,Z" "-v" "/var/lib/crater-agent-workspace/builds/worker-0-tc1/source:/opt/rustwide/workdir:ro,Z" "-v" "/var/lib/crater-agent-workspace/cargo-home:/opt/rustwide/cargo-home:ro,Z" "-v" "/var/lib/crater-agent-workspace/rustup-home:/opt/rustwide/rustup-home:ro,Z" "-e" "SOURCE_DIR=/opt/rustwide/workdir" "-e" "CARGO_TARGET_DIR=/opt/rustwide/target" "-e" "CARGO_HOME=/opt/rustwide/cargo-home" "-e" "RUSTUP_HOME=/opt/rustwide/rustup-home" "-w" "/opt/rustwide/workdir" "-m" "1610612736" "--user" "0:0" "--network" "none" "ghcr.io/rust-lang/crates-build-env/linux@sha256:2788e3201cd34a07e3172128adcd8b3090168a8e3bcc40d7c032b9dda1df7d1c" "/opt/rustwide/cargo-home/bin/cargo" "+1.75.0" "metadata" "--no-deps" "--format-version=1", kill_on_drop: false }`
[INFO] [stdout] b761b8179b3aeca9eede3dc40d5ce6b506c4bddaa1a0f6115333a32aa6e763b6
[INFO] running `Command { std: "docker" "start" "-a" "b761b8179b3aeca9eede3dc40d5ce6b506c4bddaa1a0f6115333a32aa6e763b6", kill_on_drop: false }`
[INFO] running `Command { std: "docker" "inspect" "b761b8179b3aeca9eede3dc40d5ce6b506c4bddaa1a0f6115333a32aa6e763b6", kill_on_drop: false }`
[INFO] running `Command { std: "docker" "rm" "-f" "b761b8179b3aeca9eede3dc40d5ce6b506c4bddaa1a0f6115333a32aa6e763b6", kill_on_drop: false }`
[INFO] [stdout] b761b8179b3aeca9eede3dc40d5ce6b506c4bddaa1a0f6115333a32aa6e763b6
[INFO] running `Command { std: "docker" "create" "-v" "/var/lib/crater-agent-workspace/builds/worker-0-tc1/target:/opt/rustwide/target:rw,Z" "-v" "/var/lib/crater-agent-workspace/builds/worker-0-tc1/source:/opt/rustwide/workdir:ro,Z" "-v" "/var/lib/crater-agent-workspace/cargo-home:/opt/rustwide/cargo-home:ro,Z" "-v" "/var/lib/crater-agent-workspace/rustup-home:/opt/rustwide/rustup-home:ro,Z" "-e" "SOURCE_DIR=/opt/rustwide/workdir" "-e" "CARGO_TARGET_DIR=/opt/rustwide/target" "-e" "CARGO_INCREMENTAL=0" "-e" "RUST_BACKTRACE=full" "-e" "RUSTFLAGS=--cap-lints=warn" "-e" "RUSTDOCFLAGS=--cap-lints=warn" "-e" "CARGO_HOME=/opt/rustwide/cargo-home" "-e" "RUSTUP_HOME=/opt/rustwide/rustup-home" "-w" "/opt/rustwide/workdir" "-m" "1610612736" "--user" "0:0" "--network" "none" "ghcr.io/rust-lang/crates-build-env/linux@sha256:2788e3201cd34a07e3172128adcd8b3090168a8e3bcc40d7c032b9dda1df7d1c" "/opt/rustwide/cargo-home/bin/cargo" "+1.75.0" "build" "--frozen" "--message-format=json", kill_on_drop: false }`
[INFO] [stdout] bc8cd3c9c2e661315d5ca8f134cc741a0d2a49ef33a9b7785d3455eb32c011c0
[INFO] running `Command { std: "docker" "start" "-a" "bc8cd3c9c2e661315d5ca8f134cc741a0d2a49ef33a9b7785d3455eb32c011c0", kill_on_drop: false }`
[INFO] [stderr]    Compiling libc v0.2.71
[INFO] [stderr]    Compiling cfg-if v0.1.10
[INFO] [stderr]    Compiling autocfg v1.0.0
[INFO] [stderr]    Compiling cc v1.0.54
[INFO] [stderr]    Compiling pkg-config v0.3.17
[INFO] [stderr]    Compiling proc-macro2 v1.0.18
[INFO] [stderr]    Compiling unicode-xid v0.2.0
[INFO] [stderr]    Compiling memchr v2.3.3
[INFO] [stderr]    Compiling syn v1.0.32
[INFO] [stderr]    Compiling log v0.4.8
[INFO] [stderr]    Compiling slab v0.4.2
[INFO] [stderr]    Compiling lazy_static v1.4.0
[INFO] [stderr]    Compiling pin-utils v0.1.0
[INFO] [stderr]    Compiling futures-core v0.3.5
[INFO] [stderr]    Compiling pin-project-internal v0.4.22
[INFO] [stderr]    Compiling futures-sink v0.3.5
[INFO] [stderr]    Compiling fnv v1.0.7
[INFO] [stderr]    Compiling proc-macro-nested v0.1.6
[INFO] [stderr]    Compiling once_cell v1.4.0
[INFO] [stderr]    Compiling iovec v0.1.4
[INFO] [stderr]    Compiling num_cpus v1.13.0
[INFO] [stderr]    Compiling itoa v0.4.6
[INFO] [stderr]    Compiling byteorder v1.3.4
[INFO] [stderr]    Compiling proc-macro-hack v0.5.16
[INFO] [stderr]    Compiling futures-task v0.3.5
[INFO] [stderr]    Compiling futures-channel v0.3.5
[INFO] [stderr]    Compiling quote v1.0.7
[INFO] [stderr]    Compiling openssl-sys v0.9.58
[INFO] [stderr]    Compiling serde_derive v1.0.113
[INFO] [stderr]    Compiling futures-io v0.3.5
[INFO] [stderr]    Compiling bytes v0.5.5
[INFO] [stderr]    Compiling serde v1.0.113
[INFO] [stderr]    Compiling libnghttp2-sys v0.1.4+1.41.0
[INFO] [stderr]    Compiling libz-sys v1.0.25
[INFO] [stderr]    Compiling socket2 v0.3.12
[INFO] [stdout] error[E0512]: cannot transmute between types of different sizes, or dependently-sized types
[INFO] [stdout]    --> /opt/rustwide/cargo-home/registry/src/index.crates.io-6f17d22bba15001f/socket2-0.3.12/src/sockaddr.rs:176:9
[INFO] [stdout]     |
[INFO] [stdout] 176 |         mem::transmute::<SocketAddrV4, sockaddr_in>(v4);
[INFO] [stdout]     |         ^^^^^^^^^^^^^^^^^^^^^^^^^^^^^^^^^^^^^^^^^^^
[INFO] [stdout]     |
[INFO] [stdout]     = note: source type: `SocketAddrV4` (48 bits)
[INFO] [stdout]     = note: target type: `sockaddr_in` (128 bits)
[INFO] [stdout] 
[INFO] [stdout] 
[INFO] [stdout] error: aborting due to previous error
[INFO] [stdout] 
[INFO] [stdout] 
[INFO] [stdout] For more information about this error, try `rustc --explain E0512`.
[INFO] [stdout] 
[INFO] [stderr] error: could not compile `socket2` (lib) due to 2 previous errors
[INFO] [stderr] warning: build failed, waiting for other jobs to finish...
[INFO] running `Command { std: "docker" "inspect" "bc8cd3c9c2e661315d5ca8f134cc741a0d2a49ef33a9b7785d3455eb32c011c0", kill_on_drop: false }`
[INFO] running `Command { std: "docker" "rm" "-f" "bc8cd3c9c2e661315d5ca8f134cc741a0d2a49ef33a9b7785d3455eb32c011c0", kill_on_drop: false }`
[INFO] [stdout] bc8cd3c9c2e661315d5ca8f134cc741a0d2a49ef33a9b7785d3455eb32c011c0
[INFO] testing cargo-leap-0.1.0 against beta-2023-12-22 for beta-1.76-1
[INFO] extracting crate cargo-leap 0.1.0 into /workspace/builds/worker-0-tc2/source
[INFO] validating manifest of crates.io crate cargo-leap 0.1.0 on toolchain beta-2023-12-22
[INFO] running `Command { std: CARGO_HOME="/workspace/cargo-home" RUSTUP_HOME="/workspace/rustup-home" "/workspace/cargo-home/bin/cargo" "+beta-2023-12-22" "metadata" "--manifest-path" "Cargo.toml" "--no-deps", kill_on_drop: false }`
[INFO] started tweaking crates.io crate cargo-leap 0.1.0
[INFO] finished tweaking crates.io crate cargo-leap 0.1.0
[INFO] tweaked toml for crates.io crate cargo-leap 0.1.0 written to /workspace/builds/worker-0-tc2/source/Cargo.toml
[INFO] crate crates.io crate cargo-leap 0.1.0 already has a lockfile, it will not be regenerated
[INFO] running `Command { std: CARGO_HOME="/workspace/cargo-home" RUSTUP_HOME="/workspace/rustup-home" "/workspace/cargo-home/bin/cargo" "+beta-2023-12-22" "fetch" "--manifest-path" "Cargo.toml", kill_on_drop: false }`
[INFO] running `Command { std: "docker" "create" "-v" "/var/lib/crater-agent-workspace/builds/worker-0-tc2/target:/opt/rustwide/target:rw,Z" "-v" "/var/lib/crater-agent-workspace/builds/worker-0-tc2/source:/opt/rustwide/workdir:ro,Z" "-v" "/var/lib/crater-agent-workspace/cargo-home:/opt/rustwide/cargo-home:ro,Z" "-v" "/var/lib/crater-agent-workspace/rustup-home:/opt/rustwide/rustup-home:ro,Z" "-e" "SOURCE_DIR=/opt/rustwide/workdir" "-e" "CARGO_TARGET_DIR=/opt/rustwide/target" "-e" "CARGO_HOME=/opt/rustwide/cargo-home" "-e" "RUSTUP_HOME=/opt/rustwide/rustup-home" "-w" "/opt/rustwide/workdir" "-m" "1610612736" "--user" "0:0" "--network" "none" "ghcr.io/rust-lang/crates-build-env/linux@sha256:2788e3201cd34a07e3172128adcd8b3090168a8e3bcc40d7c032b9dda1df7d1c" "/opt/rustwide/cargo-home/bin/cargo" "+beta-2023-12-22" "metadata" "--no-deps" "--format-version=1", kill_on_drop: false }`
[INFO] [stdout] 31b60a6f30dd502f6e815f7fdb9d2d1a5011061bc2ed4c700389d9909779b9e6
[INFO] running `Command { std: "docker" "start" "-a" "31b60a6f30dd502f6e815f7fdb9d2d1a5011061bc2ed4c700389d9909779b9e6", kill_on_drop: false }`
[INFO] running `Command { std: "docker" "inspect" "31b60a6f30dd502f6e815f7fdb9d2d1a5011061bc2ed4c700389d9909779b9e6", kill_on_drop: false }`
[INFO] running `Command { std: "docker" "rm" "-f" "31b60a6f30dd502f6e815f7fdb9d2d1a5011061bc2ed4c700389d9909779b9e6", kill_on_drop: false }`
[INFO] [stdout] 31b60a6f30dd502f6e815f7fdb9d2d1a5011061bc2ed4c700389d9909779b9e6
[INFO] running `Command { std: "docker" "create" "-v" "/var/lib/crater-agent-workspace/builds/worker-0-tc2/target:/opt/rustwide/target:rw,Z" "-v" "/var/lib/crater-agent-workspace/builds/worker-0-tc2/source:/opt/rustwide/workdir:ro,Z" "-v" "/var/lib/crater-agent-workspace/cargo-home:/opt/rustwide/cargo-home:ro,Z" "-v" "/var/lib/crater-agent-workspace/rustup-home:/opt/rustwide/rustup-home:ro,Z" "-e" "SOURCE_DIR=/opt/rustwide/workdir" "-e" "CARGO_TARGET_DIR=/opt/rustwide/target" "-e" "CARGO_INCREMENTAL=0" "-e" "RUST_BACKTRACE=full" "-e" "RUSTFLAGS=--cap-lints=warn" "-e" "RUSTDOCFLAGS=--cap-lints=warn" "-e" "CARGO_HOME=/opt/rustwide/cargo-home" "-e" "RUSTUP_HOME=/opt/rustwide/rustup-home" "-w" "/opt/rustwide/workdir" "-m" "1610612736" "--user" "0:0" "--network" "none" "ghcr.io/rust-lang/crates-build-env/linux@sha256:2788e3201cd34a07e3172128adcd8b3090168a8e3bcc40d7c032b9dda1df7d1c" "/opt/rustwide/cargo-home/bin/cargo" "+beta-2023-12-22" "build" "--frozen" "--message-format=json", kill_on_drop: false }`
[INFO] [stdout] abd646df9d9c837502686a76008d73bff7435ca3063eabc51ddb70b1a6412b12
[INFO] running `Command { std: "docker" "start" "-a" "abd646df9d9c837502686a76008d73bff7435ca3063eabc51ddb70b1a6412b12", kill_on_drop: false }`
[INFO] [stderr]    Compiling libc v0.2.71
[INFO] [stderr]    Compiling cfg-if v0.1.10
[INFO] [stderr]    Compiling autocfg v1.0.0
[INFO] [stderr]    Compiling cc v1.0.54
[INFO] [stderr]    Compiling pkg-config v0.3.17
[INFO] [stderr]    Compiling proc-macro2 v1.0.18
[INFO] [stderr]    Compiling unicode-xid v0.2.0
[INFO] [stderr]    Compiling syn v1.0.32
[INFO] [stderr]    Compiling memchr v2.3.3
[INFO] [stderr]    Compiling log v0.4.8
[INFO] [stderr]    Compiling slab v0.4.2
[INFO] [stderr]    Compiling lazy_static v1.4.0
[INFO] [stderr]    Compiling pin-utils v0.1.0
[INFO] [stderr]    Compiling futures-core v0.3.5
[INFO] [stderr]    Compiling pin-project-internal v0.4.22
[INFO] [stderr]    Compiling fnv v1.0.7
[INFO] [stderr]    Compiling futures-sink v0.3.5
[INFO] [stderr]    Compiling proc-macro-nested v0.1.6
[INFO] [stderr]    Compiling byteorder v1.3.4
[INFO] [stderr]    Compiling itoa v0.4.6
[INFO] [stderr]    Compiling proc-macro-hack v0.5.16
[INFO] [stderr]    Compiling quote v1.0.7
[INFO] [stderr]    Compiling once_cell v1.4.0
[INFO] [stderr]    Compiling iovec v0.1.4
[INFO] [stderr]    Compiling num_cpus v1.13.0
[INFO] [stderr]    Compiling futures-task v0.3.5
[INFO] [stderr]    Compiling futures-channel v0.3.5
[INFO] [stderr]    Compiling serde_derive v1.0.113
[INFO] [stderr]    Compiling openssl-sys v0.9.58
[INFO] [stderr]    Compiling futures-io v0.3.5
[INFO] [stderr]    Compiling serde v1.0.113
[INFO] [stderr]    Compiling bytes v0.5.5
[INFO] [stderr]    Compiling libnghttp2-sys v0.1.4+1.41.0
[INFO] [stderr]    Compiling libz-sys v1.0.25
[INFO] [stderr]    Compiling net2 v0.2.34
[INFO] [stderr]    Compiling socket2 v0.3.12
[INFO] [stderr]    Compiling version_check v0.9.2
[INFO] [stdout] error[E0512]: cannot transmute between types of different sizes, or dependently-sized types
[INFO] [stdout]    --> /opt/rustwide/cargo-home/registry/src/index.crates.io-6f17d22bba15001f/socket2-0.3.12/src/sockaddr.rs:176:9
[INFO] [stdout]     |
[INFO] [stdout] 176 |         mem::transmute::<SocketAddrV4, sockaddr_in>(v4);
[INFO] [stdout]     |         ^^^^^^^^^^^^^^^^^^^^^^^^^^^^^^^^^^^^^^^^^^^
[INFO] [stdout]     |
[INFO] [stdout]     = note: source type: `SocketAddrV4` (48 bits)
[INFO] [stdout]     = note: target type: `sockaddr_in` (128 bits)
[INFO] [stdout] 
[INFO] [stdout] 
[INFO] [stdout] error: aborting due to 1 previous error
[INFO] [stdout] 
[INFO] [stdout] 
[INFO] [stdout] For more information about this error, try `rustc --explain E0512`.
[INFO] [stdout] 
[INFO] [stderr] error: could not compile `socket2` (lib) due to 2 previous errors
[INFO] [stderr] warning: build failed, waiting for other jobs to finish...
[INFO] [stderr] The following warnings were emitted during compilation:
[INFO] [stderr] 
[INFO] [stderr] warning: openssl-sys@0.9.58: build/expando.c:4:24: error: pasting "RUST_VERSION_OPENSSL_" and "(" does not give a valid preprocessing token
[INFO] [stderr] warning: openssl-sys@0.9.58:     4 | #define VERSION2(n, v) RUST_VERSION_##n##_##v
[INFO] [stderr] warning: openssl-sys@0.9.58:       |                        ^~~~~~~~~~~~~
[INFO] [stderr] warning: openssl-sys@0.9.58: build/expando.c:5:23: note: in expansion of macro 'VERSION2'
[INFO] [stderr] warning: openssl-sys@0.9.58:     5 | #define VERSION(n, v) VERSION2(n, v)
[INFO] [stderr] warning: openssl-sys@0.9.58:       |                       ^~~~~~~~
[INFO] [stderr] warning: openssl-sys@0.9.58: build/expando.c:10:1: note: in expansion of macro 'VERSION'
[INFO] [stderr] warning: openssl-sys@0.9.58:    10 | VERSION(OPENSSL, OPENSSL_VERSION_NUMBER)
[INFO] [stderr] warning: openssl-sys@0.9.58:       | ^~~~~~~
[INFO] [stderr] 
[INFO] [stderr] error: failed to run custom build command for `openssl-sys v0.9.58`
[INFO] [stderr] note: To improve backtraces for build dependencies, set the CARGO_PROFILE_DEV_BUILD_OVERRIDE_DEBUG=true environment variable to enable debug information generation.
[INFO] [stderr] 
[INFO] [stderr] Caused by:
[INFO] [stderr]   process didn't exit successfully: `/opt/rustwide/target/debug/build/openssl-sys-9e3ffc7483915800/build-script-main` (exit status: 101)
[INFO] [stderr]   --- stdout
[INFO] [stderr]   cargo:rustc-cfg=const_fn
[INFO] [stderr]   cargo:rerun-if-env-changed=X86_64_UNKNOWN_LINUX_GNU_OPENSSL_LIB_DIR
[INFO] [stderr]   X86_64_UNKNOWN_LINUX_GNU_OPENSSL_LIB_DIR unset
[INFO] [stderr]   cargo:rerun-if-env-changed=OPENSSL_LIB_DIR
[INFO] [stderr]   OPENSSL_LIB_DIR unset
[INFO] [stderr]   cargo:rerun-if-env-changed=X86_64_UNKNOWN_LINUX_GNU_OPENSSL_INCLUDE_DIR
[INFO] [stderr]   X86_64_UNKNOWN_LINUX_GNU_OPENSSL_INCLUDE_DIR unset
[INFO] [stderr]   cargo:rerun-if-env-changed=OPENSSL_INCLUDE_DIR
[INFO] [stderr]   OPENSSL_INCLUDE_DIR unset
[INFO] [stderr]   cargo:rerun-if-env-changed=X86_64_UNKNOWN_LINUX_GNU_OPENSSL_DIR
[INFO] [stderr]   X86_64_UNKNOWN_LINUX_GNU_OPENSSL_DIR unset
[INFO] [stderr]   cargo:rerun-if-env-changed=OPENSSL_DIR
[INFO] [stderr]   OPENSSL_DIR unset
[INFO] [stderr]   cargo:rustc-link-lib=ssl
[INFO] [stderr]   cargo:rustc-link-lib=crypto
[INFO] [stderr]   OPT_LEVEL = Some("0")
[INFO] [stderr]   TARGET = Some("x86_64-unknown-linux-gnu")
[INFO] [stderr]   HOST = Some("x86_64-unknown-linux-gnu")
[INFO] [stderr]   CC_x86_64-unknown-linux-gnu = None
[INFO] [stderr]   CC_x86_64_unknown_linux_gnu = None
[INFO] [stderr]   HOST_CC = None
[INFO] [stderr]   CC = None
[INFO] [stderr]   CFLAGS_x86_64-unknown-linux-gnu = None
[INFO] [stderr]   CFLAGS_x86_64_unknown_linux_gnu = None
[INFO] [stderr]   HOST_CFLAGS = None
[INFO] [stderr]   CFLAGS = None
[INFO] [stderr]   CRATE_CC_NO_DEFAULTS = None
[INFO] [stderr]   DEBUG = Some("true")
[INFO] [stderr]   CARGO_CFG_TARGET_FEATURE = Some("fxsr,sse,sse2")
[INFO] [stderr]   running: "cc" "-O0" "-ffunction-sections" "-fdata-sections" "-fPIC" "-g" "-fno-omit-frame-pointer" "-m64" "-I" "/usr/include" "-Wall" "-Wextra" "-E" "build/expando.c"
[INFO] [stderr]   cargo:warning=build/expando.c:4:24: error: pasting "RUST_VERSION_OPENSSL_" and "(" does not give a valid preprocessing token
[INFO] [stderr]   cargo:warning=    4 | #define VERSION2(n, v) RUST_VERSION_##n##_##v
[INFO] [stderr]   cargo:warning=      |                        ^~~~~~~~~~~~~
[INFO] [stderr]   cargo:warning=build/expando.c:5:23: note: in expansion of macro 'VERSION2'
[INFO] [stderr]   cargo:warning=    5 | #define VERSION(n, v) VERSION2(n, v)
[INFO] [stderr]   cargo:warning=      |                       ^~~~~~~~
[INFO] [stderr]   cargo:warning=build/expando.c:10:1: note: in expansion of macro 'VERSION'
[INFO] [stderr]   cargo:warning=   10 | VERSION(OPENSSL, OPENSSL_VERSION_NUMBER)
[INFO] [stderr]   cargo:warning=      | ^~~~~~~
[INFO] [stderr]   exit status: 1
[INFO] [stderr] 
[INFO] [stderr]   --- stderr
[INFO] [stderr]   thread 'main' panicked at /opt/rustwide/cargo-home/registry/src/index.crates.io-6f17d22bba15001f/openssl-sys-0.9.58/build/main.rs:140:13:
[INFO] [stderr] 
[INFO] [stderr]   Header expansion error:
[INFO] [stderr]   Error { kind: ToolExecError, message: "Command \"cc\" \"-O0\" \"-ffunction-sections\" \"-fdata-sections\" \"-fPIC\" \"-g\" \"-fno-omit-frame-pointer\" \"-m64\" \"-I\" \"/usr/include\" \"-Wall\" \"-Wextra\" \"-E\" \"build/expando.c\" with args \"cc\" did not execute successfully (status code exit status: 1)." }
[INFO] [stderr] 
[INFO] [stderr]   Failed to find OpenSSL development headers.
[INFO] [stderr] 
[INFO] [stderr]   You can try fixing this setting the `OPENSSL_DIR` environment variable
[INFO] [stderr]   pointing to your OpenSSL installation or installing OpenSSL headers package
[INFO] [stderr]   specific to your distribution:
[INFO] [stderr] 
[INFO] [stderr]       # On Ubuntu
[INFO] [stderr]       sudo apt-get install libssl-dev
[INFO] [stderr]       # On Arch Linux
[INFO] [stderr]       sudo pacman -S openssl
[INFO] [stderr]       # On Fedora
[INFO] [stderr]       sudo dnf install openssl-devel
[INFO] [stderr] 
[INFO] [stderr]   See rust-openssl README for more information:
[INFO] [stderr] 
[INFO] [stderr]       https://github.com/sfackler/rust-openssl#linux
[INFO] [stderr] 
[INFO] [stderr]   stack backtrace:
[INFO] [stderr]      0:     0x55fb6aff2926 - std::backtrace_rs::backtrace::libunwind::trace::h261606ad26a499c1
[INFO] [stderr]                                  at /rustc/0e09125c6c3c2fd70d7de961bcf0e51575235fad/library/std/src/../../backtrace/src/backtrace/libunwind.rs:104:5
[INFO] [stderr]      1:     0x55fb6aff2926 - std::backtrace_rs::backtrace::trace_unsynchronized::hd183f0625477fb28
[INFO] [stderr]                                  at /rustc/0e09125c6c3c2fd70d7de961bcf0e51575235fad/library/std/src/../../backtrace/src/backtrace/mod.rs:66:5
[INFO] [stderr]      2:     0x55fb6aff2926 - std::sys_common::backtrace::_print_fmt::hd7f8fef21b4eda67
[INFO] [stderr]                                  at /rustc/0e09125c6c3c2fd70d7de961bcf0e51575235fad/library/std/src/sys_common/backtrace.rs:68:5
[INFO] [stderr]      3:     0x55fb6aff2926 - <std::sys_common::backtrace::_print::DisplayBacktrace as core::fmt::Display>::fmt::h623d9b51f2f453f1
[INFO] [stderr]                                  at /rustc/0e09125c6c3c2fd70d7de961bcf0e51575235fad/library/std/src/sys_common/backtrace.rs:44:22
[INFO] [stderr]      4:     0x55fb6b017e70 - core::fmt::rt::Argument::fmt::h9f417ac76a86f368
[INFO] [stderr]                                  at /rustc/0e09125c6c3c2fd70d7de961bcf0e51575235fad/library/core/src/fmt/rt.rs:142:9
[INFO] [stderr]      5:     0x55fb6b017e70 - core::fmt::write::hc9b6faf4ac2aeff7
[INFO] [stderr]                                  at /rustc/0e09125c6c3c2fd70d7de961bcf0e51575235fad/library/core/src/fmt/mod.rs:1120:17
[INFO] [stderr]      6:     0x55fb6aff044f - std::io::Write::write_fmt::hfead1eee52c2e65e
[INFO] [stderr]                                  at /rustc/0e09125c6c3c2fd70d7de961bcf0e51575235fad/library/std/src/io/mod.rs:1810:15
[INFO] [stderr]      7:     0x55fb6aff2704 - std::sys_common::backtrace::_print::hd5d66399c7df88a2
[INFO] [stderr]                                  at /rustc/0e09125c6c3c2fd70d7de961bcf0e51575235fad/library/std/src/sys_common/backtrace.rs:47:5
[INFO] [stderr]      8:     0x55fb6aff2704 - std::sys_common::backtrace::print::he81ed2da642d37e5
[INFO] [stderr]                                  at /rustc/0e09125c6c3c2fd70d7de961bcf0e51575235fad/library/std/src/sys_common/backtrace.rs:34:9
[INFO] [stderr]      9:     0x55fb6aff3fe7 - std::panicking::default_hook::{{closure}}::h85773f4fa117163d
[INFO] [stderr]     10:     0x55fb6aff3d49 - std::panicking::default_hook::h6a1694a91d09b278
[INFO] [stderr]                                  at /rustc/0e09125c6c3c2fd70d7de961bcf0e51575235fad/library/std/src/panicking.rs:292:9
[INFO] [stderr]     11:     0x55fb6aff4478 - std::panicking::rust_panic_with_hook::h0a7ad96e90f7145b
[INFO] [stderr]                                  at /rustc/0e09125c6c3c2fd70d7de961bcf0e51575235fad/library/std/src/panicking.rs:779:13
[INFO] [stderr]     12:     0x55fb6aff4352 - std::panicking::begin_panic_handler::{{closure}}::h7919090525c6485e
[INFO] [stderr]                                  at /rustc/0e09125c6c3c2fd70d7de961bcf0e51575235fad/library/std/src/panicking.rs:657:13
[INFO] [stderr]     13:     0x55fb6aff2e26 - std::sys_common::backtrace::__rust_end_short_backtrace::hf3289479464f7dfe
[INFO] [stderr]                                  at /rustc/0e09125c6c3c2fd70d7de961bcf0e51575235fad/library/std/src/sys_common/backtrace.rs:171:18
[INFO] [stderr]     14:     0x55fb6aff40b0 - rust_begin_unwind
[INFO] [stderr]                                  at /rustc/0e09125c6c3c2fd70d7de961bcf0e51575235fad/library/std/src/panicking.rs:645:5
[INFO] [stderr]     15:     0x55fb6af62685 - core::panicking::panic_fmt::hcc9f77c5c132af55
[INFO] [stderr]                                  at /rustc/0e09125c6c3c2fd70d7de961bcf0e51575235fad/library/core/src/panicking.rs:72:14
[INFO] [stderr]     16:     0x55fb6af6a012 - build_script_main::validate_headers::hfbc4eb60fe470743
[INFO] [stderr]     17:     0x55fb6af66c08 - build_script_main::find_normal::try_pkg_config::h6b7ab2dc92ada8bc
[INFO] [stderr]     18:     0x55fb6af65d04 - build_script_main::find_normal::find_openssl_dir::h9de03c3d76a2ac25
[INFO] [stderr]     19:     0x55fb6af65ba2 - build_script_main::find_normal::get_openssl::{{closure}}::h891abb6ff81e0bb5
[INFO] [stderr]     20:     0x55fb6af6372f - core::option::Option<T>::unwrap_or_else::h91bea8862084de0c
[INFO] [stderr]     21:     0x55fb6af6596a - build_script_main::find_normal::get_openssl::h7a9530935eb4af11
[INFO] [stderr]     22:     0x55fb6af6790d - build_script_main::find_openssl::hd63c0714ff49ce0f
[INFO] [stderr]     23:     0x55fb6af679ed - build_script_main::main::h632be8a92a6ce1aa
[INFO] [stderr]     24:     0x55fb6af6dd63 - core::ops::function::FnOnce::call_once::h6c920016e84f5f0f
[INFO] [stderr]     25:     0x55fb6af6d7d6 - std::sys_common::backtrace::__rust_begin_short_backtrace::h72038d1e157babc8
[INFO] [stderr]     26:     0x55fb6af631f9 - std::rt::lang_start::{{closure}}::h8c1721e7910a8727
[INFO] [stderr]     27:     0x55fb6afec581 - core::ops::function::impls::<impl core::ops::function::FnOnce<A> for &F>::call_once::h4eb4c5e1620f29b0
[INFO] [stderr]                                  at /rustc/0e09125c6c3c2fd70d7de961bcf0e51575235fad/library/core/src/ops/function.rs:284:13
[INFO] [stderr]     28:     0x55fb6afec581 - std::panicking::try::do_call::h73fd26535faffcdf
[INFO] [stderr]                                  at /rustc/0e09125c6c3c2fd70d7de961bcf0e51575235fad/library/std/src/panicking.rs:552:40
[INFO] [stderr]     29:     0x55fb6afec581 - std::panicking::try::h77ff1d98f0fb9f39
[INFO] [stderr]                                  at /rustc/0e09125c6c3c2fd70d7de961bcf0e51575235fad/library/std/src/panicking.rs:516:19
[INFO] [stderr]     30:     0x55fb6afec581 - std::panic::catch_unwind::hab3caf2448b95e37
[INFO] [stderr]                                  at /rustc/0e09125c6c3c2fd70d7de961bcf0e51575235fad/library/std/src/panic.rs:142:14
[INFO] [stderr]     31:     0x55fb6afec581 - std::rt::lang_start_internal::{{closure}}::h8086711f9c783f78
[INFO] [stderr]                                  at /rustc/0e09125c6c3c2fd70d7de961bcf0e51575235fad/library/std/src/rt.rs:148:48
[INFO] [stderr]     32:     0x55fb6afec581 - std::panicking::try::do_call::hf920d4dc291cd6ca
[INFO] [stderr]                                  at /rustc/0e09125c6c3c2fd70d7de961bcf0e51575235fad/library/std/src/panicking.rs:552:40
[INFO] [stderr]     33:     0x55fb6afec581 - std::panicking::try::h2b806ccc0a85db74
[INFO] [stderr]                                  at /rustc/0e09125c6c3c2fd70d7de961bcf0e51575235fad/library/std/src/panicking.rs:516:19
[INFO] [stderr]     34:     0x55fb6afec581 - std::panic::catch_unwind::h038489539c507df2
[INFO] [stderr]                                  at /rustc/0e09125c6c3c2fd70d7de961bcf0e51575235fad/library/std/src/panic.rs:142:14
[INFO] [stderr]     35:     0x55fb6afec581 - std::rt::lang_start_internal::h28503b88912e8a5c
[INFO] [stderr]                                  at /rustc/0e09125c6c3c2fd70d7de961bcf0e51575235fad/library/std/src/rt.rs:148:20
[INFO] [stderr]     36:     0x55fb6af631d7 - std::rt::lang_start::h90fdcb2ce8fe7283
[INFO] [stderr]     37:     0x55fb6af6ad55 - main
[INFO] [stderr]     38:     0x7f48ac9f0d90 - <unknown>
[INFO] [stderr]     39:     0x7f48ac9f0e40 - __libc_start_main
[INFO] [stderr]     40:     0x55fb6af62ea5 - _start
[INFO] [stderr]     41:                0x0 - <unknown>
[INFO] running `Command { std: "docker" "inspect" "abd646df9d9c837502686a76008d73bff7435ca3063eabc51ddb70b1a6412b12", kill_on_drop: false }`
[INFO] running `Command { std: "docker" "rm" "-f" "abd646df9d9c837502686a76008d73bff7435ca3063eabc51ddb70b1a6412b12", kill_on_drop: false }`
[INFO] [stdout] abd646df9d9c837502686a76008d73bff7435ca3063eabc51ddb70b1a6412b12
