[INFO] fetching crate cargo-bolero 0.10.0...
[INFO] testing cargo-bolero-0.10.0 against 1.75.0 for beta-1.76-1
[INFO] extracting crate cargo-bolero 0.10.0 into /workspace/builds/worker-4-tc1/source
[INFO] validating manifest of crates.io crate cargo-bolero 0.10.0 on toolchain 1.75.0
[INFO] running `Command { std: CARGO_HOME="/workspace/cargo-home" RUSTUP_HOME="/workspace/rustup-home" "/workspace/cargo-home/bin/cargo" "+1.75.0" "metadata" "--manifest-path" "Cargo.toml" "--no-deps", kill_on_drop: false }`
[INFO] started tweaking crates.io crate cargo-bolero 0.10.0
[INFO] removed 0 missing tests
[INFO] finished tweaking crates.io crate cargo-bolero 0.10.0
[INFO] tweaked toml for crates.io crate cargo-bolero 0.10.0 written to /workspace/builds/worker-4-tc1/source/Cargo.toml
[INFO] crate crates.io crate cargo-bolero 0.10.0 already has a lockfile, it will not be regenerated
[INFO] running `Command { std: CARGO_HOME="/workspace/cargo-home" RUSTUP_HOME="/workspace/rustup-home" "/workspace/cargo-home/bin/cargo" "+1.75.0" "fetch" "--manifest-path" "Cargo.toml", kill_on_drop: false }`
[INFO] [stderr]     Updating crates.io index
[INFO] [stderr]  Downloading crates ...
[INFO] [stderr]   Downloaded thiserror v1.0.48
[INFO] [stderr]   Downloaded cargo_metadata v0.18.0
[INFO] [stderr]   Downloaded thiserror-impl v1.0.48
[INFO] [stderr]   Downloaded errno v0.3.3
[INFO] [stderr]   Downloaded cargo-platform v0.1.3
[INFO] [stderr]   Downloaded bolero-afl v0.10.0
[INFO] [stderr]   Downloaded serde_json v1.0.106
[INFO] [stderr]   Downloaded bolero-honggfuzz v0.10.0
[INFO] [stderr]   Downloaded syn v2.0.31
[INFO] running `Command { std: "docker" "create" "-v" "/var/lib/crater-agent-workspace/builds/worker-4-tc1/target:/opt/rustwide/target:rw,Z" "-v" "/var/lib/crater-agent-workspace/builds/worker-4-tc1/source:/opt/rustwide/workdir:ro,Z" "-v" "/var/lib/crater-agent-workspace/cargo-home:/opt/rustwide/cargo-home:ro,Z" "-v" "/var/lib/crater-agent-workspace/rustup-home:/opt/rustwide/rustup-home:ro,Z" "-e" "SOURCE_DIR=/opt/rustwide/workdir" "-e" "CARGO_TARGET_DIR=/opt/rustwide/target" "-e" "CARGO_HOME=/opt/rustwide/cargo-home" "-e" "RUSTUP_HOME=/opt/rustwide/rustup-home" "-w" "/opt/rustwide/workdir" "-m" "1610612736" "--user" "0:0" "--network" "none" "ghcr.io/rust-lang/crates-build-env/linux@sha256:2788e3201cd34a07e3172128adcd8b3090168a8e3bcc40d7c032b9dda1df7d1c" "/opt/rustwide/cargo-home/bin/cargo" "+1.75.0" "metadata" "--no-deps" "--format-version=1", kill_on_drop: false }`
[INFO] [stdout] 65c60f8450391767879b5c6d48bef5443d2f9526d21e6eb2768c9e09e98d4478
[INFO] running `Command { std: "docker" "start" "-a" "65c60f8450391767879b5c6d48bef5443d2f9526d21e6eb2768c9e09e98d4478", kill_on_drop: false }`
[INFO] running `Command { std: "docker" "inspect" "65c60f8450391767879b5c6d48bef5443d2f9526d21e6eb2768c9e09e98d4478", kill_on_drop: false }`
[INFO] running `Command { std: "docker" "rm" "-f" "65c60f8450391767879b5c6d48bef5443d2f9526d21e6eb2768c9e09e98d4478", kill_on_drop: false }`
[INFO] [stdout] 65c60f8450391767879b5c6d48bef5443d2f9526d21e6eb2768c9e09e98d4478
[INFO] running `Command { std: "docker" "create" "-v" "/var/lib/crater-agent-workspace/builds/worker-4-tc1/target:/opt/rustwide/target:rw,Z" "-v" "/var/lib/crater-agent-workspace/builds/worker-4-tc1/source:/opt/rustwide/workdir:ro,Z" "-v" "/var/lib/crater-agent-workspace/cargo-home:/opt/rustwide/cargo-home:ro,Z" "-v" "/var/lib/crater-agent-workspace/rustup-home:/opt/rustwide/rustup-home:ro,Z" "-e" "SOURCE_DIR=/opt/rustwide/workdir" "-e" "CARGO_TARGET_DIR=/opt/rustwide/target" "-e" "CARGO_INCREMENTAL=0" "-e" "RUST_BACKTRACE=full" "-e" "RUSTFLAGS=--cap-lints=warn" "-e" "RUSTDOCFLAGS=--cap-lints=warn" "-e" "CARGO_HOME=/opt/rustwide/cargo-home" "-e" "RUSTUP_HOME=/opt/rustwide/rustup-home" "-w" "/opt/rustwide/workdir" "-m" "1610612736" "--user" "0:0" "--network" "none" "ghcr.io/rust-lang/crates-build-env/linux@sha256:2788e3201cd34a07e3172128adcd8b3090168a8e3bcc40d7c032b9dda1df7d1c" "/opt/rustwide/cargo-home/bin/cargo" "+1.75.0" "build" "--frozen" "--message-format=json", kill_on_drop: false }`
[INFO] [stdout] feaf5247f2c6b9d25ecbc114bc1e7d3023ccea40127d755db30bb74c935792e5
[INFO] running `Command { std: "docker" "start" "-a" "feaf5247f2c6b9d25ecbc114bc1e7d3023ccea40127d755db30bb74c935792e5", kill_on_drop: false }`
[INFO] [stderr]    Compiling proc-macro2 v1.0.66
[INFO] [stderr]    Compiling unicode-ident v1.0.11
[INFO] [stderr]    Compiling serde v1.0.188
[INFO] [stderr]    Compiling libc v0.2.147
[INFO] [stderr]    Compiling syn v1.0.109
[INFO] [stderr]    Compiling semver v1.0.18
[INFO] [stderr]    Compiling unicode-width v0.1.10
[INFO] [stderr]    Compiling camino v1.1.6
[INFO] [stderr]    Compiling rustix v0.38.9
[INFO] [stderr]    Compiling serde_json v1.0.106
[INFO] [stderr]    Compiling thiserror v1.0.48
[INFO] [stderr]    Compiling linux-raw-sys v0.4.5
[INFO] [stderr]    Compiling itoa v1.0.9
[INFO] [stderr]    Compiling bitflags v2.4.0
[INFO] [stderr]    Compiling ryu v1.0.15
[INFO] [stderr]    Compiling textwrap v0.11.0
[INFO] [stderr]    Compiling anyhow v1.0.75
[INFO] [stderr]    Compiling cargo-bolero v0.10.0 (/opt/rustwide/workdir)
[INFO] [stderr]    Compiling bit-vec v0.6.3
[INFO] [stderr]    Compiling fastrand v2.0.0
[INFO] [stderr]    Compiling humantime v2.1.0
[INFO] [stderr]    Compiling bit-set v0.5.3
[INFO] [stderr]    Compiling quote v1.0.33
[INFO] [stderr]    Compiling syn v2.0.31
[INFO] [stderr]    Compiling atty v0.2.14
[INFO] [stderr]    Compiling xattr v1.0.1
[INFO] [stderr]    Compiling filetime v0.2.22
[INFO] [stderr]    Compiling cc v1.0.83
[INFO] [stderr]    Compiling clap v2.34.0
[INFO] [stderr]    Compiling proc-macro-error-attr v1.0.4
[INFO] [stderr]    Compiling tar v0.4.40
[INFO] [stderr]    Compiling bolero-afl v0.10.0
[INFO] [stderr]    Compiling tempfile v3.8.0
[INFO] [stderr]    Compiling serde_derive v1.0.188
[INFO] [stderr]    Compiling thiserror-impl v1.0.48
[INFO] [stderr]    Compiling proc-macro-error v1.0.4
[INFO] [stderr]    Compiling structopt-derive v0.4.18
[INFO] [stderr]    Compiling structopt v0.3.26
[INFO] [stderr]    Compiling cargo-platform v0.1.3
[INFO] [stderr]    Compiling rustc_version v0.4.0
[INFO] [stderr]    Compiling cargo_metadata v0.18.0
[INFO] [stderr]     Finished dev [unoptimized + debuginfo] target(s) in 11.22s
[INFO] running `Command { std: "docker" "inspect" "feaf5247f2c6b9d25ecbc114bc1e7d3023ccea40127d755db30bb74c935792e5", kill_on_drop: false }`
[INFO] running `Command { std: "docker" "rm" "-f" "feaf5247f2c6b9d25ecbc114bc1e7d3023ccea40127d755db30bb74c935792e5", kill_on_drop: false }`
[INFO] [stdout] feaf5247f2c6b9d25ecbc114bc1e7d3023ccea40127d755db30bb74c935792e5
[INFO] running `Command { std: "docker" "create" "-v" "/var/lib/crater-agent-workspace/builds/worker-4-tc1/target:/opt/rustwide/target:rw,Z" "-v" "/var/lib/crater-agent-workspace/builds/worker-4-tc1/source:/opt/rustwide/workdir:ro,Z" "-v" "/var/lib/crater-agent-workspace/cargo-home:/opt/rustwide/cargo-home:ro,Z" "-v" "/var/lib/crater-agent-workspace/rustup-home:/opt/rustwide/rustup-home:ro,Z" "-e" "SOURCE_DIR=/opt/rustwide/workdir" "-e" "CARGO_TARGET_DIR=/opt/rustwide/target" "-e" "CARGO_INCREMENTAL=0" "-e" "RUST_BACKTRACE=full" "-e" "RUSTFLAGS=--cap-lints=warn" "-e" "RUSTDOCFLAGS=--cap-lints=warn" "-e" "CARGO_HOME=/opt/rustwide/cargo-home" "-e" "RUSTUP_HOME=/opt/rustwide/rustup-home" "-w" "/opt/rustwide/workdir" "-m" "1610612736" "--user" "0:0" "--network" "none" "ghcr.io/rust-lang/crates-build-env/linux@sha256:2788e3201cd34a07e3172128adcd8b3090168a8e3bcc40d7c032b9dda1df7d1c" "/opt/rustwide/cargo-home/bin/cargo" "+1.75.0" "test" "--frozen" "--no-run" "--message-format=json", kill_on_drop: false }`
[INFO] [stdout] 197159def64e2fa08f1b17c06a52944edf635dadd02e01144d9a8846ff84db43
[INFO] running `Command { std: "docker" "start" "-a" "197159def64e2fa08f1b17c06a52944edf635dadd02e01144d9a8846ff84db43", kill_on_drop: false }`
[INFO] [stderr]    Compiling cargo-bolero v0.10.0 (/opt/rustwide/workdir)
[INFO] [stdout] error[E0433]: failed to resolve: use of undeclared crate or module `bolero`
[INFO] [stdout]  --> tests/fuzz_harnessed/fuzz_target.rs:3:5
[INFO] [stdout]   |
[INFO] [stdout] 3 |     bolero::check!().for_each(|_| {});
[INFO] [stdout]   |     ^^^^^^ use of undeclared crate or module `bolero`
[INFO] [stdout] 
[INFO] [stdout] 
[INFO] [stdout] error[E0432]: unresolved import `bolero`
[INFO] [stdout]  --> tests/fuzz_generator/fuzz_target.rs:1:5
[INFO] [stdout]   |
[INFO] [stdout] 1 | use bolero::check;
[INFO] [stdout]   |     ^^^^^^ use of undeclared crate or module `bolero`
[INFO] [stdout] 
[INFO] [stdout] 
[INFO] [stdout] error: aborting due to previous error
[INFO] [stdout] 
[INFO] [stdout] 
[INFO] [stdout] For more information about this error, try `rustc --explain E0433`.
[INFO] [stdout] 
[INFO] [stderr] error: could not compile `cargo-bolero` (test "fuzz_harnessed") due to 2 previous errors
[INFO] [stderr] warning: build failed, waiting for other jobs to finish...
[INFO] [stdout] error: cannot determine resolution for the macro `check`
[INFO] [stdout]  --> tests/fuzz_generator/fuzz_target.rs:4:5
[INFO] [stdout]   |
[INFO] [stdout] 4 |     check!().with_type().for_each(|value: &u64| {
[INFO] [stdout]   |     ^^^^^
[INFO] [stdout]   |
[INFO] [stdout]   = note: import resolution is stuck, try simplifying macro imports
[INFO] [stdout] 
[INFO] [stdout] 
[INFO] [stdout] error: aborting due to 2 previous errors
[INFO] [stdout] 
[INFO] [stdout] 
[INFO] [stdout] For more information about this error, try `rustc --explain E0432`.
[INFO] [stdout] 
[INFO] [stderr] error: could not compile `cargo-bolero` (test "fuzz_generator") due to 3 previous errors
[INFO] [stdout] error[E0432]: unresolved import `bolero`
[INFO] [stdout]  --> tests/fuzz_bytes/fuzz_target.rs:1:5
[INFO] [stdout]   |
[INFO] [stdout] 1 | use bolero::check;
[INFO] [stdout]   |     ^^^^^^ use of undeclared crate or module `bolero`
[INFO] [stdout] 
[INFO] [stdout] 
[INFO] [stdout] error: cannot determine resolution for the macro `check`
[INFO] [stdout]  --> tests/fuzz_bytes/fuzz_target.rs:4:5
[INFO] [stdout]   |
[INFO] [stdout] 4 |     check!().for_each(|input: &[u8]| {
[INFO] [stdout]   |     ^^^^^
[INFO] [stdout]   |
[INFO] [stdout]   = note: import resolution is stuck, try simplifying macro imports
[INFO] [stdout] 
[INFO] [stdout] 
[INFO] [stdout] error: aborting due to 2 previous errors
[INFO] [stdout] 
[INFO] [stdout] 
[INFO] [stdout] For more information about this error, try `rustc --explain E0432`.
[INFO] [stdout] 
[INFO] [stderr] error: could not compile `cargo-bolero` (test "fuzz_bytes") due to 3 previous errors
[INFO] running `Command { std: "docker" "inspect" "197159def64e2fa08f1b17c06a52944edf635dadd02e01144d9a8846ff84db43", kill_on_drop: false }`
[INFO] running `Command { std: "docker" "rm" "-f" "197159def64e2fa08f1b17c06a52944edf635dadd02e01144d9a8846ff84db43", kill_on_drop: false }`
[INFO] [stdout] 197159def64e2fa08f1b17c06a52944edf635dadd02e01144d9a8846ff84db43
[INFO] testing cargo-bolero-0.10.0 against beta-2023-12-22 for beta-1.76-1
[INFO] extracting crate cargo-bolero 0.10.0 into /workspace/builds/worker-4-tc2/source
[INFO] validating manifest of crates.io crate cargo-bolero 0.10.0 on toolchain beta-2023-12-22
[INFO] running `Command { std: CARGO_HOME="/workspace/cargo-home" RUSTUP_HOME="/workspace/rustup-home" "/workspace/cargo-home/bin/cargo" "+beta-2023-12-22" "metadata" "--manifest-path" "Cargo.toml" "--no-deps", kill_on_drop: false }`
[INFO] started tweaking crates.io crate cargo-bolero 0.10.0
[INFO] removed 0 missing tests
[INFO] finished tweaking crates.io crate cargo-bolero 0.10.0
[INFO] tweaked toml for crates.io crate cargo-bolero 0.10.0 written to /workspace/builds/worker-4-tc2/source/Cargo.toml
[INFO] crate crates.io crate cargo-bolero 0.10.0 already has a lockfile, it will not be regenerated
[INFO] running `Command { std: CARGO_HOME="/workspace/cargo-home" RUSTUP_HOME="/workspace/rustup-home" "/workspace/cargo-home/bin/cargo" "+beta-2023-12-22" "fetch" "--manifest-path" "Cargo.toml", kill_on_drop: false }`
[INFO] running `Command { std: "docker" "create" "-v" "/var/lib/crater-agent-workspace/builds/worker-4-tc2/target:/opt/rustwide/target:rw,Z" "-v" "/var/lib/crater-agent-workspace/builds/worker-4-tc2/source:/opt/rustwide/workdir:ro,Z" "-v" "/var/lib/crater-agent-workspace/cargo-home:/opt/rustwide/cargo-home:ro,Z" "-v" "/var/lib/crater-agent-workspace/rustup-home:/opt/rustwide/rustup-home:ro,Z" "-e" "SOURCE_DIR=/opt/rustwide/workdir" "-e" "CARGO_TARGET_DIR=/opt/rustwide/target" "-e" "CARGO_HOME=/opt/rustwide/cargo-home" "-e" "RUSTUP_HOME=/opt/rustwide/rustup-home" "-w" "/opt/rustwide/workdir" "-m" "1610612736" "--user" "0:0" "--network" "none" "ghcr.io/rust-lang/crates-build-env/linux@sha256:2788e3201cd34a07e3172128adcd8b3090168a8e3bcc40d7c032b9dda1df7d1c" "/opt/rustwide/cargo-home/bin/cargo" "+beta-2023-12-22" "metadata" "--no-deps" "--format-version=1", kill_on_drop: false }`
[INFO] [stdout] 648d85a62a68fb211d79fd427b8a1f03e3ce05fab65d79fead703dedd57c50f8
[INFO] running `Command { std: "docker" "start" "-a" "648d85a62a68fb211d79fd427b8a1f03e3ce05fab65d79fead703dedd57c50f8", kill_on_drop: false }`
[INFO] running `Command { std: "docker" "inspect" "648d85a62a68fb211d79fd427b8a1f03e3ce05fab65d79fead703dedd57c50f8", kill_on_drop: false }`
[INFO] running `Command { std: "docker" "rm" "-f" "648d85a62a68fb211d79fd427b8a1f03e3ce05fab65d79fead703dedd57c50f8", kill_on_drop: false }`
[INFO] [stdout] 648d85a62a68fb211d79fd427b8a1f03e3ce05fab65d79fead703dedd57c50f8
[INFO] running `Command { std: "docker" "create" "-v" "/var/lib/crater-agent-workspace/builds/worker-4-tc2/target:/opt/rustwide/target:rw,Z" "-v" "/var/lib/crater-agent-workspace/builds/worker-4-tc2/source:/opt/rustwide/workdir:ro,Z" "-v" "/var/lib/crater-agent-workspace/cargo-home:/opt/rustwide/cargo-home:ro,Z" "-v" "/var/lib/crater-agent-workspace/rustup-home:/opt/rustwide/rustup-home:ro,Z" "-e" "SOURCE_DIR=/opt/rustwide/workdir" "-e" "CARGO_TARGET_DIR=/opt/rustwide/target" "-e" "CARGO_INCREMENTAL=0" "-e" "RUST_BACKTRACE=full" "-e" "RUSTFLAGS=--cap-lints=warn" "-e" "RUSTDOCFLAGS=--cap-lints=warn" "-e" "CARGO_HOME=/opt/rustwide/cargo-home" "-e" "RUSTUP_HOME=/opt/rustwide/rustup-home" "-w" "/opt/rustwide/workdir" "-m" "1610612736" "--user" "0:0" "--network" "none" "ghcr.io/rust-lang/crates-build-env/linux@sha256:2788e3201cd34a07e3172128adcd8b3090168a8e3bcc40d7c032b9dda1df7d1c" "/opt/rustwide/cargo-home/bin/cargo" "+beta-2023-12-22" "build" "--frozen" "--message-format=json", kill_on_drop: false }`
[INFO] [stdout] f79c8ef181d58c9ca09f4d83ab510702426f222649c7d7b85c4f08b32e519764
[INFO] running `Command { std: "docker" "start" "-a" "f79c8ef181d58c9ca09f4d83ab510702426f222649c7d7b85c4f08b32e519764", kill_on_drop: false }`
[INFO] [stderr]    Compiling proc-macro2 v1.0.66
[INFO] [stderr]    Compiling unicode-ident v1.0.11
[INFO] [stderr]    Compiling serde v1.0.188
[INFO] [stderr]    Compiling libc v0.2.147
[INFO] [stderr]    Compiling syn v1.0.109
[INFO] [stderr]    Compiling semver v1.0.18
[INFO] [stderr]    Compiling camino v1.1.6
[INFO] [stderr]    Compiling thiserror v1.0.48
[INFO] [stderr]    Compiling unicode-width v0.1.10
[INFO] [stderr]    Compiling serde_json v1.0.106
[INFO] [stderr]    Compiling rustix v0.38.9
[INFO] [stderr]    Compiling linux-raw-sys v0.4.5
[INFO] [stderr]    Compiling ryu v1.0.15
[INFO] [stderr]    Compiling bitflags v2.4.0
[INFO] [stderr]    Compiling anyhow v1.0.75
[INFO] [stderr]    Compiling textwrap v0.11.0
[INFO] [stderr]    Compiling itoa v1.0.9
[INFO] [stderr]    Compiling bit-vec v0.6.3
[INFO] [stderr]    Compiling fastrand v2.0.0
[INFO] [stderr]    Compiling cargo-bolero v0.10.0 (/opt/rustwide/workdir)
[INFO] [stderr]    Compiling humantime v2.1.0
[INFO] [stderr]    Compiling bit-set v0.5.3
[INFO] [stderr]    Compiling quote v1.0.33
[INFO] [stderr]    Compiling atty v0.2.14
[INFO] [stderr]    Compiling xattr v1.0.1
[INFO] [stderr]    Compiling filetime v0.2.22
[INFO] [stderr]    Compiling syn v2.0.31
[INFO] [stderr]    Compiling clap v2.34.0
[INFO] [stderr]    Compiling tar v0.4.40
[INFO] [stderr]    Compiling proc-macro-error-attr v1.0.4
[INFO] [stderr]    Compiling cc v1.0.83
[INFO] [stderr]    Compiling bolero-afl v0.10.0
[INFO] [stderr]    Compiling tempfile v3.8.0
[INFO] [stderr]    Compiling proc-macro-error v1.0.4
[INFO] [stderr]    Compiling serde_derive v1.0.188
[INFO] [stderr]    Compiling thiserror-impl v1.0.48
[INFO] [stderr]    Compiling structopt-derive v0.4.18
[INFO] [stderr]    Compiling structopt v0.3.26
[INFO] [stderr]    Compiling cargo-platform v0.1.3
[INFO] [stderr]    Compiling rustc_version v0.4.0
[INFO] [stderr]    Compiling cargo_metadata v0.18.0
[INFO] [stderr]     Finished dev [unoptimized + debuginfo] target(s) in 13.59s
[INFO] running `Command { std: "docker" "inspect" "f79c8ef181d58c9ca09f4d83ab510702426f222649c7d7b85c4f08b32e519764", kill_on_drop: false }`
[INFO] running `Command { std: "docker" "rm" "-f" "f79c8ef181d58c9ca09f4d83ab510702426f222649c7d7b85c4f08b32e519764", kill_on_drop: false }`
[INFO] [stdout] f79c8ef181d58c9ca09f4d83ab510702426f222649c7d7b85c4f08b32e519764
[INFO] running `Command { std: "docker" "create" "-v" "/var/lib/crater-agent-workspace/builds/worker-4-tc2/target:/opt/rustwide/target:rw,Z" "-v" "/var/lib/crater-agent-workspace/builds/worker-4-tc2/source:/opt/rustwide/workdir:ro,Z" "-v" "/var/lib/crater-agent-workspace/cargo-home:/opt/rustwide/cargo-home:ro,Z" "-v" "/var/lib/crater-agent-workspace/rustup-home:/opt/rustwide/rustup-home:ro,Z" "-e" "SOURCE_DIR=/opt/rustwide/workdir" "-e" "CARGO_TARGET_DIR=/opt/rustwide/target" "-e" "CARGO_INCREMENTAL=0" "-e" "RUST_BACKTRACE=full" "-e" "RUSTFLAGS=--cap-lints=warn" "-e" "RUSTDOCFLAGS=--cap-lints=warn" "-e" "CARGO_HOME=/opt/rustwide/cargo-home" "-e" "RUSTUP_HOME=/opt/rustwide/rustup-home" "-w" "/opt/rustwide/workdir" "-m" "1610612736" "--user" "0:0" "--network" "none" "ghcr.io/rust-lang/crates-build-env/linux@sha256:2788e3201cd34a07e3172128adcd8b3090168a8e3bcc40d7c032b9dda1df7d1c" "/opt/rustwide/cargo-home/bin/cargo" "+beta-2023-12-22" "test" "--frozen" "--no-run" "--message-format=json", kill_on_drop: false }`
[INFO] [stdout] 04064868d0ab53aacffa88f09e4ab3465cf54d893f46c64bc65f7c1a9c1b3ae0
[INFO] running `Command { std: "docker" "start" "-a" "04064868d0ab53aacffa88f09e4ab3465cf54d893f46c64bc65f7c1a9c1b3ae0", kill_on_drop: false }`
[INFO] [stderr]    Compiling cargo-bolero v0.10.0 (/opt/rustwide/workdir)
[INFO] [stdout] error[E0433]: failed to resolve: use of undeclared crate or module `bolero`
[INFO] [stdout]  --> tests/fuzz_harnessed/fuzz_target.rs:3:5
[INFO] [stdout]   |
[INFO] [stdout] 3 |     bolero::check!().for_each(|_| {});
[INFO] [stdout]   |     ^^^^^^ use of undeclared crate or module `bolero`
[INFO] [stdout] 
[INFO] [stdout] 
[INFO] [stdout] error: aborting due to 1 previous error
[INFO] [stdout] 
[INFO] [stdout] 
[INFO] [stdout] For more information about this error, try `rustc --explain E0433`.
[INFO] [stdout] 
[INFO] [stdout] error[E0432]: unresolved import `bolero`
[INFO] [stdout]  --> tests/fuzz_bytes/fuzz_target.rs:1:5
[INFO] [stdout]   |
[INFO] [stdout] 1 | use bolero::check;
[INFO] [stdout]   |     ^^^^^^ use of undeclared crate or module `bolero`
[INFO] [stdout] 
[INFO] [stdout] 
[INFO] [stdout] error[E0432]: unresolved import `bolero`
[INFO] [stdout]  --> tests/fuzz_generator/fuzz_target.rs:1:5
[INFO] [stdout]   |
[INFO] [stdout] 1 | use bolero::check;
[INFO] [stdout]   |     ^^^^^^ use of undeclared crate or module `bolero`
[INFO] [stdout] 
[INFO] [stdout] 
[INFO] [stderr] error: could not compile `cargo-bolero` (test "fuzz_harnessed") due to 2 previous errors
[INFO] [stderr] warning: build failed, waiting for other jobs to finish...
[INFO] [stdout] error: cannot determine resolution for the macro `check`
[INFO] [stdout]  --> tests/fuzz_bytes/fuzz_target.rs:4:5
[INFO] [stdout]   |
[INFO] [stdout] 4 |     check!().for_each(|input: &[u8]| {
[INFO] [stdout]   |     ^^^^^
[INFO] [stdout]   |
[INFO] [stdout]   = note: import resolution is stuck, try simplifying macro imports
[INFO] [stdout] 
[INFO] [stdout] 
[INFO] [stdout] error: cannot determine resolution for the macro `check`
[INFO] [stdout]  --> tests/fuzz_generator/fuzz_target.rs:4:5
[INFO] [stdout]   |
[INFO] [stdout] 4 |     check!().with_type().for_each(|value: &u64| {
[INFO] [stdout]   |     ^^^^^
[INFO] [stdout]   |
[INFO] [stdout]   = note: import resolution is stuck, try simplifying macro imports
[INFO] [stdout] 
[INFO] [stdout] 
[INFO] [stdout] error: aborting due to 2 previous errors
[INFO] [stdout] 
[INFO] [stdout] 
[INFO] [stdout] For more information about this error, try `rustc --explain E0432`.
[INFO] [stdout] 
[INFO] [stdout] error: aborting due to 2 previous errors
[INFO] [stdout] 
[INFO] [stdout] 
[INFO] [stdout] For more information about this error, try `rustc --explain E0432`.
[INFO] [stdout] 
[INFO] [stderr] error: could not compile `cargo-bolero` (test "fuzz_bytes") due to 3 previous errors
[INFO] [stderr] error: could not compile `cargo-bolero` (test "fuzz_generator") due to 3 previous errors
[INFO] running `Command { std: "docker" "inspect" "04064868d0ab53aacffa88f09e4ab3465cf54d893f46c64bc65f7c1a9c1b3ae0", kill_on_drop: false }`
[INFO] running `Command { std: "docker" "rm" "-f" "04064868d0ab53aacffa88f09e4ab3465cf54d893f46c64bc65f7c1a9c1b3ae0", kill_on_drop: false }`
[INFO] [stdout] 04064868d0ab53aacffa88f09e4ab3465cf54d893f46c64bc65f7c1a9c1b3ae0
