[INFO] fetching crate carbone-sdk-rust 0.1.0...
[INFO] testing carbone-sdk-rust-0.1.0 against 1.75.0 for beta-1.76-1
[INFO] extracting crate carbone-sdk-rust 0.1.0 into /workspace/builds/worker-0-tc1/source
[INFO] validating manifest of crates.io crate carbone-sdk-rust 0.1.0 on toolchain 1.75.0
[INFO] running `Command { std: CARGO_HOME="/workspace/cargo-home" RUSTUP_HOME="/workspace/rustup-home" "/workspace/cargo-home/bin/cargo" "+1.75.0" "metadata" "--manifest-path" "Cargo.toml" "--no-deps", kill_on_drop: false }`
[INFO] started tweaking crates.io crate carbone-sdk-rust 0.1.0
[INFO] removed 0 missing tests
[INFO] finished tweaking crates.io crate carbone-sdk-rust 0.1.0
[INFO] tweaked toml for crates.io crate carbone-sdk-rust 0.1.0 written to /workspace/builds/worker-0-tc1/source/Cargo.toml
[INFO] running `Command { std: CARGO_HOME="/workspace/cargo-home" RUSTUP_HOME="/workspace/rustup-home" "/workspace/cargo-home/bin/cargo" "+1.75.0" "generate-lockfile" "--manifest-path" "Cargo.toml", kill_on_drop: false }`
[INFO] [stderr]     Updating crates.io index
[INFO] running `Command { std: CARGO_HOME="/workspace/cargo-home" RUSTUP_HOME="/workspace/rustup-home" "/workspace/cargo-home/bin/cargo" "+1.75.0" "fetch" "--manifest-path" "Cargo.toml", kill_on_drop: false }`
[INFO] [stderr]  Downloading crates ...
[INFO] [stderr]   Downloaded httpmock v0.6.8
[INFO] [stderr]   Downloaded castaway v0.1.2
[INFO] [stderr]   Downloaded sluice v0.5.5
[INFO] [stderr]   Downloaded async-object-pool v0.1.4
[INFO] [stderr]   Downloaded curl v0.4.44
[INFO] [stderr]   Downloaded serde_regex v1.1.0
[INFO] [stderr]   Downloaded serde_with_macros v3.4.0
[INFO] [stderr]   Downloaded similar v2.4.0
[INFO] [stderr]   Downloaded isahc v1.7.2
[INFO] [stderr]   Downloaded serde_with v3.4.0
[INFO] [stderr]   Downloaded libnghttp2-sys v0.1.9+1.58.0
[INFO] [stderr]   Downloaded libz-sys v1.1.12
[INFO] [stderr]   Downloaded curl-sys v0.4.70+curl-8.5.0
[INFO] [stderr]   Downloaded levenshtein v1.0.5
[INFO] [stderr]   Downloaded assert-json-diff v2.0.2
[INFO] [stderr]   Downloaded basic-cookies v0.1.4
[INFO] running `Command { std: "docker" "create" "-v" "/var/lib/crater-agent-workspace/builds/worker-0-tc1/target:/opt/rustwide/target:rw,Z" "-v" "/var/lib/crater-agent-workspace/builds/worker-0-tc1/source:/opt/rustwide/workdir:ro,Z" "-v" "/var/lib/crater-agent-workspace/cargo-home:/opt/rustwide/cargo-home:ro,Z" "-v" "/var/lib/crater-agent-workspace/rustup-home:/opt/rustwide/rustup-home:ro,Z" "-e" "SOURCE_DIR=/opt/rustwide/workdir" "-e" "CARGO_TARGET_DIR=/opt/rustwide/target" "-e" "CARGO_HOME=/opt/rustwide/cargo-home" "-e" "RUSTUP_HOME=/opt/rustwide/rustup-home" "-w" "/opt/rustwide/workdir" "-m" "1610612736" "--user" "0:0" "--network" "none" "ghcr.io/rust-lang/crates-build-env/linux@sha256:2788e3201cd34a07e3172128adcd8b3090168a8e3bcc40d7c032b9dda1df7d1c" "/opt/rustwide/cargo-home/bin/cargo" "+1.75.0" "metadata" "--no-deps" "--format-version=1", kill_on_drop: false }`
[INFO] [stdout] 4b534bfcd0d38fe49069356d8be54bfb94943f1ec8c1863602a6fcb6b78ad094
[INFO] running `Command { std: "docker" "start" "-a" "4b534bfcd0d38fe49069356d8be54bfb94943f1ec8c1863602a6fcb6b78ad094", kill_on_drop: false }`
[INFO] running `Command { std: "docker" "inspect" "4b534bfcd0d38fe49069356d8be54bfb94943f1ec8c1863602a6fcb6b78ad094", kill_on_drop: false }`
[INFO] running `Command { std: "docker" "rm" "-f" "4b534bfcd0d38fe49069356d8be54bfb94943f1ec8c1863602a6fcb6b78ad094", kill_on_drop: false }`
[INFO] [stdout] 4b534bfcd0d38fe49069356d8be54bfb94943f1ec8c1863602a6fcb6b78ad094
[INFO] running `Command { std: "docker" "create" "-v" "/var/lib/crater-agent-workspace/builds/worker-0-tc1/target:/opt/rustwide/target:rw,Z" "-v" "/var/lib/crater-agent-workspace/builds/worker-0-tc1/source:/opt/rustwide/workdir:ro,Z" "-v" "/var/lib/crater-agent-workspace/cargo-home:/opt/rustwide/cargo-home:ro,Z" "-v" "/var/lib/crater-agent-workspace/rustup-home:/opt/rustwide/rustup-home:ro,Z" "-e" "SOURCE_DIR=/opt/rustwide/workdir" "-e" "CARGO_TARGET_DIR=/opt/rustwide/target" "-e" "CARGO_INCREMENTAL=0" "-e" "RUST_BACKTRACE=full" "-e" "RUSTFLAGS=--cap-lints=warn" "-e" "RUSTDOCFLAGS=--cap-lints=warn" "-e" "CARGO_HOME=/opt/rustwide/cargo-home" "-e" "RUSTUP_HOME=/opt/rustwide/rustup-home" "-w" "/opt/rustwide/workdir" "-m" "1610612736" "--user" "0:0" "--network" "none" "ghcr.io/rust-lang/crates-build-env/linux@sha256:2788e3201cd34a07e3172128adcd8b3090168a8e3bcc40d7c032b9dda1df7d1c" "/opt/rustwide/cargo-home/bin/cargo" "+1.75.0" "build" "--frozen" "--message-format=json", kill_on_drop: false }`
[INFO] [stdout] 717449e60326bddc65edb2adbb833513f6c73a60f75c9a8316a9e84905bf9ed5
[INFO] running `Command { std: "docker" "start" "-a" "717449e60326bddc65edb2adbb833513f6c73a60f75c9a8316a9e84905bf9ed5", kill_on_drop: false }`
[INFO] [stderr]    Compiling proc-macro2 v1.0.75
[INFO] [stderr]    Compiling unicode-ident v1.0.12
[INFO] [stderr]    Compiling version_check v0.9.4
[INFO] [stderr]    Compiling libc v0.2.151
[INFO] [stderr]    Compiling fnv v1.0.7
[INFO] [stderr]    Compiling once_cell v1.19.0
[INFO] [stderr]    Compiling pin-project-lite v0.2.13
[INFO] [stderr]    Compiling pkg-config v0.3.28
[INFO] [stderr]    Compiling vcpkg v0.2.15
[INFO] [stderr]    Compiling memchr v2.7.1
[INFO] [stderr]    Compiling bytes v1.5.0
[INFO] [stderr]    Compiling itoa v1.0.10
[INFO] [stderr]    Compiling autocfg v1.1.0
[INFO] [stderr]    Compiling typenum v1.17.0
[INFO] [stderr]    Compiling quote v1.0.35
[INFO] [stderr]    Compiling slab v0.4.9
[INFO] [stderr]    Compiling cc v1.0.83
[INFO] [stderr]    Compiling syn v2.0.48
[INFO] [stderr]    Compiling num_cpus v1.16.0
[INFO] [stderr]    Compiling mio v0.8.10
[INFO] [stderr]    Compiling socket2 v0.5.5
[INFO] [stderr]    Compiling tinyvec_macros v0.1.1
[INFO] [stderr]    Compiling cfg-if v1.0.0
[INFO] [stderr]    Compiling serde v1.0.194
[INFO] [stderr]    Compiling futures-core v0.3.30
[INFO] [stderr]    Compiling tinyvec v1.6.0
[INFO] [stderr]    Compiling tokio v1.35.1
[INFO] [stderr]    Compiling unicase v2.7.0
[INFO] [stderr]    Compiling generic-array v0.14.7
[INFO] [stderr]    Compiling tracing-core v0.1.32
[INFO] [stderr]    Compiling syn v1.0.109
[INFO] [stderr]    Compiling openssl v0.10.62
[INFO] [stderr]    Compiling foreign-types-shared v0.1.1
[INFO] [stderr]    Compiling foreign-types v0.3.2
[INFO] [stderr]    Compiling tracing v0.1.40
[INFO] [stderr]    Compiling unicode-normalization v0.1.22
[INFO] [stderr]    Compiling http v0.2.11
[INFO] [stderr]    Compiling openssl-sys v0.9.98
[INFO] [stderr]    Compiling proc-macro-error-attr v1.0.4
[INFO] [stderr]    Compiling httparse v1.8.0
[INFO] [stderr]    Compiling bitflags v2.4.1
[INFO] [stderr]    Compiling native-tls v0.2.11
[INFO] [stderr]    Compiling pin-utils v0.1.0
[INFO] [stderr]    Compiling unicode-bidi v0.3.14
[INFO] [stderr]    Compiling hashbrown v0.14.3
[INFO] [stderr]    Compiling futures-sink v0.3.30
[INFO] [stderr]    Compiling futures-task v0.3.30
[INFO] [stderr]    Compiling strsim v0.10.0
[INFO] [stderr]    Compiling futures-io v0.3.30
[INFO] [stderr]    Compiling equivalent v1.0.1
[INFO] [stderr]    Compiling ident_case v1.0.1
[INFO] [stderr]    Compiling percent-encoding v2.3.1
[INFO] [stderr]    Compiling futures-util v0.3.30
[INFO] [stderr]    Compiling indexmap v2.1.0
[INFO] [stderr]    Compiling form_urlencoded v1.2.1
[INFO] [stderr]    Compiling darling_core v0.20.3
[INFO] [stderr]    Compiling aho-corasick v1.1.2
[INFO] [stderr]    Compiling proc-macro-error v1.0.4
[INFO] [stderr]    Compiling try-lock v0.2.5
[INFO] [stderr]    Compiling openssl-probe v0.1.5
[INFO] [stderr]    Compiling log v0.4.20
[INFO] [stderr]    Compiling serde_json v1.0.111
[INFO] [stderr]    Compiling regex-syntax v0.8.2
[INFO] [stderr]    Compiling ryu v1.0.16
[INFO] [stderr]    Compiling want v0.3.1
[INFO] [stderr]    Compiling tokio-util v0.7.10
[INFO] [stderr]    Compiling h2 v0.3.22
[INFO] [stderr]    Compiling mime_guess v2.0.4
[INFO] [stderr]    Compiling regex-automata v0.4.3
[INFO] [stderr]    Compiling serde_derive v1.0.194
[INFO] [stderr]    Compiling openssl-macros v0.1.1
[INFO] [stderr]    Compiling darling_macro v0.20.3
[INFO] [stderr]    Compiling idna v0.5.0
[INFO] [stderr]    Compiling http-body v0.4.6
[INFO] [stderr]    Compiling futures-channel v0.3.30
[INFO] [stderr]    Compiling tower-service v0.3.2
[INFO] [stderr]    Compiling httpdate v1.0.3
[INFO] [stderr]    Compiling darling v0.20.3
[INFO] [stderr]    Compiling url v2.5.0
[INFO] [stderr]    Compiling hyper v0.14.28
[INFO] [stderr]    Compiling validator_types v0.16.0
[INFO] [stderr]    Compiling regex v1.10.2
[INFO] [stderr]    Compiling crypto-common v0.1.6
[INFO] [stderr]    Compiling block-buffer v0.10.4
[INFO] [stderr]    Compiling ring v0.16.20
[INFO] [stderr]    Compiling if_chain v1.0.2
[INFO] [stderr]    Compiling anyhow v1.0.79
[INFO] [stderr]    Compiling lazy_static v1.4.0
[INFO] [stderr]    Compiling thiserror v1.0.56
[INFO] [stderr]    Compiling mime v0.3.17
[INFO] [stderr]    Compiling digest v0.10.7
[INFO] [stderr]    Compiling serde_with_macros v3.4.0
[INFO] [stderr]    Compiling thiserror-impl v1.0.56
[INFO] [stderr]    Compiling tokio-native-tls v0.3.1
[INFO] [stderr]    Compiling hyper-tls v0.5.0
[INFO] [stderr]    Compiling idna v0.4.0
[INFO] [stderr]    Compiling encoding_rs v0.8.33
[INFO] [stderr]    Compiling spin v0.5.2
[INFO] [stderr]    Compiling cpufeatures v0.2.12
[INFO] [stderr]    Compiling ipnet v2.9.0
[INFO] [stderr]    Compiling untrusted v0.7.1
[INFO] [stderr]    Compiling base64 v0.21.5
[INFO] [stderr]    Compiling sha2 v0.10.8
[INFO] [stderr]    Compiling data-encoding v2.5.0
[INFO] [stderr]    Compiling validator_derive v0.16.0
[INFO] [stderr]    Compiling serde_urlencoded v0.7.1
[INFO] [stderr]    Compiling serde_with v3.4.0
[INFO] [stderr]    Compiling reqwest v0.11.23
[INFO] [stderr]    Compiling validator v0.16.1
[INFO] [stderr]    Compiling carbone-sdk-rust v0.1.0 (/opt/rustwide/workdir)
[INFO] [stderr]     Finished dev [unoptimized + debuginfo] target(s) in 28.68s
[INFO] running `Command { std: "docker" "inspect" "717449e60326bddc65edb2adbb833513f6c73a60f75c9a8316a9e84905bf9ed5", kill_on_drop: false }`
[INFO] running `Command { std: "docker" "rm" "-f" "717449e60326bddc65edb2adbb833513f6c73a60f75c9a8316a9e84905bf9ed5", kill_on_drop: false }`
[INFO] [stdout] 717449e60326bddc65edb2adbb833513f6c73a60f75c9a8316a9e84905bf9ed5
[INFO] running `Command { std: "docker" "create" "-v" "/var/lib/crater-agent-workspace/builds/worker-0-tc1/target:/opt/rustwide/target:rw,Z" "-v" "/var/lib/crater-agent-workspace/builds/worker-0-tc1/source:/opt/rustwide/workdir:ro,Z" "-v" "/var/lib/crater-agent-workspace/cargo-home:/opt/rustwide/cargo-home:ro,Z" "-v" "/var/lib/crater-agent-workspace/rustup-home:/opt/rustwide/rustup-home:ro,Z" "-e" "SOURCE_DIR=/opt/rustwide/workdir" "-e" "CARGO_TARGET_DIR=/opt/rustwide/target" "-e" "CARGO_INCREMENTAL=0" "-e" "RUST_BACKTRACE=full" "-e" "RUSTFLAGS=--cap-lints=warn" "-e" "RUSTDOCFLAGS=--cap-lints=warn" "-e" "CARGO_HOME=/opt/rustwide/cargo-home" "-e" "RUSTUP_HOME=/opt/rustwide/rustup-home" "-w" "/opt/rustwide/workdir" "-m" "1610612736" "--user" "0:0" "--network" "none" "ghcr.io/rust-lang/crates-build-env/linux@sha256:2788e3201cd34a07e3172128adcd8b3090168a8e3bcc40d7c032b9dda1df7d1c" "/opt/rustwide/cargo-home/bin/cargo" "+1.75.0" "test" "--frozen" "--no-run" "--message-format=json", kill_on_drop: false }`
[INFO] [stdout] 46200d5a6ffd79ad8334be055ba9ff501321b17bd7b6a6941937ef31755990e5
[INFO] running `Command { std: "docker" "start" "-a" "46200d5a6ffd79ad8334be055ba9ff501321b17bd7b6a6941937ef31755990e5", kill_on_drop: false }`
[INFO] [stderr]    Compiling value-bag v1.4.3
[INFO] [stderr]    Compiling crossbeam-utils v0.8.18
[INFO] [stderr]    Compiling cc v1.0.83
[INFO] [stderr]    Compiling bitflags v2.4.1
[INFO] [stderr]    Compiling futures-io v0.3.30
[INFO] [stderr]    Compiling parking v2.2.0
[INFO] [stderr]    Compiling syn v2.0.48
[INFO] [stderr]    Compiling lock_api v0.4.11
[INFO] [stderr]    Compiling parking_lot_core v0.9.9
[INFO] [stderr]    Compiling smallvec v1.11.2
[INFO] [stderr]    Compiling log v0.4.20
[INFO] [stderr]    Compiling scopeguard v1.2.0
[INFO] [stderr]    Compiling signal-hook-registry v1.4.1
[INFO] [stderr]    Compiling fastrand v2.0.1
[INFO] [stderr]    Compiling rustix v0.38.28
[INFO] [stderr]    Compiling futures-lite v2.1.0
[INFO] [stderr]    Compiling parking_lot v0.12.1
[INFO] [stderr]    Compiling concurrent-queue v2.4.0
[INFO] [stderr]    Compiling event-listener v2.5.3
[INFO] [stderr]    Compiling event-listener v4.0.2
[INFO] [stderr]    Compiling linux-raw-sys v0.4.12
[INFO] [stderr]    Compiling dirs-sys-next v0.1.2
[INFO] [stderr]    Compiling polling v2.8.0
[INFO] [stderr]    Compiling openssl-sys v0.9.98
[INFO] [stderr]    Compiling event-listener-strategy v0.4.0
[INFO] [stderr]    Compiling libz-sys v1.1.12
[INFO] [stderr]    Compiling libnghttp2-sys v0.1.9+1.58.0
[INFO] [stderr]    Compiling async-lock v3.2.0
[INFO] [stderr]    Compiling io-lifetimes v1.0.11
[INFO] [stderr]    Compiling crunchy v0.2.2
[INFO] [stderr]    Compiling curl-sys v0.4.70+curl-8.5.0
[INFO] [stderr]    Compiling dirs-next v2.0.0
[INFO] [stderr]    Compiling socket2 v0.4.10
[INFO] [stderr]    Compiling waker-fn v1.1.1
[INFO] [stderr]    Compiling rustix v0.37.27
[INFO] [stderr]    Compiling tiny-keccak v2.0.2
[INFO] [stderr]    Compiling fastrand v1.9.0
[INFO] [stderr]    Compiling siphasher v0.3.11
[INFO] [stderr]    Compiling futures-lite v1.13.0
[INFO] [stderr]    Compiling phf_shared v0.10.0
[INFO] [stderr]    Compiling openssl v0.10.62
[INFO] [stderr]    Compiling term v0.7.0
[INFO] [stderr]    Compiling async-io v1.13.0
[INFO] [stderr]    Compiling bitflags v1.3.2
[INFO] [stderr]    Compiling new_debug_unreachable v1.0.4
[INFO] [stderr]    Compiling either v1.9.0
[INFO] [stderr]    Compiling precomputed-hash v0.1.1
[INFO] [stderr]    Compiling atomic-waker v1.1.2
[INFO] [stderr]    Compiling async-task v4.7.0
[INFO] [stderr]    Compiling fixedbitset v0.4.2
[INFO] [stderr]    Compiling linux-raw-sys v0.3.8
[INFO] [stderr]    Compiling bit-vec v0.6.3
[INFO] [stderr]    Compiling petgraph v0.6.4
[INFO] [stderr]    Compiling piper v0.2.1
[INFO] [stderr]    Compiling darling_core v0.20.3
[INFO] [stderr]    Compiling bit-set v0.5.3
[INFO] [stderr]    Compiling is-terminal v0.4.10
[INFO] [stderr]    Compiling native-tls v0.2.11
[INFO] [stderr]    Compiling string_cache v0.8.7
[INFO] [stderr]    Compiling ena v0.14.2
[INFO] [stderr]    Compiling itertools v0.10.5
[INFO] [stderr]    Compiling ascii-canvas v3.0.0
[INFO] [stderr]    Compiling async-channel v2.1.1
[INFO] [stderr]    Compiling async-channel v1.9.0
[INFO] [stderr]    Compiling async-lock v2.8.0
[INFO] [stderr]    Compiling lalrpop-util v0.19.12
[INFO] [stderr]    Compiling regex-syntax v0.6.29
[INFO] [stderr]    Compiling unicode-xid v0.2.4
[INFO] [stderr]    Compiling diff v0.1.13
[INFO] [stderr]    Compiling async-executor v1.8.0
[INFO] [stderr]    Compiling tracing-attributes v0.1.27
[INFO] [stderr]    Compiling serde_derive v1.0.194
[INFO] [stderr]    Compiling tokio-macros v2.2.0
[INFO] [stderr]    Compiling futures-macro v0.3.30
[INFO] [stderr]    Compiling openssl-macros v0.1.1
[INFO] [stderr]    Compiling darling_macro v0.20.3
[INFO] [stderr]    Compiling lalrpop v0.19.12
[INFO] [stderr]    Compiling tokio v1.35.1
[INFO] [stderr]    Compiling futures-util v0.3.30
[INFO] [stderr]    Compiling tracing v0.1.40
[INFO] [stderr]    Compiling polling v3.3.1
[INFO] [stderr]    Compiling blocking v1.5.1
[INFO] [stderr]    Compiling async-io v2.2.2
[INFO] [stderr]    Compiling async-signal v0.2.5
[INFO] [stderr]    Compiling pin-project-internal v1.1.3
[INFO] [stderr]    Compiling serde v1.0.194
[INFO] [stderr]    Compiling event-listener v3.1.0
[INFO] [stderr]    Compiling curl v0.4.44
[INFO] [stderr]    Compiling async-process v1.8.1
[INFO] [stderr]    Compiling async-global-executor v2.4.1
[INFO] [stderr]    Compiling tokio-util v0.7.10
[INFO] [stderr]    Compiling pin-project v1.1.3
[INFO] [stderr]    Compiling tokio-native-tls v0.3.1
[INFO] [stderr]    Compiling darling v0.20.3
[INFO] [stderr]    Compiling ring v0.16.20
[INFO] [stderr]    Compiling kv-log-macro v1.0.7
[INFO] [stderr]    Compiling isahc v1.7.2
[INFO] [stderr]    Compiling async-trait v0.1.77
[INFO] [stderr]    Compiling h2 v0.3.22
[INFO] [stderr]    Compiling async-std v1.12.0
[INFO] [stderr]    Compiling serde_with_macros v3.4.0
[INFO] [stderr]    Compiling serde_json v1.0.111
[INFO] [stderr]    Compiling serde_urlencoded v0.7.1
[INFO] [stderr]    Compiling tracing-futures v0.2.5
[INFO] [stderr]    Compiling thiserror-impl v1.0.56
[INFO] [stderr]    Compiling sluice v0.5.5
[INFO] [stderr]    Compiling castaway v0.1.2
[INFO] [stderr]    Compiling validator v0.16.1
[INFO] [stderr]    Compiling async-object-pool v0.1.4
[INFO] [stderr]    Compiling serde_with v3.4.0
[INFO] [stderr]    Compiling hyper v0.14.28
[INFO] [stderr]    Compiling thiserror v1.0.56
[INFO] [stderr]    Compiling assert-json-diff v2.0.2
[INFO] [stderr]    Compiling serde_regex v1.1.0
[INFO] [stderr]    Compiling levenshtein v1.0.5
[INFO] [stderr]    Compiling similar v2.4.0
[INFO] [stderr]    Compiling basic-cookies v0.1.4
[INFO] [stderr]    Compiling hyper-tls v0.5.0
[INFO] [stderr]    Compiling reqwest v0.11.23
[INFO] [stderr]    Compiling httpmock v0.6.8
[INFO] [stderr]    Compiling carbone-sdk-rust v0.1.0 (/opt/rustwide/workdir)
[INFO] [stdout] error[E0433]: failed to resolve: use of undeclared crate or module `carbone_sdk_rs`
[INFO] [stdout]  --> tests/types_test.rs:5:9
[INFO] [stdout]   |
[INFO] [stdout] 5 |     use carbone_sdk_rs::types::*;
[INFO] [stdout]   |         ^^^^^^^^^^^^^^ use of undeclared crate or module `carbone_sdk_rs`
[INFO] [stdout]   |
[INFO] [stdout] help: there is a crate or module with a similar name
[INFO] [stdout]   |
[INFO] [stdout] 5 |     use carbone_sdk_rust::types::*;
[INFO] [stdout]   |         ~~~~~~~~~~~~~~~~
[INFO] [stdout] 
[INFO] [stdout] 
[INFO] [stdout] error[E0433]: failed to resolve: use of undeclared crate or module `carbone_sdk_rs`
[INFO] [stdout]  --> tests/types_test.rs:4:9
[INFO] [stdout]   |
[INFO] [stdout] 4 |     use carbone_sdk_rs::errors::CarboneError;
[INFO] [stdout]   |         ^^^^^^^^^^^^^^ use of undeclared crate or module `carbone_sdk_rs`
[INFO] [stdout]   |
[INFO] [stdout] help: there is a crate or module with a similar name
[INFO] [stdout]   |
[INFO] [stdout] 4 |     use carbone_sdk_rust::errors::CarboneError;
[INFO] [stdout]   |         ~~~~~~~~~~~~~~~~
[INFO] [stdout] 
[INFO] [stdout] 
[INFO] [stdout] error[E0432]: unresolved import `carbone_sdk_rs::errors::CarboneError`
[INFO] [stdout]  --> tests/types_test.rs:4:9
[INFO] [stdout]   |
[INFO] [stdout] 4 |     use carbone_sdk_rs::errors::CarboneError;
[INFO] [stdout]   |         ^^^^^^^^^^^^^^^^^^^^^^^^^^^^^^^^^^^^
[INFO] [stdout] 
[INFO] [stdout] 
[INFO] [stdout] error[E0433]: failed to resolve: use of undeclared crate or module `carbone_sdk_rs`
[INFO] [stdout]  --> tests/render_test.rs:2:5
[INFO] [stdout]   |
[INFO] [stdout] 2 | use carbone_sdk_rs::render::*;
[INFO] [stdout]   |     ^^^^^^^^^^^^^^ use of undeclared crate or module `carbone_sdk_rs`
[INFO] [stdout]   |
[INFO] [stdout] help: there is a crate or module with a similar name
[INFO] [stdout]   |
[INFO] [stdout] 2 | use carbone_sdk_rust::render::*;
[INFO] [stdout]   |     ~~~~~~~~~~~~~~~~
[INFO] [stdout] 
[INFO] [stdout] 
[INFO] [stdout] error[E0433]: failed to resolve: use of undeclared crate or module `carbone_sdk_rs`
[INFO] [stdout]  --> tests/render_test.rs:1:5
[INFO] [stdout]   |
[INFO] [stdout] 1 | use carbone_sdk_rs::errors::CarboneError;
[INFO] [stdout]   |     ^^^^^^^^^^^^^^ use of undeclared crate or module `carbone_sdk_rs`
[INFO] [stdout]   |
[INFO] [stdout] help: there is a crate or module with a similar name
[INFO] [stdout]   |
[INFO] [stdout] 1 | use carbone_sdk_rust::errors::CarboneError;
[INFO] [stdout]   |     ~~~~~~~~~~~~~~~~
[INFO] [stdout] 
[INFO] [stdout] 
[INFO] [stdout] error[E0432]: unresolved import `carbone_sdk_rs::errors::CarboneError`
[INFO] [stdout]  --> tests/render_test.rs:1:5
[INFO] [stdout]   |
[INFO] [stdout] 1 | use carbone_sdk_rs::errors::CarboneError;
[INFO] [stdout]   |     ^^^^^^^^^^^^^^^^^^^^^^^^^^^^^^^^^^^^
[INFO] [stdout] 
[INFO] [stdout] 
[INFO] [stdout] error[E0433]: failed to resolve: use of undeclared crate or module `carbone_sdk_rs`
[INFO] [stdout]  --> tests/carbone_response_test.rs:4:9
[INFO] [stdout]   |
[INFO] [stdout] 4 |     use carbone_sdk_rs::carbone_response::{APIResponse, APIResponseData};
[INFO] [stdout]   |         ^^^^^^^^^^^^^^ use of undeclared crate or module `carbone_sdk_rs`
[INFO] [stdout]   |
[INFO] [stdout] help: there is a crate or module with a similar name
[INFO] [stdout]   |
[INFO] [stdout] 4 |     use carbone_sdk_rust::carbone_response::{APIResponse, APIResponseData};
[INFO] [stdout]   |         ~~~~~~~~~~~~~~~~
[INFO] [stdout] 
[INFO] [stdout] 
[INFO] [stdout] error[E0433]: failed to resolve: use of undeclared crate or module `carbone_sdk_rs`
[INFO] [stdout]  --> tests/config_test.rs:1:5
[INFO] [stdout]   |
[INFO] [stdout] 1 | use carbone_sdk_rs::config::Config;
[INFO] [stdout]   |     ^^^^^^^^^^^^^^ use of undeclared crate or module `carbone_sdk_rs`
[INFO] [stdout]   |
[INFO] [stdout] help: there is a crate or module with a similar name
[INFO] [stdout]   |
[INFO] [stdout] 1 | use carbone_sdk_rust::config::Config;
[INFO] [stdout]   |     ~~~~~~~~~~~~~~~~
[INFO] [stdout] 
[INFO] [stdout] 
[INFO] [stdout] error[E0433]: failed to resolve: use of undeclared crate or module `carbone_sdk_rs`
[INFO] [stdout]  --> tests/carbone_response_test.rs:5:9
[INFO] [stdout]   |
[INFO] [stdout] 5 |     use carbone_sdk_rs::errors::CarboneError;
[INFO] [stdout]   |         ^^^^^^^^^^^^^^ use of undeclared crate or module `carbone_sdk_rs`
[INFO] [stdout]   |
[INFO] [stdout] help: there is a crate or module with a similar name
[INFO] [stdout]   |
[INFO] [stdout] 5 |     use carbone_sdk_rust::errors::CarboneError;
[INFO] [stdout]   |         ~~~~~~~~~~~~~~~~
[INFO] [stdout] 
[INFO] [stdout] 
[INFO] [stdout] error[E0433]: failed to resolve: use of undeclared crate or module `carbone_sdk_rs`
[INFO] [stdout]  --> tests/carbone_response_test.rs:6:9
[INFO] [stdout]   |
[INFO] [stdout] 6 |     use carbone_sdk_rs::render::RenderId;
[INFO] [stdout]   |         ^^^^^^^^^^^^^^ use of undeclared crate or module `carbone_sdk_rs`
[INFO] [stdout]   |
[INFO] [stdout] help: there is a crate or module with a similar name
[INFO] [stdout]   |
[INFO] [stdout] 6 |     use carbone_sdk_rust::render::RenderId;
[INFO] [stdout]   |         ~~~~~~~~~~~~~~~~
[INFO] [stdout] 
[INFO] [stdout] 
[INFO] [stdout] error[E0433]: failed to resolve: use of undeclared crate or module `carbone_sdk_rs`
[INFO] [stdout]  --> tests/config_test.rs:2:5
[INFO] [stdout]   |
[INFO] [stdout] 2 | use carbone_sdk_rs::errors::CarboneError;
[INFO] [stdout]   |     ^^^^^^^^^^^^^^ use of undeclared crate or module `carbone_sdk_rs`
[INFO] [stdout]   |
[INFO] [stdout] help: there is a crate or module with a similar name
[INFO] [stdout]   |
[INFO] [stdout] 2 | use carbone_sdk_rust::errors::CarboneError;
[INFO] [stdout]   |     ~~~~~~~~~~~~~~~~
[INFO] [stdout] 
[INFO] [stdout] 
[INFO] [stdout] error[E0433]: failed to resolve: use of undeclared crate or module `carbone_sdk_rs`
[INFO] [stdout]  --> tests/carbone_response_test.rs:7:9
[INFO] [stdout]   |
[INFO] [stdout] 7 |     use carbone_sdk_rs::template::TemplateId;
[INFO] [stdout]   |         ^^^^^^^^^^^^^^ use of undeclared crate or module `carbone_sdk_rs`
[INFO] [stdout]   |
[INFO] [stdout] help: there is a crate or module with a similar name
[INFO] [stdout]   |
[INFO] [stdout] 7 |     use carbone_sdk_rust::template::TemplateId;
[INFO] [stdout]   |         ~~~~~~~~~~~~~~~~
[INFO] [stdout] 
[INFO] [stdout] 
[INFO] [stdout] error[E0433]: failed to resolve: use of undeclared crate or module `carbone_sdk_rs`
[INFO] [stdout]  --> tests/config_test.rs:3:5
[INFO] [stdout]   |
[INFO] [stdout] 3 | use carbone_sdk_rs::types::ApiVersion;
[INFO] [stdout]   |     ^^^^^^^^^^^^^^ use of undeclared crate or module `carbone_sdk_rs`
[INFO] [stdout]   |
[INFO] [stdout] help: there is a crate or module with a similar name
[INFO] [stdout]   |
[INFO] [stdout] 3 | use carbone_sdk_rust::types::ApiVersion;
[INFO] [stdout]   |     ~~~~~~~~~~~~~~~~
[INFO] [stdout] 
[INFO] [stdout] 
[INFO] [stdout] error[E0433]: failed to resolve: use of undeclared crate or module `carbone_sdk_rs`
[INFO] [stdout]  --> tests/config_test.rs:9:9
[INFO] [stdout]   |
[INFO] [stdout] 9 |     use carbone_sdk_rs::config::CARBONE_API_URL;
[INFO] [stdout]   |         ^^^^^^^^^^^^^^ use of undeclared crate or module `carbone_sdk_rs`
[INFO] [stdout]   |
[INFO] [stdout] help: there is a crate or module with a similar name
[INFO] [stdout]   |
[INFO] [stdout] 9 |     use carbone_sdk_rust::config::CARBONE_API_URL;
[INFO] [stdout]   |         ~~~~~~~~~~~~~~~~
[INFO] [stdout] 
[INFO] [stdout] 
[INFO] [stdout] error[E0433]: failed to resolve: use of undeclared crate or module `carbone_sdk_rs`
[INFO] [stdout]   --> tests/config_test.rs:10:9
[INFO] [stdout]    |
[INFO] [stdout] 10 |     use carbone_sdk_rs::config::CARBONE_API_VERSION;
[INFO] [stdout]    |         ^^^^^^^^^^^^^^ use of undeclared crate or module `carbone_sdk_rs`
[INFO] [stdout]    |
[INFO] [stdout] help: there is a crate or module with a similar name
[INFO] [stdout]    |
[INFO] [stdout] 10 |     use carbone_sdk_rust::config::CARBONE_API_VERSION;
[INFO] [stdout]    |         ~~~~~~~~~~~~~~~~
[INFO] [stdout] 
[INFO] [stdout] 
[INFO] [stdout] warning: unused import: `std::str::FromStr`
[INFO] [stdout]   --> tests/config_test.rs:11:9
[INFO] [stdout]    |
[INFO] [stdout] 11 |     use std::str::FromStr;
[INFO] [stdout]    |         ^^^^^^^^^^^^^^^^^
[INFO] [stdout]    |
[INFO] [stdout]    = note: `#[warn(unused_imports)]` on by default
[INFO] [stdout] 
[INFO] [stdout] 
[INFO] [stdout] error[E0433]: failed to resolve: use of undeclared crate or module `carbone_sdk_rs`
[INFO] [stdout]  --> tests/template_test.rs:4:5
[INFO] [stdout]   |
[INFO] [stdout] 4 | use carbone_sdk_rs::template::*;
[INFO] [stdout]   |     ^^^^^^^^^^^^^^ use of undeclared crate or module `carbone_sdk_rs`
[INFO] [stdout]   |
[INFO] [stdout] help: there is a crate or module with a similar name
[INFO] [stdout]   |
[INFO] [stdout] 4 | use carbone_sdk_rust::template::*;
[INFO] [stdout]   |     ~~~~~~~~~~~~~~~~
[INFO] [stdout] 
[INFO] [stdout] 
[INFO] [stdout] error[E0433]: failed to resolve: use of undeclared crate or module `carbone_sdk_rs`
[INFO] [stdout]  --> tests/template_test.rs:3:5
[INFO] [stdout]   |
[INFO] [stdout] 3 | use carbone_sdk_rs::errors::CarboneError;
[INFO] [stdout]   |     ^^^^^^^^^^^^^^ use of undeclared crate or module `carbone_sdk_rs`
[INFO] [stdout]   |
[INFO] [stdout] help: there is a crate or module with a similar name
[INFO] [stdout]   |
[INFO] [stdout] 3 | use carbone_sdk_rust::errors::CarboneError;
[INFO] [stdout]   |     ~~~~~~~~~~~~~~~~
[INFO] [stdout] 
[INFO] [stdout] 
[INFO] [stdout] error[E0433]: failed to resolve: use of undeclared crate or module `carbone_sdk_rs`
[INFO] [stdout]   --> tests/template_test.rs:11:9
[INFO] [stdout]    |
[INFO] [stdout] 11 |     use carbone_sdk_rs::template::TemplateId;
[INFO] [stdout]    |         ^^^^^^^^^^^^^^ use of undeclared crate or module `carbone_sdk_rs`
[INFO] [stdout]    |
[INFO] [stdout] help: there is a crate or module with a similar name
[INFO] [stdout]    |
[INFO] [stdout] 11 |     use carbone_sdk_rust::template::TemplateId;
[INFO] [stdout]    |         ~~~~~~~~~~~~~~~~
[INFO] [stdout] 
[INFO] [stdout] 
[INFO] [stdout] error[E0432]: unresolved imports `carbone_sdk_rs::errors::CarboneError`, `carbone_sdk_rs::template::TemplateId`
[INFO] [stdout]   --> tests/template_test.rs:3:5
[INFO] [stdout]    |
[INFO] [stdout] 3  | use carbone_sdk_rs::errors::CarboneError;
[INFO] [stdout]    |     ^^^^^^^^^^^^^^^^^^^^^^^^^^^^^^^^^^^^
[INFO] [stdout] ...
[INFO] [stdout] 11 |     use carbone_sdk_rs::template::TemplateId;
[INFO] [stdout]    |         ^^^^^^^^^^^^^^^^^^^^^^^^^^^^^^^^^^^^
[INFO] [stdout] 
[INFO] [stdout] 
[INFO] [stdout] error: aborting due to 5 previous errors; 1 warning emitted
[INFO] [stdout] 
[INFO] [stdout] 
[INFO] [stdout] For more information about this error, try `rustc --explain E0433`.
[INFO] [stdout] 
[INFO] [stderr] error: could not compile `carbone-sdk-rust` (test "config_test") due to 6 previous errors; 1 warning emitted
[INFO] [stderr] warning: build failed, waiting for other jobs to finish...
[INFO] [stdout] error: aborting due to 4 previous errors
[INFO] [stdout] 
[INFO] [stdout] 
[INFO] [stdout] error[E0433]: failed to resolve: use of undeclared crate or module `carbone_sdk_rs`
[INFO] [stdout]  --> tests/helper.rs:4:5
[INFO] [stdout]   |
[INFO] [stdout] 4 | use carbone_sdk_rs::config::Config;
[INFO] [stdout]   |     ^^^^^^^^^^^^^^ use of undeclared crate or module `carbone_sdk_rs`
[INFO] [stdout]   |
[INFO] [stdout] help: there is a crate or module with a similar name
[INFO] [stdout]   |
[INFO] [stdout] 4 | use carbone_sdk_rust::config::Config;
[INFO] [stdout]   |     ~~~~~~~~~~~~~~~~
[INFO] [stdout] 
[INFO] [stdout] 
[INFO] [stdout] error[E0433]: failed to resolve: use of undeclared crate or module `carbone_sdk_rs`
[INFO] [stdout]  --> tests/helper.rs:5:5
[INFO] [stdout]   |
[INFO] [stdout] 5 | use carbone_sdk_rs::errors::CarboneError;
[INFO] [stdout]   |     ^^^^^^^^^^^^^^ use of undeclared crate or module `carbone_sdk_rs`
[INFO] [stdout]   |
[INFO] [stdout] help: there is a crate or module with a similar name
[INFO] [stdout]   |
[INFO] [stdout] 5 | use carbone_sdk_rust::errors::CarboneError;
[INFO] [stdout]   |     ~~~~~~~~~~~~~~~~
[INFO] [stdout] 
[INFO] [stdout] 
[INFO] [stdout] error[E0433]: failed to resolve: use of undeclared crate or module `carbone_sdk_rs`
[INFO] [stdout]  --> tests/helper.rs:6:5
[INFO] [stdout]   |
[INFO] [stdout] 6 | use carbone_sdk_rs::types::{ApiJsonToken, ApiVersion};
[INFO] [stdout]   |     ^^^^^^^^^^^^^^ use of undeclared crate or module `carbone_sdk_rs`
[INFO] [stdout]   |
[INFO] [stdout] help: there is a crate or module with a similar name
[INFO] [stdout]   |
[INFO] [stdout] 6 | use carbone_sdk_rust::types::{ApiJsonToken, ApiVersion};
[INFO] [stdout]   |     ~~~~~~~~~~~~~~~~
[INFO] [stdout] 
[INFO] [stdout] 
[INFO] [stdout] For more information about this error, try `rustc --explain E0433`.
[INFO] [stdout] 
[INFO] [stderr] error: could not compile `carbone-sdk-rust` (test "carbone_response_test") due to 5 previous errors
[INFO] [stdout] error: aborting due to 3 previous errors
[INFO] [stdout] 
[INFO] [stdout] 
[INFO] [stdout] error[E0433]: failed to resolve: use of undeclared type `ApiJsonToken`
[INFO] [stdout]   --> tests/types_test.rs:13:25
[INFO] [stdout]    |
[INFO] [stdout] 13 |         let api_token = ApiJsonToken::new(api_token_value.to_string())?;
[INFO] [stdout]    |                         ^^^^^^^^^^^^ use of undeclared type `ApiJsonToken`
[INFO] [stdout]    |
[INFO] [stdout] help: consider importing this struct
[INFO] [stdout]    |
[INFO] [stdout] 4  +     use carbone_sdk_rust::types::ApiJsonToken;
[INFO] [stdout]    |
[INFO] [stdout] 
[INFO] [stdout] 
[INFO] [stdout] For more information about this error, try `rustc --explain E0433`.
[INFO] [stdout] 
[INFO] [stderr] error: could not compile `carbone-sdk-rust` (test "helper") due to 4 previous errors
[INFO] [stdout] error[E0433]: failed to resolve: use of undeclared type `TemplateFile`
[INFO] [stdout]   --> tests/template_test.rs:16:29
[INFO] [stdout]    |
[INFO] [stdout] 16 |         let template_file = TemplateFile::new(template_file_path.to_string(), None)?;
[INFO] [stdout]    |                             ^^^^^^^^^^^^ use of undeclared type `TemplateFile`
[INFO] [stdout]    |
[INFO] [stdout] help: consider importing this struct
[INFO] [stdout]    |
[INFO] [stdout] 9  +     use carbone_sdk_rust::template::TemplateFile;
[INFO] [stdout]    |
[INFO] [stdout] 
[INFO] [stdout] 
[INFO] [stdout] error[E0433]: failed to resolve: use of undeclared type `TemplateFile`
[INFO] [stdout]   --> tests/template_test.rs:27:29
[INFO] [stdout]    |
[INFO] [stdout] 27 |         let template_file = TemplateFile::new(template_file_path.to_string(), Some(file_content))?;
[INFO] [stdout]    |                             ^^^^^^^^^^^^ use of undeclared type `TemplateFile`
[INFO] [stdout]    |
[INFO] [stdout] help: consider importing this struct
[INFO] [stdout]    |
[INFO] [stdout] 9  +     use carbone_sdk_rust::template::TemplateFile;
[INFO] [stdout]    |
[INFO] [stdout] 
[INFO] [stdout] 
[INFO] [stdout] error[E0433]: failed to resolve: use of undeclared type `TemplateFile`
[INFO] [stdout]   --> tests/template_test.rs:37:22
[INFO] [stdout]    |
[INFO] [stdout] 37 |         let result = TemplateFile::new(template_file_path.to_string(), None);
[INFO] [stdout]    |                      ^^^^^^^^^^^^ use of undeclared type `TemplateFile`
[INFO] [stdout]    |
[INFO] [stdout] help: consider importing this struct
[INFO] [stdout]    |
[INFO] [stdout] 9  +     use carbone_sdk_rust::template::TemplateFile;
[INFO] [stdout]    |
[INFO] [stdout] 
[INFO] [stdout] 
[INFO] [stdout] error[E0433]: failed to resolve: use of undeclared type `TemplateFile`
[INFO] [stdout]   --> tests/template_test.rs:50:22
[INFO] [stdout]    |
[INFO] [stdout] 50 |         let result = TemplateFile::new(template_file_path.to_string(), None);
[INFO] [stdout]    |                      ^^^^^^^^^^^^ use of undeclared type `TemplateFile`
[INFO] [stdout]    |
[INFO] [stdout] help: consider importing this struct
[INFO] [stdout]    |
[INFO] [stdout] 9  +     use carbone_sdk_rust::template::TemplateFile;
[INFO] [stdout]    |
[INFO] [stdout] 
[INFO] [stdout] 
[INFO] [stdout] error[E0433]: failed to resolve: use of undeclared type `TemplateFile`
[INFO] [stdout]   --> tests/template_test.rs:63:29
[INFO] [stdout]    |
[INFO] [stdout] 63 |         let template_file = TemplateFile::new(template_file_path.to_string(), None)?;
[INFO] [stdout]    |                             ^^^^^^^^^^^^ use of undeclared type `TemplateFile`
[INFO] [stdout]    |
[INFO] [stdout] help: consider importing this struct
[INFO] [stdout]    |
[INFO] [stdout] 9  +     use carbone_sdk_rust::template::TemplateFile;
[INFO] [stdout]    |
[INFO] [stdout] 
[INFO] [stdout] 
[INFO] [stdout] error[E0433]: failed to resolve: use of undeclared type `TemplateFile`
[INFO] [stdout]   --> tests/template_test.rs:78:29
[INFO] [stdout]    |
[INFO] [stdout] 78 |         let template_file = TemplateFile::new(file_name.to_string(), None)?;
[INFO] [stdout]    |                             ^^^^^^^^^^^^ use of undeclared type `TemplateFile`
[INFO] [stdout]    |
[INFO] [stdout] help: consider importing this struct
[INFO] [stdout]    |
[INFO] [stdout] 9  +     use carbone_sdk_rust::template::TemplateFile;
[INFO] [stdout]    |
[INFO] [stdout] 
[INFO] [stdout] 
[INFO] [stdout] error[E0433]: failed to resolve: use of undeclared type `TemplateFile`
[INFO] [stdout]   --> tests/template_test.rs:93:29
[INFO] [stdout]    |
[INFO] [stdout] 93 |         let template_file = TemplateFile::new(file_name.to_string(), None)?;
[INFO] [stdout]    |                             ^^^^^^^^^^^^ use of undeclared type `TemplateFile`
[INFO] [stdout]    |
[INFO] [stdout] help: consider importing this struct
[INFO] [stdout]    |
[INFO] [stdout] 9  +     use carbone_sdk_rust::template::TemplateFile;
[INFO] [stdout]    |
[INFO] [stdout] 
[INFO] [stdout] 
[INFO] [stdout] error[E0433]: failed to resolve: use of undeclared type `TemplateFile`
[INFO] [stdout]    --> tests/template_test.rs:107:29
[INFO] [stdout]     |
[INFO] [stdout] 107 |         let template_file = TemplateFile::new("tests/data/template.test.html".to_string(), None)?;
[INFO] [stdout]     |                             ^^^^^^^^^^^^ use of undeclared type `TemplateFile`
[INFO] [stdout]     |
[INFO] [stdout] help: consider importing this struct
[INFO] [stdout]     |
[INFO] [stdout] 9   +     use carbone_sdk_rust::template::TemplateFile;
[INFO] [stdout]     |
[INFO] [stdout] 
[INFO] [stdout] 
[INFO] [stdout] error[E0433]: failed to resolve: use of undeclared type `TemplateFile`
[INFO] [stdout]    --> tests/template_test.rs:121:29
[INFO] [stdout]     |
[INFO] [stdout] 121 |         let template_file = TemplateFile::new("tests/data/template.test.html".to_string(), None)?;
[INFO] [stdout]     |                             ^^^^^^^^^^^^ use of undeclared type `TemplateFile`
[INFO] [stdout]     |
[INFO] [stdout] help: consider importing this struct
[INFO] [stdout]     |
[INFO] [stdout] 9   +     use carbone_sdk_rust::template::TemplateFile;
[INFO] [stdout]     |
[INFO] [stdout] 
[INFO] [stdout] 
[INFO] [stdout] error[E0433]: failed to resolve: use of undeclared type `ApiJsonToken`
[INFO] [stdout]   --> tests/types_test.rs:24:22
[INFO] [stdout]    |
[INFO] [stdout] 24 |         let result = ApiJsonToken::new(api_token_value.to_string());
[INFO] [stdout]    |                      ^^^^^^^^^^^^ use of undeclared type `ApiJsonToken`
[INFO] [stdout]    |
[INFO] [stdout] help: consider importing this struct
[INFO] [stdout]    |
[INFO] [stdout] 4  +     use carbone_sdk_rust::types::ApiJsonToken;
[INFO] [stdout]    |
[INFO] [stdout] 
[INFO] [stdout] 
[INFO] [stdout] error[E0433]: failed to resolve: use of undeclared type `Id`
[INFO] [stdout]   --> tests/types_test.rs:39:18
[INFO] [stdout]    |
[INFO] [stdout] 39 |         let id = Id::new(id_value.to_string(), "id")?;
[INFO] [stdout]    |                  ^^ use of undeclared type `Id`
[INFO] [stdout]    |
[INFO] [stdout] help: consider importing this struct
[INFO] [stdout]    |
[INFO] [stdout] 4  +     use carbone_sdk_rust::types::Id;
[INFO] [stdout]    |
[INFO] [stdout] 
[INFO] [stdout] 
[INFO] [stdout] error[E0433]: failed to resolve: use of undeclared type `Id`
[INFO] [stdout]   --> tests/types_test.rs:49:22
[INFO] [stdout]    |
[INFO] [stdout] 49 |         let result = Id::new(id_value.to_string(), "id");
[INFO] [stdout]    |                      ^^ use of undeclared type `Id`
[INFO] [stdout]    |
[INFO] [stdout] help: consider importing this struct
[INFO] [stdout]    |
[INFO] [stdout] 4  +     use carbone_sdk_rust::types::Id;
[INFO] [stdout]    |
[INFO] [stdout] 
[INFO] [stdout] 
[INFO] [stdout] error[E0433]: failed to resolve: use of undeclared type `Id`
[INFO] [stdout]   --> tests/types_test.rs:62:18
[INFO] [stdout]    |
[INFO] [stdout] 62 |         let id = Id::new(id_value.to_string(), "id")?;
[INFO] [stdout]    |                  ^^ use of undeclared type `Id`
[INFO] [stdout]    |
[INFO] [stdout] help: consider importing this struct
[INFO] [stdout]    |
[INFO] [stdout] 4  +     use carbone_sdk_rust::types::Id;
[INFO] [stdout]    |
[INFO] [stdout] 
[INFO] [stdout] 
[INFO] [stdout] error[E0433]: failed to resolve: use of undeclared type `JsonData`
[INFO] [stdout]   --> tests/types_test.rs:78:25
[INFO] [stdout]    |
[INFO] [stdout] 78 |         let json_data = JsonData::new(json_data_value.to_string())?;
[INFO] [stdout]    |                         ^^^^^^^^ use of undeclared type `JsonData`
[INFO] [stdout]    |
[INFO] [stdout] help: consider importing this struct
[INFO] [stdout]    |
[INFO] [stdout] 4  +     use carbone_sdk_rust::types::JsonData;
[INFO] [stdout]    |
[INFO] [stdout] 
[INFO] [stdout] 
[INFO] [stdout] error[E0433]: failed to resolve: use of undeclared type `JsonData`
[INFO] [stdout]   --> tests/types_test.rs:97:25
[INFO] [stdout]    |
[INFO] [stdout] 97 |         let json_data = JsonData::new(json_data_value.to_string())?;
[INFO] [stdout]    |                         ^^^^^^^^ use of undeclared type `JsonData`
[INFO] [stdout]    |
[INFO] [stdout] help: consider importing this struct
[INFO] [stdout]    |
[INFO] [stdout] 4  +     use carbone_sdk_rust::types::JsonData;
[INFO] [stdout]    |
[INFO] [stdout] 
[INFO] [stdout] 
[INFO] [stdout] error[E0433]: failed to resolve: use of undeclared type `JsonData`
[INFO] [stdout]    --> tests/types_test.rs:107:22
[INFO] [stdout]     |
[INFO] [stdout] 107 |         let result = JsonData::new(json_data.to_string());
[INFO] [stdout]     |                      ^^^^^^^^ use of undeclared type `JsonData`
[INFO] [stdout]     |
[INFO] [stdout] help: consider importing this struct
[INFO] [stdout]     |
[INFO] [stdout] 4   +     use carbone_sdk_rust::types::JsonData;
[INFO] [stdout]     |
[INFO] [stdout] 
[INFO] [stdout] 
[INFO] [stdout] error[E0433]: failed to resolve: use of undeclared type `RenderId`
[INFO] [stdout]   --> tests/render_test.rs:13:25
[INFO] [stdout]    |
[INFO] [stdout] 13 |         let render_id = RenderId::new(render_id_value.to_string())?;
[INFO] [stdout]    |                         ^^^^^^^^ use of undeclared type `RenderId`
[INFO] [stdout]    |
[INFO] [stdout] help: consider importing this struct
[INFO] [stdout]    |
[INFO] [stdout] 7  +     use carbone_sdk_rust::render::RenderId;
[INFO] [stdout]    |
[INFO] [stdout] 
[INFO] [stdout] 
[INFO] [stdout] error[E0433]: failed to resolve: use of undeclared crate or module `carbone_sdk_rs`
[INFO] [stdout]  --> tests/carbone_test.rs:9:5
[INFO] [stdout]   |
[INFO] [stdout] 9 | use carbone_sdk_rs::render::*;
[INFO] [stdout]   |     ^^^^^^^^^^^^^^ use of undeclared crate or module `carbone_sdk_rs`
[INFO] [stdout]   |
[INFO] [stdout] help: there is a crate or module with a similar name
[INFO] [stdout]   |
[INFO] [stdout] 9 | use carbone_sdk_rust::render::*;
[INFO] [stdout]   |     ~~~~~~~~~~~~~~~~
[INFO] [stdout] 
[INFO] [stdout] 
[INFO] [stdout] error[E0433]: failed to resolve: use of undeclared crate or module `carbone_sdk_rs`
[INFO] [stdout]  --> tests/helper.rs:4:5
[INFO] [stdout]   |
[INFO] [stdout] 4 | use carbone_sdk_rs::config::Config;
[INFO] [stdout]   |     ^^^^^^^^^^^^^^ use of undeclared crate or module `carbone_sdk_rs`
[INFO] [stdout]   |
[INFO] [stdout] help: there is a crate or module with a similar name
[INFO] [stdout]   |
[INFO] [stdout] 4 | use carbone_sdk_rust::config::Config;
[INFO] [stdout]   |     ~~~~~~~~~~~~~~~~
[INFO] [stdout] 
[INFO] [stdout] 
[INFO] [stdout] error[E0433]: failed to resolve: use of undeclared crate or module `carbone_sdk_rs`
[INFO] [stdout]  --> tests/helper.rs:5:5
[INFO] [stdout]   |
[INFO] [stdout] 5 | use carbone_sdk_rs::errors::CarboneError;
[INFO] [stdout]   |     ^^^^^^^^^^^^^^ use of undeclared crate or module `carbone_sdk_rs`
[INFO] [stdout]   |
[INFO] [stdout] help: there is a crate or module with a similar name
[INFO] [stdout]   |
[INFO] [stdout] 5 | use carbone_sdk_rust::errors::CarboneError;
[INFO] [stdout]   |     ~~~~~~~~~~~~~~~~
[INFO] [stdout] 
[INFO] [stdout] 
[INFO] [stdout] error[E0433]: failed to resolve: use of undeclared crate or module `carbone_sdk_rs`
[INFO] [stdout]  --> tests/helper.rs:6:5
[INFO] [stdout]   |
[INFO] [stdout] 6 | use carbone_sdk_rs::types::{ApiJsonToken, ApiVersion};
[INFO] [stdout]   |     ^^^^^^^^^^^^^^ use of undeclared crate or module `carbone_sdk_rs`
[INFO] [stdout]   |
[INFO] [stdout] help: there is a crate or module with a similar name
[INFO] [stdout]   |
[INFO] [stdout] 6 | use carbone_sdk_rust::types::{ApiJsonToken, ApiVersion};
[INFO] [stdout]   |     ~~~~~~~~~~~~~~~~
[INFO] [stdout] 
[INFO] [stdout] 
[INFO] [stdout] error[E0433]: failed to resolve: use of undeclared crate or module `carbone_sdk_rs`
[INFO] [stdout]  --> tests/carbone_test.rs:6:5
[INFO] [stdout]   |
[INFO] [stdout] 6 | use carbone_sdk_rs::carbone::Carbone;
[INFO] [stdout]   |     ^^^^^^^^^^^^^^ use of undeclared crate or module `carbone_sdk_rs`
[INFO] [stdout]   |
[INFO] [stdout] help: there is a crate or module with a similar name
[INFO] [stdout]   |
[INFO] [stdout] 6 | use carbone_sdk_rust::carbone::Carbone;
[INFO] [stdout]   |     ~~~~~~~~~~~~~~~~
[INFO] [stdout] 
[INFO] [stdout] 
[INFO] [stdout] error[E0433]: failed to resolve: use of undeclared crate or module `carbone_sdk_rs`
[INFO] [stdout]  --> tests/carbone_test.rs:7:5
[INFO] [stdout]   |
[INFO] [stdout] 7 | use carbone_sdk_rs::carbone_response::APIResponse;
[INFO] [stdout]   |     ^^^^^^^^^^^^^^ use of undeclared crate or module `carbone_sdk_rs`
[INFO] [stdout]   |
[INFO] [stdout] help: there is a crate or module with a similar name
[INFO] [stdout]   |
[INFO] [stdout] 7 | use carbone_sdk_rust::carbone_response::APIResponse;
[INFO] [stdout]   |     ~~~~~~~~~~~~~~~~
[INFO] [stdout] 
[INFO] [stdout] 
[INFO] [stdout] error[E0433]: failed to resolve: use of undeclared crate or module `carbone_sdk_rs`
[INFO] [stdout]  --> tests/carbone_test.rs:8:5
[INFO] [stdout]   |
[INFO] [stdout] 8 | use carbone_sdk_rs::errors::CarboneError;
[INFO] [stdout]   |     ^^^^^^^^^^^^^^ use of undeclared crate or module `carbone_sdk_rs`
[INFO] [stdout]   |
[INFO] [stdout] help: there is a crate or module with a similar name
[INFO] [stdout]   |
[INFO] [stdout] 8 | use carbone_sdk_rust::errors::CarboneError;
[INFO] [stdout]   |     ~~~~~~~~~~~~~~~~
[INFO] [stdout] 
[INFO] [stdout] 
[INFO] [stdout] error[E0433]: failed to resolve: use of undeclared crate or module `carbone_sdk_rs`
[INFO] [stdout]   --> tests/carbone_test.rs:10:5
[INFO] [stdout]    |
[INFO] [stdout] 10 | use carbone_sdk_rs::types::JsonData;
[INFO] [stdout]    |     ^^^^^^^^^^^^^^ use of undeclared crate or module `carbone_sdk_rs`
[INFO] [stdout]    |
[INFO] [stdout] help: there is a crate or module with a similar name
[INFO] [stdout]    |
[INFO] [stdout] 10 | use carbone_sdk_rust::types::JsonData;
[INFO] [stdout]    |     ~~~~~~~~~~~~~~~~
[INFO] [stdout] 
[INFO] [stdout] 
[INFO] [stdout] error[E0433]: failed to resolve: use of undeclared crate or module `carbone_sdk_rs`
[INFO] [stdout]   --> tests/carbone_test.rs:19:9
[INFO] [stdout]    |
[INFO] [stdout] 19 |     use carbone_sdk_rs::{
[INFO] [stdout]    |         ^^^^^^^^^^^^^^ use of undeclared crate or module `carbone_sdk_rs`
[INFO] [stdout]    |
[INFO] [stdout] help: there is a crate or module with a similar name
[INFO] [stdout]    |
[INFO] [stdout] 19 |     use carbone_sdk_rust::{
[INFO] [stdout]    |         ~~~~~~~~~~~~~~~~
[INFO] [stdout] 
[INFO] [stdout] 
[INFO] [stdout] error[E0432]: unresolved imports `carbone_sdk_rs::carbone::Carbone`, `carbone_sdk_rs::carbone_response::APIResponse`, `carbone_sdk_rs::errors::CarboneError`, `carbone_sdk_rs::types::JsonData`, `carbone_sdk_rs::carbone_response::APIResponseData`, `carbone_sdk_rs::config::Config`, `carbone_sdk_rs::template::*`, `carbone_sdk_rs::types::ApiVersion`
[INFO] [stdout]   --> tests/carbone_test.rs:6:5
[INFO] [stdout]    |
[INFO] [stdout] 6  | use carbone_sdk_rs::carbone::Carbone;
[INFO] [stdout]    |     ^^^^^^^^^^^^^^^^^^^^^^^^^^^^^^^^
[INFO] [stdout] 7  | use carbone_sdk_rs::carbone_response::APIResponse;
[INFO] [stdout]    |     ^^^^^^^^^^^^^^^^^^^^^^^^^^^^^^^^^^^^^^^^^^^^^
[INFO] [stdout] 8  | use carbone_sdk_rs::errors::CarboneError;
[INFO] [stdout]    |     ^^^^^^^^^^^^^^^^^^^^^^^^^^^^^^^^^^^^
[INFO] [stdout] 9  | use carbone_sdk_rs::render::*;
[INFO] [stdout] 10 | use carbone_sdk_rs::types::JsonData;
[INFO] [stdout]    |     ^^^^^^^^^^^^^^^^^^^^^^^^^^^^^^^
[INFO] [stdout] ...
[INFO] [stdout] 20 |         carbone_response::APIResponseData, config::Config, template::*, types::ApiVersion,
[INFO] [stdout]    |         ^^^^^^^^^^^^^^^^^^^^^^^^^^^^^^^^^  ^^^^^^^^^^^^^^  ^^^^^^^^^^^  ^^^^^^^^^^^^^^^^^
[INFO] [stdout] 
[INFO] [stdout] 
[INFO] [stdout] error[E0433]: failed to resolve: use of undeclared type `RenderId`
[INFO] [stdout]   --> tests/render_test.rs:23:22
[INFO] [stdout]    |
[INFO] [stdout] 23 |         let result = RenderId::new(render_id_value.to_string());
[INFO] [stdout]    |                      ^^^^^^^^ use of undeclared type `RenderId`
[INFO] [stdout]    |
[INFO] [stdout] help: consider importing this struct
[INFO] [stdout]    |
[INFO] [stdout] 7  +     use carbone_sdk_rust::render::RenderId;
[INFO] [stdout]    |
[INFO] [stdout] 
[INFO] [stdout] 
[INFO] [stdout] error[E0433]: failed to resolve: use of undeclared type `RenderId`
[INFO] [stdout]   --> tests/render_test.rs:36:18
[INFO] [stdout]    |
[INFO] [stdout] 36 |         let id = RenderId::new(id_value.to_string())?;
[INFO] [stdout]    |                  ^^^^^^^^ use of undeclared type `RenderId`
[INFO] [stdout]    |
[INFO] [stdout] help: consider importing this struct
[INFO] [stdout]    |
[INFO] [stdout] 7  +     use carbone_sdk_rust::render::RenderId;
[INFO] [stdout]    |
[INFO] [stdout] 
[INFO] [stdout] 
[INFO] [stdout] error: aborting due to 11 previous errors
[INFO] [stdout] 
[INFO] [stdout] 
[INFO] [stdout] Some errors have detailed explanations: E0432, E0433.
[INFO] [stdout] 
[INFO] [stdout] For more information about an error, try `rustc --explain E0432`.
[INFO] [stdout] 
[INFO] [stdout] error: aborting due to 13 previous errors
[INFO] [stdout] 
[INFO] [stdout] 
[INFO] [stdout] Some errors have detailed explanations: E0432, E0433.
[INFO] [stdout] 
[INFO] [stdout] For more information about an error, try `rustc --explain E0432`.
[INFO] [stdout] 
[INFO] [stdout] error: aborting due to 6 previous errors
[INFO] [stdout] 
[INFO] [stdout] 
[INFO] [stderr] error: could not compile `carbone-sdk-rust` (test "template_test") due to 14 previous errors
[INFO] [stdout] Some errors have detailed explanations: E0432, E0433.
[INFO] [stdout] 
[INFO] [stdout] For more information about an error, try `rustc --explain E0432`.
[INFO] [stdout] 
[INFO] [stderr] error: could not compile `carbone-sdk-rust` (test "render_test") due to 7 previous errors
[INFO] [stderr] error: could not compile `carbone-sdk-rust` (test "types_test") due to 12 previous errors
[INFO] [stdout] error[E0433]: failed to resolve: use of undeclared type `TemplateId`
[INFO] [stdout]   --> tests/carbone_test.rs:27:27
[INFO] [stdout]    |
[INFO] [stdout] 27 |         let template_id = TemplateId::new(
[INFO] [stdout]    |                           ^^^^^^^^^^ use of undeclared type `TemplateId`
[INFO] [stdout]    |
[INFO] [stdout] help: consider importing this struct
[INFO] [stdout]    |
[INFO] [stdout] 19 +     use carbone_sdk_rust::template::TemplateId;
[INFO] [stdout]    |
[INFO] [stdout] 
[INFO] [stdout] 
[INFO] [stdout] error[E0433]: failed to resolve: use of undeclared type `TemplateId`
[INFO] [stdout]   --> tests/carbone_test.rs:71:27
[INFO] [stdout]    |
[INFO] [stdout] 71 |         let template_id = TemplateId::new(
[INFO] [stdout]    |                           ^^^^^^^^^^ use of undeclared type `TemplateId`
[INFO] [stdout]    |
[INFO] [stdout] help: consider importing this struct
[INFO] [stdout]    |
[INFO] [stdout] 19 +     use carbone_sdk_rust::template::TemplateId;
[INFO] [stdout]    |
[INFO] [stdout] 
[INFO] [stdout] 
[INFO] [stdout] error[E0433]: failed to resolve: use of undeclared type `TemplateId`
[INFO] [stdout]   --> tests/carbone_test.rs:85:27
[INFO] [stdout]    |
[INFO] [stdout] 85 |         let template_id = TemplateId::new("unknown_template_id".to_string())?;
[INFO] [stdout]    |                           ^^^^^^^^^^ use of undeclared type `TemplateId`
[INFO] [stdout]    |
[INFO] [stdout] help: consider importing this struct
[INFO] [stdout]    |
[INFO] [stdout] 19 +     use carbone_sdk_rust::template::TemplateId;
[INFO] [stdout]    |
[INFO] [stdout] 
[INFO] [stdout] 
[INFO] [stdout] error[E0433]: failed to resolve: use of undeclared type `TemplateId`
[INFO] [stdout]    --> tests/carbone_test.rs:128:27
[INFO] [stdout]     |
[INFO] [stdout] 128 |         let template_id = TemplateId::new(
[INFO] [stdout]     |                           ^^^^^^^^^^ use of undeclared type `TemplateId`
[INFO] [stdout]     |
[INFO] [stdout] help: consider importing this struct
[INFO] [stdout]     |
[INFO] [stdout] 19  +     use carbone_sdk_rust::template::TemplateId;
[INFO] [stdout]     |
[INFO] [stdout] 
[INFO] [stdout] 
[INFO] [stdout] error[E0433]: failed to resolve: use of undeclared type `TemplateId`
[INFO] [stdout]    --> tests/carbone_test.rs:168:27
[INFO] [stdout]     |
[INFO] [stdout] 168 |         let template_id = TemplateId::new(
[INFO] [stdout]     |                           ^^^^^^^^^^ use of undeclared type `TemplateId`
[INFO] [stdout]     |
[INFO] [stdout] help: consider importing this struct
[INFO] [stdout]     |
[INFO] [stdout] 19  +     use carbone_sdk_rust::template::TemplateId;
[INFO] [stdout]     |
[INFO] [stdout] 
[INFO] [stdout] 
[INFO] [stdout] error[E0433]: failed to resolve: use of undeclared type `TemplateId`
[INFO] [stdout]    --> tests/carbone_test.rs:183:27
[INFO] [stdout]     |
[INFO] [stdout] 183 |         let template_id = TemplateId::new("unknown_template_id".to_string())?;
[INFO] [stdout]     |                           ^^^^^^^^^^ use of undeclared type `TemplateId`
[INFO] [stdout]     |
[INFO] [stdout] help: consider importing this struct
[INFO] [stdout]     |
[INFO] [stdout] 19  +     use carbone_sdk_rust::template::TemplateId;
[INFO] [stdout]     |
[INFO] [stdout] 
[INFO] [stdout] 
[INFO] [stdout] error[E0433]: failed to resolve: use of undeclared type `TemplateFile`
[INFO] [stdout]    --> tests/carbone_test.rs:239:29
[INFO] [stdout]     |
[INFO] [stdout] 239 |         let template_file = TemplateFile::new("tests/data/template.odt".to_string(), None)?;
[INFO] [stdout]     |                             ^^^^^^^^^^^^ use of undeclared type `TemplateFile`
[INFO] [stdout]     |
[INFO] [stdout] help: consider importing this struct
[INFO] [stdout]     |
[INFO] [stdout] 19  +     use carbone_sdk_rust::template::TemplateFile;
[INFO] [stdout]     |
[INFO] [stdout] 
[INFO] [stdout] 
[INFO] [stdout] error[E0433]: failed to resolve: use of undeclared type `RenderId`
[INFO] [stdout]    --> tests/carbone_test.rs:245:27
[INFO] [stdout]     |
[INFO] [stdout] 245 |         let _render_id = &RenderId::new(&render_id_value)?;
[INFO] [stdout]     |                           ^^^^^^^^ use of undeclared type `RenderId`
[INFO] [stdout]     |
[INFO] [stdout] help: consider importing this struct
[INFO] [stdout]     |
[INFO] [stdout] 19  +     use carbone_sdk_rust::render::RenderId;
[INFO] [stdout]     |
[INFO] [stdout] 
[INFO] [stdout] 
[INFO] [stdout] error[E0433]: failed to resolve: use of undeclared type `TemplateFile`
[INFO] [stdout]    --> tests/carbone_test.rs:300:29
[INFO] [stdout]     |
[INFO] [stdout] 300 |         let template_file = TemplateFile::new(template_path, Some(template_data.to_owned()))?;
[INFO] [stdout]     |                             ^^^^^^^^^^^^ use of undeclared type `TemplateFile`
[INFO] [stdout]     |
[INFO] [stdout] help: consider importing this struct
[INFO] [stdout]     |
[INFO] [stdout] 19  +     use carbone_sdk_rust::template::TemplateFile;
[INFO] [stdout]     |
[INFO] [stdout] 
[INFO] [stdout] 
[INFO] [stdout] error[E0433]: failed to resolve: use of undeclared type `RenderId`
[INFO] [stdout]    --> tests/carbone_test.rs:306:26
[INFO] [stdout]     |
[INFO] [stdout] 306 |         let render_id = &RenderId::new(&render_id_value)?;
[INFO] [stdout]     |                          ^^^^^^^^ use of undeclared type `RenderId`
[INFO] [stdout]     |
[INFO] [stdout] help: consider importing this struct
[INFO] [stdout]     |
[INFO] [stdout] 19  +     use carbone_sdk_rust::render::RenderId;
[INFO] [stdout]     |
[INFO] [stdout] 
[INFO] [stdout] 
[INFO] [stdout] error[E0433]: failed to resolve: use of undeclared type `RenderId`
[INFO] [stdout]    --> tests/carbone_test.rs:364:26
[INFO] [stdout]     |
[INFO] [stdout] 364 |         let render_id = &RenderId::new(render_id_value.to_string())?;
[INFO] [stdout]     |                          ^^^^^^^^ use of undeclared type `RenderId`
[INFO] [stdout]     |
[INFO] [stdout] help: consider importing this struct
[INFO] [stdout]     |
[INFO] [stdout] 19  +     use carbone_sdk_rust::render::RenderId;
[INFO] [stdout]     |
[INFO] [stdout] 
[INFO] [stdout] 
[INFO] [stdout] error[E0433]: failed to resolve: use of undeclared type `RenderId`
[INFO] [stdout]    --> tests/carbone_test.rs:394:26
[INFO] [stdout]     |
[INFO] [stdout] 394 |         let render_id = &RenderId::new(render_id_value.to_string())?;
[INFO] [stdout]     |                          ^^^^^^^^ use of undeclared type `RenderId`
[INFO] [stdout]     |
[INFO] [stdout] help: consider importing this struct
[INFO] [stdout]     |
[INFO] [stdout] 19  +     use carbone_sdk_rust::render::RenderId;
[INFO] [stdout]     |
[INFO] [stdout] 
[INFO] [stdout] 
[INFO] [stdout] error[E0433]: failed to resolve: use of undeclared type `RenderId`
[INFO] [stdout]    --> tests/carbone_test.rs:416:26
[INFO] [stdout]     |
[INFO] [stdout] 416 |         let render_id = &RenderId::new(render_id_value.to_string())?;
[INFO] [stdout]     |                          ^^^^^^^^ use of undeclared type `RenderId`
[INFO] [stdout]     |
[INFO] [stdout] help: consider importing this struct
[INFO] [stdout]     |
[INFO] [stdout] 19  +     use carbone_sdk_rust::render::RenderId;
[INFO] [stdout]     |
[INFO] [stdout] 
[INFO] [stdout] 
[INFO] [stdout] error[E0433]: failed to resolve: use of undeclared type `TemplateId`
[INFO] [stdout]    --> tests/carbone_test.rs:449:27
[INFO] [stdout]     |
[INFO] [stdout] 449 |         let template_id = TemplateId::new("unknown_template_id".to_string())?;
[INFO] [stdout]     |                           ^^^^^^^^^^ use of undeclared type `TemplateId`
[INFO] [stdout]     |
[INFO] [stdout] help: consider importing this struct
[INFO] [stdout]     |
[INFO] [stdout] 19  +     use carbone_sdk_rust::template::TemplateId;
[INFO] [stdout]     |
[INFO] [stdout] 
[INFO] [stdout] 
[INFO] [stdout] error[E0433]: failed to resolve: use of undeclared type `TemplateId`
[INFO] [stdout]    --> tests/carbone_test.rs:499:27
[INFO] [stdout]     |
[INFO] [stdout] 499 |         let template_id = TemplateId::new("unknown_template_id".to_string())?;
[INFO] [stdout]     |                           ^^^^^^^^^^ use of undeclared type `TemplateId`
[INFO] [stdout]     |
[INFO] [stdout] help: consider importing this struct
[INFO] [stdout]     |
[INFO] [stdout] 19  +     use carbone_sdk_rust::template::TemplateId;
[INFO] [stdout]     |
[INFO] [stdout] 
[INFO] [stdout] 
[INFO] [stdout] error[E0433]: failed to resolve: use of undeclared type `TemplateId`
[INFO] [stdout]    --> tests/carbone_test.rs:527:36
[INFO] [stdout]     |
[INFO] [stdout] 527 |         let template_id_expected = TemplateId::new(
[INFO] [stdout]     |                                    ^^^^^^^^^^ use of undeclared type `TemplateId`
[INFO] [stdout]     |
[INFO] [stdout] help: consider importing this struct
[INFO] [stdout]     |
[INFO] [stdout] 19  +     use carbone_sdk_rust::template::TemplateId;
[INFO] [stdout]     |
[INFO] [stdout] 
[INFO] [stdout] 
[INFO] [stdout] error[E0433]: failed to resolve: use of undeclared type `TemplateId`
[INFO] [stdout]    --> tests/carbone_test.rs:579:36
[INFO] [stdout]     |
[INFO] [stdout] 579 |         let template_id_expected = TemplateId::new(
[INFO] [stdout]     |                                    ^^^^^^^^^^ use of undeclared type `TemplateId`
[INFO] [stdout]     |
[INFO] [stdout] help: consider importing this struct
[INFO] [stdout]     |
[INFO] [stdout] 19  +     use carbone_sdk_rust::template::TemplateId;
[INFO] [stdout]     |
[INFO] [stdout] 
[INFO] [stdout] 
[INFO] [stdout] error: aborting due to 27 previous errors
[INFO] [stdout] 
[INFO] [stdout] 
[INFO] [stdout] Some errors have detailed explanations: E0432, E0433.
[INFO] [stdout] 
[INFO] [stdout] For more information about an error, try `rustc --explain E0432`.
[INFO] [stdout] 
[INFO] [stderr] error: could not compile `carbone-sdk-rust` (test "carbone_test") due to 28 previous errors
[INFO] running `Command { std: "docker" "inspect" "46200d5a6ffd79ad8334be055ba9ff501321b17bd7b6a6941937ef31755990e5", kill_on_drop: false }`
[INFO] running `Command { std: "docker" "rm" "-f" "46200d5a6ffd79ad8334be055ba9ff501321b17bd7b6a6941937ef31755990e5", kill_on_drop: false }`
[INFO] [stdout] 46200d5a6ffd79ad8334be055ba9ff501321b17bd7b6a6941937ef31755990e5
[INFO] testing carbone-sdk-rust-0.1.0 against beta-2023-12-22 for beta-1.76-1
[INFO] extracting crate carbone-sdk-rust 0.1.0 into /workspace/builds/worker-0-tc2/source
[INFO] validating manifest of crates.io crate carbone-sdk-rust 0.1.0 on toolchain beta-2023-12-22
[INFO] running `Command { std: CARGO_HOME="/workspace/cargo-home" RUSTUP_HOME="/workspace/rustup-home" "/workspace/cargo-home/bin/cargo" "+beta-2023-12-22" "metadata" "--manifest-path" "Cargo.toml" "--no-deps", kill_on_drop: false }`
[INFO] started tweaking crates.io crate carbone-sdk-rust 0.1.0
[INFO] removed 0 missing tests
[INFO] finished tweaking crates.io crate carbone-sdk-rust 0.1.0
[INFO] tweaked toml for crates.io crate carbone-sdk-rust 0.1.0 written to /workspace/builds/worker-0-tc2/source/Cargo.toml
[INFO] running `Command { std: CARGO_HOME="/workspace/cargo-home" RUSTUP_HOME="/workspace/rustup-home" "/workspace/cargo-home/bin/cargo" "+beta-2023-12-22" "generate-lockfile" "--manifest-path" "Cargo.toml", kill_on_drop: false }`
[INFO] [stderr]     Updating crates.io index
[INFO] running `Command { std: CARGO_HOME="/workspace/cargo-home" RUSTUP_HOME="/workspace/rustup-home" "/workspace/cargo-home/bin/cargo" "+beta-2023-12-22" "fetch" "--manifest-path" "Cargo.toml", kill_on_drop: false }`
[INFO] running `Command { std: "docker" "create" "-v" "/var/lib/crater-agent-workspace/builds/worker-0-tc2/target:/opt/rustwide/target:rw,Z" "-v" "/var/lib/crater-agent-workspace/builds/worker-0-tc2/source:/opt/rustwide/workdir:ro,Z" "-v" "/var/lib/crater-agent-workspace/cargo-home:/opt/rustwide/cargo-home:ro,Z" "-v" "/var/lib/crater-agent-workspace/rustup-home:/opt/rustwide/rustup-home:ro,Z" "-e" "SOURCE_DIR=/opt/rustwide/workdir" "-e" "CARGO_TARGET_DIR=/opt/rustwide/target" "-e" "CARGO_HOME=/opt/rustwide/cargo-home" "-e" "RUSTUP_HOME=/opt/rustwide/rustup-home" "-w" "/opt/rustwide/workdir" "-m" "1610612736" "--user" "0:0" "--network" "none" "ghcr.io/rust-lang/crates-build-env/linux@sha256:2788e3201cd34a07e3172128adcd8b3090168a8e3bcc40d7c032b9dda1df7d1c" "/opt/rustwide/cargo-home/bin/cargo" "+beta-2023-12-22" "metadata" "--no-deps" "--format-version=1", kill_on_drop: false }`
[INFO] [stdout] a0418a9e5a99a8fe84bab61651f9b8f8a9621a863e3334dca655ef9a8808375d
[INFO] running `Command { std: "docker" "start" "-a" "a0418a9e5a99a8fe84bab61651f9b8f8a9621a863e3334dca655ef9a8808375d", kill_on_drop: false }`
[INFO] running `Command { std: "docker" "inspect" "a0418a9e5a99a8fe84bab61651f9b8f8a9621a863e3334dca655ef9a8808375d", kill_on_drop: false }`
[INFO] running `Command { std: "docker" "rm" "-f" "a0418a9e5a99a8fe84bab61651f9b8f8a9621a863e3334dca655ef9a8808375d", kill_on_drop: false }`
[INFO] [stdout] a0418a9e5a99a8fe84bab61651f9b8f8a9621a863e3334dca655ef9a8808375d
[INFO] running `Command { std: "docker" "create" "-v" "/var/lib/crater-agent-workspace/builds/worker-0-tc2/target:/opt/rustwide/target:rw,Z" "-v" "/var/lib/crater-agent-workspace/builds/worker-0-tc2/source:/opt/rustwide/workdir:ro,Z" "-v" "/var/lib/crater-agent-workspace/cargo-home:/opt/rustwide/cargo-home:ro,Z" "-v" "/var/lib/crater-agent-workspace/rustup-home:/opt/rustwide/rustup-home:ro,Z" "-e" "SOURCE_DIR=/opt/rustwide/workdir" "-e" "CARGO_TARGET_DIR=/opt/rustwide/target" "-e" "CARGO_INCREMENTAL=0" "-e" "RUST_BACKTRACE=full" "-e" "RUSTFLAGS=--cap-lints=warn" "-e" "RUSTDOCFLAGS=--cap-lints=warn" "-e" "CARGO_HOME=/opt/rustwide/cargo-home" "-e" "RUSTUP_HOME=/opt/rustwide/rustup-home" "-w" "/opt/rustwide/workdir" "-m" "1610612736" "--user" "0:0" "--network" "none" "ghcr.io/rust-lang/crates-build-env/linux@sha256:2788e3201cd34a07e3172128adcd8b3090168a8e3bcc40d7c032b9dda1df7d1c" "/opt/rustwide/cargo-home/bin/cargo" "+beta-2023-12-22" "build" "--frozen" "--message-format=json", kill_on_drop: false }`
[INFO] [stdout] fb677557e5d19205eaff0f832ff41632e8f5d9a7cc1a7aee44673d8f04b479cf
[INFO] running `Command { std: "docker" "start" "-a" "fb677557e5d19205eaff0f832ff41632e8f5d9a7cc1a7aee44673d8f04b479cf", kill_on_drop: false }`
[INFO] [stderr]    Compiling proc-macro2 v1.0.75
[INFO] [stderr]    Compiling unicode-ident v1.0.12
[INFO] [stderr]    Compiling version_check v0.9.4
[INFO] [stderr]    Compiling libc v0.2.151
[INFO] [stderr]    Compiling once_cell v1.19.0
[INFO] [stderr]    Compiling fnv v1.0.7
[INFO] [stderr]    Compiling memchr v2.7.1
[INFO] [stderr]    Compiling vcpkg v0.2.15
[INFO] [stderr]    Compiling pkg-config v0.3.28
[INFO] [stderr]    Compiling pin-project-lite v0.2.13
[INFO] [stderr]    Compiling itoa v1.0.10
[INFO] [stderr]    Compiling bytes v1.5.0
[INFO] [stderr]    Compiling autocfg v1.1.0
[INFO] [stderr]    Compiling slab v0.4.9
[INFO] [stderr]    Compiling quote v1.0.35
[INFO] [stderr]    Compiling typenum v1.17.0
[INFO] [stderr]    Compiling syn v2.0.48
[INFO] [stderr]    Compiling tinyvec_macros v0.1.1
[INFO] [stderr]    Compiling serde v1.0.194
[INFO] [stderr]    Compiling cfg-if v1.0.0
[INFO] [stderr]    Compiling futures-core v0.3.30
[INFO] [stderr]    Compiling tinyvec v1.6.0
[INFO] [stderr]    Compiling generic-array v0.14.7
[INFO] [stderr]    Compiling unicase v2.7.0
[INFO] [stderr]    Compiling cc v1.0.83
[INFO] [stderr]    Compiling mio v0.8.10
[INFO] [stderr]    Compiling num_cpus v1.16.0
[INFO] [stderr]    Compiling socket2 v0.5.5
[INFO] [stderr]    Compiling tracing-core v0.1.32
[INFO] [stderr]    Compiling syn v1.0.109
[INFO] [stderr]    Compiling tokio v1.35.1
[INFO] [stderr]    Compiling openssl v0.10.62
[INFO] [stderr]    Compiling foreign-types-shared v0.1.1
[INFO] [stderr]    Compiling foreign-types v0.3.2
[INFO] [stderr]    Compiling tracing v0.1.40
[INFO] [stderr]    Compiling unicode-normalization v0.1.22
[INFO] [stderr]    Compiling http v0.2.11
[INFO] [stderr]    Compiling proc-macro-error-attr v1.0.4
[INFO] [stderr]    Compiling unicode-bidi v0.3.14
[INFO] [stderr]    Compiling strsim v0.10.0
[INFO] [stderr]    Compiling native-tls v0.2.11
[INFO] [stderr]    Compiling bitflags v2.4.1
[INFO] [stderr]    Compiling ident_case v1.0.1
[INFO] [stderr]    Compiling openssl-sys v0.9.98
[INFO] [stderr]    Compiling hashbrown v0.14.3
[INFO] [stderr]    Compiling futures-task v0.3.30
[INFO] [stderr]    Compiling httparse v1.8.0
[INFO] [stderr]    Compiling equivalent v1.0.1
[INFO] [stderr]    Compiling percent-encoding v2.3.1
[INFO] [stderr]    Compiling pin-utils v0.1.0
[INFO] [stderr]    Compiling futures-io v0.3.30
[INFO] [stderr]    Compiling futures-sink v0.3.30
[INFO] [stderr]    Compiling futures-util v0.3.30
[INFO] [stderr]    Compiling form_urlencoded v1.2.1
[INFO] [stderr]    Compiling indexmap v2.1.0
[INFO] [stderr]    Compiling aho-corasick v1.1.2
[INFO] [stderr]    Compiling proc-macro-error v1.0.4
[INFO] [stderr]    Compiling try-lock v0.2.5
[INFO] [stderr]    Compiling ryu v1.0.16
[INFO] [stderr]    Compiling serde_json v1.0.111
[INFO] [stderr]    Compiling regex-syntax v0.8.2
[INFO] [stderr]    Compiling openssl-probe v0.1.5
[INFO] [stderr]    Compiling log v0.4.20
[INFO] [stderr]    Compiling want v0.3.1
[INFO] [stderr]    Compiling darling_core v0.20.3
[INFO] [stderr]    Compiling mime_guess v2.0.4
[INFO] [stderr]    Compiling tokio-util v0.7.10
[INFO] [stderr]    Compiling h2 v0.3.22
[INFO] [stderr]    Compiling regex-automata v0.4.3
[INFO] [stderr]    Compiling serde_derive v1.0.194
[INFO] [stderr]    Compiling openssl-macros v0.1.1
[INFO] [stderr]    Compiling http-body v0.4.6
[INFO] [stderr]    Compiling idna v0.5.0
[INFO] [stderr]    Compiling darling_macro v0.20.3
[INFO] [stderr]    Compiling futures-channel v0.3.30
[INFO] [stderr]    Compiling httpdate v1.0.3
[INFO] [stderr]    Compiling tower-service v0.3.2
[INFO] [stderr]    Compiling url v2.5.0
[INFO] [stderr]    Compiling darling v0.20.3
[INFO] [stderr]    Compiling regex v1.10.2
[INFO] [stderr]    Compiling validator_types v0.16.0
[INFO] [stderr]    Compiling crypto-common v0.1.6
[INFO] [stderr]    Compiling block-buffer v0.10.4
[INFO] [stderr]    Compiling ring v0.16.20
[INFO] [stderr]    Compiling anyhow v1.0.79
[INFO] [stderr]    Compiling hyper v0.14.28
[INFO] [stderr]    Compiling lazy_static v1.4.0
[INFO] [stderr]    Compiling mime v0.3.17
[INFO] [stderr]    Compiling thiserror v1.0.56
[INFO] [stderr]    Compiling if_chain v1.0.2
[INFO] [stderr]    Compiling digest v0.10.7
[INFO] [stderr]    Compiling serde_with_macros v3.4.0
[INFO] [stderr]    Compiling thiserror-impl v1.0.56
[INFO] [stderr]    Compiling idna v0.4.0
[INFO] [stderr]    Compiling encoding_rs v0.8.33
[INFO] [stderr]    Compiling cpufeatures v0.2.12
[INFO] [stderr]    Compiling validator_derive v0.16.0
[INFO] [stderr]    Compiling untrusted v0.7.1
[INFO] [stderr]    Compiling tokio-native-tls v0.3.1
[INFO] [stderr]    Compiling spin v0.5.2
[INFO] [stderr]    Compiling hyper-tls v0.5.0
[INFO] [stderr]    Compiling ipnet v2.9.0
[INFO] [stderr]    Compiling base64 v0.21.5
[INFO] [stderr]    Compiling sha2 v0.10.8
[INFO] [stderr]    Compiling data-encoding v2.5.0
[INFO] [stderr]    Compiling serde_urlencoded v0.7.1
[INFO] [stderr]    Compiling serde_with v3.4.0
[INFO] [stderr]    Compiling reqwest v0.11.23
[INFO] [stderr]    Compiling validator v0.16.1
[INFO] [stderr]    Compiling carbone-sdk-rust v0.1.0 (/opt/rustwide/workdir)
[INFO] [stderr]     Finished dev [unoptimized + debuginfo] target(s) in 43.30s
[INFO] running `Command { std: "docker" "inspect" "fb677557e5d19205eaff0f832ff41632e8f5d9a7cc1a7aee44673d8f04b479cf", kill_on_drop: false }`
[INFO] running `Command { std: "docker" "rm" "-f" "fb677557e5d19205eaff0f832ff41632e8f5d9a7cc1a7aee44673d8f04b479cf", kill_on_drop: false }`
[INFO] [stdout] fb677557e5d19205eaff0f832ff41632e8f5d9a7cc1a7aee44673d8f04b479cf
[INFO] running `Command { std: "docker" "create" "-v" "/var/lib/crater-agent-workspace/builds/worker-0-tc2/target:/opt/rustwide/target:rw,Z" "-v" "/var/lib/crater-agent-workspace/builds/worker-0-tc2/source:/opt/rustwide/workdir:ro,Z" "-v" "/var/lib/crater-agent-workspace/cargo-home:/opt/rustwide/cargo-home:ro,Z" "-v" "/var/lib/crater-agent-workspace/rustup-home:/opt/rustwide/rustup-home:ro,Z" "-e" "SOURCE_DIR=/opt/rustwide/workdir" "-e" "CARGO_TARGET_DIR=/opt/rustwide/target" "-e" "CARGO_INCREMENTAL=0" "-e" "RUST_BACKTRACE=full" "-e" "RUSTFLAGS=--cap-lints=warn" "-e" "RUSTDOCFLAGS=--cap-lints=warn" "-e" "CARGO_HOME=/opt/rustwide/cargo-home" "-e" "RUSTUP_HOME=/opt/rustwide/rustup-home" "-w" "/opt/rustwide/workdir" "-m" "1610612736" "--user" "0:0" "--network" "none" "ghcr.io/rust-lang/crates-build-env/linux@sha256:2788e3201cd34a07e3172128adcd8b3090168a8e3bcc40d7c032b9dda1df7d1c" "/opt/rustwide/cargo-home/bin/cargo" "+beta-2023-12-22" "test" "--frozen" "--no-run" "--message-format=json", kill_on_drop: false }`
[INFO] [stdout] a2016cca1463f685a1fd0532c270ff7346e933cb3a5b538cba3fd8d9b4ed477e
[INFO] running `Command { std: "docker" "start" "-a" "a2016cca1463f685a1fd0532c270ff7346e933cb3a5b538cba3fd8d9b4ed477e", kill_on_drop: false }`
[INFO] [stderr]    Compiling value-bag v1.4.3
[INFO] [stderr]    Compiling crossbeam-utils v0.8.18
[INFO] [stderr]    Compiling cc v1.0.83
[INFO] [stderr]    Compiling futures-io v0.3.30
[INFO] [stderr]    Compiling bitflags v2.4.1
[INFO] [stderr]    Compiling parking v2.2.0
[INFO] [stderr]    Compiling syn v2.0.48
[INFO] [stderr]    Compiling lock_api v0.4.11
[INFO] [stderr]    Compiling parking_lot_core v0.9.9
[INFO] [stderr]    Compiling smallvec v1.11.2
[INFO] [stderr]    Compiling log v0.4.20
[INFO] [stderr]    Compiling scopeguard v1.2.0
[INFO] [stderr]    Compiling signal-hook-registry v1.4.1
[INFO] [stderr]    Compiling fastrand v2.0.1
[INFO] [stderr]    Compiling rustix v0.38.28
[INFO] [stderr]    Compiling futures-lite v2.1.0
[INFO] [stderr]    Compiling event-listener v2.5.3
[INFO] [stderr]    Compiling concurrent-queue v2.4.0
[INFO] [stderr]    Compiling parking_lot v0.12.1
[INFO] [stderr]    Compiling linux-raw-sys v0.4.12
[INFO] [stderr]    Compiling dirs-sys-next v0.1.2
[INFO] [stderr]    Compiling event-listener v4.0.2
[INFO] [stderr]    Compiling polling v2.8.0
[INFO] [stderr]    Compiling event-listener-strategy v0.4.0
[INFO] [stderr]    Compiling io-lifetimes v1.0.11
[INFO] [stderr]    Compiling openssl-sys v0.9.98
[INFO] [stderr]    Compiling async-lock v3.2.0
[INFO] [stderr]    Compiling libnghttp2-sys v0.1.9+1.58.0
[INFO] [stderr]    Compiling libz-sys v1.1.12
[INFO] [stderr]    Compiling crunchy v0.2.2
[INFO] [stderr]    Compiling curl-sys v0.4.70+curl-8.5.0
[INFO] [stderr]    Compiling dirs-next v2.0.0
[INFO] [stderr]    Compiling socket2 v0.4.10
[INFO] [stderr]    Compiling fastrand v1.9.0
[INFO] [stderr]    Compiling tiny-keccak v2.0.2
[INFO] [stderr]    Compiling rustix v0.37.27
[INFO] [stderr]    Compiling waker-fn v1.1.1
[INFO] [stderr]    Compiling siphasher v0.3.11
[INFO] [stderr]    Compiling phf_shared v0.10.0
[INFO] [stderr]    Compiling futures-lite v1.13.0
[INFO] [stderr]    Compiling openssl v0.10.62
[INFO] [stderr]    Compiling term v0.7.0
[INFO] [stderr]    Compiling async-io v1.13.0
[INFO] [stderr]    Compiling bitflags v1.3.2
[INFO] [stderr]    Compiling new_debug_unreachable v1.0.4
[INFO] [stderr]    Compiling fixedbitset v0.4.2
[INFO] [stderr]    Compiling either v1.9.0
[INFO] [stderr]    Compiling precomputed-hash v0.1.1
[INFO] [stderr]    Compiling linux-raw-sys v0.3.8
[INFO] [stderr]    Compiling bit-vec v0.6.3
[INFO] [stderr]    Compiling atomic-waker v1.1.2
[INFO] [stderr]    Compiling async-task v4.7.0
[INFO] [stderr]    Compiling darling_core v0.20.3
[INFO] [stderr]    Compiling bit-set v0.5.3
[INFO] [stderr]    Compiling piper v0.2.1
[INFO] [stderr]    Compiling itertools v0.10.5
[INFO] [stderr]    Compiling is-terminal v0.4.10
[INFO] [stderr]    Compiling petgraph v0.6.4
[INFO] [stderr]    Compiling string_cache v0.8.7
[INFO] [stderr]    Compiling ena v0.14.2
[INFO] [stderr]    Compiling native-tls v0.2.11
[INFO] [stderr]    Compiling ascii-canvas v3.0.0
[INFO] [stderr]    Compiling async-channel v2.1.1
[INFO] [stderr]    Compiling async-channel v1.9.0
[INFO] [stderr]    Compiling async-lock v2.8.0
[INFO] [stderr]    Compiling lalrpop-util v0.19.12
[INFO] [stderr]    Compiling regex-syntax v0.6.29
[INFO] [stderr]    Compiling unicode-xid v0.2.4
[INFO] [stderr]    Compiling diff v0.1.13
[INFO] [stderr]    Compiling async-executor v1.8.0
[INFO] [stderr]    Compiling event-listener v3.1.0
[INFO] [stderr]    Compiling tracing-attributes v0.1.27
[INFO] [stderr]    Compiling serde_derive v1.0.194
[INFO] [stderr]    Compiling tokio-macros v2.2.0
[INFO] [stderr]    Compiling futures-macro v0.3.30
[INFO] [stderr]    Compiling openssl-macros v0.1.1
[INFO] [stderr]    Compiling darling_macro v0.20.3
[INFO] [stderr]    Compiling tokio v1.35.1
[INFO] [stderr]    Compiling lalrpop v0.19.12
[INFO] [stderr]    Compiling futures-util v0.3.30
[INFO] [stderr]    Compiling tracing v0.1.40
[INFO] [stderr]    Compiling polling v3.3.1
[INFO] [stderr]    Compiling async-io v2.2.2
[INFO] [stderr]    Compiling blocking v1.5.1
[INFO] [stderr]    Compiling async-signal v0.2.5
[INFO] [stderr]    Compiling pin-project-internal v1.1.3
[INFO] [stderr]    Compiling curl v0.4.44
[INFO] [stderr]    Compiling async-process v1.8.1
[INFO] [stderr]    Compiling serde v1.0.194
[INFO] [stderr]    Compiling async-global-executor v2.4.1
[INFO] [stderr]    Compiling darling v0.20.3
[INFO] [stderr]    Compiling ring v0.16.20
[INFO] [stderr]    Compiling tokio-util v0.7.10
[INFO] [stderr]    Compiling pin-project v1.1.3
[INFO] [stderr]    Compiling tokio-native-tls v0.3.1
[INFO] [stderr]    Compiling kv-log-macro v1.0.7
[INFO] [stderr]    Compiling isahc v1.7.2
[INFO] [stderr]    Compiling async-trait v0.1.77
[INFO] [stderr]    Compiling async-std v1.12.0
[INFO] [stderr]    Compiling tracing-futures v0.2.5
[INFO] [stderr]    Compiling h2 v0.3.22
[INFO] [stderr]    Compiling serde_with_macros v3.4.0
[INFO] [stderr]    Compiling serde_json v1.0.111
[INFO] [stderr]    Compiling serde_urlencoded v0.7.1
[INFO] [stderr]    Compiling thiserror-impl v1.0.56
[INFO] [stderr]    Compiling sluice v0.5.5
[INFO] [stderr]    Compiling castaway v0.1.2
[INFO] [stderr]    Compiling async-object-pool v0.1.4
[INFO] [stderr]    Compiling validator v0.16.1
[INFO] [stderr]    Compiling assert-json-diff v2.0.2
[INFO] [stderr]    Compiling thiserror v1.0.56
[INFO] [stderr]    Compiling serde_with v3.4.0
[INFO] [stderr]    Compiling hyper v0.14.28
[INFO] [stderr]    Compiling serde_regex v1.1.0
[INFO] [stderr]    Compiling similar v2.4.0
[INFO] [stderr]    Compiling levenshtein v1.0.5
[INFO] [stderr]    Compiling basic-cookies v0.1.4
[INFO] [stderr]    Compiling hyper-tls v0.5.0
[INFO] [stderr]    Compiling reqwest v0.11.23
[INFO] [stderr]    Compiling httpmock v0.6.8
[INFO] [stderr]    Compiling carbone-sdk-rust v0.1.0 (/opt/rustwide/workdir)
[INFO] [stdout] error[E0433]: failed to resolve: use of undeclared crate or module `carbone_sdk_rs`
[INFO] [stdout]  --> tests/config_test.rs:1:5
[INFO] [stdout]   |
[INFO] [stdout] 1 | use carbone_sdk_rs::config::Config;
[INFO] [stdout]   |     ^^^^^^^^^^^^^^ use of undeclared crate or module `carbone_sdk_rs`
[INFO] [stdout]   |
[INFO] [stdout] help: there is a crate or module with a similar name
[INFO] [stdout]   |
[INFO] [stdout] 1 | use carbone_sdk_rust::config::Config;
[INFO] [stdout]   |     ~~~~~~~~~~~~~~~~
[INFO] [stdout] 
[INFO] [stdout] 
[INFO] [stdout] error[E0433]: failed to resolve: use of undeclared crate or module `carbone_sdk_rs`
[INFO] [stdout]  --> tests/config_test.rs:2:5
[INFO] [stdout]   |
[INFO] [stdout] 2 | use carbone_sdk_rs::errors::CarboneError;
[INFO] [stdout]   |     ^^^^^^^^^^^^^^ use of undeclared crate or module `carbone_sdk_rs`
[INFO] [stdout]   |
[INFO] [stdout] help: there is a crate or module with a similar name
[INFO] [stdout]   |
[INFO] [stdout] 2 | use carbone_sdk_rust::errors::CarboneError;
[INFO] [stdout]   |     ~~~~~~~~~~~~~~~~
[INFO] [stdout] 
[INFO] [stdout] 
[INFO] [stdout] error[E0433]: failed to resolve: use of undeclared crate or module `carbone_sdk_rs`
[INFO] [stdout]  --> tests/config_test.rs:3:5
[INFO] [stdout]   |
[INFO] [stdout] 3 | use carbone_sdk_rs::types::ApiVersion;
[INFO] [stdout]   |     ^^^^^^^^^^^^^^ use of undeclared crate or module `carbone_sdk_rs`
[INFO] [stdout]   |
[INFO] [stdout] help: there is a crate or module with a similar name
[INFO] [stdout]   |
[INFO] [stdout] 3 | use carbone_sdk_rust::types::ApiVersion;
[INFO] [stdout]   |     ~~~~~~~~~~~~~~~~
[INFO] [stdout] 
[INFO] [stdout] 
[INFO] [stdout] error[E0433]: failed to resolve: use of undeclared crate or module `carbone_sdk_rs`
[INFO] [stdout]  --> tests/config_test.rs:9:9
[INFO] [stdout]   |
[INFO] [stdout] 9 |     use carbone_sdk_rs::config::CARBONE_API_URL;
[INFO] [stdout]   |         ^^^^^^^^^^^^^^ use of undeclared crate or module `carbone_sdk_rs`
[INFO] [stdout]   |
[INFO] [stdout] help: there is a crate or module with a similar name
[INFO] [stdout]   |
[INFO] [stdout] 9 |     use carbone_sdk_rust::config::CARBONE_API_URL;
[INFO] [stdout]   |         ~~~~~~~~~~~~~~~~
[INFO] [stdout] 
[INFO] [stdout] 
[INFO] [stdout] error[E0433]: failed to resolve: use of undeclared crate or module `carbone_sdk_rs`
[INFO] [stdout]   --> tests/config_test.rs:10:9
[INFO] [stdout]    |
[INFO] [stdout] 10 |     use carbone_sdk_rs::config::CARBONE_API_VERSION;
[INFO] [stdout]    |         ^^^^^^^^^^^^^^ use of undeclared crate or module `carbone_sdk_rs`
[INFO] [stdout]    |
[INFO] [stdout] help: there is a crate or module with a similar name
[INFO] [stdout]    |
[INFO] [stdout] 10 |     use carbone_sdk_rust::config::CARBONE_API_VERSION;
[INFO] [stdout]    |         ~~~~~~~~~~~~~~~~
[INFO] [stdout] 
[INFO] [stdout] 
[INFO] [stdout] warning: unused import: `std::str::FromStr`
[INFO] [stdout]   --> tests/config_test.rs:11:9
[INFO] [stdout]    |
[INFO] [stdout] 11 |     use std::str::FromStr;
[INFO] [stdout]    |         ^^^^^^^^^^^^^^^^^
[INFO] [stdout]    |
[INFO] [stdout]    = note: `#[warn(unused_imports)]` on by default
[INFO] [stdout] 
[INFO] [stdout] 
[INFO] [stdout] error[E0433]: failed to resolve: use of undeclared crate or module `carbone_sdk_rs`
[INFO] [stdout]  --> tests/render_test.rs:2:5
[INFO] [stdout]   |
[INFO] [stdout] 2 | use carbone_sdk_rs::render::*;
[INFO] [stdout]   |     ^^^^^^^^^^^^^^ use of undeclared crate or module `carbone_sdk_rs`
[INFO] [stdout]   |
[INFO] [stdout] help: there is a crate or module with a similar name
[INFO] [stdout]   |
[INFO] [stdout] 2 | use carbone_sdk_rust::render::*;
[INFO] [stdout]   |     ~~~~~~~~~~~~~~~~
[INFO] [stdout] 
[INFO] [stdout] 
[INFO] [stdout] error[E0433]: failed to resolve: use of undeclared crate or module `carbone_sdk_rs`
[INFO] [stdout]  --> tests/template_test.rs:4:5
[INFO] [stdout]   |
[INFO] [stdout] 4 | use carbone_sdk_rs::template::*;
[INFO] [stdout]   |     ^^^^^^^^^^^^^^ use of undeclared crate or module `carbone_sdk_rs`
[INFO] [stdout]   |
[INFO] [stdout] help: there is a crate or module with a similar name
[INFO] [stdout]   |
[INFO] [stdout] 4 | use carbone_sdk_rust::template::*;
[INFO] [stdout]   |     ~~~~~~~~~~~~~~~~
[INFO] [stdout] 
[INFO] [stdout] 
[INFO] [stdout] error[E0433]: failed to resolve: use of undeclared crate or module `carbone_sdk_rs`
[INFO] [stdout]  --> tests/template_test.rs:3:5
[INFO] [stdout]   |
[INFO] [stdout] 3 | use carbone_sdk_rs::errors::CarboneError;
[INFO] [stdout]   |     ^^^^^^^^^^^^^^ use of undeclared crate or module `carbone_sdk_rs`
[INFO] [stdout]   |
[INFO] [stdout] help: there is a crate or module with a similar name
[INFO] [stdout]   |
[INFO] [stdout] 3 | use carbone_sdk_rust::errors::CarboneError;
[INFO] [stdout]   |     ~~~~~~~~~~~~~~~~
[INFO] [stdout] 
[INFO] [stdout] 
[INFO] [stdout] error[E0433]: failed to resolve: use of undeclared crate or module `carbone_sdk_rs`
[INFO] [stdout]   --> tests/template_test.rs:11:9
[INFO] [stdout]    |
[INFO] [stdout] 11 |     use carbone_sdk_rs::template::TemplateId;
[INFO] [stdout]    |         ^^^^^^^^^^^^^^ use of undeclared crate or module `carbone_sdk_rs`
[INFO] [stdout]    |
[INFO] [stdout] help: there is a crate or module with a similar name
[INFO] [stdout]    |
[INFO] [stdout] 11 |     use carbone_sdk_rust::template::TemplateId;
[INFO] [stdout]    |         ~~~~~~~~~~~~~~~~
[INFO] [stdout] 
[INFO] [stdout] 
[INFO] [stdout] error[E0432]: unresolved imports `carbone_sdk_rs::errors::CarboneError`, `carbone_sdk_rs::template::TemplateId`
[INFO] [stdout]   --> tests/template_test.rs:3:5
[INFO] [stdout]    |
[INFO] [stdout] 3  | use carbone_sdk_rs::errors::CarboneError;
[INFO] [stdout]    |     ^^^^^^^^^^^^^^^^^^^^^^^^^^^^^^^^^^^^
[INFO] [stdout] ...
[INFO] [stdout] 11 |     use carbone_sdk_rs::template::TemplateId;
[INFO] [stdout]    |         ^^^^^^^^^^^^^^^^^^^^^^^^^^^^^^^^^^^^
[INFO] [stdout] 
[INFO] [stdout] 
[INFO] [stdout] error[E0433]: failed to resolve: use of undeclared crate or module `carbone_sdk_rs`
[INFO] [stdout]  --> tests/types_test.rs:5:9
[INFO] [stdout]   |
[INFO] [stdout] 5 |     use carbone_sdk_rs::types::*;
[INFO] [stdout]   |         ^^^^^^^^^^^^^^ use of undeclared crate or module `carbone_sdk_rs`
[INFO] [stdout]   |
[INFO] [stdout] help: there is a crate or module with a similar name
[INFO] [stdout]   |
[INFO] [stdout] 5 |     use carbone_sdk_rust::types::*;
[INFO] [stdout]   |         ~~~~~~~~~~~~~~~~
[INFO] [stdout] 
[INFO] [stdout] 
[INFO] [stdout] error[E0433]: failed to resolve: use of undeclared crate or module `carbone_sdk_rs`
[INFO] [stdout]  --> tests/types_test.rs:4:9
[INFO] [stdout]   |
[INFO] [stdout] 4 |     use carbone_sdk_rs::errors::CarboneError;
[INFO] [stdout]   |         ^^^^^^^^^^^^^^ use of undeclared crate or module `carbone_sdk_rs`
[INFO] [stdout]   |
[INFO] [stdout] help: there is a crate or module with a similar name
[INFO] [stdout]   |
[INFO] [stdout] 4 |     use carbone_sdk_rust::errors::CarboneError;
[INFO] [stdout]   |         ~~~~~~~~~~~~~~~~
[INFO] [stdout] 
[INFO] [stdout] 
[INFO] [stdout] error[E0432]: unresolved import `carbone_sdk_rs::errors::CarboneError`
[INFO] [stdout]  --> tests/types_test.rs:4:9
[INFO] [stdout]   |
[INFO] [stdout] 4 |     use carbone_sdk_rs::errors::CarboneError;
[INFO] [stdout]   |         ^^^^^^^^^^^^^^^^^^^^^^^^^^^^^^^^^^^^
[INFO] [stdout] 
[INFO] [stdout] 
[INFO] [stdout] error[E0433]: failed to resolve: use of undeclared crate or module `carbone_sdk_rs`
[INFO] [stdout]  --> tests/render_test.rs:1:5
[INFO] [stdout]   |
[INFO] [stdout] 1 | use carbone_sdk_rs::errors::CarboneError;
[INFO] [stdout]   |     ^^^^^^^^^^^^^^ use of undeclared crate or module `carbone_sdk_rs`
[INFO] [stdout]   |
[INFO] [stdout] help: there is a crate or module with a similar name
[INFO] [stdout]   |
[INFO] [stdout] 1 | use carbone_sdk_rust::errors::CarboneError;
[INFO] [stdout]   |     ~~~~~~~~~~~~~~~~
[INFO] [stdout] 
[INFO] [stdout] 
[INFO] [stdout] error[E0432]: unresolved import `carbone_sdk_rs::errors::CarboneError`
[INFO] [stdout]  --> tests/render_test.rs:1:5
[INFO] [stdout]   |
[INFO] [stdout] 1 | use carbone_sdk_rs::errors::CarboneError;
[INFO] [stdout]   |     ^^^^^^^^^^^^^^^^^^^^^^^^^^^^^^^^^^^^
[INFO] [stdout] 
[INFO] [stdout] 
[INFO] [stdout] error[E0433]: failed to resolve: use of undeclared crate or module `carbone_sdk_rs`
[INFO] [stdout]  --> tests/carbone_response_test.rs:4:9
[INFO] [stdout]   |
[INFO] [stdout] 4 |     use carbone_sdk_rs::carbone_response::{APIResponse, APIResponseData};
[INFO] [stdout]   |         ^^^^^^^^^^^^^^ use of undeclared crate or module `carbone_sdk_rs`
[INFO] [stdout]   |
[INFO] [stdout] help: there is a crate or module with a similar name
[INFO] [stdout]   |
[INFO] [stdout] 4 |     use carbone_sdk_rust::carbone_response::{APIResponse, APIResponseData};
[INFO] [stdout]   |         ~~~~~~~~~~~~~~~~
[INFO] [stdout] 
[INFO] [stdout] 
[INFO] [stdout] error[E0433]: failed to resolve: use of undeclared crate or module `carbone_sdk_rs`
[INFO] [stdout]  --> tests/carbone_response_test.rs:5:9
[INFO] [stdout]   |
[INFO] [stdout] 5 |     use carbone_sdk_rs::errors::CarboneError;
[INFO] [stdout]   |         ^^^^^^^^^^^^^^ use of undeclared crate or module `carbone_sdk_rs`
[INFO] [stdout]   |
[INFO] [stdout] help: there is a crate or module with a similar name
[INFO] [stdout]   |
[INFO] [stdout] 5 |     use carbone_sdk_rust::errors::CarboneError;
[INFO] [stdout]   |         ~~~~~~~~~~~~~~~~
[INFO] [stdout] 
[INFO] [stdout] 
[INFO] [stdout] error[E0433]: failed to resolve: use of undeclared crate or module `carbone_sdk_rs`
[INFO] [stdout]  --> tests/carbone_response_test.rs:6:9
[INFO] [stdout]   |
[INFO] [stdout] 6 |     use carbone_sdk_rs::render::RenderId;
[INFO] [stdout]   |         ^^^^^^^^^^^^^^ use of undeclared crate or module `carbone_sdk_rs`
[INFO] [stdout]   |
[INFO] [stdout] help: there is a crate or module with a similar name
[INFO] [stdout]   |
[INFO] [stdout] 6 |     use carbone_sdk_rust::render::RenderId;
[INFO] [stdout]   |         ~~~~~~~~~~~~~~~~
[INFO] [stdout] 
[INFO] [stdout] 
[INFO] [stdout] error[E0433]: failed to resolve: use of undeclared crate or module `carbone_sdk_rs`
[INFO] [stdout]  --> tests/carbone_response_test.rs:7:9
[INFO] [stdout]   |
[INFO] [stdout] 7 |     use carbone_sdk_rs::template::TemplateId;
[INFO] [stdout]   |         ^^^^^^^^^^^^^^ use of undeclared crate or module `carbone_sdk_rs`
[INFO] [stdout]   |
[INFO] [stdout] help: there is a crate or module with a similar name
[INFO] [stdout]   |
[INFO] [stdout] 7 |     use carbone_sdk_rust::template::TemplateId;
[INFO] [stdout]   |         ~~~~~~~~~~~~~~~~
[INFO] [stdout] 
[INFO] [stdout] 
[INFO] [stdout] error: aborting due to 5 previous errors; 1 warning emitted
[INFO] [stdout] 
[INFO] [stdout] 
[INFO] [stdout] For more information about this error, try `rustc --explain E0433`.
[INFO] [stdout] 
[INFO] [stderr] error: could not compile `carbone-sdk-rust` (test "config_test") due to 6 previous errors; 1 warning emitted
[INFO] [stderr] warning: build failed, waiting for other jobs to finish...
[INFO] [stdout] error: aborting due to 4 previous errors
[INFO] [stdout] 
[INFO] [stdout] 
[INFO] [stdout] For more information about this error, try `rustc --explain E0433`.
[INFO] [stdout] 
[INFO] [stdout] error[E0433]: failed to resolve: use of undeclared crate or module `carbone_sdk_rs`
[INFO] [stdout]  --> tests/helper.rs:4:5
[INFO] [stdout]   |
[INFO] [stdout] 4 | use carbone_sdk_rs::config::Config;
[INFO] [stdout]   |     ^^^^^^^^^^^^^^ use of undeclared crate or module `carbone_sdk_rs`
[INFO] [stdout]   |
[INFO] [stdout] help: there is a crate or module with a similar name
[INFO] [stdout]   |
[INFO] [stdout] 4 | use carbone_sdk_rust::config::Config;
[INFO] [stdout]   |     ~~~~~~~~~~~~~~~~
[INFO] [stdout] 
[INFO] [stdout] 
[INFO] [stderr] error: could not compile `carbone-sdk-rust` (test "carbone_response_test") due to 5 previous errors
[INFO] [stdout] error[E0433]: failed to resolve: use of undeclared crate or module `carbone_sdk_rs`
[INFO] [stdout]  --> tests/helper.rs:5:5
[INFO] [stdout]   |
[INFO] [stdout] 5 | use carbone_sdk_rs::errors::CarboneError;
[INFO] [stdout]   |     ^^^^^^^^^^^^^^ use of undeclared crate or module `carbone_sdk_rs`
[INFO] [stdout]   |
[INFO] [stdout] help: there is a crate or module with a similar name
[INFO] [stdout]   |
[INFO] [stdout] 5 | use carbone_sdk_rust::errors::CarboneError;
[INFO] [stdout]   |     ~~~~~~~~~~~~~~~~
[INFO] [stdout] 
[INFO] [stdout] 
[INFO] [stdout] error[E0433]: failed to resolve: use of undeclared crate or module `carbone_sdk_rs`
[INFO] [stdout]  --> tests/helper.rs:6:5
[INFO] [stdout]   |
[INFO] [stdout] 6 | use carbone_sdk_rs::types::{ApiJsonToken, ApiVersion};
[INFO] [stdout]   |     ^^^^^^^^^^^^^^ use of undeclared crate or module `carbone_sdk_rs`
[INFO] [stdout]   |
[INFO] [stdout] help: there is a crate or module with a similar name
[INFO] [stdout]   |
[INFO] [stdout] 6 | use carbone_sdk_rust::types::{ApiJsonToken, ApiVersion};
[INFO] [stdout]   |     ~~~~~~~~~~~~~~~~
[INFO] [stdout] 
[INFO] [stdout] 
[INFO] [stdout] error[E0433]: failed to resolve: use of undeclared crate or module `carbone_sdk_rs`
[INFO] [stdout]  --> tests/carbone_test.rs:9:5
[INFO] [stdout]   |
[INFO] [stdout] 9 | use carbone_sdk_rs::render::*;
[INFO] [stdout]   |     ^^^^^^^^^^^^^^ use of undeclared crate or module `carbone_sdk_rs`
[INFO] [stdout]   |
[INFO] [stdout] help: there is a crate or module with a similar name
[INFO] [stdout]   |
[INFO] [stdout] 9 | use carbone_sdk_rust::render::*;
[INFO] [stdout]   |     ~~~~~~~~~~~~~~~~
[INFO] [stdout] 
[INFO] [stdout] 
[INFO] [stdout] error[E0433]: failed to resolve: use of undeclared crate or module `carbone_sdk_rs`
[INFO] [stdout]  --> tests/helper.rs:4:5
[INFO] [stdout]   |
[INFO] [stdout] 4 | use carbone_sdk_rs::config::Config;
[INFO] [stdout]   |     ^^^^^^^^^^^^^^ use of undeclared crate or module `carbone_sdk_rs`
[INFO] [stdout]   |
[INFO] [stdout] help: there is a crate or module with a similar name
[INFO] [stdout]   |
[INFO] [stdout] 4 | use carbone_sdk_rust::config::Config;
[INFO] [stdout]   |     ~~~~~~~~~~~~~~~~
[INFO] [stdout] 
[INFO] [stdout] 
[INFO] [stdout] error[E0433]: failed to resolve: use of undeclared crate or module `carbone_sdk_rs`
[INFO] [stdout]  --> tests/helper.rs:5:5
[INFO] [stdout]   |
[INFO] [stdout] 5 | use carbone_sdk_rs::errors::CarboneError;
[INFO] [stdout]   |     ^^^^^^^^^^^^^^ use of undeclared crate or module `carbone_sdk_rs`
[INFO] [stdout]   |
[INFO] [stdout] help: there is a crate or module with a similar name
[INFO] [stdout]   |
[INFO] [stdout] 5 | use carbone_sdk_rust::errors::CarboneError;
[INFO] [stdout]   |     ~~~~~~~~~~~~~~~~
[INFO] [stdout] 
[INFO] [stdout] 
[INFO] [stdout] error[E0433]: failed to resolve: use of undeclared crate or module `carbone_sdk_rs`
[INFO] [stdout]  --> tests/helper.rs:6:5
[INFO] [stdout]   |
[INFO] [stdout] 6 | use carbone_sdk_rs::types::{ApiJsonToken, ApiVersion};
[INFO] [stdout]   |     ^^^^^^^^^^^^^^ use of undeclared crate or module `carbone_sdk_rs`
[INFO] [stdout]   |
[INFO] [stdout] help: there is a crate or module with a similar name
[INFO] [stdout]   |
[INFO] [stdout] 6 | use carbone_sdk_rust::types::{ApiJsonToken, ApiVersion};
[INFO] [stdout]   |     ~~~~~~~~~~~~~~~~
[INFO] [stdout] 
[INFO] [stdout] 
[INFO] [stdout] error[E0433]: failed to resolve: use of undeclared crate or module `carbone_sdk_rs`
[INFO] [stdout]  --> tests/carbone_test.rs:6:5
[INFO] [stdout]   |
[INFO] [stdout] 6 | use carbone_sdk_rs::carbone::Carbone;
[INFO] [stdout]   |     ^^^^^^^^^^^^^^ use of undeclared crate or module `carbone_sdk_rs`
[INFO] [stdout]   |
[INFO] [stdout] help: there is a crate or module with a similar name
[INFO] [stdout]   |
[INFO] [stdout] 6 | use carbone_sdk_rust::carbone::Carbone;
[INFO] [stdout]   |     ~~~~~~~~~~~~~~~~
[INFO] [stdout] 
[INFO] [stdout] 
[INFO] [stdout] error[E0433]: failed to resolve: use of undeclared crate or module `carbone_sdk_rs`
[INFO] [stdout]  --> tests/carbone_test.rs:7:5
[INFO] [stdout]   |
[INFO] [stdout] 7 | use carbone_sdk_rs::carbone_response::APIResponse;
[INFO] [stdout]   |     ^^^^^^^^^^^^^^ use of undeclared crate or module `carbone_sdk_rs`
[INFO] [stdout]   |
[INFO] [stdout] help: there is a crate or module with a similar name
[INFO] [stdout]   |
[INFO] [stdout] 7 | use carbone_sdk_rust::carbone_response::APIResponse;
[INFO] [stdout]   |     ~~~~~~~~~~~~~~~~
[INFO] [stdout] 
[INFO] [stdout] 
[INFO] [stdout] error[E0433]: failed to resolve: use of undeclared crate or module `carbone_sdk_rs`
[INFO] [stdout]  --> tests/carbone_test.rs:8:5
[INFO] [stdout]   |
[INFO] [stdout] 8 | use carbone_sdk_rs::errors::CarboneError;
[INFO] [stdout]   |     ^^^^^^^^^^^^^^ use of undeclared crate or module `carbone_sdk_rs`
[INFO] [stdout]   |
[INFO] [stdout] help: there is a crate or module with a similar name
[INFO] [stdout]   |
[INFO] [stdout] 8 | use carbone_sdk_rust::errors::CarboneError;
[INFO] [stdout]   |     ~~~~~~~~~~~~~~~~
[INFO] [stdout] 
[INFO] [stdout] 
[INFO] [stdout] error[E0433]: failed to resolve: use of undeclared crate or module `carbone_sdk_rs`
[INFO] [stdout]   --> tests/carbone_test.rs:10:5
[INFO] [stdout]    |
[INFO] [stdout] 10 | use carbone_sdk_rs::types::JsonData;
[INFO] [stdout]    |     ^^^^^^^^^^^^^^ use of undeclared crate or module `carbone_sdk_rs`
[INFO] [stdout]    |
[INFO] [stdout] help: there is a crate or module with a similar name
[INFO] [stdout]    |
[INFO] [stdout] 10 | use carbone_sdk_rust::types::JsonData;
[INFO] [stdout]    |     ~~~~~~~~~~~~~~~~
[INFO] [stdout] 
[INFO] [stdout] 
[INFO] [stdout] error[E0433]: failed to resolve: use of undeclared crate or module `carbone_sdk_rs`
[INFO] [stdout]   --> tests/carbone_test.rs:19:9
[INFO] [stdout]    |
[INFO] [stdout] 19 |     use carbone_sdk_rs::{
[INFO] [stdout]    |         ^^^^^^^^^^^^^^ use of undeclared crate or module `carbone_sdk_rs`
[INFO] [stdout]    |
[INFO] [stdout] help: there is a crate or module with a similar name
[INFO] [stdout]    |
[INFO] [stdout] 19 |     use carbone_sdk_rust::{
[INFO] [stdout]    |         ~~~~~~~~~~~~~~~~
[INFO] [stdout] 
[INFO] [stdout] 
[INFO] [stdout] error[E0432]: unresolved imports `carbone_sdk_rs::carbone::Carbone`, `carbone_sdk_rs::carbone_response::APIResponse`, `carbone_sdk_rs::errors::CarboneError`, `carbone_sdk_rs::types::JsonData`, `carbone_sdk_rs::carbone_response::APIResponseData`, `carbone_sdk_rs::config::Config`, `carbone_sdk_rs::template::*`, `carbone_sdk_rs::types::ApiVersion`
[INFO] [stdout]   --> tests/carbone_test.rs:6:5
[INFO] [stdout]    |
[INFO] [stdout] 6  | use carbone_sdk_rs::carbone::Carbone;
[INFO] [stdout]    |     ^^^^^^^^^^^^^^^^^^^^^^^^^^^^^^^^
[INFO] [stdout] 7  | use carbone_sdk_rs::carbone_response::APIResponse;
[INFO] [stdout]    |     ^^^^^^^^^^^^^^^^^^^^^^^^^^^^^^^^^^^^^^^^^^^^^
[INFO] [stdout] 8  | use carbone_sdk_rs::errors::CarboneError;
[INFO] [stdout]    |     ^^^^^^^^^^^^^^^^^^^^^^^^^^^^^^^^^^^^
[INFO] [stdout] 9  | use carbone_sdk_rs::render::*;
[INFO] [stdout] 10 | use carbone_sdk_rs::types::JsonData;
[INFO] [stdout]    |     ^^^^^^^^^^^^^^^^^^^^^^^^^^^^^^^
[INFO] [stdout] ...
[INFO] [stdout] 20 |         carbone_response::APIResponseData, config::Config, template::*, types::ApiVersion,
[INFO] [stdout]    |         ^^^^^^^^^^^^^^^^^^^^^^^^^^^^^^^^^  ^^^^^^^^^^^^^^  ^^^^^^^^^^^  ^^^^^^^^^^^^^^^^^
[INFO] [stdout] 
[INFO] [stdout] 
[INFO] [stdout] error: aborting due to 3 previous errors
[INFO] [stdout] 
[INFO] [stdout] 
[INFO] [stdout] For more information about this error, try `rustc --explain E0433`.
[INFO] [stdout] 
[INFO] [stdout] error[E0433]: failed to resolve: use of undeclared type `RenderId`
[INFO] [stdout]   --> tests/render_test.rs:13:25
[INFO] [stdout]    |
[INFO] [stdout] 13 |         let render_id = RenderId::new(render_id_value.to_string())?;
[INFO] [stdout]    |                         ^^^^^^^^ use of undeclared type `RenderId`
[INFO] [stdout]    |
[INFO] [stdout] help: consider importing this struct
[INFO] [stdout]    |
[INFO] [stdout] 7  +     use carbone_sdk_rust::render::RenderId;
[INFO] [stdout]    |
[INFO] [stdout] 
[INFO] [stdout] 
[INFO] [stderr] error: could not compile `carbone-sdk-rust` (test "helper") due to 4 previous errors
[INFO] [stdout] error[E0433]: failed to resolve: use of undeclared type `RenderId`
[INFO] [stdout]   --> tests/render_test.rs:23:22
[INFO] [stdout]    |
[INFO] [stdout] 23 |         let result = RenderId::new(render_id_value.to_string());
[INFO] [stdout]    |                      ^^^^^^^^ use of undeclared type `RenderId`
[INFO] [stdout]    |
[INFO] [stdout] help: consider importing this struct
[INFO] [stdout]    |
[INFO] [stdout] 7  +     use carbone_sdk_rust::render::RenderId;
[INFO] [stdout]    |
[INFO] [stdout] 
[INFO] [stdout] 
[INFO] [stdout] error[E0433]: failed to resolve: use of undeclared type `RenderId`
[INFO] [stdout]   --> tests/render_test.rs:36:18
[INFO] [stdout]    |
[INFO] [stdout] 36 |         let id = RenderId::new(id_value.to_string())?;
[INFO] [stdout]    |                  ^^^^^^^^ use of undeclared type `RenderId`
[INFO] [stdout]    |
[INFO] [stdout] help: consider importing this struct
[INFO] [stdout]    |
[INFO] [stdout] 7  +     use carbone_sdk_rust::render::RenderId;
[INFO] [stdout]    |
[INFO] [stdout] 
[INFO] [stdout] 
[INFO] [stdout] error[E0433]: failed to resolve: use of undeclared type `ApiJsonToken`
[INFO] [stdout]   --> tests/types_test.rs:13:25
[INFO] [stdout]    |
[INFO] [stdout] 13 |         let api_token = ApiJsonToken::new(api_token_value.to_string())?;
[INFO] [stdout]    |                         ^^^^^^^^^^^^ use of undeclared type `ApiJsonToken`
[INFO] [stdout]    |
[INFO] [stdout] help: consider importing this struct
[INFO] [stdout]    |
[INFO] [stdout] 4  +     use carbone_sdk_rust::types::ApiJsonToken;
[INFO] [stdout]    |
[INFO] [stdout] 
[INFO] [stdout] 
[INFO] [stdout] error[E0433]: failed to resolve: use of undeclared type `ApiJsonToken`
[INFO] [stdout]   --> tests/types_test.rs:24:22
[INFO] [stdout]    |
[INFO] [stdout] 24 |         let result = ApiJsonToken::new(api_token_value.to_string());
[INFO] [stdout]    |                      ^^^^^^^^^^^^ use of undeclared type `ApiJsonToken`
[INFO] [stdout]    |
[INFO] [stdout] help: consider importing this struct
[INFO] [stdout]    |
[INFO] [stdout] 4  +     use carbone_sdk_rust::types::ApiJsonToken;
[INFO] [stdout]    |
[INFO] [stdout] 
[INFO] [stdout] 
[INFO] [stdout] error[E0433]: failed to resolve: use of undeclared type `Id`
[INFO] [stdout]   --> tests/types_test.rs:39:18
[INFO] [stdout]    |
[INFO] [stdout] 39 |         let id = Id::new(id_value.to_string(), "id")?;
[INFO] [stdout]    |                  ^^ use of undeclared type `Id`
[INFO] [stdout]    |
[INFO] [stdout] help: consider importing this struct
[INFO] [stdout]    |
[INFO] [stdout] 4  +     use carbone_sdk_rust::types::Id;
[INFO] [stdout]    |
[INFO] [stdout] 
[INFO] [stdout] 
[INFO] [stdout] error[E0433]: failed to resolve: use of undeclared type `Id`
[INFO] [stdout]   --> tests/types_test.rs:49:22
[INFO] [stdout]    |
[INFO] [stdout] 49 |         let result = Id::new(id_value.to_string(), "id");
[INFO] [stdout]    |                      ^^ use of undeclared type `Id`
[INFO] [stdout]    |
[INFO] [stdout] help: consider importing this struct
[INFO] [stdout]    |
[INFO] [stdout] 4  +     use carbone_sdk_rust::types::Id;
[INFO] [stdout]    |
[INFO] [stdout] 
[INFO] [stdout] 
[INFO] [stdout] error[E0433]: failed to resolve: use of undeclared type `Id`
[INFO] [stdout]   --> tests/types_test.rs:62:18
[INFO] [stdout]    |
[INFO] [stdout] 62 |         let id = Id::new(id_value.to_string(), "id")?;
[INFO] [stdout]    |                  ^^ use of undeclared type `Id`
[INFO] [stdout]    |
[INFO] [stdout] help: consider importing this struct
[INFO] [stdout]    |
[INFO] [stdout] 4  +     use carbone_sdk_rust::types::Id;
[INFO] [stdout]    |
[INFO] [stdout] 
[INFO] [stdout] 
[INFO] [stdout] error[E0433]: failed to resolve: use of undeclared type `JsonData`
[INFO] [stdout]   --> tests/types_test.rs:78:25
[INFO] [stdout]    |
[INFO] [stdout] 78 |         let json_data = JsonData::new(json_data_value.to_string())?;
[INFO] [stdout]    |                         ^^^^^^^^ use of undeclared type `JsonData`
[INFO] [stdout]    |
[INFO] [stdout] help: consider importing this struct
[INFO] [stdout]    |
[INFO] [stdout] 4  +     use carbone_sdk_rust::types::JsonData;
[INFO] [stdout]    |
[INFO] [stdout] 
[INFO] [stdout] 
[INFO] [stdout] error[E0433]: failed to resolve: use of undeclared type `JsonData`
[INFO] [stdout]   --> tests/types_test.rs:97:25
[INFO] [stdout]    |
[INFO] [stdout] 97 |         let json_data = JsonData::new(json_data_value.to_string())?;
[INFO] [stdout]    |                         ^^^^^^^^ use of undeclared type `JsonData`
[INFO] [stdout]    |
[INFO] [stdout] help: consider importing this struct
[INFO] [stdout]    |
[INFO] [stdout] 4  +     use carbone_sdk_rust::types::JsonData;
[INFO] [stdout]    |
[INFO] [stdout] 
[INFO] [stdout] 
[INFO] [stdout] error[E0433]: failed to resolve: use of undeclared type `JsonData`
[INFO] [stdout]    --> tests/types_test.rs:107:22
[INFO] [stdout]     |
[INFO] [stdout] 107 |         let result = JsonData::new(json_data.to_string());
[INFO] [stdout]     |                      ^^^^^^^^ use of undeclared type `JsonData`
[INFO] [stdout]     |
[INFO] [stdout] help: consider importing this struct
[INFO] [stdout]     |
[INFO] [stdout] 4   +     use carbone_sdk_rust::types::JsonData;
[INFO] [stdout]     |
[INFO] [stdout] 
[INFO] [stdout] 
[INFO] [stdout] error: aborting due to 6 previous errors
[INFO] [stdout] 
[INFO] [stdout] 
[INFO] [stdout] error[E0433]: failed to resolve: use of undeclared type `TemplateFile`
[INFO] [stdout]   --> tests/template_test.rs:16:29
[INFO] [stdout]    |
[INFO] [stdout] 16 |         let template_file = TemplateFile::new(template_file_path.to_string(), None)?;
[INFO] [stdout]    |                             ^^^^^^^^^^^^ use of undeclared type `TemplateFile`
[INFO] [stdout]    |
[INFO] [stdout] help: consider importing this struct
[INFO] [stdout]    |
[INFO] [stdout] 9  +     use carbone_sdk_rust::template::TemplateFile;
[INFO] [stdout]    |
[INFO] [stdout] 
[INFO] [stdout] 
[INFO] [stdout] Some errors have detailed explanations: E0432, E0433.
[INFO] [stdout] 
[INFO] [stdout] For more information about an error, try `rustc --explain E0432`.
[INFO] [stdout] 
[INFO] [stdout] error[E0433]: failed to resolve: use of undeclared type `TemplateFile`
[INFO] [stdout]   --> tests/template_test.rs:27:29
[INFO] [stdout]    |
[INFO] [stdout] 27 |         let template_file = TemplateFile::new(template_file_path.to_string(), Some(file_content))?;
[INFO] [stdout]    |                             ^^^^^^^^^^^^ use of undeclared type `TemplateFile`
[INFO] [stdout]    |
[INFO] [stdout] help: consider importing this struct
[INFO] [stdout]    |
[INFO] [stdout] 9  +     use carbone_sdk_rust::template::TemplateFile;
[INFO] [stdout]    |
[INFO] [stdout] 
[INFO] [stdout] 
[INFO] [stdout] error[E0433]: failed to resolve: use of undeclared type `TemplateFile`
[INFO] [stdout]   --> tests/template_test.rs:37:22
[INFO] [stdout]    |
[INFO] [stdout] 37 |         let result = TemplateFile::new(template_file_path.to_string(), None);
[INFO] [stdout]    |                      ^^^^^^^^^^^^ use of undeclared type `TemplateFile`
[INFO] [stdout]    |
[INFO] [stdout] help: consider importing this struct
[INFO] [stdout]    |
[INFO] [stdout] 9  +     use carbone_sdk_rust::template::TemplateFile;
[INFO] [stdout]    |
[INFO] [stdout] 
[INFO] [stdout] 
[INFO] [stdout] error[E0433]: failed to resolve: use of undeclared type `TemplateFile`
[INFO] [stdout]   --> tests/template_test.rs:50:22
[INFO] [stdout]    |
[INFO] [stdout] 50 |         let result = TemplateFile::new(template_file_path.to_string(), None);
[INFO] [stdout]    |                      ^^^^^^^^^^^^ use of undeclared type `TemplateFile`
[INFO] [stdout]    |
[INFO] [stdout] help: consider importing this struct
[INFO] [stdout]    |
[INFO] [stdout] 9  +     use carbone_sdk_rust::template::TemplateFile;
[INFO] [stdout]    |
[INFO] [stdout] 
[INFO] [stdout] 
[INFO] [stdout] error[E0433]: failed to resolve: use of undeclared type `TemplateFile`
[INFO] [stdout]   --> tests/template_test.rs:63:29
[INFO] [stdout]    |
[INFO] [stdout] 63 |         let template_file = TemplateFile::new(template_file_path.to_string(), None)?;
[INFO] [stdout]    |                             ^^^^^^^^^^^^ use of undeclared type `TemplateFile`
[INFO] [stdout]    |
[INFO] [stdout] help: consider importing this struct
[INFO] [stdout]    |
[INFO] [stdout] 9  +     use carbone_sdk_rust::template::TemplateFile;
[INFO] [stdout]    |
[INFO] [stdout] 
[INFO] [stdout] 
[INFO] [stdout] error[E0433]: failed to resolve: use of undeclared type `TemplateFile`
[INFO] [stdout]   --> tests/template_test.rs:78:29
[INFO] [stdout]    |
[INFO] [stdout] 78 |         let template_file = TemplateFile::new(file_name.to_string(), None)?;
[INFO] [stdout]    |                             ^^^^^^^^^^^^ use of undeclared type `TemplateFile`
[INFO] [stdout]    |
[INFO] [stdout] help: consider importing this struct
[INFO] [stdout]    |
[INFO] [stdout] 9  +     use carbone_sdk_rust::template::TemplateFile;
[INFO] [stdout]    |
[INFO] [stdout] 
[INFO] [stdout] 
[INFO] [stdout] error[E0433]: failed to resolve: use of undeclared type `TemplateFile`
[INFO] [stdout]   --> tests/template_test.rs:93:29
[INFO] [stdout]    |
[INFO] [stdout] 93 |         let template_file = TemplateFile::new(file_name.to_string(), None)?;
[INFO] [stdout]    |                             ^^^^^^^^^^^^ use of undeclared type `TemplateFile`
[INFO] [stdout]    |
[INFO] [stdout] help: consider importing this struct
[INFO] [stdout]    |
[INFO] [stdout] 9  +     use carbone_sdk_rust::template::TemplateFile;
[INFO] [stdout]    |
[INFO] [stdout] 
[INFO] [stdout] 
[INFO] [stdout] error: aborting due to 11 previous errors
[INFO] [stdout] 
[INFO] [stdout] 
[INFO] [stdout] Some errors have detailed explanations: E0432, E0433.
[INFO] [stdout] 
[INFO] [stdout] error[E0433]: failed to resolve: use of undeclared type `TemplateFile`
[INFO] [stdout]    --> tests/template_test.rs:107:29
[INFO] [stdout]     |
[INFO] [stdout] 107 |         let template_file = TemplateFile::new("tests/data/template.test.html".to_string(), None)?;
[INFO] [stdout]     |                             ^^^^^^^^^^^^ use of undeclared type `TemplateFile`
[INFO] [stdout]     |
[INFO] [stdout] help: consider importing this struct
[INFO] [stdout]     |
[INFO] [stdout] 9   +     use carbone_sdk_rust::template::TemplateFile;
[INFO] [stdout]     |
[INFO] [stdout] 
[INFO] [stdout] 
[INFO] [stdout] For more information about an error, try `rustc --explain E0432`.
[INFO] [stdout] 
[INFO] [stdout] error[E0433]: failed to resolve: use of undeclared type `TemplateFile`
[INFO] [stdout]    --> tests/template_test.rs:121:29
[INFO] [stdout]     |
[INFO] [stdout] 121 |         let template_file = TemplateFile::new("tests/data/template.test.html".to_string(), None)?;
[INFO] [stdout]     |                             ^^^^^^^^^^^^ use of undeclared type `TemplateFile`
[INFO] [stdout]     |
[INFO] [stdout] help: consider importing this struct
[INFO] [stdout]     |
[INFO] [stdout] 9   +     use carbone_sdk_rust::template::TemplateFile;
[INFO] [stdout]     |
[INFO] [stdout] 
[INFO] [stdout] 
[INFO] [stderr] error: could not compile `carbone-sdk-rust` (test "types_test") due to 12 previous errors
[INFO] [stderr] error: could not compile `carbone-sdk-rust` (test "render_test") due to 7 previous errors
[INFO] [stdout] error[E0433]: failed to resolve: use of undeclared type `TemplateId`
[INFO] [stdout]   --> tests/carbone_test.rs:27:27
[INFO] [stdout]    |
[INFO] [stdout] 27 |         let template_id = TemplateId::new(
[INFO] [stdout]    |                           ^^^^^^^^^^ use of undeclared type `TemplateId`
[INFO] [stdout]    |
[INFO] [stdout] help: consider importing this struct
[INFO] [stdout]    |
[INFO] [stdout] 19 +     use carbone_sdk_rust::template::TemplateId;
[INFO] [stdout]    |
[INFO] [stdout] 
[INFO] [stdout] 
[INFO] [stdout] error[E0433]: failed to resolve: use of undeclared type `TemplateId`
[INFO] [stdout]   --> tests/carbone_test.rs:71:27
[INFO] [stdout]    |
[INFO] [stdout] 71 |         let template_id = TemplateId::new(
[INFO] [stdout]    |                           ^^^^^^^^^^ use of undeclared type `TemplateId`
[INFO] [stdout]    |
[INFO] [stdout] help: consider importing this struct
[INFO] [stdout]    |
[INFO] [stdout] 19 +     use carbone_sdk_rust::template::TemplateId;
[INFO] [stdout]    |
[INFO] [stdout] 
[INFO] [stdout] 
[INFO] [stdout] error[E0433]: failed to resolve: use of undeclared type `TemplateId`
[INFO] [stdout]   --> tests/carbone_test.rs:85:27
[INFO] [stdout]    |
[INFO] [stdout] 85 |         let template_id = TemplateId::new("unknown_template_id".to_string())?;
[INFO] [stdout]    |                           ^^^^^^^^^^ use of undeclared type `TemplateId`
[INFO] [stdout]    |
[INFO] [stdout] help: consider importing this struct
[INFO] [stdout]    |
[INFO] [stdout] 19 +     use carbone_sdk_rust::template::TemplateId;
[INFO] [stdout]    |
[INFO] [stdout] 
[INFO] [stdout] 
[INFO] [stdout] error[E0433]: failed to resolve: use of undeclared type `TemplateId`
[INFO] [stdout]    --> tests/carbone_test.rs:128:27
[INFO] [stdout]     |
[INFO] [stdout] 128 |         let template_id = TemplateId::new(
[INFO] [stdout]     |                           ^^^^^^^^^^ use of undeclared type `TemplateId`
[INFO] [stdout]     |
[INFO] [stdout] help: consider importing this struct
[INFO] [stdout]     |
[INFO] [stdout] 19  +     use carbone_sdk_rust::template::TemplateId;
[INFO] [stdout]     |
[INFO] [stdout] 
[INFO] [stdout] 
[INFO] [stdout] error[E0433]: failed to resolve: use of undeclared type `TemplateId`
[INFO] [stdout]    --> tests/carbone_test.rs:168:27
[INFO] [stdout]     |
[INFO] [stdout] 168 |         let template_id = TemplateId::new(
[INFO] [stdout]     |                           ^^^^^^^^^^ use of undeclared type `TemplateId`
[INFO] [stdout]     |
[INFO] [stdout] help: consider importing this struct
[INFO] [stdout]     |
[INFO] [stdout] 19  +     use carbone_sdk_rust::template::TemplateId;
[INFO] [stdout]     |
[INFO] [stdout] 
[INFO] [stdout] 
[INFO] [stdout] error[E0433]: failed to resolve: use of undeclared type `TemplateId`
[INFO] [stdout]    --> tests/carbone_test.rs:183:27
[INFO] [stdout]     |
[INFO] [stdout] 183 |         let template_id = TemplateId::new("unknown_template_id".to_string())?;
[INFO] [stdout]     |                           ^^^^^^^^^^ use of undeclared type `TemplateId`
[INFO] [stdout]     |
[INFO] [stdout] help: consider importing this struct
[INFO] [stdout]     |
[INFO] [stdout] 19  +     use carbone_sdk_rust::template::TemplateId;
[INFO] [stdout]     |
[INFO] [stdout] 
[INFO] [stdout] 
[INFO] [stdout] error[E0433]: failed to resolve: use of undeclared type `TemplateFile`
[INFO] [stdout]    --> tests/carbone_test.rs:239:29
[INFO] [stdout]     |
[INFO] [stdout] 239 |         let template_file = TemplateFile::new("tests/data/template.odt".to_string(), None)?;
[INFO] [stdout]     |                             ^^^^^^^^^^^^ use of undeclared type `TemplateFile`
[INFO] [stdout]     |
[INFO] [stdout] help: consider importing this struct
[INFO] [stdout]     |
[INFO] [stdout] 19  +     use carbone_sdk_rust::template::TemplateFile;
[INFO] [stdout]     |
[INFO] [stdout] 
[INFO] [stdout] 
[INFO] [stdout] error[E0433]: failed to resolve: use of undeclared type `RenderId`
[INFO] [stdout]    --> tests/carbone_test.rs:245:27
[INFO] [stdout]     |
[INFO] [stdout] 245 |         let _render_id = &RenderId::new(&render_id_value)?;
[INFO] [stdout]     |                           ^^^^^^^^ use of undeclared type `RenderId`
[INFO] [stdout]     |
[INFO] [stdout] help: consider importing this struct
[INFO] [stdout]     |
[INFO] [stdout] 19  +     use carbone_sdk_rust::render::RenderId;
[INFO] [stdout]     |
[INFO] [stdout] 
[INFO] [stdout] 
[INFO] [stdout] error[E0433]: failed to resolve: use of undeclared type `TemplateFile`
[INFO] [stdout]    --> tests/carbone_test.rs:300:29
[INFO] [stdout]     |
[INFO] [stdout] 300 |         let template_file = TemplateFile::new(template_path, Some(template_data.to_owned()))?;
[INFO] [stdout]     |                             ^^^^^^^^^^^^ use of undeclared type `TemplateFile`
[INFO] [stdout]     |
[INFO] [stdout] help: consider importing this struct
[INFO] [stdout]     |
[INFO] [stdout] 19  +     use carbone_sdk_rust::template::TemplateFile;
[INFO] [stdout]     |
[INFO] [stdout] 
[INFO] [stdout] 
[INFO] [stdout] error[E0433]: failed to resolve: use of undeclared type `RenderId`
[INFO] [stdout]    --> tests/carbone_test.rs:306:26
[INFO] [stdout]     |
[INFO] [stdout] 306 |         let render_id = &RenderId::new(&render_id_value)?;
[INFO] [stdout]     |                          ^^^^^^^^ use of undeclared type `RenderId`
[INFO] [stdout]     |
[INFO] [stdout] help: consider importing this struct
[INFO] [stdout]     |
[INFO] [stdout] 19  +     use carbone_sdk_rust::render::RenderId;
[INFO] [stdout]     |
[INFO] [stdout] 
[INFO] [stdout] 
[INFO] [stdout] error[E0433]: failed to resolve: use of undeclared type `RenderId`
[INFO] [stdout]    --> tests/carbone_test.rs:364:26
[INFO] [stdout]     |
[INFO] [stdout] 364 |         let render_id = &RenderId::new(render_id_value.to_string())?;
[INFO] [stdout]     |                          ^^^^^^^^ use of undeclared type `RenderId`
[INFO] [stdout]     |
[INFO] [stdout] help: consider importing this struct
[INFO] [stdout]     |
[INFO] [stdout] 19  +     use carbone_sdk_rust::render::RenderId;
[INFO] [stdout]     |
[INFO] [stdout] 
[INFO] [stdout] 
[INFO] [stdout] error[E0433]: failed to resolve: use of undeclared type `RenderId`
[INFO] [stdout]    --> tests/carbone_test.rs:394:26
[INFO] [stdout]     |
[INFO] [stdout] 394 |         let render_id = &RenderId::new(render_id_value.to_string())?;
[INFO] [stdout]     |                          ^^^^^^^^ use of undeclared type `RenderId`
[INFO] [stdout]     |
[INFO] [stdout] help: consider importing this struct
[INFO] [stdout]     |
[INFO] [stdout] 19  +     use carbone_sdk_rust::render::RenderId;
[INFO] [stdout]     |
[INFO] [stdout] 
[INFO] [stdout] 
[INFO] [stdout] error[E0433]: failed to resolve: use of undeclared type `RenderId`
[INFO] [stdout]    --> tests/carbone_test.rs:416:26
[INFO] [stdout]     |
[INFO] [stdout] 416 |         let render_id = &RenderId::new(render_id_value.to_string())?;
[INFO] [stdout]     |                          ^^^^^^^^ use of undeclared type `RenderId`
[INFO] [stdout]     |
[INFO] [stdout] help: consider importing this struct
[INFO] [stdout]     |
[INFO] [stdout] 19  +     use carbone_sdk_rust::render::RenderId;
[INFO] [stdout]     |
[INFO] [stdout] 
[INFO] [stdout] 
[INFO] [stdout] error[E0433]: failed to resolve: use of undeclared type `TemplateId`
[INFO] [stdout]    --> tests/carbone_test.rs:449:27
[INFO] [stdout]     |
[INFO] [stdout] 449 |         let template_id = TemplateId::new("unknown_template_id".to_string())?;
[INFO] [stdout]     |                           ^^^^^^^^^^ use of undeclared type `TemplateId`
[INFO] [stdout]     |
[INFO] [stdout] help: consider importing this struct
[INFO] [stdout]     |
[INFO] [stdout] 19  +     use carbone_sdk_rust::template::TemplateId;
[INFO] [stdout]     |
[INFO] [stdout] 
[INFO] [stdout] 
[INFO] [stdout] error[E0433]: failed to resolve: use of undeclared type `TemplateId`
[INFO] [stdout]    --> tests/carbone_test.rs:499:27
[INFO] [stdout]     |
[INFO] [stdout] 499 |         let template_id = TemplateId::new("unknown_template_id".to_string())?;
[INFO] [stdout]     |                           ^^^^^^^^^^ use of undeclared type `TemplateId`
[INFO] [stdout]     |
[INFO] [stdout] help: consider importing this struct
[INFO] [stdout]     |
[INFO] [stdout] 19  +     use carbone_sdk_rust::template::TemplateId;
[INFO] [stdout]     |
[INFO] [stdout] 
[INFO] [stdout] 
[INFO] [stdout] error[E0433]: failed to resolve: use of undeclared type `TemplateId`
[INFO] [stdout]    --> tests/carbone_test.rs:527:36
[INFO] [stdout]     |
[INFO] [stdout] 527 |         let template_id_expected = TemplateId::new(
[INFO] [stdout]     |                                    ^^^^^^^^^^ use of undeclared type `TemplateId`
[INFO] [stdout]     |
[INFO] [stdout] help: consider importing this struct
[INFO] [stdout]     |
[INFO] [stdout] 19  +     use carbone_sdk_rust::template::TemplateId;
[INFO] [stdout]     |
[INFO] [stdout] 
[INFO] [stdout] 
[INFO] [stdout] error[E0433]: failed to resolve: use of undeclared type `TemplateId`
[INFO] [stdout]    --> tests/carbone_test.rs:579:36
[INFO] [stdout]     |
[INFO] [stdout] 579 |         let template_id_expected = TemplateId::new(
[INFO] [stdout]     |                                    ^^^^^^^^^^ use of undeclared type `TemplateId`
[INFO] [stdout]     |
[INFO] [stdout] help: consider importing this struct
[INFO] [stdout]     |
[INFO] [stdout] 19  +     use carbone_sdk_rust::template::TemplateId;
[INFO] [stdout]     |
[INFO] [stdout] 
[INFO] [stdout] 
[INFO] [stdout] error: aborting due to 13 previous errors
[INFO] [stdout] 
[INFO] [stdout] 
[INFO] [stdout] Some errors have detailed explanations: E0432, E0433.
[INFO] [stdout] 
[INFO] [stdout] For more information about an error, try `rustc --explain E0432`.
[INFO] [stdout] 
[INFO] [stderr] error: could not compile `carbone-sdk-rust` (test "template_test") due to 14 previous errors
[INFO] [stdout] error: aborting due to 27 previous errors
[INFO] [stdout] 
[INFO] [stdout] 
[INFO] [stdout] Some errors have detailed explanations: E0432, E0433.
[INFO] [stdout] 
[INFO] [stdout] For more information about an error, try `rustc --explain E0432`.
[INFO] [stdout] 
[INFO] [stderr] error: could not compile `carbone-sdk-rust` (test "carbone_test") due to 28 previous errors
[INFO] running `Command { std: "docker" "inspect" "a2016cca1463f685a1fd0532c270ff7346e933cb3a5b538cba3fd8d9b4ed477e", kill_on_drop: false }`
[INFO] running `Command { std: "docker" "rm" "-f" "a2016cca1463f685a1fd0532c270ff7346e933cb3a5b538cba3fd8d9b4ed477e", kill_on_drop: false }`
[INFO] [stdout] a2016cca1463f685a1fd0532c270ff7346e933cb3a5b538cba3fd8d9b4ed477e
