[INFO] fetching crate carapax 0.12.0...
[INFO] testing carapax-0.12.0 against 1.75.0 for beta-1.76-1
[INFO] extracting crate carapax 0.12.0 into /workspace/builds/worker-5-tc1/source
[INFO] validating manifest of crates.io crate carapax 0.12.0 on toolchain 1.75.0
[INFO] running `Command { std: CARGO_HOME="/workspace/cargo-home" RUSTUP_HOME="/workspace/rustup-home" "/workspace/cargo-home/bin/cargo" "+1.75.0" "metadata" "--manifest-path" "Cargo.toml" "--no-deps", kill_on_drop: false }`
[INFO] started tweaking crates.io crate carapax 0.12.0
[INFO] removed 1 missing examples
[INFO] finished tweaking crates.io crate carapax 0.12.0
[INFO] tweaked toml for crates.io crate carapax 0.12.0 written to /workspace/builds/worker-5-tc1/source/Cargo.toml
[INFO] crate crates.io crate carapax 0.12.0 already has a lockfile, it will not be regenerated
[INFO] running `Command { std: CARGO_HOME="/workspace/cargo-home" RUSTUP_HOME="/workspace/rustup-home" "/workspace/cargo-home/bin/cargo" "+1.75.0" "fetch" "--manifest-path" "Cargo.toml", kill_on_drop: false }`
[INFO] [stderr]     Updating crates.io index
[INFO] [stderr]  Downloading crates ...
[INFO] [stderr]   Downloaded serde_derive v1.0.133
[INFO] [stderr]   Downloaded dashmap v5.0.0
[INFO] [stderr]   Downloaded no-std-compat v0.4.1
[INFO] [stderr]   Downloaded tokio-socks v0.5.1
[INFO] [stderr]   Downloaded smallvec v1.7.0
[INFO] [stderr]   Downloaded futures-core v0.3.19
[INFO] [stderr]   Downloaded shellwords v1.1.0
[INFO] [stderr]   Downloaded async-stream v0.3.2
[INFO] [stderr]   Downloaded async-trait v0.1.52
[INFO] [stderr]   Downloaded combine v4.6.2
[INFO] [stderr]   Downloaded syn v1.0.84
[INFO] [stderr]   Downloaded libc v0.2.112
[INFO] [stderr]   Downloaded futures v0.3.19
[INFO] [stderr]   Downloaded serde_json v1.0.74
[INFO] [stderr]   Downloaded raw-cpuid v10.2.0
[INFO] [stderr]   Downloaded semver v1.0.4
[INFO] [stderr]   Downloaded h2 v0.3.9
[INFO] [stderr]   Downloaded tracing-core v0.1.21
[INFO] [stderr]   Downloaded tracing v0.1.29
[INFO] [stderr]   Downloaded hyper v0.14.16
[INFO] [stderr]   Downloaded dtoa v0.4.8
[INFO] [stderr]   Downloaded redis v0.21.4
[INFO] [stderr]   Downloaded tgbot v0.18.0
[INFO] [stderr]   Downloaded seance v0.7.0
[INFO] [stderr]   Downloaded indexmap v1.7.0
[INFO] [stderr]   Downloaded futures-channel v0.3.19
[INFO] [stderr]   Downloaded futures-util v0.3.19
[INFO] [stderr]   Downloaded quote v1.0.14
[INFO] [stderr]   Downloaded reqwest v0.11.8
[INFO] [stderr]   Downloaded async-stream-impl v0.3.2
[INFO] [stderr]   Downloaded lock_api v0.4.5
[INFO] [stderr]   Downloaded futures-io v0.3.19
[INFO] [stderr]   Downloaded futures-task v0.3.19
[INFO] [stderr]   Downloaded vec1 v1.8.0
[INFO] [stderr]   Downloaded governor v0.4.0
[INFO] [stderr]   Downloaded nonzero_ext v0.3.0
[INFO] [stderr]   Downloaded futures-executor v0.3.19
[INFO] [stderr]   Downloaded futures-macro v0.3.19
[INFO] [stderr]   Downloaded futures-sink v0.3.19
[INFO] [stderr]   Downloaded serde v1.0.133
[INFO] [stderr]   Downloaded env_logger v0.9.0
[INFO] running `Command { std: "docker" "create" "-v" "/var/lib/crater-agent-workspace/builds/worker-5-tc1/target:/opt/rustwide/target:rw,Z" "-v" "/var/lib/crater-agent-workspace/builds/worker-5-tc1/source:/opt/rustwide/workdir:ro,Z" "-v" "/var/lib/crater-agent-workspace/cargo-home:/opt/rustwide/cargo-home:ro,Z" "-v" "/var/lib/crater-agent-workspace/rustup-home:/opt/rustwide/rustup-home:ro,Z" "-e" "SOURCE_DIR=/opt/rustwide/workdir" "-e" "CARGO_TARGET_DIR=/opt/rustwide/target" "-e" "CARGO_HOME=/opt/rustwide/cargo-home" "-e" "RUSTUP_HOME=/opt/rustwide/rustup-home" "-w" "/opt/rustwide/workdir" "-m" "1610612736" "--user" "0:0" "--network" "none" "ghcr.io/rust-lang/crates-build-env/linux@sha256:2788e3201cd34a07e3172128adcd8b3090168a8e3bcc40d7c032b9dda1df7d1c" "/opt/rustwide/cargo-home/bin/cargo" "+1.75.0" "metadata" "--no-deps" "--format-version=1", kill_on_drop: false }`
[INFO] [stdout] 56921fd88a87fc3f1edb2822b597b0a9c499b41032fb7e9c232254e3803e6e56
[INFO] running `Command { std: "docker" "start" "-a" "56921fd88a87fc3f1edb2822b597b0a9c499b41032fb7e9c232254e3803e6e56", kill_on_drop: false }`
[INFO] running `Command { std: "docker" "inspect" "56921fd88a87fc3f1edb2822b597b0a9c499b41032fb7e9c232254e3803e6e56", kill_on_drop: false }`
[INFO] running `Command { std: "docker" "rm" "-f" "56921fd88a87fc3f1edb2822b597b0a9c499b41032fb7e9c232254e3803e6e56", kill_on_drop: false }`
[INFO] [stdout] 56921fd88a87fc3f1edb2822b597b0a9c499b41032fb7e9c232254e3803e6e56
[INFO] running `Command { std: "docker" "create" "-v" "/var/lib/crater-agent-workspace/builds/worker-5-tc1/target:/opt/rustwide/target:rw,Z" "-v" "/var/lib/crater-agent-workspace/builds/worker-5-tc1/source:/opt/rustwide/workdir:ro,Z" "-v" "/var/lib/crater-agent-workspace/cargo-home:/opt/rustwide/cargo-home:ro,Z" "-v" "/var/lib/crater-agent-workspace/rustup-home:/opt/rustwide/rustup-home:ro,Z" "-e" "SOURCE_DIR=/opt/rustwide/workdir" "-e" "CARGO_TARGET_DIR=/opt/rustwide/target" "-e" "CARGO_INCREMENTAL=0" "-e" "RUST_BACKTRACE=full" "-e" "RUSTFLAGS=--cap-lints=warn" "-e" "RUSTDOCFLAGS=--cap-lints=warn" "-e" "CARGO_HOME=/opt/rustwide/cargo-home" "-e" "RUSTUP_HOME=/opt/rustwide/rustup-home" "-w" "/opt/rustwide/workdir" "-m" "1610612736" "--user" "0:0" "--network" "none" "ghcr.io/rust-lang/crates-build-env/linux@sha256:2788e3201cd34a07e3172128adcd8b3090168a8e3bcc40d7c032b9dda1df7d1c" "/opt/rustwide/cargo-home/bin/cargo" "+1.75.0" "build" "--frozen" "--message-format=json", kill_on_drop: false }`
[INFO] [stdout] 84b929c218eeb8293ca5ba413cfa7e0e30b40f22f0576c5572bf62a988f6fe54
[INFO] running `Command { std: "docker" "start" "-a" "84b929c218eeb8293ca5ba413cfa7e0e30b40f22f0576c5572bf62a988f6fe54", kill_on_drop: false }`
[INFO] [stderr]    Compiling proc-macro2 v1.0.36
[INFO] [stderr]    Compiling unicode-xid v0.2.2
[INFO] [stderr]    Compiling syn v1.0.84
[INFO] [stderr]    Compiling libc v0.2.112
[INFO] [stderr]    Compiling memchr v2.4.1
[INFO] [stderr]    Compiling log v0.4.14
[INFO] [stderr]    Compiling futures-core v0.3.19
[INFO] [stderr]    Compiling pin-project-lite v0.2.8
[INFO] [stderr]    Compiling cc v1.0.72
[INFO] [stderr]    Compiling bytes v1.1.0
[INFO] [stderr]    Compiling spin v0.5.2
[INFO] [stderr]    Compiling once_cell v1.9.0
[INFO] [stderr]    Compiling futures-task v0.3.19
[INFO] [stderr]    Compiling untrusted v0.7.1
[INFO] [stderr]    Compiling autocfg v1.0.1
[INFO] [stderr]    Compiling futures-util v0.3.19
[INFO] [stderr]    Compiling serde_derive v1.0.133
[INFO] [stderr]    Compiling itoa v1.0.1
[INFO] [stderr]    Compiling unicase v2.6.0
[INFO] [stderr]    Compiling quote v1.0.14
[INFO] [stderr]    Compiling indexmap v1.7.0
[INFO] [stderr]    Compiling mio v0.7.14
[INFO] [stderr]    Compiling slab v0.4.5
[INFO] [stderr]    Compiling serde v1.0.133
[INFO] [stderr]    Compiling ring v0.16.20
[INFO] [stderr]    Compiling http v0.2.6
[INFO] [stderr]    Compiling tracing-core v0.1.21
[INFO] [stderr]    Compiling httparse v1.5.1
[INFO] [stderr]    Compiling matches v0.1.9
[INFO] [stderr]    Compiling futures-sink v0.3.19
[INFO] [stderr]    Compiling hashbrown v0.11.2
[INFO] [stderr]    Compiling tinyvec_macros v0.1.0
[INFO] [stderr]    Compiling futures-channel v0.3.19
[INFO] [stderr]    Compiling tinyvec v1.5.1
[INFO] [stderr]    Compiling tokio v1.16.1
[INFO] [stderr]    Compiling tracing v0.1.29
[INFO] [stderr]    Compiling itoa v0.4.8
[INFO] [stderr]    Compiling percent-encoding v2.1.0
[INFO] [stderr]    Compiling try-lock v0.2.3
[INFO] [stderr]    Compiling want v0.3.0
[INFO] [stderr]    Compiling mime_guess v2.0.3
[INFO] [stderr]    Compiling form_urlencoded v1.0.1
[INFO] [stderr]    Compiling socket2 v0.4.2
[INFO] [stderr]    Compiling unicode-normalization v0.1.19
[INFO] [stderr]    Compiling httpdate v1.0.2
[INFO] [stderr]    Compiling unicode-bidi v0.3.7
[INFO] [stderr]    Compiling http-body v0.4.4
[INFO] [stderr]    Compiling encoding_rs v0.8.30
[INFO] [stderr]    Compiling serde_json v1.0.74
[INFO] [stderr]    Compiling tower-service v0.3.1
[INFO] [stderr]    Compiling ryu v1.0.9
[INFO] [stderr]    Compiling idna v0.2.3
[INFO] [stderr]    Compiling aho-corasick v0.7.18
[INFO] [stderr]    Compiling either v1.6.1
[INFO] [stderr]    Compiling mime v0.3.16
[INFO] [stderr]    Compiling regex-syntax v0.6.25
[INFO] [stderr]    Compiling base64 v0.13.0
[INFO] [stderr]    Compiling rustls-pemfile v0.2.1
[INFO] [stderr]    Compiling url v2.2.2
[INFO] [stderr]    Compiling webpki v0.22.0
[INFO] [stderr]    Compiling sct v0.7.0
[INFO] [stderr]    Compiling rustls v0.20.2
[INFO] [stderr]    Compiling regex v1.5.4
[INFO] [stderr]    Compiling tokio-util v0.6.9
[INFO] [stderr]    Compiling webpki-roots v0.22.2
[INFO] [stderr]    Compiling ipnet v2.3.1
[INFO] [stderr]    Compiling convert_case v0.4.0
[INFO] [stderr]    Compiling shellwords v1.1.0
[INFO] [stderr]    Compiling tokio-rustls v0.23.2
[INFO] [stderr]    Compiling futures-macro v0.3.19
[INFO] [stderr]    Compiling thiserror-impl v1.0.30
[INFO] [stderr]    Compiling async-stream-impl v0.3.2
[INFO] [stderr]    Compiling derive_more v0.99.17
[INFO] [stderr]    Compiling async-stream v0.3.2
[INFO] [stderr]    Compiling thiserror v1.0.30
[INFO] [stderr]    Compiling h2 v0.3.9
[INFO] [stderr]    Compiling tokio-socks v0.5.1
[INFO] [stderr]    Compiling hyper v0.14.16
[INFO] [stderr]    Compiling serde_urlencoded v0.7.0
[INFO] [stderr]    Compiling vec1 v1.8.0
[INFO] [stderr]    Compiling hyper-rustls v0.23.0
[INFO] [stderr]    Compiling reqwest v0.11.8
[INFO] [stderr]    Compiling tgbot v0.18.0
[INFO] [stderr]    Compiling carapax v0.12.0 (/opt/rustwide/workdir)
[INFO] [stderr]     Finished dev [unoptimized + debuginfo] target(s) in 42.03s
[INFO] running `Command { std: "docker" "inspect" "84b929c218eeb8293ca5ba413cfa7e0e30b40f22f0576c5572bf62a988f6fe54", kill_on_drop: false }`
[INFO] running `Command { std: "docker" "rm" "-f" "84b929c218eeb8293ca5ba413cfa7e0e30b40f22f0576c5572bf62a988f6fe54", kill_on_drop: false }`
[INFO] [stdout] 84b929c218eeb8293ca5ba413cfa7e0e30b40f22f0576c5572bf62a988f6fe54
[INFO] running `Command { std: "docker" "create" "-v" "/var/lib/crater-agent-workspace/builds/worker-5-tc1/target:/opt/rustwide/target:rw,Z" "-v" "/var/lib/crater-agent-workspace/builds/worker-5-tc1/source:/opt/rustwide/workdir:ro,Z" "-v" "/var/lib/crater-agent-workspace/cargo-home:/opt/rustwide/cargo-home:ro,Z" "-v" "/var/lib/crater-agent-workspace/rustup-home:/opt/rustwide/rustup-home:ro,Z" "-e" "SOURCE_DIR=/opt/rustwide/workdir" "-e" "CARGO_TARGET_DIR=/opt/rustwide/target" "-e" "CARGO_INCREMENTAL=0" "-e" "RUST_BACKTRACE=full" "-e" "RUSTFLAGS=--cap-lints=warn" "-e" "RUSTDOCFLAGS=--cap-lints=warn" "-e" "CARGO_HOME=/opt/rustwide/cargo-home" "-e" "RUSTUP_HOME=/opt/rustwide/rustup-home" "-w" "/opt/rustwide/workdir" "-m" "1610612736" "--user" "0:0" "--network" "none" "ghcr.io/rust-lang/crates-build-env/linux@sha256:2788e3201cd34a07e3172128adcd8b3090168a8e3bcc40d7c032b9dda1df7d1c" "/opt/rustwide/cargo-home/bin/cargo" "+1.75.0" "test" "--frozen" "--no-run" "--message-format=json", kill_on_drop: false }`
[INFO] [stdout] d7542e3721fc78742c3bb2743614137b7d33083819a979fca5a5fbe45ba249b0
[INFO] running `Command { std: "docker" "start" "-a" "d7542e3721fc78742c3bb2743614137b7d33083819a979fca5a5fbe45ba249b0", kill_on_drop: false }`
[INFO] [stderr]    Compiling log v0.4.14
[INFO] [stderr]    Compiling num_cpus v1.13.1
[INFO] [stderr]    Compiling tokio-macros v1.7.0
[INFO] [stderr]    Compiling atty v0.2.14
[INFO] [stderr]    Compiling termcolor v1.1.2
[INFO] [stderr]    Compiling fastrand v1.7.0
[INFO] [stderr]    Compiling humantime v2.1.0
[INFO] [stderr]    Compiling remove_dir_all v0.5.3
[INFO] [stderr]    Compiling toml v0.5.8
[INFO] [stderr]    Compiling dotenv v0.15.0
[INFO] [stderr]    Compiling tempfile v3.3.0
[INFO] [stderr]    Compiling mio v0.7.14
[INFO] [stderr]    Compiling want v0.3.0
[INFO] [stderr]    Compiling rustls v0.20.2
[INFO] [stderr]    Compiling env_logger v0.9.0
[INFO] [stderr]    Compiling tokio v1.16.1
[INFO] [stderr]    Compiling tokio-util v0.6.9
[INFO] [stderr]    Compiling tokio-rustls v0.23.2
[INFO] [stderr]    Compiling tokio-socks v0.5.1
[INFO] [stderr]    Compiling h2 v0.3.9
[INFO] [stderr]    Compiling hyper v0.14.16
[INFO] [stderr]    Compiling hyper-rustls v0.23.0
[INFO] [stderr]    Compiling reqwest v0.11.8
[INFO] [stderr]    Compiling tgbot v0.18.0
[INFO] [stderr]    Compiling carapax v0.12.0 (/opt/rustwide/workdir)
[INFO] [stdout] error[E0432]: unresolved import `carapax::access`
[INFO] [stdout]  --> examples/app/access.rs:2:5
[INFO] [stdout]   |
[INFO] [stdout] 2 |     access::{AccessExt, AccessRule, InMemoryAccessPolicy},
[INFO] [stdout]   |     ^^^^^^ could not find `access` in `carapax`
[INFO] [stdout] 
[INFO] [stdout] 
[INFO] [stdout] error[E0433]: failed to resolve: could not find `session` in `carapax`
[INFO] [stdout]  --> examples/app/dialogue.rs:5:5
[INFO] [stdout]   |
[INFO] [stdout] 5 |     session::backend::fs::FilesystemBackend,
[INFO] [stdout]   |     ^^^^^^^ could not find `session` in `carapax`
[INFO] [stdout] 
[INFO] [stdout] 
[INFO] [stdout] error[E0432]: unresolved import `carapax::dialogue`
[INFO] [stdout]  --> examples/app/dialogue.rs:3:5
[INFO] [stdout]   |
[INFO] [stdout] 3 |     dialogue::{DialogueExt, DialogueInput, DialogueResult, DialogueState},
[INFO] [stdout]   |     ^^^^^^^^ could not find `dialogue` in `carapax`
[INFO] [stdout] 
[INFO] [stdout] 
[INFO] [stdout] error[E0432]: unresolved import `carapax::session`
[INFO] [stdout]  --> examples/app/error.rs:1:15
[INFO] [stdout]   |
[INFO] [stdout] 1 | use carapax::{session::SessionError, ExecuteError};
[INFO] [stdout]   |               ^^^^^^^ could not find `session` in `carapax`
[INFO] [stdout] 
[INFO] [stdout] 
[INFO] [stdout] error[E0433]: failed to resolve: could not find `session` in `carapax`
[INFO] [stdout]  --> examples/app/session.rs:4:5
[INFO] [stdout]   |
[INFO] [stdout] 4 |     session::{backend::fs::FilesystemBackend, Session},
[INFO] [stdout]   |     ^^^^^^^ could not find `session` in `carapax`
[INFO] [stdout] 
[INFO] [stdout] 
[INFO] [stdout] error[E0432]: unresolved import `carapax::ratelimit`
[INFO] [stdout]  --> examples/app/ratelimit.rs:2:5
[INFO] [stdout]   |
[INFO] [stdout] 2 |     ratelimit::{
[INFO] [stdout]   |     ^^^^^^^^^ could not find `ratelimit` in `carapax`
[INFO] [stdout] 
[INFO] [stdout] 
[INFO] [stdout] error[E0433]: failed to resolve: use of undeclared crate or module `seance`
[INFO] [stdout]  --> examples/app/main.rs:3:5
[INFO] [stdout]   |
[INFO] [stdout] 3 | use seance::{backend::fs::FilesystemBackend, SessionCollector, SessionManager};
[INFO] [stdout]   |     ^^^^^^ use of undeclared crate or module `seance`
[INFO] [stdout] 
[INFO] [stdout] 
[INFO] [stdout] error[E0432]: unresolved import `carapax::session`
[INFO] [stdout]  --> examples/app/session.rs:4:5
[INFO] [stdout]   |
[INFO] [stdout] 4 |     session::{backend::fs::FilesystemBackend, Session},
[INFO] [stdout]   |     ^^^^^^^ could not find `session` in `carapax`
[INFO] [stdout] 
[INFO] [stdout] 
[INFO] [stdout] error[E0432]: unresolved import `seance`
[INFO] [stdout]  --> examples/app/main.rs:3:5
[INFO] [stdout]   |
[INFO] [stdout] 3 | use seance::{backend::fs::FilesystemBackend, SessionCollector, SessionManager};
[INFO] [stdout]   |     ^^^^^^ use of undeclared crate or module `seance`
[INFO] [stdout] 
[INFO] [stdout] 
[INFO] [stdout] error[E0432]: unresolved import `serde`
[INFO] [stdout]  --> examples/app/dialogue.rs:9:5
[INFO] [stdout]   |
[INFO] [stdout] 9 | use serde::{Deserialize, Serialize};
[INFO] [stdout]   |     ^^^^^ use of undeclared crate or module `serde`
[INFO] [stdout] 
[INFO] [stdout] 
[INFO] [stdout] error: cannot determine resolution for the derive macro `Deserialize`
[INFO] [stdout]   --> examples/app/dialogue.rs:17:17
[INFO] [stdout]    |
[INFO] [stdout] 17 | #[derive(Clone, Deserialize, Serialize)]
[INFO] [stdout]    |                 ^^^^^^^^^^^
[INFO] [stdout]    |
[INFO] [stdout]    = note: import resolution is stuck, try simplifying macro imports
[INFO] [stdout] 
[INFO] [stdout] 
[INFO] [stdout] error: cannot determine resolution for the derive macro `Serialize`
[INFO] [stdout]   --> examples/app/dialogue.rs:17:30
[INFO] [stdout]    |
[INFO] [stdout] 17 | #[derive(Clone, Deserialize, Serialize)]
[INFO] [stdout]    |                              ^^^^^^^^^
[INFO] [stdout]    |
[INFO] [stdout]    = note: import resolution is stuck, try simplifying macro imports
[INFO] [stdout] 
[INFO] [stdout] 
[INFO] [stdout] error: cannot determine resolution for the macro `nonzero`
[INFO] [stdout]   --> examples/app/ratelimit.rs:12:22
[INFO] [stdout]    |
[INFO] [stdout] 12 |         .allow_burst(nonzero!(1u32));
[INFO] [stdout]    |                      ^^^^^^^
[INFO] [stdout]    |
[INFO] [stdout]    = note: import resolution is stuck, try simplifying macro imports
[INFO] [stdout] 
[INFO] [stdout] 
[INFO] [stdout] error: aborting due to 13 previous errors
[INFO] [stdout] 
[INFO] [stdout] 
[INFO] [stdout] Some errors have detailed explanations: E0432, E0433.
[INFO] [stdout] 
[INFO] [stdout] For more information about an error, try `rustc --explain E0432`.
[INFO] [stdout] 
[INFO] [stderr] error: could not compile `carapax` (example "app") due to 14 previous errors
[INFO] [stderr] warning: build failed, waiting for other jobs to finish...
[INFO] running `Command { std: "docker" "inspect" "d7542e3721fc78742c3bb2743614137b7d33083819a979fca5a5fbe45ba249b0", kill_on_drop: false }`
[INFO] running `Command { std: "docker" "rm" "-f" "d7542e3721fc78742c3bb2743614137b7d33083819a979fca5a5fbe45ba249b0", kill_on_drop: false }`
[INFO] [stdout] d7542e3721fc78742c3bb2743614137b7d33083819a979fca5a5fbe45ba249b0
[INFO] testing carapax-0.12.0 against beta-2023-12-22 for beta-1.76-1
[INFO] extracting crate carapax 0.12.0 into /workspace/builds/worker-5-tc2/source
[INFO] validating manifest of crates.io crate carapax 0.12.0 on toolchain beta-2023-12-22
[INFO] running `Command { std: CARGO_HOME="/workspace/cargo-home" RUSTUP_HOME="/workspace/rustup-home" "/workspace/cargo-home/bin/cargo" "+beta-2023-12-22" "metadata" "--manifest-path" "Cargo.toml" "--no-deps", kill_on_drop: false }`
[INFO] started tweaking crates.io crate carapax 0.12.0
[INFO] removed 1 missing examples
[INFO] finished tweaking crates.io crate carapax 0.12.0
[INFO] tweaked toml for crates.io crate carapax 0.12.0 written to /workspace/builds/worker-5-tc2/source/Cargo.toml
[INFO] crate crates.io crate carapax 0.12.0 already has a lockfile, it will not be regenerated
[INFO] running `Command { std: CARGO_HOME="/workspace/cargo-home" RUSTUP_HOME="/workspace/rustup-home" "/workspace/cargo-home/bin/cargo" "+beta-2023-12-22" "fetch" "--manifest-path" "Cargo.toml", kill_on_drop: false }`
[INFO] running `Command { std: "docker" "create" "-v" "/var/lib/crater-agent-workspace/builds/worker-5-tc2/target:/opt/rustwide/target:rw,Z" "-v" "/var/lib/crater-agent-workspace/builds/worker-5-tc2/source:/opt/rustwide/workdir:ro,Z" "-v" "/var/lib/crater-agent-workspace/cargo-home:/opt/rustwide/cargo-home:ro,Z" "-v" "/var/lib/crater-agent-workspace/rustup-home:/opt/rustwide/rustup-home:ro,Z" "-e" "SOURCE_DIR=/opt/rustwide/workdir" "-e" "CARGO_TARGET_DIR=/opt/rustwide/target" "-e" "CARGO_HOME=/opt/rustwide/cargo-home" "-e" "RUSTUP_HOME=/opt/rustwide/rustup-home" "-w" "/opt/rustwide/workdir" "-m" "1610612736" "--user" "0:0" "--network" "none" "ghcr.io/rust-lang/crates-build-env/linux@sha256:2788e3201cd34a07e3172128adcd8b3090168a8e3bcc40d7c032b9dda1df7d1c" "/opt/rustwide/cargo-home/bin/cargo" "+beta-2023-12-22" "metadata" "--no-deps" "--format-version=1", kill_on_drop: false }`
[INFO] [stdout] a07f2abeacd83a298c3f19734e64829e5fa4b9230079ee15d5e47b2ae2cc90a2
[INFO] running `Command { std: "docker" "start" "-a" "a07f2abeacd83a298c3f19734e64829e5fa4b9230079ee15d5e47b2ae2cc90a2", kill_on_drop: false }`
[INFO] running `Command { std: "docker" "inspect" "a07f2abeacd83a298c3f19734e64829e5fa4b9230079ee15d5e47b2ae2cc90a2", kill_on_drop: false }`
[INFO] running `Command { std: "docker" "rm" "-f" "a07f2abeacd83a298c3f19734e64829e5fa4b9230079ee15d5e47b2ae2cc90a2", kill_on_drop: false }`
[INFO] [stdout] a07f2abeacd83a298c3f19734e64829e5fa4b9230079ee15d5e47b2ae2cc90a2
[INFO] running `Command { std: "docker" "create" "-v" "/var/lib/crater-agent-workspace/builds/worker-5-tc2/target:/opt/rustwide/target:rw,Z" "-v" "/var/lib/crater-agent-workspace/builds/worker-5-tc2/source:/opt/rustwide/workdir:ro,Z" "-v" "/var/lib/crater-agent-workspace/cargo-home:/opt/rustwide/cargo-home:ro,Z" "-v" "/var/lib/crater-agent-workspace/rustup-home:/opt/rustwide/rustup-home:ro,Z" "-e" "SOURCE_DIR=/opt/rustwide/workdir" "-e" "CARGO_TARGET_DIR=/opt/rustwide/target" "-e" "CARGO_INCREMENTAL=0" "-e" "RUST_BACKTRACE=full" "-e" "RUSTFLAGS=--cap-lints=warn" "-e" "RUSTDOCFLAGS=--cap-lints=warn" "-e" "CARGO_HOME=/opt/rustwide/cargo-home" "-e" "RUSTUP_HOME=/opt/rustwide/rustup-home" "-w" "/opt/rustwide/workdir" "-m" "1610612736" "--user" "0:0" "--network" "none" "ghcr.io/rust-lang/crates-build-env/linux@sha256:2788e3201cd34a07e3172128adcd8b3090168a8e3bcc40d7c032b9dda1df7d1c" "/opt/rustwide/cargo-home/bin/cargo" "+beta-2023-12-22" "build" "--frozen" "--message-format=json", kill_on_drop: false }`
[INFO] [stdout] ee004dad376041ef6596ef91e8748e108933d8cc7799061d387ee95083728fcf
[INFO] running `Command { std: "docker" "start" "-a" "ee004dad376041ef6596ef91e8748e108933d8cc7799061d387ee95083728fcf", kill_on_drop: false }`
[INFO] [stderr]    Compiling proc-macro2 v1.0.36
[INFO] [stderr]    Compiling unicode-xid v0.2.2
[INFO] [stderr]    Compiling syn v1.0.84
[INFO] [stderr]    Compiling libc v0.2.112
[INFO] [stderr]    Compiling log v0.4.14
[INFO] [stderr]    Compiling memchr v2.4.1
[INFO] [stderr]    Compiling pin-project-lite v0.2.8
[INFO] [stderr]    Compiling futures-core v0.3.19
[INFO] [stderr]    Compiling bytes v1.1.0
[INFO] [stderr]    Compiling cc v1.0.72
[INFO] [stderr]    Compiling spin v0.5.2
[INFO] [stderr]    Compiling untrusted v0.7.1
[INFO] [stderr]    Compiling futures-task v0.3.19
[INFO] [stderr]    Compiling once_cell v1.9.0
[INFO] [stderr]    Compiling serde_derive v1.0.133
[INFO] [stderr]    Compiling futures-util v0.3.19
[INFO] [stderr]    Compiling itoa v1.0.1
[INFO] [stderr]    Compiling autocfg v1.0.1
[INFO] [stderr]    Compiling quote v1.0.14
[INFO] [stderr]    Compiling mio v0.7.14
[INFO] [stderr]    Compiling unicase v2.6.0
[INFO] [stderr]    Compiling indexmap v1.7.0
[INFO] [stderr]    Compiling slab v0.4.5
[INFO] [stderr]    Compiling serde v1.0.133
[INFO] [stderr]    Compiling http v0.2.6
[INFO] [stderr]    Compiling ring v0.16.20
[INFO] [stderr]    Compiling tokio v1.16.1
[INFO] [stderr]    Compiling tracing-core v0.1.21
[INFO] [stderr]    Compiling futures-channel v0.3.19
[INFO] [stderr]    Compiling httparse v1.5.1
[INFO] [stderr]    Compiling hashbrown v0.11.2
[INFO] [stderr]    Compiling futures-sink v0.3.19
[INFO] [stderr]    Compiling tinyvec_macros v0.1.0
[INFO] [stderr]    Compiling matches v0.1.9
[INFO] [stderr]    Compiling tinyvec v1.5.1
[INFO] [stderr]    Compiling tracing v0.1.29
[INFO] [stderr]    Compiling percent-encoding v2.1.0
[INFO] [stderr]    Compiling itoa v0.4.8
[INFO] [stderr]    Compiling try-lock v0.2.3
[INFO] [stderr]    Compiling mime_guess v2.0.3
[INFO] [stderr]    Compiling want v0.3.0
[INFO] [stderr]    Compiling form_urlencoded v1.0.1
[INFO] [stderr]    Compiling unicode-normalization v0.1.19
[INFO] [stderr]    Compiling socket2 v0.4.2
[INFO] [stderr]    Compiling http-body v0.4.4
[INFO] [stderr]    Compiling serde_json v1.0.74
[INFO] [stderr]    Compiling tower-service v0.3.1
[INFO] [stderr]    Compiling ryu v1.0.9
[INFO] [stderr]    Compiling encoding_rs v0.8.30
[INFO] [stderr]    Compiling httpdate v1.0.2
[INFO] [stderr]    Compiling unicode-bidi v0.3.7
[INFO] [stderr]    Compiling aho-corasick v0.7.18
[INFO] [stderr]    Compiling mime v0.3.16
[INFO] [stderr]    Compiling base64 v0.13.0
[INFO] [stderr]    Compiling regex-syntax v0.6.25
[INFO] [stderr]    Compiling idna v0.2.3
[INFO] [stderr]    Compiling either v1.6.1
[INFO] [stderr]    Compiling rustls-pemfile v0.2.1
[INFO] [stderr]    Compiling tokio-util v0.6.9
[INFO] [stderr]    Compiling url v2.2.2
[INFO] [stderr]    Compiling webpki v0.22.0
[INFO] [stderr]    Compiling sct v0.7.0
[INFO] [stderr]    Compiling rustls v0.20.2
[INFO] [stderr]    Compiling webpki-roots v0.22.2
[INFO] [stderr]    Compiling ipnet v2.3.1
[INFO] [stderr]    Compiling convert_case v0.4.0
[INFO] [stderr]    Compiling regex v1.5.4
[INFO] [stderr]    Compiling futures-macro v0.3.19
[INFO] [stderr]    Compiling thiserror-impl v1.0.30
[INFO] [stderr]    Compiling tokio-rustls v0.23.2
[INFO] [stderr]    Compiling async-stream-impl v0.3.2
[INFO] [stderr]    Compiling shellwords v1.1.0
[INFO] [stderr]    Compiling derive_more v0.99.17
[INFO] [stderr]    Compiling async-stream v0.3.2
[INFO] [stderr]    Compiling thiserror v1.0.30
[INFO] [stderr]    Compiling h2 v0.3.9
[INFO] [stderr]    Compiling tokio-socks v0.5.1
[INFO] [stderr]    Compiling serde_urlencoded v0.7.0
[INFO] [stderr]    Compiling vec1 v1.8.0
[INFO] [stderr]    Compiling hyper v0.14.16
[INFO] [stderr]    Compiling hyper-rustls v0.23.0
[INFO] [stderr]    Compiling reqwest v0.11.8
[INFO] [stderr]    Compiling tgbot v0.18.0
[INFO] [stderr]    Compiling carapax v0.12.0 (/opt/rustwide/workdir)
[INFO] [stderr]     Finished dev [unoptimized + debuginfo] target(s) in 35.75s
[INFO] running `Command { std: "docker" "inspect" "ee004dad376041ef6596ef91e8748e108933d8cc7799061d387ee95083728fcf", kill_on_drop: false }`
[INFO] running `Command { std: "docker" "rm" "-f" "ee004dad376041ef6596ef91e8748e108933d8cc7799061d387ee95083728fcf", kill_on_drop: false }`
[INFO] [stdout] ee004dad376041ef6596ef91e8748e108933d8cc7799061d387ee95083728fcf
[INFO] running `Command { std: "docker" "create" "-v" "/var/lib/crater-agent-workspace/builds/worker-5-tc2/target:/opt/rustwide/target:rw,Z" "-v" "/var/lib/crater-agent-workspace/builds/worker-5-tc2/source:/opt/rustwide/workdir:ro,Z" "-v" "/var/lib/crater-agent-workspace/cargo-home:/opt/rustwide/cargo-home:ro,Z" "-v" "/var/lib/crater-agent-workspace/rustup-home:/opt/rustwide/rustup-home:ro,Z" "-e" "SOURCE_DIR=/opt/rustwide/workdir" "-e" "CARGO_TARGET_DIR=/opt/rustwide/target" "-e" "CARGO_INCREMENTAL=0" "-e" "RUST_BACKTRACE=full" "-e" "RUSTFLAGS=--cap-lints=warn" "-e" "RUSTDOCFLAGS=--cap-lints=warn" "-e" "CARGO_HOME=/opt/rustwide/cargo-home" "-e" "RUSTUP_HOME=/opt/rustwide/rustup-home" "-w" "/opt/rustwide/workdir" "-m" "1610612736" "--user" "0:0" "--network" "none" "ghcr.io/rust-lang/crates-build-env/linux@sha256:2788e3201cd34a07e3172128adcd8b3090168a8e3bcc40d7c032b9dda1df7d1c" "/opt/rustwide/cargo-home/bin/cargo" "+beta-2023-12-22" "test" "--frozen" "--no-run" "--message-format=json", kill_on_drop: false }`
[INFO] [stdout] 28e17e51bb9387431782827f030f248c9720af723754d25a1120f8fb677c270e
[INFO] running `Command { std: "docker" "start" "-a" "28e17e51bb9387431782827f030f248c9720af723754d25a1120f8fb677c270e", kill_on_drop: false }`
[INFO] [stderr]    Compiling log v0.4.14
[INFO] [stderr]    Compiling num_cpus v1.13.1
[INFO] [stderr]    Compiling tokio-macros v1.7.0
[INFO] [stderr]    Compiling atty v0.2.14
[INFO] [stderr]    Compiling termcolor v1.1.2
[INFO] [stderr]    Compiling humantime v2.1.0
[INFO] [stderr]    Compiling fastrand v1.7.0
[INFO] [stderr]    Compiling remove_dir_all v0.5.3
[INFO] [stderr]    Compiling toml v0.5.8
[INFO] [stderr]    Compiling dotenv v0.15.0
[INFO] [stderr]    Compiling tempfile v3.3.0
[INFO] [stderr]    Compiling mio v0.7.14
[INFO] [stderr]    Compiling want v0.3.0
[INFO] [stderr]    Compiling rustls v0.20.2
[INFO] [stderr]    Compiling env_logger v0.9.0
[INFO] [stderr]    Compiling tokio v1.16.1
[INFO] [stderr]    Compiling tokio-util v0.6.9
[INFO] [stderr]    Compiling tokio-rustls v0.23.2
[INFO] [stderr]    Compiling tokio-socks v0.5.1
[INFO] [stderr]    Compiling h2 v0.3.9
[INFO] [stderr]    Compiling hyper v0.14.16
[INFO] [stderr]    Compiling hyper-rustls v0.23.0
[INFO] [stderr]    Compiling reqwest v0.11.8
[INFO] [stderr]    Compiling tgbot v0.18.0
[INFO] [stderr]    Compiling carapax v0.12.0 (/opt/rustwide/workdir)
[INFO] [stdout] error[E0432]: unresolved import `carapax::access`
[INFO] [stdout]  --> examples/app/access.rs:2:5
[INFO] [stdout]   |
[INFO] [stdout] 2 |     access::{AccessExt, AccessRule, InMemoryAccessPolicy},
[INFO] [stdout]   |     ^^^^^^ could not find `access` in `carapax`
[INFO] [stdout] 
[INFO] [stdout] 
[INFO] [stdout] error[E0433]: failed to resolve: could not find `session` in `carapax`
[INFO] [stdout]  --> examples/app/dialogue.rs:5:5
[INFO] [stdout]   |
[INFO] [stdout] 5 |     session::backend::fs::FilesystemBackend,
[INFO] [stdout]   |     ^^^^^^^ could not find `session` in `carapax`
[INFO] [stdout] 
[INFO] [stdout] 
[INFO] [stdout] error[E0432]: unresolved import `carapax::dialogue`
[INFO] [stdout]  --> examples/app/dialogue.rs:3:5
[INFO] [stdout]   |
[INFO] [stdout] 3 |     dialogue::{DialogueExt, DialogueInput, DialogueResult, DialogueState},
[INFO] [stdout]   |     ^^^^^^^^ could not find `dialogue` in `carapax`
[INFO] [stdout] 
[INFO] [stdout] 
[INFO] [stdout] error[E0432]: unresolved import `carapax::session`
[INFO] [stdout]  --> examples/app/error.rs:1:15
[INFO] [stdout]   |
[INFO] [stdout] 1 | use carapax::{session::SessionError, ExecuteError};
[INFO] [stdout]   |               ^^^^^^^ could not find `session` in `carapax`
[INFO] [stdout] 
[INFO] [stdout] 
[INFO] [stdout] error[E0433]: failed to resolve: could not find `session` in `carapax`
[INFO] [stdout]  --> examples/app/session.rs:4:5
[INFO] [stdout]   |
[INFO] [stdout] 4 |     session::{backend::fs::FilesystemBackend, Session},
[INFO] [stdout]   |     ^^^^^^^ could not find `session` in `carapax`
[INFO] [stdout] 
[INFO] [stdout] 
[INFO] [stdout] error[E0432]: unresolved import `carapax::ratelimit`
[INFO] [stdout]  --> examples/app/ratelimit.rs:2:5
[INFO] [stdout]   |
[INFO] [stdout] 2 |     ratelimit::{
[INFO] [stdout]   |     ^^^^^^^^^ could not find `ratelimit` in `carapax`
[INFO] [stdout] 
[INFO] [stdout] 
[INFO] [stdout] error[E0433]: failed to resolve: use of undeclared crate or module `seance`
[INFO] [stdout]  --> examples/app/main.rs:3:5
[INFO] [stdout]   |
[INFO] [stdout] 3 | use seance::{backend::fs::FilesystemBackend, SessionCollector, SessionManager};
[INFO] [stdout]   |     ^^^^^^ use of undeclared crate or module `seance`
[INFO] [stdout] 
[INFO] [stdout] 
[INFO] [stdout] error[E0432]: unresolved import `carapax::session`
[INFO] [stdout]  --> examples/app/session.rs:4:5
[INFO] [stdout]   |
[INFO] [stdout] 4 |     session::{backend::fs::FilesystemBackend, Session},
[INFO] [stdout]   |     ^^^^^^^ could not find `session` in `carapax`
[INFO] [stdout] 
[INFO] [stdout] 
[INFO] [stdout] error[E0432]: unresolved import `seance`
[INFO] [stdout]  --> examples/app/main.rs:3:5
[INFO] [stdout]   |
[INFO] [stdout] 3 | use seance::{backend::fs::FilesystemBackend, SessionCollector, SessionManager};
[INFO] [stdout]   |     ^^^^^^ use of undeclared crate or module `seance`
[INFO] [stdout] 
[INFO] [stdout] 
[INFO] [stdout] error[E0432]: unresolved import `serde`
[INFO] [stdout]  --> examples/app/dialogue.rs:9:5
[INFO] [stdout]   |
[INFO] [stdout] 9 | use serde::{Deserialize, Serialize};
[INFO] [stdout]   |     ^^^^^ use of undeclared crate or module `serde`
[INFO] [stdout] 
[INFO] [stdout] 
[INFO] [stdout] error: cannot determine resolution for the derive macro `Deserialize`
[INFO] [stdout]   --> examples/app/dialogue.rs:17:17
[INFO] [stdout]    |
[INFO] [stdout] 17 | #[derive(Clone, Deserialize, Serialize)]
[INFO] [stdout]    |                 ^^^^^^^^^^^
[INFO] [stdout]    |
[INFO] [stdout]    = note: import resolution is stuck, try simplifying macro imports
[INFO] [stdout] 
[INFO] [stdout] 
[INFO] [stdout] error: cannot determine resolution for the derive macro `Serialize`
[INFO] [stdout]   --> examples/app/dialogue.rs:17:30
[INFO] [stdout]    |
[INFO] [stdout] 17 | #[derive(Clone, Deserialize, Serialize)]
[INFO] [stdout]    |                              ^^^^^^^^^
[INFO] [stdout]    |
[INFO] [stdout]    = note: import resolution is stuck, try simplifying macro imports
[INFO] [stdout] 
[INFO] [stdout] 
[INFO] [stdout] error: cannot determine resolution for the macro `nonzero`
[INFO] [stdout]   --> examples/app/ratelimit.rs:12:22
[INFO] [stdout]    |
[INFO] [stdout] 12 |         .allow_burst(nonzero!(1u32));
[INFO] [stdout]    |                      ^^^^^^^
[INFO] [stdout]    |
[INFO] [stdout]    = note: import resolution is stuck, try simplifying macro imports
[INFO] [stdout] 
[INFO] [stdout] 
[INFO] [stdout] error: aborting due to 13 previous errors
[INFO] [stdout] 
[INFO] [stdout] 
[INFO] [stdout] Some errors have detailed explanations: E0432, E0433.
[INFO] [stdout] 
[INFO] [stdout] For more information about an error, try `rustc --explain E0432`.
[INFO] [stdout] 
[INFO] [stderr] error: could not compile `carapax` (example "app") due to 14 previous errors
[INFO] [stderr] warning: build failed, waiting for other jobs to finish...
[INFO] running `Command { std: "docker" "inspect" "28e17e51bb9387431782827f030f248c9720af723754d25a1120f8fb677c270e", kill_on_drop: false }`
[INFO] running `Command { std: "docker" "rm" "-f" "28e17e51bb9387431782827f030f248c9720af723754d25a1120f8fb677c270e", kill_on_drop: false }`
[INFO] [stdout] 28e17e51bb9387431782827f030f248c9720af723754d25a1120f8fb677c270e
