[INFO] fetching crate capcom0 0.1.1...
[INFO] testing capcom0-0.1.1 against 1.75.0 for beta-1.76-1
[INFO] extracting crate capcom0 0.1.1 into /workspace/builds/worker-4-tc1/source
[INFO] validating manifest of crates.io crate capcom0 0.1.1 on toolchain 1.75.0
[INFO] running `Command { std: CARGO_HOME="/workspace/cargo-home" RUSTUP_HOME="/workspace/rustup-home" "/workspace/cargo-home/bin/cargo" "+1.75.0" "metadata" "--manifest-path" "Cargo.toml" "--no-deps", kill_on_drop: false }`
[INFO] started tweaking crates.io crate capcom0 0.1.1
[INFO] finished tweaking crates.io crate capcom0 0.1.1
[INFO] tweaked toml for crates.io crate capcom0 0.1.1 written to /workspace/builds/worker-4-tc1/source/Cargo.toml
[INFO] running `Command { std: CARGO_HOME="/workspace/cargo-home" RUSTUP_HOME="/workspace/rustup-home" "/workspace/cargo-home/bin/cargo" "+1.75.0" "generate-lockfile" "--manifest-path" "Cargo.toml", kill_on_drop: false }`
[INFO] [stderr]     Updating crates.io index
[INFO] running `Command { std: CARGO_HOME="/workspace/cargo-home" RUSTUP_HOME="/workspace/rustup-home" "/workspace/cargo-home/bin/cargo" "+1.75.0" "fetch" "--manifest-path" "Cargo.toml", kill_on_drop: false }`
[INFO] [stderr]  Downloading crates ...
[INFO] [stderr]   Downloaded obfstr v0.1.1
[INFO] [stderr]   Downloaded obfstr-impl v0.1.1
[INFO] [stderr]   Downloaded pelite v0.7.2
[INFO] running `Command { std: "docker" "create" "-v" "/var/lib/crater-agent-workspace/builds/worker-4-tc1/target:/opt/rustwide/target:rw,Z" "-v" "/var/lib/crater-agent-workspace/builds/worker-4-tc1/source:/opt/rustwide/workdir:ro,Z" "-v" "/var/lib/crater-agent-workspace/cargo-home:/opt/rustwide/cargo-home:ro,Z" "-v" "/var/lib/crater-agent-workspace/rustup-home:/opt/rustwide/rustup-home:ro,Z" "-e" "SOURCE_DIR=/opt/rustwide/workdir" "-e" "CARGO_TARGET_DIR=/opt/rustwide/target" "-e" "CARGO_HOME=/opt/rustwide/cargo-home" "-e" "RUSTUP_HOME=/opt/rustwide/rustup-home" "-w" "/opt/rustwide/workdir" "-m" "1610612736" "--user" "0:0" "--network" "none" "ghcr.io/rust-lang/crates-build-env/linux@sha256:2788e3201cd34a07e3172128adcd8b3090168a8e3bcc40d7c032b9dda1df7d1c" "/opt/rustwide/cargo-home/bin/cargo" "+1.75.0" "metadata" "--no-deps" "--format-version=1", kill_on_drop: false }`
[INFO] [stdout] 689b654aad56b33ef2bb906c449dd0c4bc87633d4c2ee951125f60198aded562
[INFO] running `Command { std: "docker" "start" "-a" "689b654aad56b33ef2bb906c449dd0c4bc87633d4c2ee951125f60198aded562", kill_on_drop: false }`
[INFO] running `Command { std: "docker" "inspect" "689b654aad56b33ef2bb906c449dd0c4bc87633d4c2ee951125f60198aded562", kill_on_drop: false }`
[INFO] running `Command { std: "docker" "rm" "-f" "689b654aad56b33ef2bb906c449dd0c4bc87633d4c2ee951125f60198aded562", kill_on_drop: false }`
[INFO] [stdout] 689b654aad56b33ef2bb906c449dd0c4bc87633d4c2ee951125f60198aded562
[INFO] running `Command { std: "docker" "create" "-v" "/var/lib/crater-agent-workspace/builds/worker-4-tc1/target:/opt/rustwide/target:rw,Z" "-v" "/var/lib/crater-agent-workspace/builds/worker-4-tc1/source:/opt/rustwide/workdir:ro,Z" "-v" "/var/lib/crater-agent-workspace/cargo-home:/opt/rustwide/cargo-home:ro,Z" "-v" "/var/lib/crater-agent-workspace/rustup-home:/opt/rustwide/rustup-home:ro,Z" "-e" "SOURCE_DIR=/opt/rustwide/workdir" "-e" "CARGO_TARGET_DIR=/opt/rustwide/target" "-e" "CARGO_INCREMENTAL=0" "-e" "RUST_BACKTRACE=full" "-e" "RUSTFLAGS=--cap-lints=warn" "-e" "RUSTDOCFLAGS=--cap-lints=warn" "-e" "CARGO_HOME=/opt/rustwide/cargo-home" "-e" "RUSTUP_HOME=/opt/rustwide/rustup-home" "-w" "/opt/rustwide/workdir" "-m" "1610612736" "--user" "0:0" "--network" "none" "ghcr.io/rust-lang/crates-build-env/linux@sha256:2788e3201cd34a07e3172128adcd8b3090168a8e3bcc40d7c032b9dda1df7d1c" "/opt/rustwide/cargo-home/bin/cargo" "+1.75.0" "build" "--frozen" "--message-format=json", kill_on_drop: false }`
[INFO] [stdout] 5b78a75d24849d362c85d0ff780421c3a90cc000ddcab895646f9588ec3afc03
[INFO] running `Command { std: "docker" "start" "-a" "5b78a75d24849d362c85d0ff780421c3a90cc000ddcab895646f9588ec3afc03", kill_on_drop: false }`
[INFO] [stderr]    Compiling winapi v0.3.9
[INFO] [stderr]    Compiling ntapi v0.3.7
[INFO] [stderr]    Compiling capcom0 v0.1.1 (/opt/rustwide/workdir)
[INFO] [stdout] error[E0601]: `main` function not found in crate `recover`
[INFO] [stdout]   --> src/bin/recover.rs:14:2
[INFO] [stdout]    |
[INFO] [stdout] 14 | }
[INFO] [stdout]    |  ^ consider adding a `main` function to `src/bin/recover.rs`
[INFO] [stdout] 
[INFO] [stdout] 
[INFO] [stdout] error[E0601]: `main` function not found in crate `elevate`
[INFO] [stdout]    --> src/bin/elevate.rs:136:2
[INFO] [stdout]     |
[INFO] [stdout] 136 | }
[INFO] [stdout]     |  ^ consider adding a `main` function to `src/bin/elevate.rs`
[INFO] [stdout] 
[INFO] [stdout] 
[INFO] [stdout] error: aborting due to previous error
[INFO] [stdout] 
[INFO] [stdout] 
[INFO] [stdout] For more information about this error, try `rustc --explain E0601`.
[INFO] [stdout] 
[INFO] [stdout] error: aborting due to previous error
[INFO] [stdout] 
[INFO] [stdout] 
[INFO] [stdout] For more information about this error, try `rustc --explain E0601`.
[INFO] [stdout] 
[INFO] [stderr] error: could not compile `capcom0` (bin "recover") due to 2 previous errors
[INFO] [stderr] warning: build failed, waiting for other jobs to finish...
[INFO] [stderr] error: could not compile `capcom0` (bin "elevate") due to 2 previous errors
[INFO] running `Command { std: "docker" "inspect" "5b78a75d24849d362c85d0ff780421c3a90cc000ddcab895646f9588ec3afc03", kill_on_drop: false }`
[INFO] running `Command { std: "docker" "rm" "-f" "5b78a75d24849d362c85d0ff780421c3a90cc000ddcab895646f9588ec3afc03", kill_on_drop: false }`
[INFO] [stdout] 5b78a75d24849d362c85d0ff780421c3a90cc000ddcab895646f9588ec3afc03
[INFO] testing capcom0-0.1.1 against beta-2023-12-22 for beta-1.76-1
[INFO] extracting crate capcom0 0.1.1 into /workspace/builds/worker-4-tc2/source
[INFO] validating manifest of crates.io crate capcom0 0.1.1 on toolchain beta-2023-12-22
[INFO] running `Command { std: CARGO_HOME="/workspace/cargo-home" RUSTUP_HOME="/workspace/rustup-home" "/workspace/cargo-home/bin/cargo" "+beta-2023-12-22" "metadata" "--manifest-path" "Cargo.toml" "--no-deps", kill_on_drop: false }`
[INFO] started tweaking crates.io crate capcom0 0.1.1
[INFO] finished tweaking crates.io crate capcom0 0.1.1
[INFO] tweaked toml for crates.io crate capcom0 0.1.1 written to /workspace/builds/worker-4-tc2/source/Cargo.toml
[INFO] running `Command { std: CARGO_HOME="/workspace/cargo-home" RUSTUP_HOME="/workspace/rustup-home" "/workspace/cargo-home/bin/cargo" "+beta-2023-12-22" "generate-lockfile" "--manifest-path" "Cargo.toml", kill_on_drop: false }`
[INFO] [stderr]     Updating crates.io index
[INFO] running `Command { std: CARGO_HOME="/workspace/cargo-home" RUSTUP_HOME="/workspace/rustup-home" "/workspace/cargo-home/bin/cargo" "+beta-2023-12-22" "fetch" "--manifest-path" "Cargo.toml", kill_on_drop: false }`
[INFO] running `Command { std: "docker" "create" "-v" "/var/lib/crater-agent-workspace/builds/worker-4-tc2/target:/opt/rustwide/target:rw,Z" "-v" "/var/lib/crater-agent-workspace/builds/worker-4-tc2/source:/opt/rustwide/workdir:ro,Z" "-v" "/var/lib/crater-agent-workspace/cargo-home:/opt/rustwide/cargo-home:ro,Z" "-v" "/var/lib/crater-agent-workspace/rustup-home:/opt/rustwide/rustup-home:ro,Z" "-e" "SOURCE_DIR=/opt/rustwide/workdir" "-e" "CARGO_TARGET_DIR=/opt/rustwide/target" "-e" "CARGO_HOME=/opt/rustwide/cargo-home" "-e" "RUSTUP_HOME=/opt/rustwide/rustup-home" "-w" "/opt/rustwide/workdir" "-m" "1610612736" "--user" "0:0" "--network" "none" "ghcr.io/rust-lang/crates-build-env/linux@sha256:2788e3201cd34a07e3172128adcd8b3090168a8e3bcc40d7c032b9dda1df7d1c" "/opt/rustwide/cargo-home/bin/cargo" "+beta-2023-12-22" "metadata" "--no-deps" "--format-version=1", kill_on_drop: false }`
[INFO] [stdout] bfe93cbc6b7a6e684b7a7398bcb605ec7e25611c0649941061b571dffc2166f9
[INFO] running `Command { std: "docker" "start" "-a" "bfe93cbc6b7a6e684b7a7398bcb605ec7e25611c0649941061b571dffc2166f9", kill_on_drop: false }`
[INFO] running `Command { std: "docker" "inspect" "bfe93cbc6b7a6e684b7a7398bcb605ec7e25611c0649941061b571dffc2166f9", kill_on_drop: false }`
[INFO] running `Command { std: "docker" "rm" "-f" "bfe93cbc6b7a6e684b7a7398bcb605ec7e25611c0649941061b571dffc2166f9", kill_on_drop: false }`
[INFO] [stdout] bfe93cbc6b7a6e684b7a7398bcb605ec7e25611c0649941061b571dffc2166f9
[INFO] running `Command { std: "docker" "create" "-v" "/var/lib/crater-agent-workspace/builds/worker-4-tc2/target:/opt/rustwide/target:rw,Z" "-v" "/var/lib/crater-agent-workspace/builds/worker-4-tc2/source:/opt/rustwide/workdir:ro,Z" "-v" "/var/lib/crater-agent-workspace/cargo-home:/opt/rustwide/cargo-home:ro,Z" "-v" "/var/lib/crater-agent-workspace/rustup-home:/opt/rustwide/rustup-home:ro,Z" "-e" "SOURCE_DIR=/opt/rustwide/workdir" "-e" "CARGO_TARGET_DIR=/opt/rustwide/target" "-e" "CARGO_INCREMENTAL=0" "-e" "RUST_BACKTRACE=full" "-e" "RUSTFLAGS=--cap-lints=warn" "-e" "RUSTDOCFLAGS=--cap-lints=warn" "-e" "CARGO_HOME=/opt/rustwide/cargo-home" "-e" "RUSTUP_HOME=/opt/rustwide/rustup-home" "-w" "/opt/rustwide/workdir" "-m" "1610612736" "--user" "0:0" "--network" "none" "ghcr.io/rust-lang/crates-build-env/linux@sha256:2788e3201cd34a07e3172128adcd8b3090168a8e3bcc40d7c032b9dda1df7d1c" "/opt/rustwide/cargo-home/bin/cargo" "+beta-2023-12-22" "build" "--frozen" "--message-format=json", kill_on_drop: false }`
[INFO] [stdout] dc4fe7c8c78febc90a7ac96e6ef6665cf6456ac8b51455027590095ed9c0171d
[INFO] running `Command { std: "docker" "start" "-a" "dc4fe7c8c78febc90a7ac96e6ef6665cf6456ac8b51455027590095ed9c0171d", kill_on_drop: false }`
[INFO] [stderr]    Compiling winapi v0.3.9
[INFO] [stderr]    Compiling ntapi v0.3.7
[INFO] [stderr]    Compiling capcom0 v0.1.1 (/opt/rustwide/workdir)
[INFO] [stdout] error[E0601]: `main` function not found in crate `elevate`
[INFO] [stdout]    --> src/bin/elevate.rs:136:2
[INFO] [stdout]     |
[INFO] [stdout] 136 | }
[INFO] [stdout]     |  ^ consider adding a `main` function to `src/bin/elevate.rs`
[INFO] [stdout] 
[INFO] [stdout] 
[INFO] [stdout] error: aborting due to 1 previous error
[INFO] [stdout] 
[INFO] [stdout] 
[INFO] [stdout] For more information about this error, try `rustc --explain E0601`.
[INFO] [stdout] 
[INFO] [stdout] error[E0601]: `main` function not found in crate `recover`
[INFO] [stdout]   --> src/bin/recover.rs:14:2
[INFO] [stdout]    |
[INFO] [stdout] 14 | }
[INFO] [stdout]    |  ^ consider adding a `main` function to `src/bin/recover.rs`
[INFO] [stdout] 
[INFO] [stdout] 
[INFO] [stdout] error: aborting due to 1 previous error
[INFO] [stdout] 
[INFO] [stdout] 
[INFO] [stdout] For more information about this error, try `rustc --explain E0601`.
[INFO] [stdout] 
[INFO] [stderr] error: could not compile `capcom0` (bin "elevate") due to 2 previous errors
[INFO] [stderr] warning: build failed, waiting for other jobs to finish...
[INFO] [stderr] error: could not compile `capcom0` (bin "recover") due to 2 previous errors
[INFO] running `Command { std: "docker" "inspect" "dc4fe7c8c78febc90a7ac96e6ef6665cf6456ac8b51455027590095ed9c0171d", kill_on_drop: false }`
[INFO] running `Command { std: "docker" "rm" "-f" "dc4fe7c8c78febc90a7ac96e6ef6665cf6456ac8b51455027590095ed9c0171d", kill_on_drop: false }`
[INFO] [stdout] dc4fe7c8c78febc90a7ac96e6ef6665cf6456ac8b51455027590095ed9c0171d
