[INFO] fetching crate candle-nn 0.3.1...
[INFO] testing candle-nn-0.3.1 against 1.75.0 for beta-1.76-1
[INFO] extracting crate candle-nn 0.3.1 into /workspace/builds/worker-4-tc1/source
[INFO] validating manifest of crates.io crate candle-nn 0.3.1 on toolchain 1.75.0
[INFO] running `Command { std: CARGO_HOME="/workspace/cargo-home" RUSTUP_HOME="/workspace/rustup-home" "/workspace/cargo-home/bin/cargo" "+1.75.0" "metadata" "--manifest-path" "Cargo.toml" "--no-deps", kill_on_drop: false }`
[INFO] started tweaking crates.io crate candle-nn 0.3.1
[INFO] finished tweaking crates.io crate candle-nn 0.3.1
[INFO] tweaked toml for crates.io crate candle-nn 0.3.1 written to /workspace/builds/worker-4-tc1/source/Cargo.toml
[INFO] crate crates.io crate candle-nn 0.3.1 already has a lockfile, it will not be regenerated
[INFO] running `Command { std: CARGO_HOME="/workspace/cargo-home" RUSTUP_HOME="/workspace/rustup-home" "/workspace/cargo-home/bin/cargo" "+1.75.0" "fetch" "--manifest-path" "Cargo.toml", kill_on_drop: false }`
[INFO] [stderr]     Updating crates.io index
[INFO] [stderr]     Blocking waiting for file lock on package cache
[INFO] [stderr]  Downloading crates ...
[INFO] [stderr]   Downloaded zerofrom v0.1.3
[INFO] [stderr]   Downloaded oci-spec v0.5.8
[INFO] [stderr]   Downloaded yoke-derive v0.7.2
[INFO] [stderr]   Downloaded thiserror-impl v1.0.44
[INFO] [stderr]   Downloaded intel-mkl-src v0.8.1
[INFO] [stderr]   Downloaded uuid v1.4.0
[INFO] [stderr]   Downloaded accelerate-src v0.3.2
[INFO] [stderr]   Downloaded filetime v0.2.21
[INFO] [stderr]   Downloaded gemm-f32 v0.16.6
[INFO] [stderr]   Downloaded derive_builder_core v0.11.2
[INFO] [stderr]   Downloaded xattr v0.2.3
[INFO] [stderr]   Downloaded derive_builder v0.11.2
[INFO] [stderr]   Downloaded num-complex v0.4.3
[INFO] [stderr]   Downloaded regex v1.8.4
[INFO] [stderr]   Downloaded webpki-roots v0.23.1
[INFO] [stderr]   Downloaded rustls v0.21.3
[INFO] [stderr]   Downloaded syn v2.0.32
[INFO] [stderr]   Downloaded pulp v0.16.2
[INFO] [stderr]   Downloaded ureq v2.7.1
[INFO] [stderr]   Downloaded clap_builder v4.3.4
[INFO] [stderr]   Downloaded rustls-webpki v0.101.1
[INFO] [stderr]   Downloaded cudarc v0.9.14
[INFO] [stderr]   Downloaded tar v0.4.38
[INFO] [stderr]   Downloaded rayon v1.7.0
[INFO] [stderr]   Downloaded candle-core v0.3.1
[INFO] [stderr]   Downloaded dyn-stack v0.9.0
[INFO] [stderr]   Downloaded ocipkg v0.2.8
[INFO] [stderr]   Downloaded gemm-c32 v0.16.6
[INFO] [stderr]   Downloaded gemm-f64 v0.16.6
[INFO] [stderr]   Downloaded intel-mkl-tool v0.8.1
[INFO] [stderr]   Downloaded gemm-c64 v0.16.6
[INFO] [stderr]   Downloaded safetensors v0.3.1
[INFO] [stderr]   Downloaded candle-kernels v0.3.1
[INFO] [stderr]   Downloaded walkdir v2.3.3
[INFO] [stderr]   Downloaded memmap2 v0.7.1
[INFO] [stderr]   Downloaded gemm-f16 v0.16.6
[INFO] [stderr]   Downloaded thiserror v1.0.44
[INFO] [stderr]   Downloaded gemm v0.16.6
[INFO] [stderr]   Downloaded gemm-common v0.16.6
[INFO] [stderr]   Downloaded synstructure v0.13.0
[INFO] [stderr]   Downloaded clap v4.3.4
[INFO] [stderr]   Downloaded derive_builder_macro v0.11.2
[INFO] [stderr]   Downloaded reborrow v0.5.4
[INFO] [stderr]   Downloaded yoke v0.7.2
[INFO] [stderr]   Downloaded seq-macro v0.3.5
[INFO] [stderr]   Downloaded zerofrom-derive v0.1.3
[INFO] [stderr]   Downloaded rayon-core v1.11.0
[INFO] running `Command { std: "docker" "create" "-v" "/var/lib/crater-agent-workspace/builds/worker-4-tc1/target:/opt/rustwide/target:rw,Z" "-v" "/var/lib/crater-agent-workspace/builds/worker-4-tc1/source:/opt/rustwide/workdir:ro,Z" "-v" "/var/lib/crater-agent-workspace/cargo-home:/opt/rustwide/cargo-home:ro,Z" "-v" "/var/lib/crater-agent-workspace/rustup-home:/opt/rustwide/rustup-home:ro,Z" "-e" "SOURCE_DIR=/opt/rustwide/workdir" "-e" "CARGO_TARGET_DIR=/opt/rustwide/target" "-e" "CARGO_HOME=/opt/rustwide/cargo-home" "-e" "RUSTUP_HOME=/opt/rustwide/rustup-home" "-w" "/opt/rustwide/workdir" "-m" "1610612736" "--user" "0:0" "--network" "none" "ghcr.io/rust-lang/crates-build-env/linux@sha256:2788e3201cd34a07e3172128adcd8b3090168a8e3bcc40d7c032b9dda1df7d1c" "/opt/rustwide/cargo-home/bin/cargo" "+1.75.0" "metadata" "--no-deps" "--format-version=1", kill_on_drop: false }`
[INFO] [stdout] 2d880418584d7bb434f7c6d65b1a8c87a96e4ff4946d74e239565fa7a430c5d7
[INFO] running `Command { std: "docker" "start" "-a" "2d880418584d7bb434f7c6d65b1a8c87a96e4ff4946d74e239565fa7a430c5d7", kill_on_drop: false }`
[INFO] running `Command { std: "docker" "inspect" "2d880418584d7bb434f7c6d65b1a8c87a96e4ff4946d74e239565fa7a430c5d7", kill_on_drop: false }`
[INFO] running `Command { std: "docker" "rm" "-f" "2d880418584d7bb434f7c6d65b1a8c87a96e4ff4946d74e239565fa7a430c5d7", kill_on_drop: false }`
[INFO] [stdout] 2d880418584d7bb434f7c6d65b1a8c87a96e4ff4946d74e239565fa7a430c5d7
[INFO] running `Command { std: "docker" "create" "-v" "/var/lib/crater-agent-workspace/builds/worker-4-tc1/target:/opt/rustwide/target:rw,Z" "-v" "/var/lib/crater-agent-workspace/builds/worker-4-tc1/source:/opt/rustwide/workdir:ro,Z" "-v" "/var/lib/crater-agent-workspace/cargo-home:/opt/rustwide/cargo-home:ro,Z" "-v" "/var/lib/crater-agent-workspace/rustup-home:/opt/rustwide/rustup-home:ro,Z" "-e" "SOURCE_DIR=/opt/rustwide/workdir" "-e" "CARGO_TARGET_DIR=/opt/rustwide/target" "-e" "CARGO_INCREMENTAL=0" "-e" "RUST_BACKTRACE=full" "-e" "RUSTFLAGS=--cap-lints=warn" "-e" "RUSTDOCFLAGS=--cap-lints=warn" "-e" "CARGO_HOME=/opt/rustwide/cargo-home" "-e" "RUSTUP_HOME=/opt/rustwide/rustup-home" "-w" "/opt/rustwide/workdir" "-m" "1610612736" "--user" "0:0" "--network" "none" "ghcr.io/rust-lang/crates-build-env/linux@sha256:2788e3201cd34a07e3172128adcd8b3090168a8e3bcc40d7c032b9dda1df7d1c" "/opt/rustwide/cargo-home/bin/cargo" "+1.75.0" "build" "--frozen" "--message-format=json", kill_on_drop: false }`
[INFO] [stdout] d9db80989b31be2589fc8f9665c302e0753be022456d82522d8771cc702758fd
[INFO] running `Command { std: "docker" "start" "-a" "d9db80989b31be2589fc8f9665c302e0753be022456d82522d8771cc702758fd", kill_on_drop: false }`
[INFO] [stderr]    Compiling proc-macro2 v1.0.63
[INFO] [stderr]    Compiling unicode-ident v1.0.9
[INFO] [stderr]    Compiling libc v0.2.147
[INFO] [stderr]    Compiling libm v0.2.7
[INFO] [stderr]    Compiling crossbeam-utils v0.8.16
[INFO] [stderr]    Compiling num-traits v0.2.15
[INFO] [stderr]    Compiling memoffset v0.9.0
[INFO] [stderr]    Compiling crossbeam-epoch v0.9.15
[INFO] [stderr]    Compiling ppv-lite86 v0.2.17
[INFO] [stderr]    Compiling rayon-core v1.11.0
[INFO] [stderr]    Compiling paste v1.0.12
[INFO] [stderr]    Compiling either v1.8.1
[INFO] [stderr]    Compiling reborrow v0.5.4
[INFO] [stderr]    Compiling raw-cpuid v10.7.0
[INFO] [stderr]    Compiling seq-macro v0.3.5
[INFO] [stderr]    Compiling once_cell v1.18.0
[INFO] [stderr]    Compiling crossbeam-channel v0.5.8
[INFO] [stderr]    Compiling quote v1.0.30
[INFO] [stderr]    Compiling getrandom v0.2.10
[INFO] [stderr]    Compiling num_cpus v1.16.0
[INFO] [stderr]    Compiling crossbeam-deque v0.8.3
[INFO] [stderr]    Compiling syn v2.0.32
[INFO] [stderr]    Compiling rand_core v0.6.4
[INFO] [stderr]    Compiling unicode-xid v0.2.4
[INFO] [stderr]    Compiling serde v1.0.188
[INFO] [stderr]    Compiling rand_chacha v0.3.1
[INFO] [stderr]    Compiling crc32fast v1.3.2
[INFO] [stderr]    Compiling rand v0.8.5
[INFO] [stderr]    Compiling ryu v1.0.13
[INFO] [stderr]    Compiling itoa v1.0.6
[INFO] [stderr]    Compiling thiserror v1.0.44
[INFO] [stderr]    Compiling rayon v1.7.0
[INFO] [stderr]    Compiling memmap2 v0.7.1
[INFO] [stderr]    Compiling zip v0.6.6
[INFO] [stderr]    Compiling rand_distr v0.4.3
[INFO] [stderr]    Compiling synstructure v0.13.0
[INFO] [stderr]    Compiling bytemuck_derive v1.5.0
[INFO] [stderr]    Compiling serde_derive v1.0.188
[INFO] [stderr]    Compiling thiserror-impl v1.0.44
[INFO] [stderr]    Compiling zerofrom-derive v0.1.3
[INFO] [stderr]    Compiling yoke-derive v0.7.2
[INFO] [stderr]    Compiling bytemuck v1.14.0
[INFO] [stderr]    Compiling num-complex v0.4.3
[INFO] [stderr]    Compiling half v2.3.1
[INFO] [stderr]    Compiling dyn-stack v0.9.0
[INFO] [stderr]    Compiling zerofrom v0.1.3
[INFO] [stderr]    Compiling yoke v0.7.2
[INFO] [stderr]    Compiling pulp v0.16.2
[INFO] [stderr]    Compiling gemm-common v0.16.6
[INFO] [stderr]    Compiling gemm-f32 v0.16.6
[INFO] [stderr]    Compiling gemm-f64 v0.16.6
[INFO] [stderr]    Compiling gemm-c64 v0.16.6
[INFO] [stderr]    Compiling gemm-c32 v0.16.6
[INFO] [stderr]    Compiling gemm-f16 v0.16.6
[INFO] [stderr]    Compiling gemm v0.16.6
[INFO] [stderr]    Compiling serde_json v1.0.103
[INFO] [stderr]    Compiling safetensors v0.3.1
[INFO] [stderr]    Compiling candle-core v0.3.1
[INFO] [stderr]    Compiling candle-nn v0.3.1 (/opt/rustwide/workdir)
[INFO] [stderr]     Finished dev [unoptimized + debuginfo] target(s) in 1m 13s
[INFO] running `Command { std: "docker" "inspect" "d9db80989b31be2589fc8f9665c302e0753be022456d82522d8771cc702758fd", kill_on_drop: false }`
[INFO] running `Command { std: "docker" "rm" "-f" "d9db80989b31be2589fc8f9665c302e0753be022456d82522d8771cc702758fd", kill_on_drop: false }`
[INFO] [stdout] d9db80989b31be2589fc8f9665c302e0753be022456d82522d8771cc702758fd
[INFO] running `Command { std: "docker" "create" "-v" "/var/lib/crater-agent-workspace/builds/worker-4-tc1/target:/opt/rustwide/target:rw,Z" "-v" "/var/lib/crater-agent-workspace/builds/worker-4-tc1/source:/opt/rustwide/workdir:ro,Z" "-v" "/var/lib/crater-agent-workspace/cargo-home:/opt/rustwide/cargo-home:ro,Z" "-v" "/var/lib/crater-agent-workspace/rustup-home:/opt/rustwide/rustup-home:ro,Z" "-e" "SOURCE_DIR=/opt/rustwide/workdir" "-e" "CARGO_TARGET_DIR=/opt/rustwide/target" "-e" "CARGO_INCREMENTAL=0" "-e" "RUST_BACKTRACE=full" "-e" "RUSTFLAGS=--cap-lints=warn" "-e" "RUSTDOCFLAGS=--cap-lints=warn" "-e" "CARGO_HOME=/opt/rustwide/cargo-home" "-e" "RUSTUP_HOME=/opt/rustwide/rustup-home" "-w" "/opt/rustwide/workdir" "-m" "1610612736" "--user" "0:0" "--network" "none" "ghcr.io/rust-lang/crates-build-env/linux@sha256:2788e3201cd34a07e3172128adcd8b3090168a8e3bcc40d7c032b9dda1df7d1c" "/opt/rustwide/cargo-home/bin/cargo" "+1.75.0" "test" "--frozen" "--no-run" "--message-format=json", kill_on_drop: false }`
[INFO] [stdout] 1882ed8835b5acc1d7ec7ec1691ec92debb7e39884cdb583e4ecf2cb65bcfb38
[INFO] running `Command { std: "docker" "start" "-a" "1882ed8835b5acc1d7ec7ec1691ec92debb7e39884cdb583e4ecf2cb65bcfb38", kill_on_drop: false }`
[INFO] [stderr]    Compiling libc v0.2.147
[INFO] [stderr]    Compiling syn v2.0.32
[INFO] [stderr]    Compiling once_cell v1.18.0
[INFO] [stderr]    Compiling io-lifetimes v1.0.11
[INFO] [stderr]    Compiling rustix v0.37.20
[INFO] [stderr]    Compiling linux-raw-sys v0.3.8
[INFO] [stderr]    Compiling utf8parse v0.2.1
[INFO] [stderr]    Compiling cc v1.0.79
[INFO] [stderr]    Compiling anstyle-parse v0.2.0
[INFO] [stderr]    Compiling colorchoice v1.0.0
[INFO] [stderr]    Compiling anstyle v1.0.0
[INFO] [stderr]    Compiling anstyle-query v1.0.0
[INFO] [stderr]    Compiling gimli v0.27.3
[INFO] [stderr]    Compiling memchr v2.6.3
[INFO] [stderr]    Compiling adler v1.0.2
[INFO] [stderr]    Compiling clap_lex v0.5.0
[INFO] [stderr]    Compiling miniz_oxide v0.6.2
[INFO] [stderr]    Compiling anyhow v1.0.71
[INFO] [stderr]    Compiling rustc-demangle v0.1.23
[INFO] [stderr]    Compiling object v0.30.4
[INFO] [stderr]    Compiling heck v0.4.1
[INFO] [stderr]    Compiling strsim v0.10.0
[INFO] [stderr]    Compiling backtrace v0.3.67
[INFO] [stderr]    Compiling getrandom v0.2.10
[INFO] [stderr]    Compiling num_cpus v1.16.0
[INFO] [stderr]    Compiling memmap2 v0.7.1
[INFO] [stderr]    Compiling rand_core v0.6.4
[INFO] [stderr]    Compiling rayon-core v1.11.0
[INFO] [stderr]    Compiling rand_chacha v0.3.1
[INFO] [stderr]    Compiling rand v0.8.5
[INFO] [stderr]    Compiling rayon v1.7.0
[INFO] [stderr]    Compiling rand_distr v0.4.3
[INFO] [stderr]    Compiling addr2line v0.19.0
[INFO] [stderr]    Compiling is-terminal v0.4.7
[INFO] [stderr]    Compiling anstream v0.3.2
[INFO] [stderr]    Compiling clap_builder v4.3.4
[INFO] [stderr]    Compiling synstructure v0.13.0
[INFO] [stderr]    Compiling bytemuck_derive v1.5.0
[INFO] [stderr]    Compiling serde_derive v1.0.188
[INFO] [stderr]    Compiling zerofrom-derive v0.1.3
[INFO] [stderr]    Compiling yoke-derive v0.7.2
[INFO] [stderr]    Compiling thiserror-impl v1.0.44
[INFO] [stderr]    Compiling clap_derive v4.3.2
[INFO] [stderr]    Compiling bytemuck v1.14.0
[INFO] [stderr]    Compiling thiserror v1.0.44
[INFO] [stderr]    Compiling num-complex v0.4.3
[INFO] [stderr]    Compiling half v2.3.1
[INFO] [stderr]    Compiling pulp v0.16.2
[INFO] [stderr]    Compiling dyn-stack v0.9.0
[INFO] [stderr]    Compiling gemm-common v0.16.6
[INFO] [stderr]    Compiling clap v4.3.4
[INFO] [stderr]    Compiling gemm-f32 v0.16.6
[INFO] [stderr]    Compiling gemm-c64 v0.16.6
[INFO] [stderr]    Compiling gemm-f64 v0.16.6
[INFO] [stderr]    Compiling gemm-c32 v0.16.6
[INFO] [stderr]    Compiling gemm-f16 v0.16.6
[INFO] [stderr]    Compiling zerofrom v0.1.3
[INFO] [stderr]    Compiling serde v1.0.188
[INFO] [stderr]    Compiling yoke v0.7.2
[INFO] [stderr]    Compiling gemm v0.16.6
[INFO] [stderr]    Compiling serde_json v1.0.103
[INFO] [stderr]    Compiling safetensors v0.3.1
[INFO] [stderr]    Compiling candle-core v0.3.1
[INFO] [stderr]    Compiling candle-nn v0.3.1 (/opt/rustwide/workdir)
[INFO] [stdout] error: linking with `cc` failed: exit status: 1
[INFO] [stdout]   |
[INFO] [stdout]   = note: LC_ALL="C" PATH="/opt/rustwide/rustup-home/toolchains/1.75.0-x86_64-unknown-linux-gnu/lib/rustlib/x86_64-unknown-linux-gnu/bin:/opt/rustwide/cargo-home/bin:/usr/local/sbin:/usr/local/bin:/usr/sbin:/usr/bin:/sbin:/bin" VSLANG="1033" "cc" "-m64" "/tmp/rustcdQNNuY/symbols.o" "/opt/rustwide/target/debug/examples/cpu_benchmarks-bd38c1eb68ace810.cpu_benchmarks.bdb33bcfbde09c9b-cgu.0.rcgu.o" "/opt/rustwide/target/debug/examples/cpu_benchmarks-bd38c1eb68ace810.cpu_benchmarks.bdb33bcfbde09c9b-cgu.1.rcgu.o" "/opt/rustwide/target/debug/examples/cpu_benchmarks-bd38c1eb68ace810.2ztyookpiloqryyj.rcgu.o" "-Wl,--as-needed" "-L" "/opt/rustwide/target/debug/deps" "-L" "/opt/rustwide/rustup-home/toolchains/1.75.0-x86_64-unknown-linux-gnu/lib/rustlib/x86_64-unknown-linux-gnu/lib" "-Wl,-Bstatic" "/opt/rustwide/target/debug/deps/libcandle_nn-d2aaae3aa66ee4b1.rlib" "/opt/rustwide/target/debug/deps/libclap-380b93f45709469f.rlib" "/opt/rustwide/target/debug/deps/libclap_builder-1af88023ad31e369.rlib" "/opt/rustwide/target/debug/deps/libstrsim-dec2701ee913c7f9.rlib" "/opt/rustwide/target/debug/deps/libanstream-fdfa7cebd2afbe08.rlib" "/opt/rustwide/target/debug/deps/libanstyle_query-9fb873a726e53dec.rlib" "/opt/rustwide/target/debug/deps/libis_terminal-bc6c003357bcc3c0.rlib" "/opt/rustwide/target/debug/deps/librustix-1d215de0c4064cbd.rlib" "/opt/rustwide/target/debug/deps/liblinux_raw_sys-1ca3a0a37c48e6e0.rlib" "/opt/rustwide/target/debug/deps/libio_lifetimes-59cee780c7b4cd2c.rlib" "/opt/rustwide/target/debug/deps/libanstyle-3baa1365155d1339.rlib" "/opt/rustwide/target/debug/deps/libcolorchoice-ebf3275943dd81c6.rlib" "/opt/rustwide/target/debug/deps/libanstyle_parse-3e1af562713598af.rlib" "/opt/rustwide/target/debug/deps/libutf8parse-c12dc29a62b15885.rlib" "/opt/rustwide/target/debug/deps/libclap_lex-6af26b5b1bac348d.rlib" "/opt/rustwide/target/debug/deps/libcandle_core-63da1ec2a681aa10.rlib" "/opt/rustwide/target/debug/deps/libmemmap2-8d6dd621fb840ef5.rlib" "/opt/rustwide/target/debug/deps/libzip-ac35db7f0c42954b.rlib" "/opt/rustwide/target/debug/deps/libcrc32fast-664446237529ebff.rlib" "/opt/rustwide/target/debug/deps/libyoke-cb9e3e66f5b0bb79.rlib" "/opt/rustwide/target/debug/deps/libzerofrom-768b7c57c0536daa.rlib" "/opt/rustwide/target/debug/deps/libstable_deref_trait-9ea5b89e8972e1ba.rlib" "/opt/rustwide/target/debug/deps/libthiserror-9c6f343881789313.rlib" "/opt/rustwide/target/debug/deps/libsafetensors-df63220f71d0c49e.rlib" "/opt/rustwide/target/debug/deps/libserde_json-8ca5e4a325bf811b.rlib" "/opt/rustwide/target/debug/deps/libryu-07c77bcabf6ee02b.rlib" "/opt/rustwide/target/debug/deps/libitoa-807e41d963466eb2.rlib" "/opt/rustwide/target/debug/deps/libserde-439b2a9e7b4520b1.rlib" "/opt/rustwide/target/debug/deps/libgemm-e06e412510575a6c.rlib" "/opt/rustwide/target/debug/deps/libgemm_c32-4b5e82b3bc688d8a.rlib" "/opt/rustwide/target/debug/deps/libgemm_c64-43fee2156fd3d572.rlib" "/opt/rustwide/target/debug/deps/libgemm_f64-5ef26a97e850f4d8.rlib" "/opt/rustwide/target/debug/deps/libgemm_f16-aa0716b49aa796e7.rlib" "/opt/rustwide/target/debug/deps/libgemm_f32-f429538383b65311.rlib" "/opt/rustwide/target/debug/deps/libgemm_common-c71cb62b9dba9185.rlib" "/opt/rustwide/target/debug/deps/libonce_cell-865e1c5018a0303a.rlib" "/opt/rustwide/target/debug/deps/libpulp-2768648d533c10df.rlib" "/opt/rustwide/target/debug/deps/libnum_complex-64497ff82baea80d.rlib" "/opt/rustwide/target/debug/deps/libdyn_stack-403928458bd6da62.rlib" "/opt/rustwide/target/debug/deps/libreborrow-26a28d45b43e59aa.rlib" "/opt/rustwide/target/debug/deps/libraw_cpuid-fab56c5e3f367f71.rlib" "/opt/rustwide/target/debug/deps/libbitflags-b7cee2ca4fb438d0.rlib" "/opt/rustwide/target/debug/deps/librayon-e32a586a09a32610.rlib" "/opt/rustwide/target/debug/deps/librayon_core-cf55ecb2e2183209.rlib" "/opt/rustwide/target/debug/deps/libnum_cpus-1ee7f52348815e16.rlib" "/opt/rustwide/target/debug/deps/libcrossbeam_deque-c9acfa5fd0dffa7e.rlib" "/opt/rustwide/target/debug/deps/libcrossbeam_epoch-e1576387dfbf94ea.rlib" "/opt/rustwide/target/debug/deps/libmemoffset-77b9fc6eaa51883f.rlib" "/opt/rustwide/target/debug/deps/libscopeguard-b35f5c652940acc2.rlib" "/opt/rustwide/target/debug/deps/libcrossbeam_channel-2239c0b69ce2d6a7.rlib" "/opt/rustwide/target/debug/deps/libcrossbeam_utils-c927984e5b3dbee5.rlib" "/opt/rustwide/target/debug/deps/libeither-69949564f3d6ecdf.rlib" "/opt/rustwide/target/debug/deps/libbyteorder-b7588b59c1d17615.rlib" "/opt/rustwide/target/debug/deps/libhalf-3f39927783299413.rlib" "/opt/rustwide/target/debug/deps/librand_distr-448c5b1020acff01.rlib" "/opt/rustwide/target/debug/deps/librand-b774bf376dc0d516.rlib" "/opt/rustwide/target/debug/deps/librand_chacha-d17c2c6ce6707a00.rlib" "/opt/rustwide/target/debug/deps/libppv_lite86-9f808eb911999ef2.rlib" "/opt/rustwide/target/debug/deps/librand_core-7a5ec661fff38ee5.rlib" "/opt/rustwide/target/debug/deps/libgetrandom-48f05dc085dd925d.rlib" "/opt/rustwide/target/debug/deps/liblibc-eb440e55dfb137ff.rlib" "/opt/rustwide/target/debug/deps/libcfg_if-61dc7a6799e72b18.rlib" "/opt/rustwide/target/debug/deps/libnum_traits-1bee301dc3959758.rlib" "/opt/rustwide/target/debug/deps/libbytemuck-cd76d36c583d93bb.rlib" "/opt/rustwide/rustup-home/toolchains/1.75.0-x86_64-unknown-linux-gnu/lib/rustlib/x86_64-unknown-linux-gnu/lib/libstd-90f6ddbf82de36ec.rlib" "/opt/rustwide/rustup-home/toolchains/1.75.0-x86_64-unknown-linux-gnu/lib/rustlib/x86_64-unknown-linux-gnu/lib/libpanic_unwind-480c41e9d4e1f677.rlib" "/opt/rustwide/rustup-home/toolchains/1.75.0-x86_64-unknown-linux-gnu/lib/rustlib/x86_64-unknown-linux-gnu/lib/libobject-db744c0ca03eed1d.rlib" "/opt/rustwide/rustup-home/toolchains/1.75.0-x86_64-unknown-linux-gnu/lib/rustlib/x86_64-unknown-linux-gnu/lib/libmemchr-8ba652dc7d4b285a.rlib" "/opt/rustwide/rustup-home/toolchains/1.75.0-x86_64-unknown-linux-gnu/lib/rustlib/x86_64-unknown-linux-gnu/lib/libaddr2line-d5f4520a9ebc0d58.rlib" "/opt/rustwide/rustup-home/toolchains/1.75.0-x86_64-unknown-linux-gnu/lib/rustlib/x86_64-unknown-linux-gnu/lib/libgimli-4ad84de58f0cb463.rlib" "/opt/rustwide/rustup-home/toolchains/1.75.0-x86_64-unknown-linux-gnu/lib/rustlib/x86_64-unknown-linux-gnu/lib/librustc_demangle-0d10aae2e0f38735.rlib" "/opt/rustwide/rustup-home/toolchains/1.75.0-x86_64-unknown-linux-gnu/lib/rustlib/x86_64-unknown-linux-gnu/lib/libstd_detect-0c17cff739e6745b.rlib" "/opt/rustwide/rustup-home/toolchains/1.75.0-x86_64-unknown-linux-gnu/lib/rustlib/x86_64-unknown-linux-gnu/lib/libhashbrown-b29e17139dde1aa8.rlib" "/opt/rustwide/rustup-home/toolchains/1.75.0-x86_64-unknown-linux-gnu/lib/rustlib/x86_64-unknown-linux-gnu/lib/librustc_std_workspace_alloc-1f975299829cc7bd.rlib" "/opt/rustwide/rustup-home/toolchains/1.75.0-x86_64-unknown-linux-gnu/lib/rustlib/x86_64-unknown-linux-gnu/lib/libminiz_oxide-86bae3bc3079f89b.rlib" "/opt/rustwide/rustup-home/toolchains/1.75.0-x86_64-unknown-linux-gnu/lib/rustlib/x86_64-unknown-linux-gnu/lib/libadler-321b82c30dffdf5f.rlib" "/opt/rustwide/rustup-home/toolchains/1.75.0-x86_64-unknown-linux-gnu/lib/rustlib/x86_64-unknown-linux-gnu/lib/libunwind-3dd8a6810a0bdfef.rlib" "/opt/rustwide/rustup-home/toolchains/1.75.0-x86_64-unknown-linux-gnu/lib/rustlib/x86_64-unknown-linux-gnu/lib/libcfg_if-eb39a61c0c879984.rlib" "/opt/rustwide/rustup-home/toolchains/1.75.0-x86_64-unknown-linux-gnu/lib/rustlib/x86_64-unknown-linux-gnu/lib/liblibc-aa769569f91c3548.rlib" "/opt/rustwide/rustup-home/toolchains/1.75.0-x86_64-unknown-linux-gnu/lib/rustlib/x86_64-unknown-linux-gnu/lib/liballoc-510a192a50a983ed.rlib" "/opt/rustwide/rustup-home/toolchains/1.75.0-x86_64-unknown-linux-gnu/lib/rustlib/x86_64-unknown-linux-gnu/lib/librustc_std_workspace_core-0577018320f99037.rlib" "/opt/rustwide/rustup-home/toolchains/1.75.0-x86_64-unknown-linux-gnu/lib/rustlib/x86_64-unknown-linux-gnu/lib/libcore-193cf992125ccd4c.rlib" "/opt/rustwide/rustup-home/toolchains/1.75.0-x86_64-unknown-linux-gnu/lib/rustlib/x86_64-unknown-linux-gnu/lib/libcompiler_builtins-8e138eaf26ebb4a8.rlib" "-Wl,-Bdynamic" "-lgcc_s" "-lutil" "-lrt" "-lpthread" "-lm" "-ldl" "-lc" "-Wl,--eh-frame-hdr" "-Wl,-z,noexecstack" "-L" "/opt/rustwide/rustup-home/toolchains/1.75.0-x86_64-unknown-linux-gnu/lib/rustlib/x86_64-unknown-linux-gnu/lib" "-o" "/opt/rustwide/target/debug/examples/cpu_benchmarks-bd38c1eb68ace810" "-Wl,--gc-sections" "-pie" "-Wl,-z,relro,-z,now" "-nodefaultlibs"
[INFO] [stdout]   = note: collect2: fatal error: ld terminated with signal 9 [Killed]
[INFO] [stdout]           compilation terminated.
[INFO] [stdout]           
[INFO] [stdout] 
[INFO] [stdout] 
[INFO] [stdout] error: aborting due to previous error
[INFO] [stdout] 
[INFO] [stdout] 
[INFO] [stderr] error: could not compile `candle-nn` (example "cpu_benchmarks") due to 2 previous errors
[INFO] [stderr] warning: build failed, waiting for other jobs to finish...
[INFO] [stdout] error: linking with `cc` failed: exit status: 1
[INFO] [stdout]   |
[INFO] [stdout]   = note: LC_ALL="C" PATH="/opt/rustwide/rustup-home/toolchains/1.75.0-x86_64-unknown-linux-gnu/lib/rustlib/x86_64-unknown-linux-gnu/bin:/opt/rustwide/cargo-home/bin:/usr/local/sbin:/usr/local/bin:/usr/sbin:/usr/bin:/sbin:/bin" VSLANG="1033" "cc" "-m64" "/tmp/rustc28fZ8i/symbols.o" "/opt/rustwide/target/debug/deps/rnn-4d1fd3fea52ce967.rnn.18ad6f075a5b77a2-cgu.0.rcgu.o" "/opt/rustwide/target/debug/deps/rnn-4d1fd3fea52ce967.5g6aeo3hrxtfpte1.rcgu.o" "-Wl,--as-needed" "-L" "/opt/rustwide/target/debug/deps" "-L" "/opt/rustwide/rustup-home/toolchains/1.75.0-x86_64-unknown-linux-gnu/lib/rustlib/x86_64-unknown-linux-gnu/lib" "-Wl,-Bstatic" "/opt/rustwide/rustup-home/toolchains/1.75.0-x86_64-unknown-linux-gnu/lib/rustlib/x86_64-unknown-linux-gnu/lib/libtest-3df1bed8075ce1de.rlib" "/opt/rustwide/rustup-home/toolchains/1.75.0-x86_64-unknown-linux-gnu/lib/rustlib/x86_64-unknown-linux-gnu/lib/libgetopts-2076fd86b325cb5d.rlib" "/opt/rustwide/rustup-home/toolchains/1.75.0-x86_64-unknown-linux-gnu/lib/rustlib/x86_64-unknown-linux-gnu/lib/libunicode_width-caa7152ee70c190f.rlib" "/opt/rustwide/rustup-home/toolchains/1.75.0-x86_64-unknown-linux-gnu/lib/rustlib/x86_64-unknown-linux-gnu/lib/librustc_std_workspace_std-04e6425e07f02a3c.rlib" "/opt/rustwide/target/debug/deps/libcandle_nn-d2aaae3aa66ee4b1.rlib" "/opt/rustwide/target/debug/deps/libcandle_core-63da1ec2a681aa10.rlib" "/opt/rustwide/target/debug/deps/libmemmap2-8d6dd621fb840ef5.rlib" "/opt/rustwide/target/debug/deps/libzip-ac35db7f0c42954b.rlib" "/opt/rustwide/target/debug/deps/libcrc32fast-664446237529ebff.rlib" "/opt/rustwide/target/debug/deps/libyoke-cb9e3e66f5b0bb79.rlib" "/opt/rustwide/target/debug/deps/libzerofrom-768b7c57c0536daa.rlib" "/opt/rustwide/target/debug/deps/libstable_deref_trait-9ea5b89e8972e1ba.rlib" "/opt/rustwide/target/debug/deps/libthiserror-9c6f343881789313.rlib" "/opt/rustwide/target/debug/deps/libsafetensors-df63220f71d0c49e.rlib" "/opt/rustwide/target/debug/deps/libserde_json-8ca5e4a325bf811b.rlib" "/opt/rustwide/target/debug/deps/libryu-07c77bcabf6ee02b.rlib" "/opt/rustwide/target/debug/deps/libitoa-807e41d963466eb2.rlib" "/opt/rustwide/target/debug/deps/libserde-439b2a9e7b4520b1.rlib" "/opt/rustwide/target/debug/deps/libgemm-e06e412510575a6c.rlib" "/opt/rustwide/target/debug/deps/libgemm_c32-4b5e82b3bc688d8a.rlib" "/opt/rustwide/target/debug/deps/libgemm_c64-43fee2156fd3d572.rlib" "/opt/rustwide/target/debug/deps/libgemm_f64-5ef26a97e850f4d8.rlib" "/opt/rustwide/target/debug/deps/libgemm_f16-aa0716b49aa796e7.rlib" "/opt/rustwide/target/debug/deps/libgemm_f32-f429538383b65311.rlib" "/opt/rustwide/target/debug/deps/libgemm_common-c71cb62b9dba9185.rlib" "/opt/rustwide/target/debug/deps/libonce_cell-865e1c5018a0303a.rlib" "/opt/rustwide/target/debug/deps/libpulp-2768648d533c10df.rlib" "/opt/rustwide/target/debug/deps/libnum_complex-64497ff82baea80d.rlib" "/opt/rustwide/target/debug/deps/libdyn_stack-403928458bd6da62.rlib" "/opt/rustwide/target/debug/deps/libreborrow-26a28d45b43e59aa.rlib" "/opt/rustwide/target/debug/deps/libraw_cpuid-fab56c5e3f367f71.rlib" "/opt/rustwide/target/debug/deps/libbitflags-b7cee2ca4fb438d0.rlib" "/opt/rustwide/target/debug/deps/librayon-e32a586a09a32610.rlib" "/opt/rustwide/target/debug/deps/librayon_core-cf55ecb2e2183209.rlib" "/opt/rustwide/target/debug/deps/libnum_cpus-1ee7f52348815e16.rlib" "/opt/rustwide/target/debug/deps/libcrossbeam_deque-c9acfa5fd0dffa7e.rlib" "/opt/rustwide/target/debug/deps/libcrossbeam_epoch-e1576387dfbf94ea.rlib" "/opt/rustwide/target/debug/deps/libmemoffset-77b9fc6eaa51883f.rlib" "/opt/rustwide/target/debug/deps/libscopeguard-b35f5c652940acc2.rlib" "/opt/rustwide/target/debug/deps/libcrossbeam_channel-2239c0b69ce2d6a7.rlib" "/opt/rustwide/target/debug/deps/libcrossbeam_utils-c927984e5b3dbee5.rlib" "/opt/rustwide/target/debug/deps/libeither-69949564f3d6ecdf.rlib" "/opt/rustwide/target/debug/deps/libbyteorder-b7588b59c1d17615.rlib" "/opt/rustwide/target/debug/deps/libhalf-3f39927783299413.rlib" "/opt/rustwide/target/debug/deps/librand_distr-448c5b1020acff01.rlib" "/opt/rustwide/target/debug/deps/librand-b774bf376dc0d516.rlib" "/opt/rustwide/target/debug/deps/librand_chacha-d17c2c6ce6707a00.rlib" "/opt/rustwide/target/debug/deps/libppv_lite86-9f808eb911999ef2.rlib" "/opt/rustwide/target/debug/deps/librand_core-7a5ec661fff38ee5.rlib" "/opt/rustwide/target/debug/deps/libgetrandom-48f05dc085dd925d.rlib" "/opt/rustwide/target/debug/deps/liblibc-eb440e55dfb137ff.rlib" "/opt/rustwide/target/debug/deps/libcfg_if-61dc7a6799e72b18.rlib" "/opt/rustwide/target/debug/deps/libnum_traits-1bee301dc3959758.rlib" "/opt/rustwide/target/debug/deps/libbytemuck-cd76d36c583d93bb.rlib" "/opt/rustwide/rustup-home/toolchains/1.75.0-x86_64-unknown-linux-gnu/lib/rustlib/x86_64-unknown-linux-gnu/lib/libstd-90f6ddbf82de36ec.rlib" "/opt/rustwide/rustup-home/toolchains/1.75.0-x86_64-unknown-linux-gnu/lib/rustlib/x86_64-unknown-linux-gnu/lib/libpanic_unwind-480c41e9d4e1f677.rlib" "/opt/rustwide/rustup-home/toolchains/1.75.0-x86_64-unknown-linux-gnu/lib/rustlib/x86_64-unknown-linux-gnu/lib/libobject-db744c0ca03eed1d.rlib" "/opt/rustwide/rustup-home/toolchains/1.75.0-x86_64-unknown-linux-gnu/lib/rustlib/x86_64-unknown-linux-gnu/lib/libmemchr-8ba652dc7d4b285a.rlib" "/opt/rustwide/rustup-home/toolchains/1.75.0-x86_64-unknown-linux-gnu/lib/rustlib/x86_64-unknown-linux-gnu/lib/libaddr2line-d5f4520a9ebc0d58.rlib" "/opt/rustwide/rustup-home/toolchains/1.75.0-x86_64-unknown-linux-gnu/lib/rustlib/x86_64-unknown-linux-gnu/lib/libgimli-4ad84de58f0cb463.rlib" "/opt/rustwide/rustup-home/toolchains/1.75.0-x86_64-unknown-linux-gnu/lib/rustlib/x86_64-unknown-linux-gnu/lib/librustc_demangle-0d10aae2e0f38735.rlib" "/opt/rustwide/rustup-home/toolchains/1.75.0-x86_64-unknown-linux-gnu/lib/rustlib/x86_64-unknown-linux-gnu/lib/libstd_detect-0c17cff739e6745b.rlib" "/opt/rustwide/rustup-home/toolchains/1.75.0-x86_64-unknown-linux-gnu/lib/rustlib/x86_64-unknown-linux-gnu/lib/libhashbrown-b29e17139dde1aa8.rlib" "/opt/rustwide/rustup-home/toolchains/1.75.0-x86_64-unknown-linux-gnu/lib/rustlib/x86_64-unknown-linux-gnu/lib/librustc_std_workspace_alloc-1f975299829cc7bd.rlib" "/opt/rustwide/rustup-home/toolchains/1.75.0-x86_64-unknown-linux-gnu/lib/rustlib/x86_64-unknown-linux-gnu/lib/libminiz_oxide-86bae3bc3079f89b.rlib" "/opt/rustwide/rustup-home/toolchains/1.75.0-x86_64-unknown-linux-gnu/lib/rustlib/x86_64-unknown-linux-gnu/lib/libadler-321b82c30dffdf5f.rlib" "/opt/rustwide/rustup-home/toolchains/1.75.0-x86_64-unknown-linux-gnu/lib/rustlib/x86_64-unknown-linux-gnu/lib/libunwind-3dd8a6810a0bdfef.rlib" "/opt/rustwide/rustup-home/toolchains/1.75.0-x86_64-unknown-linux-gnu/lib/rustlib/x86_64-unknown-linux-gnu/lib/libcfg_if-eb39a61c0c879984.rlib" "/opt/rustwide/rustup-home/toolchains/1.75.0-x86_64-unknown-linux-gnu/lib/rustlib/x86_64-unknown-linux-gnu/lib/liblibc-aa769569f91c3548.rlib" "/opt/rustwide/rustup-home/toolchains/1.75.0-x86_64-unknown-linux-gnu/lib/rustlib/x86_64-unknown-linux-gnu/lib/liballoc-510a192a50a983ed.rlib" "/opt/rustwide/rustup-home/toolchains/1.75.0-x86_64-unknown-linux-gnu/lib/rustlib/x86_64-unknown-linux-gnu/lib/librustc_std_workspace_core-0577018320f99037.rlib" "/opt/rustwide/rustup-home/toolchains/1.75.0-x86_64-unknown-linux-gnu/lib/rustlib/x86_64-unknown-linux-gnu/lib/libcore-193cf992125ccd4c.rlib" "/opt/rustwide/rustup-home/toolchains/1.75.0-x86_64-unknown-linux-gnu/lib/rustlib/x86_64-unknown-linux-gnu/lib/libcompiler_builtins-8e138eaf26ebb4a8.rlib" "-Wl,-Bdynamic" "-lgcc_s" "-lutil" "-lrt" "-lpthread" "-lm" "-ldl" "-lc" "-Wl,--eh-frame-hdr" "-Wl,-z,noexecstack" "-L" "/opt/rustwide/rustup-home/toolchains/1.75.0-x86_64-unknown-linux-gnu/lib/rustlib/x86_64-unknown-linux-gnu/lib" "-o" "/opt/rustwide/target/debug/deps/rnn-4d1fd3fea52ce967" "-Wl,--gc-sections" "-pie" "-Wl,-z,relro,-z,now" "-nodefaultlibs"
[INFO] [stdout]   = note: collect2: fatal error: ld terminated with signal 9 [Killed]
[INFO] [stdout]           compilation terminated.
[INFO] [stdout]           
[INFO] [stdout] 
[INFO] [stdout] 
[INFO] [stdout] error: aborting due to previous error
[INFO] [stdout] 
[INFO] [stdout] 
[INFO] [stderr] error: could not compile `candle-nn` (test "rnn") due to 2 previous errors
[INFO] [stdout] error: linking with `cc` failed: exit status: 1
[INFO] [stdout]   |
[INFO] [stdout]   = note: LC_ALL="C" PATH="/opt/rustwide/rustup-home/toolchains/1.75.0-x86_64-unknown-linux-gnu/lib/rustlib/x86_64-unknown-linux-gnu/bin:/opt/rustwide/cargo-home/bin:/usr/local/sbin:/usr/local/bin:/usr/sbin:/usr/bin:/sbin:/bin" VSLANG="1033" "cc" "-m64" "/tmp/rustcZqhw2I/symbols.o" "/opt/rustwide/target/debug/deps/optim-bf2cdb8e51494eb8.optim.e7ca65933964dd3a-cgu.0.rcgu.o" "/opt/rustwide/target/debug/deps/optim-bf2cdb8e51494eb8.1akkz02mmury2efs.rcgu.o" "-Wl,--as-needed" "-L" "/opt/rustwide/target/debug/deps" "-L" "/opt/rustwide/rustup-home/toolchains/1.75.0-x86_64-unknown-linux-gnu/lib/rustlib/x86_64-unknown-linux-gnu/lib" "-Wl,-Bstatic" "/opt/rustwide/rustup-home/toolchains/1.75.0-x86_64-unknown-linux-gnu/lib/rustlib/x86_64-unknown-linux-gnu/lib/libtest-3df1bed8075ce1de.rlib" "/opt/rustwide/rustup-home/toolchains/1.75.0-x86_64-unknown-linux-gnu/lib/rustlib/x86_64-unknown-linux-gnu/lib/libgetopts-2076fd86b325cb5d.rlib" "/opt/rustwide/rustup-home/toolchains/1.75.0-x86_64-unknown-linux-gnu/lib/rustlib/x86_64-unknown-linux-gnu/lib/libunicode_width-caa7152ee70c190f.rlib" "/opt/rustwide/rustup-home/toolchains/1.75.0-x86_64-unknown-linux-gnu/lib/rustlib/x86_64-unknown-linux-gnu/lib/librustc_std_workspace_std-04e6425e07f02a3c.rlib" "/opt/rustwide/target/debug/deps/libcandle_nn-d2aaae3aa66ee4b1.rlib" "/opt/rustwide/target/debug/deps/libanyhow-470cb084c2e85f26.rlib" "/opt/rustwide/target/debug/deps/libbacktrace-7082e3ec3c9b9673.rlib" "/opt/rustwide/target/debug/deps/libminiz_oxide-8688b2df3c5476d9.rlib" "/opt/rustwide/target/debug/deps/libadler-c8f2240c56a0abca.rlib" "/opt/rustwide/target/debug/deps/libobject-63f6269d77cdb157.rlib" "/opt/rustwide/target/debug/deps/libmemchr-0cab9da6a466a93a.rlib" "/opt/rustwide/target/debug/deps/libaddr2line-5f776d90bfb084c7.rlib" "/opt/rustwide/target/debug/deps/libgimli-eb00fa4851c7a563.rlib" "/opt/rustwide/target/debug/deps/librustc_demangle-7ef8571a19a75907.rlib" "/opt/rustwide/target/debug/deps/libcandle_core-63da1ec2a681aa10.rlib" "/opt/rustwide/target/debug/deps/libmemmap2-8d6dd621fb840ef5.rlib" "/opt/rustwide/target/debug/deps/libzip-ac35db7f0c42954b.rlib" "/opt/rustwide/target/debug/deps/libcrc32fast-664446237529ebff.rlib" "/opt/rustwide/target/debug/deps/libyoke-cb9e3e66f5b0bb79.rlib" "/opt/rustwide/target/debug/deps/libzerofrom-768b7c57c0536daa.rlib" "/opt/rustwide/target/debug/deps/libstable_deref_trait-9ea5b89e8972e1ba.rlib" "/opt/rustwide/target/debug/deps/libthiserror-9c6f343881789313.rlib" "/opt/rustwide/target/debug/deps/libsafetensors-df63220f71d0c49e.rlib" "/opt/rustwide/target/debug/deps/libserde_json-8ca5e4a325bf811b.rlib" "/opt/rustwide/target/debug/deps/libryu-07c77bcabf6ee02b.rlib" "/opt/rustwide/target/debug/deps/libitoa-807e41d963466eb2.rlib" "/opt/rustwide/target/debug/deps/libserde-439b2a9e7b4520b1.rlib" "/opt/rustwide/target/debug/deps/libgemm-e06e412510575a6c.rlib" "/opt/rustwide/target/debug/deps/libgemm_c32-4b5e82b3bc688d8a.rlib" "/opt/rustwide/target/debug/deps/libgemm_c64-43fee2156fd3d572.rlib" "/opt/rustwide/target/debug/deps/libgemm_f64-5ef26a97e850f4d8.rlib" "/opt/rustwide/target/debug/deps/libgemm_f16-aa0716b49aa796e7.rlib" "/opt/rustwide/target/debug/deps/libgemm_f32-f429538383b65311.rlib" "/opt/rustwide/target/debug/deps/libgemm_common-c71cb62b9dba9185.rlib" "/opt/rustwide/target/debug/deps/libonce_cell-865e1c5018a0303a.rlib" "/opt/rustwide/target/debug/deps/libpulp-2768648d533c10df.rlib" "/opt/rustwide/target/debug/deps/libnum_complex-64497ff82baea80d.rlib" "/opt/rustwide/target/debug/deps/libdyn_stack-403928458bd6da62.rlib" "/opt/rustwide/target/debug/deps/libreborrow-26a28d45b43e59aa.rlib" "/opt/rustwide/target/debug/deps/libraw_cpuid-fab56c5e3f367f71.rlib" "/opt/rustwide/target/debug/deps/libbitflags-b7cee2ca4fb438d0.rlib" "/opt/rustwide/target/debug/deps/librayon-e32a586a09a32610.rlib" "/opt/rustwide/target/debug/deps/librayon_core-cf55ecb2e2183209.rlib" "/opt/rustwide/target/debug/deps/libnum_cpus-1ee7f52348815e16.rlib" "/opt/rustwide/target/debug/deps/libcrossbeam_deque-c9acfa5fd0dffa7e.rlib" "/opt/rustwide/target/debug/deps/libcrossbeam_epoch-e1576387dfbf94ea.rlib" "/opt/rustwide/target/debug/deps/libmemoffset-77b9fc6eaa51883f.rlib" "/opt/rustwide/target/debug/deps/libscopeguard-b35f5c652940acc2.rlib" "/opt/rustwide/target/debug/deps/libcrossbeam_channel-2239c0b69ce2d6a7.rlib" "/opt/rustwide/target/debug/deps/libcrossbeam_utils-c927984e5b3dbee5.rlib" "/opt/rustwide/target/debug/deps/libeither-69949564f3d6ecdf.rlib" "/opt/rustwide/target/debug/deps/libbyteorder-b7588b59c1d17615.rlib" "/opt/rustwide/target/debug/deps/libhalf-3f39927783299413.rlib" "/opt/rustwide/target/debug/deps/librand_distr-448c5b1020acff01.rlib" "/opt/rustwide/target/debug/deps/librand-b774bf376dc0d516.rlib" "/opt/rustwide/target/debug/deps/librand_chacha-d17c2c6ce6707a00.rlib" "/opt/rustwide/target/debug/deps/libppv_lite86-9f808eb911999ef2.rlib" "/opt/rustwide/target/debug/deps/librand_core-7a5ec661fff38ee5.rlib" "/opt/rustwide/target/debug/deps/libgetrandom-48f05dc085dd925d.rlib" "/opt/rustwide/target/debug/deps/liblibc-eb440e55dfb137ff.rlib" "/opt/rustwide/target/debug/deps/libcfg_if-61dc7a6799e72b18.rlib" "/opt/rustwide/target/debug/deps/libnum_traits-1bee301dc3959758.rlib" "/opt/rustwide/target/debug/deps/libbytemuck-cd76d36c583d93bb.rlib" "/opt/rustwide/rustup-home/toolchains/1.75.0-x86_64-unknown-linux-gnu/lib/rustlib/x86_64-unknown-linux-gnu/lib/libstd-90f6ddbf82de36ec.rlib" "/opt/rustwide/rustup-home/toolchains/1.75.0-x86_64-unknown-linux-gnu/lib/rustlib/x86_64-unknown-linux-gnu/lib/libpanic_unwind-480c41e9d4e1f677.rlib" "/opt/rustwide/rustup-home/toolchains/1.75.0-x86_64-unknown-linux-gnu/lib/rustlib/x86_64-unknown-linux-gnu/lib/libobject-db744c0ca03eed1d.rlib" "/opt/rustwide/rustup-home/toolchains/1.75.0-x86_64-unknown-linux-gnu/lib/rustlib/x86_64-unknown-linux-gnu/lib/libmemchr-8ba652dc7d4b285a.rlib" "/opt/rustwide/rustup-home/toolchains/1.75.0-x86_64-unknown-linux-gnu/lib/rustlib/x86_64-unknown-linux-gnu/lib/libaddr2line-d5f4520a9ebc0d58.rlib" "/opt/rustwide/rustup-home/toolchains/1.75.0-x86_64-unknown-linux-gnu/lib/rustlib/x86_64-unknown-linux-gnu/lib/libgimli-4ad84de58f0cb463.rlib" "/opt/rustwide/rustup-home/toolchains/1.75.0-x86_64-unknown-linux-gnu/lib/rustlib/x86_64-unknown-linux-gnu/lib/librustc_demangle-0d10aae2e0f38735.rlib" "/opt/rustwide/rustup-home/toolchains/1.75.0-x86_64-unknown-linux-gnu/lib/rustlib/x86_64-unknown-linux-gnu/lib/libstd_detect-0c17cff739e6745b.rlib" "/opt/rustwide/rustup-home/toolchains/1.75.0-x86_64-unknown-linux-gnu/lib/rustlib/x86_64-unknown-linux-gnu/lib/libhashbrown-b29e17139dde1aa8.rlib" "/opt/rustwide/rustup-home/toolchains/1.75.0-x86_64-unknown-linux-gnu/lib/rustlib/x86_64-unknown-linux-gnu/lib/librustc_std_workspace_alloc-1f975299829cc7bd.rlib" "/opt/rustwide/rustup-home/toolchains/1.75.0-x86_64-unknown-linux-gnu/lib/rustlib/x86_64-unknown-linux-gnu/lib/libminiz_oxide-86bae3bc3079f89b.rlib" "/opt/rustwide/rustup-home/toolchains/1.75.0-x86_64-unknown-linux-gnu/lib/rustlib/x86_64-unknown-linux-gnu/lib/libadler-321b82c30dffdf5f.rlib" "/opt/rustwide/rustup-home/toolchains/1.75.0-x86_64-unknown-linux-gnu/lib/rustlib/x86_64-unknown-linux-gnu/lib/libunwind-3dd8a6810a0bdfef.rlib" "/opt/rustwide/rustup-home/toolchains/1.75.0-x86_64-unknown-linux-gnu/lib/rustlib/x86_64-unknown-linux-gnu/lib/libcfg_if-eb39a61c0c879984.rlib" "/opt/rustwide/rustup-home/toolchains/1.75.0-x86_64-unknown-linux-gnu/lib/rustlib/x86_64-unknown-linux-gnu/lib/liblibc-aa769569f91c3548.rlib" "/opt/rustwide/rustup-home/toolchains/1.75.0-x86_64-unknown-linux-gnu/lib/rustlib/x86_64-unknown-linux-gnu/lib/liballoc-510a192a50a983ed.rlib" "/opt/rustwide/rustup-home/toolchains/1.75.0-x86_64-unknown-linux-gnu/lib/rustlib/x86_64-unknown-linux-gnu/lib/librustc_std_workspace_core-0577018320f99037.rlib" "/opt/rustwide/rustup-home/toolchains/1.75.0-x86_64-unknown-linux-gnu/lib/rustlib/x86_64-unknown-linux-gnu/lib/libcore-193cf992125ccd4c.rlib" "/opt/rustwide/rustup-home/toolchains/1.75.0-x86_64-unknown-linux-gnu/lib/rustlib/x86_64-unknown-linux-gnu/lib/libcompiler_builtins-8e138eaf26ebb4a8.rlib" "-Wl,-Bdynamic" "-lgcc_s" "-lutil" "-lrt" "-lpthread" "-lm" "-ldl" "-lc" "-Wl,--eh-frame-hdr" "-Wl,-z,noexecstack" "-L" "/opt/rustwide/rustup-home/toolchains/1.75.0-x86_64-unknown-linux-gnu/lib/rustlib/x86_64-unknown-linux-gnu/lib" "-o" "/opt/rustwide/target/debug/deps/optim-bf2cdb8e51494eb8" "-Wl,--gc-sections" "-pie" "-Wl,-z,relro,-z,now" "-nodefaultlibs"
[INFO] [stdout]   = note: collect2: fatal error: ld terminated with signal 9 [Killed]
[INFO] [stdout]           compilation terminated.
[INFO] [stdout]           
[INFO] [stdout] 
[INFO] [stdout] 
[INFO] [stdout] error: aborting due to previous error
[INFO] [stdout] 
[INFO] [stdout] 
[INFO] [stderr] error: could not compile `candle-nn` (test "optim") due to 2 previous errors
[INFO] running `Command { std: "docker" "inspect" "1882ed8835b5acc1d7ec7ec1691ec92debb7e39884cdb583e4ecf2cb65bcfb38", kill_on_drop: false }`
[INFO] running `Command { std: "docker" "rm" "-f" "1882ed8835b5acc1d7ec7ec1691ec92debb7e39884cdb583e4ecf2cb65bcfb38", kill_on_drop: false }`
[INFO] [stdout] 1882ed8835b5acc1d7ec7ec1691ec92debb7e39884cdb583e4ecf2cb65bcfb38
[INFO] testing candle-nn-0.3.1 against beta-2023-12-22 for beta-1.76-1
[INFO] extracting crate candle-nn 0.3.1 into /workspace/builds/worker-4-tc2/source
[INFO] validating manifest of crates.io crate candle-nn 0.3.1 on toolchain beta-2023-12-22
[INFO] running `Command { std: CARGO_HOME="/workspace/cargo-home" RUSTUP_HOME="/workspace/rustup-home" "/workspace/cargo-home/bin/cargo" "+beta-2023-12-22" "metadata" "--manifest-path" "Cargo.toml" "--no-deps", kill_on_drop: false }`
[INFO] started tweaking crates.io crate candle-nn 0.3.1
[INFO] finished tweaking crates.io crate candle-nn 0.3.1
[INFO] tweaked toml for crates.io crate candle-nn 0.3.1 written to /workspace/builds/worker-4-tc2/source/Cargo.toml
[INFO] crate crates.io crate candle-nn 0.3.1 already has a lockfile, it will not be regenerated
[INFO] running `Command { std: CARGO_HOME="/workspace/cargo-home" RUSTUP_HOME="/workspace/rustup-home" "/workspace/cargo-home/bin/cargo" "+beta-2023-12-22" "fetch" "--manifest-path" "Cargo.toml", kill_on_drop: false }`
[INFO] running `Command { std: "docker" "create" "-v" "/var/lib/crater-agent-workspace/builds/worker-4-tc2/target:/opt/rustwide/target:rw,Z" "-v" "/var/lib/crater-agent-workspace/builds/worker-4-tc2/source:/opt/rustwide/workdir:ro,Z" "-v" "/var/lib/crater-agent-workspace/cargo-home:/opt/rustwide/cargo-home:ro,Z" "-v" "/var/lib/crater-agent-workspace/rustup-home:/opt/rustwide/rustup-home:ro,Z" "-e" "SOURCE_DIR=/opt/rustwide/workdir" "-e" "CARGO_TARGET_DIR=/opt/rustwide/target" "-e" "CARGO_HOME=/opt/rustwide/cargo-home" "-e" "RUSTUP_HOME=/opt/rustwide/rustup-home" "-w" "/opt/rustwide/workdir" "-m" "1610612736" "--user" "0:0" "--network" "none" "ghcr.io/rust-lang/crates-build-env/linux@sha256:2788e3201cd34a07e3172128adcd8b3090168a8e3bcc40d7c032b9dda1df7d1c" "/opt/rustwide/cargo-home/bin/cargo" "+beta-2023-12-22" "metadata" "--no-deps" "--format-version=1", kill_on_drop: false }`
[INFO] [stdout] afe43a30b280197994ab9f122e18f73dd893239fc2be6f04e18093cc97d7daae
[INFO] running `Command { std: "docker" "start" "-a" "afe43a30b280197994ab9f122e18f73dd893239fc2be6f04e18093cc97d7daae", kill_on_drop: false }`
[INFO] running `Command { std: "docker" "inspect" "afe43a30b280197994ab9f122e18f73dd893239fc2be6f04e18093cc97d7daae", kill_on_drop: false }`
[INFO] running `Command { std: "docker" "rm" "-f" "afe43a30b280197994ab9f122e18f73dd893239fc2be6f04e18093cc97d7daae", kill_on_drop: false }`
[INFO] [stdout] afe43a30b280197994ab9f122e18f73dd893239fc2be6f04e18093cc97d7daae
[INFO] running `Command { std: "docker" "create" "-v" "/var/lib/crater-agent-workspace/builds/worker-4-tc2/target:/opt/rustwide/target:rw,Z" "-v" "/var/lib/crater-agent-workspace/builds/worker-4-tc2/source:/opt/rustwide/workdir:ro,Z" "-v" "/var/lib/crater-agent-workspace/cargo-home:/opt/rustwide/cargo-home:ro,Z" "-v" "/var/lib/crater-agent-workspace/rustup-home:/opt/rustwide/rustup-home:ro,Z" "-e" "SOURCE_DIR=/opt/rustwide/workdir" "-e" "CARGO_TARGET_DIR=/opt/rustwide/target" "-e" "CARGO_INCREMENTAL=0" "-e" "RUST_BACKTRACE=full" "-e" "RUSTFLAGS=--cap-lints=warn" "-e" "RUSTDOCFLAGS=--cap-lints=warn" "-e" "CARGO_HOME=/opt/rustwide/cargo-home" "-e" "RUSTUP_HOME=/opt/rustwide/rustup-home" "-w" "/opt/rustwide/workdir" "-m" "1610612736" "--user" "0:0" "--network" "none" "ghcr.io/rust-lang/crates-build-env/linux@sha256:2788e3201cd34a07e3172128adcd8b3090168a8e3bcc40d7c032b9dda1df7d1c" "/opt/rustwide/cargo-home/bin/cargo" "+beta-2023-12-22" "build" "--frozen" "--message-format=json", kill_on_drop: false }`
[INFO] [stdout] 3aec1851c24cf9435af036bdc8cc90111c2af34cb5e8d4ab6335a6500bf11f67
[INFO] running `Command { std: "docker" "start" "-a" "3aec1851c24cf9435af036bdc8cc90111c2af34cb5e8d4ab6335a6500bf11f67", kill_on_drop: false }`
[INFO] [stderr]    Compiling proc-macro2 v1.0.63
[INFO] [stderr]    Compiling unicode-ident v1.0.9
[INFO] [stderr]    Compiling libc v0.2.147
[INFO] [stderr]    Compiling libm v0.2.7
[INFO] [stderr]    Compiling crossbeam-utils v0.8.16
[INFO] [stderr]    Compiling num-traits v0.2.15
[INFO] [stderr]    Compiling memoffset v0.9.0
[INFO] [stderr]    Compiling crossbeam-epoch v0.9.15
[INFO] [stderr]    Compiling ppv-lite86 v0.2.17
[INFO] [stderr]    Compiling rayon-core v1.11.0
[INFO] [stderr]    Compiling paste v1.0.12
[INFO] [stderr]    Compiling either v1.8.1
[INFO] [stderr]    Compiling reborrow v0.5.4
[INFO] [stderr]    Compiling raw-cpuid v10.7.0
[INFO] [stderr]    Compiling seq-macro v0.3.5
[INFO] [stderr]    Compiling once_cell v1.18.0
[INFO] [stderr]    Compiling quote v1.0.30
[INFO] [stderr]    Compiling getrandom v0.2.10
[INFO] [stderr]    Compiling crossbeam-deque v0.8.3
[INFO] [stderr]    Compiling num_cpus v1.16.0
[INFO] [stderr]    Compiling crossbeam-channel v0.5.8
[INFO] [stderr]    Compiling syn v2.0.32
[INFO] [stderr]    Compiling rand_core v0.6.4
[INFO] [stderr]    Compiling unicode-xid v0.2.4
[INFO] [stderr]    Compiling serde v1.0.188
[INFO] [stderr]    Compiling crc32fast v1.3.2
[INFO] [stderr]    Compiling rand_chacha v0.3.1
[INFO] [stderr]    Compiling ryu v1.0.13
[INFO] [stderr]    Compiling itoa v1.0.6
[INFO] [stderr]    Compiling rand v0.8.5
[INFO] [stderr]    Compiling thiserror v1.0.44
[INFO] [stderr]    Compiling memmap2 v0.7.1
[INFO] [stderr]    Compiling zip v0.6.6
[INFO] [stderr]    Compiling rayon v1.7.0
[INFO] [stderr]    Compiling rand_distr v0.4.3
[INFO] [stderr]    Compiling synstructure v0.13.0
[INFO] [stderr]    Compiling bytemuck_derive v1.5.0
[INFO] [stderr]    Compiling serde_derive v1.0.188
[INFO] [stderr]    Compiling zerofrom-derive v0.1.3
[INFO] [stderr]    Compiling thiserror-impl v1.0.44
[INFO] [stderr]    Compiling yoke-derive v0.7.2
[INFO] [stderr]    Compiling bytemuck v1.14.0
[INFO] [stderr]    Compiling zerofrom v0.1.3
[INFO] [stderr]    Compiling num-complex v0.4.3
[INFO] [stderr]    Compiling dyn-stack v0.9.0
[INFO] [stderr]    Compiling half v2.3.1
[INFO] [stderr]    Compiling yoke v0.7.2
[INFO] [stderr]    Compiling pulp v0.16.2
[INFO] [stderr]    Compiling gemm-common v0.16.6
[INFO] [stderr]    Compiling gemm-f32 v0.16.6
[INFO] [stderr]    Compiling gemm-c32 v0.16.6
[INFO] [stderr]    Compiling gemm-c64 v0.16.6
[INFO] [stderr]    Compiling gemm-f64 v0.16.6
[INFO] [stderr]    Compiling gemm-f16 v0.16.6
[INFO] [stderr]    Compiling gemm v0.16.6
[INFO] [stderr]    Compiling serde_json v1.0.103
[INFO] [stderr]    Compiling safetensors v0.3.1
[INFO] [stderr]    Compiling candle-core v0.3.1
[INFO] [stderr]    Compiling candle-nn v0.3.1 (/opt/rustwide/workdir)
[INFO] [stderr]     Finished dev [unoptimized + debuginfo] target(s) in 51.29s
[INFO] running `Command { std: "docker" "inspect" "3aec1851c24cf9435af036bdc8cc90111c2af34cb5e8d4ab6335a6500bf11f67", kill_on_drop: false }`
[INFO] running `Command { std: "docker" "rm" "-f" "3aec1851c24cf9435af036bdc8cc90111c2af34cb5e8d4ab6335a6500bf11f67", kill_on_drop: false }`
[INFO] [stdout] 3aec1851c24cf9435af036bdc8cc90111c2af34cb5e8d4ab6335a6500bf11f67
[INFO] running `Command { std: "docker" "create" "-v" "/var/lib/crater-agent-workspace/builds/worker-4-tc2/target:/opt/rustwide/target:rw,Z" "-v" "/var/lib/crater-agent-workspace/builds/worker-4-tc2/source:/opt/rustwide/workdir:ro,Z" "-v" "/var/lib/crater-agent-workspace/cargo-home:/opt/rustwide/cargo-home:ro,Z" "-v" "/var/lib/crater-agent-workspace/rustup-home:/opt/rustwide/rustup-home:ro,Z" "-e" "SOURCE_DIR=/opt/rustwide/workdir" "-e" "CARGO_TARGET_DIR=/opt/rustwide/target" "-e" "CARGO_INCREMENTAL=0" "-e" "RUST_BACKTRACE=full" "-e" "RUSTFLAGS=--cap-lints=warn" "-e" "RUSTDOCFLAGS=--cap-lints=warn" "-e" "CARGO_HOME=/opt/rustwide/cargo-home" "-e" "RUSTUP_HOME=/opt/rustwide/rustup-home" "-w" "/opt/rustwide/workdir" "-m" "1610612736" "--user" "0:0" "--network" "none" "ghcr.io/rust-lang/crates-build-env/linux@sha256:2788e3201cd34a07e3172128adcd8b3090168a8e3bcc40d7c032b9dda1df7d1c" "/opt/rustwide/cargo-home/bin/cargo" "+beta-2023-12-22" "test" "--frozen" "--no-run" "--message-format=json", kill_on_drop: false }`
[INFO] [stdout] 259c947b55094e4bf64beb9a7528abb00a054a1d77991954dd148a889de52108
[INFO] running `Command { std: "docker" "start" "-a" "259c947b55094e4bf64beb9a7528abb00a054a1d77991954dd148a889de52108", kill_on_drop: false }`
[INFO] [stderr]    Compiling libc v0.2.147
[INFO] [stderr]    Compiling syn v2.0.32
[INFO] [stderr]    Compiling once_cell v1.18.0
[INFO] [stderr]    Compiling io-lifetimes v1.0.11
[INFO] [stderr]    Compiling rustix v0.37.20
[INFO] [stderr]    Compiling linux-raw-sys v0.3.8
[INFO] [stderr]    Compiling cc v1.0.79
[INFO] [stderr]    Compiling utf8parse v0.2.1
[INFO] [stderr]    Compiling anstyle-parse v0.2.0
[INFO] [stderr]    Compiling memchr v2.6.3
[INFO] [stderr]    Compiling gimli v0.27.3
[INFO] [stderr]    Compiling colorchoice v1.0.0
[INFO] [stderr]    Compiling anstyle v1.0.0
[INFO] [stderr]    Compiling anstyle-query v1.0.0
[INFO] [stderr]    Compiling adler v1.0.2
[INFO] [stderr]    Compiling miniz_oxide v0.6.2
[INFO] [stderr]    Compiling anyhow v1.0.71
[INFO] [stderr]    Compiling object v0.30.4
[INFO] [stderr]    Compiling heck v0.4.1
[INFO] [stderr]    Compiling strsim v0.10.0
[INFO] [stderr]    Compiling clap_lex v0.5.0
[INFO] [stderr]    Compiling rustc-demangle v0.1.23
[INFO] [stderr]    Compiling backtrace v0.3.67
[INFO] [stderr]    Compiling getrandom v0.2.10
[INFO] [stderr]    Compiling num_cpus v1.16.0
[INFO] [stderr]    Compiling memmap2 v0.7.1
[INFO] [stderr]    Compiling rand_core v0.6.4
[INFO] [stderr]    Compiling rayon-core v1.11.0
[INFO] [stderr]    Compiling rand_chacha v0.3.1
[INFO] [stderr]    Compiling rand v0.8.5
[INFO] [stderr]    Compiling addr2line v0.19.0
[INFO] [stderr]    Compiling rayon v1.7.0
[INFO] [stderr]    Compiling rand_distr v0.4.3
[INFO] [stderr]    Compiling is-terminal v0.4.7
[INFO] [stderr]    Compiling anstream v0.3.2
[INFO] [stderr]    Compiling clap_builder v4.3.4
[INFO] [stderr]    Compiling synstructure v0.13.0
[INFO] [stderr]    Compiling bytemuck_derive v1.5.0
[INFO] [stderr]    Compiling serde_derive v1.0.188
[INFO] [stderr]    Compiling zerofrom-derive v0.1.3
[INFO] [stderr]    Compiling thiserror-impl v1.0.44
[INFO] [stderr]    Compiling yoke-derive v0.7.2
[INFO] [stderr]    Compiling clap_derive v4.3.2
[INFO] [stderr]    Compiling bytemuck v1.14.0
[INFO] [stderr]    Compiling num-complex v0.4.3
[INFO] [stderr]    Compiling half v2.3.1
[INFO] [stderr]    Compiling dyn-stack v0.9.0
[INFO] [stderr]    Compiling thiserror v1.0.44
[INFO] [stderr]    Compiling pulp v0.16.2
[INFO] [stderr]    Compiling clap v4.3.4
[INFO] [stderr]    Compiling zerofrom v0.1.3
[INFO] [stderr]    Compiling yoke v0.7.2
[INFO] [stderr]    Compiling gemm-common v0.16.6
[INFO] [stderr]    Compiling serde v1.0.188
[INFO] [stderr]    Compiling gemm-f32 v0.16.6
[INFO] [stderr]    Compiling gemm-c32 v0.16.6
[INFO] [stderr]    Compiling gemm-c64 v0.16.6
[INFO] [stderr]    Compiling gemm-f64 v0.16.6
[INFO] [stderr]    Compiling gemm-f16 v0.16.6
[INFO] [stderr]    Compiling gemm v0.16.6
[INFO] [stderr]    Compiling serde_json v1.0.103
[INFO] [stderr]    Compiling safetensors v0.3.1
[INFO] [stderr]    Compiling candle-core v0.3.1
[INFO] [stderr]    Compiling candle-nn v0.3.1 (/opt/rustwide/workdir)
[INFO] [stdout] error: linking with `cc` failed: exit status: 1
[INFO] [stdout]   |
[INFO] [stdout]   = note: LC_ALL="C" PATH="/opt/rustwide/rustup-home/toolchains/beta-2023-12-22-x86_64-unknown-linux-gnu/lib/rustlib/x86_64-unknown-linux-gnu/bin:/opt/rustwide/cargo-home/bin:/usr/local/sbin:/usr/local/bin:/usr/sbin:/usr/bin:/sbin:/bin" VSLANG="1033" "cc" "-m64" "/tmp/rustcx4pCsp/symbols.o" "/opt/rustwide/target/debug/examples/cpu_benchmarks-6db28d910b8ed89f.cpu_benchmarks.d4b5391c49ede3f-cgu.0.rcgu.o" "/opt/rustwide/target/debug/examples/cpu_benchmarks-6db28d910b8ed89f.cpu_benchmarks.d4b5391c49ede3f-cgu.1.rcgu.o" "/opt/rustwide/target/debug/examples/cpu_benchmarks-6db28d910b8ed89f.475acfokzqx5g2ln.rcgu.o" "-Wl,--as-needed" "-L" "/opt/rustwide/target/debug/deps" "-L" "/opt/rustwide/rustup-home/toolchains/beta-2023-12-22-x86_64-unknown-linux-gnu/lib/rustlib/x86_64-unknown-linux-gnu/lib" "-Wl,-Bstatic" "/opt/rustwide/target/debug/deps/libcandle_nn-e02c524545995961.rlib" "/opt/rustwide/target/debug/deps/libclap-bbbd180b5bfca874.rlib" "/opt/rustwide/target/debug/deps/libclap_builder-d68799e68154d8f6.rlib" "/opt/rustwide/target/debug/deps/libstrsim-7c2291ed86ef7041.rlib" "/opt/rustwide/target/debug/deps/libanstream-8d6fd6c4f09be145.rlib" "/opt/rustwide/target/debug/deps/libanstyle_query-6489b1baa85495ab.rlib" "/opt/rustwide/target/debug/deps/libis_terminal-827b960d83234559.rlib" "/opt/rustwide/target/debug/deps/librustix-009fced827b2da43.rlib" "/opt/rustwide/target/debug/deps/liblinux_raw_sys-777f6c1fa6b62135.rlib" "/opt/rustwide/target/debug/deps/libio_lifetimes-f46807c510606b33.rlib" "/opt/rustwide/target/debug/deps/libanstyle-ffc6ff749bf849f6.rlib" "/opt/rustwide/target/debug/deps/libcolorchoice-d395abfad8a7a372.rlib" "/opt/rustwide/target/debug/deps/libanstyle_parse-f1d9003d673f4a9f.rlib" "/opt/rustwide/target/debug/deps/libutf8parse-39ed42569342c469.rlib" "/opt/rustwide/target/debug/deps/libclap_lex-537012c777982ad5.rlib" "/opt/rustwide/target/debug/deps/libcandle_core-3afb45c701a34ff5.rlib" "/opt/rustwide/target/debug/deps/libmemmap2-32c1a252ed7ff03f.rlib" "/opt/rustwide/target/debug/deps/libzip-179577498caf04b2.rlib" "/opt/rustwide/target/debug/deps/libcrc32fast-dbea8ee6fb11ce73.rlib" "/opt/rustwide/target/debug/deps/libyoke-5c2c53dbdbd6d2c0.rlib" "/opt/rustwide/target/debug/deps/libzerofrom-a548fc1e29e024e9.rlib" "/opt/rustwide/target/debug/deps/libstable_deref_trait-2a0dbe5da253a28f.rlib" "/opt/rustwide/target/debug/deps/libthiserror-89a036b18a9c7005.rlib" "/opt/rustwide/target/debug/deps/libsafetensors-86d81fc7afbb2d9f.rlib" "/opt/rustwide/target/debug/deps/libserde_json-d12931506ad79359.rlib" "/opt/rustwide/target/debug/deps/libryu-ce09991353a76c10.rlib" "/opt/rustwide/target/debug/deps/libitoa-780f6737fc9d34ad.rlib" "/opt/rustwide/target/debug/deps/libserde-fac80626166a361c.rlib" "/opt/rustwide/target/debug/deps/libgemm-e8aa33fcc152ab5d.rlib" "/opt/rustwide/target/debug/deps/libgemm_c32-376cc392393db361.rlib" "/opt/rustwide/target/debug/deps/libgemm_c64-1da437bca1e431c4.rlib" "/opt/rustwide/target/debug/deps/libgemm_f64-a9865eb4a945b675.rlib" "/opt/rustwide/target/debug/deps/libgemm_f16-479d1f97765b9f02.rlib" "/opt/rustwide/target/debug/deps/libgemm_f32-0afe3e169e9d15c2.rlib" "/opt/rustwide/target/debug/deps/libgemm_common-f5b323490d63ade9.rlib" "/opt/rustwide/target/debug/deps/libonce_cell-728f13abc4f8cf5f.rlib" "/opt/rustwide/target/debug/deps/libpulp-b33a924bb17b7253.rlib" "/opt/rustwide/target/debug/deps/libnum_complex-3c0f7b2e3ed01d27.rlib" "/opt/rustwide/target/debug/deps/libdyn_stack-9513d07a905a94b1.rlib" "/opt/rustwide/target/debug/deps/libreborrow-9d5abf33295a9993.rlib" "/opt/rustwide/target/debug/deps/libraw_cpuid-24f21efa03dca46b.rlib" "/opt/rustwide/target/debug/deps/libbitflags-85e13ed1e0c6d910.rlib" "/opt/rustwide/target/debug/deps/librayon-3c5e66da8d77ddf2.rlib" "/opt/rustwide/target/debug/deps/librayon_core-c5639ddacedad6b1.rlib" "/opt/rustwide/target/debug/deps/libnum_cpus-a31d4e68c20cc774.rlib" "/opt/rustwide/target/debug/deps/libcrossbeam_deque-d3dfb3da79e0eb72.rlib" "/opt/rustwide/target/debug/deps/libcrossbeam_epoch-5865f3672dc4394d.rlib" "/opt/rustwide/target/debug/deps/libmemoffset-70be0b3efc76ca6c.rlib" "/opt/rustwide/target/debug/deps/libscopeguard-31f1b56a39f2a372.rlib" "/opt/rustwide/target/debug/deps/libcrossbeam_channel-b8b002b8a59907f8.rlib" "/opt/rustwide/target/debug/deps/libcrossbeam_utils-dd96d6909164d49d.rlib" "/opt/rustwide/target/debug/deps/libeither-882d4bfe8c57495f.rlib" "/opt/rustwide/target/debug/deps/libbyteorder-0ef92d8cf14cf0b1.rlib" "/opt/rustwide/target/debug/deps/libhalf-bca8f13d3eb6c5e7.rlib" "/opt/rustwide/target/debug/deps/librand_distr-302d857a8dbe2539.rlib" "/opt/rustwide/target/debug/deps/librand-4852388b83343660.rlib" "/opt/rustwide/target/debug/deps/librand_chacha-664f6f9ba44dab1b.rlib" "/opt/rustwide/target/debug/deps/libppv_lite86-db48c90fa293bcfe.rlib" "/opt/rustwide/target/debug/deps/librand_core-5a9ed4b6b3d1b199.rlib" "/opt/rustwide/target/debug/deps/libgetrandom-8b22c2a8d664de18.rlib" "/opt/rustwide/target/debug/deps/liblibc-28cb6a1af7d75d80.rlib" "/opt/rustwide/target/debug/deps/libcfg_if-e7002d307f97bc56.rlib" "/opt/rustwide/target/debug/deps/libnum_traits-5785faca3cdd0661.rlib" "/opt/rustwide/target/debug/deps/libbytemuck-325e82a4e825ccc3.rlib" "/opt/rustwide/rustup-home/toolchains/beta-2023-12-22-x86_64-unknown-linux-gnu/lib/rustlib/x86_64-unknown-linux-gnu/lib/libstd-0672489a78b613de.rlib" "/opt/rustwide/rustup-home/toolchains/beta-2023-12-22-x86_64-unknown-linux-gnu/lib/rustlib/x86_64-unknown-linux-gnu/lib/libpanic_unwind-7eb3ffc34a49f675.rlib" "/opt/rustwide/rustup-home/toolchains/beta-2023-12-22-x86_64-unknown-linux-gnu/lib/rustlib/x86_64-unknown-linux-gnu/lib/libobject-6478a9daa4bee8e2.rlib" "/opt/rustwide/rustup-home/toolchains/beta-2023-12-22-x86_64-unknown-linux-gnu/lib/rustlib/x86_64-unknown-linux-gnu/lib/libmemchr-0c75d871a5c3923d.rlib" "/opt/rustwide/rustup-home/toolchains/beta-2023-12-22-x86_64-unknown-linux-gnu/lib/rustlib/x86_64-unknown-linux-gnu/lib/libaddr2line-d163ef63ad37bb71.rlib" "/opt/rustwide/rustup-home/toolchains/beta-2023-12-22-x86_64-unknown-linux-gnu/lib/rustlib/x86_64-unknown-linux-gnu/lib/libgimli-8a3fd810a85b9f4c.rlib" "/opt/rustwide/rustup-home/toolchains/beta-2023-12-22-x86_64-unknown-linux-gnu/lib/rustlib/x86_64-unknown-linux-gnu/lib/librustc_demangle-462a2cde8c5dfc10.rlib" "/opt/rustwide/rustup-home/toolchains/beta-2023-12-22-x86_64-unknown-linux-gnu/lib/rustlib/x86_64-unknown-linux-gnu/lib/libstd_detect-cb06ac9f54713f71.rlib" "/opt/rustwide/rustup-home/toolchains/beta-2023-12-22-x86_64-unknown-linux-gnu/lib/rustlib/x86_64-unknown-linux-gnu/lib/libhashbrown-f20bfd1f8e59b393.rlib" "/opt/rustwide/rustup-home/toolchains/beta-2023-12-22-x86_64-unknown-linux-gnu/lib/rustlib/x86_64-unknown-linux-gnu/lib/librustc_std_workspace_alloc-1ef460949b49da4b.rlib" "/opt/rustwide/rustup-home/toolchains/beta-2023-12-22-x86_64-unknown-linux-gnu/lib/rustlib/x86_64-unknown-linux-gnu/lib/libminiz_oxide-2cb0c0ffe4f87514.rlib" "/opt/rustwide/rustup-home/toolchains/beta-2023-12-22-x86_64-unknown-linux-gnu/lib/rustlib/x86_64-unknown-linux-gnu/lib/libadler-58d841eb322a11a2.rlib" "/opt/rustwide/rustup-home/toolchains/beta-2023-12-22-x86_64-unknown-linux-gnu/lib/rustlib/x86_64-unknown-linux-gnu/lib/libunwind-aa2ae0b0a9d11533.rlib" "/opt/rustwide/rustup-home/toolchains/beta-2023-12-22-x86_64-unknown-linux-gnu/lib/rustlib/x86_64-unknown-linux-gnu/lib/libcfg_if-23874e15830ed336.rlib" "/opt/rustwide/rustup-home/toolchains/beta-2023-12-22-x86_64-unknown-linux-gnu/lib/rustlib/x86_64-unknown-linux-gnu/lib/liblibc-e47cddc003bce885.rlib" "/opt/rustwide/rustup-home/toolchains/beta-2023-12-22-x86_64-unknown-linux-gnu/lib/rustlib/x86_64-unknown-linux-gnu/lib/liballoc-c22b13b48a8f128e.rlib" "/opt/rustwide/rustup-home/toolchains/beta-2023-12-22-x86_64-unknown-linux-gnu/lib/rustlib/x86_64-unknown-linux-gnu/lib/librustc_std_workspace_core-e46bc3da6d7c462f.rlib" "/opt/rustwide/rustup-home/toolchains/beta-2023-12-22-x86_64-unknown-linux-gnu/lib/rustlib/x86_64-unknown-linux-gnu/lib/libcore-8d1ac131d3cb2645.rlib" "/opt/rustwide/rustup-home/toolchains/beta-2023-12-22-x86_64-unknown-linux-gnu/lib/rustlib/x86_64-unknown-linux-gnu/lib/libcompiler_builtins-a1b43df8c6899c1f.rlib" "-Wl,-Bdynamic" "-lgcc_s" "-lutil" "-lrt" "-lpthread" "-lm" "-ldl" "-lc" "-Wl,--eh-frame-hdr" "-Wl,-z,noexecstack" "-L" "/opt/rustwide/rustup-home/toolchains/beta-2023-12-22-x86_64-unknown-linux-gnu/lib/rustlib/x86_64-unknown-linux-gnu/lib" "-o" "/opt/rustwide/target/debug/examples/cpu_benchmarks-6db28d910b8ed89f" "-Wl,--gc-sections" "-pie" "-Wl,-z,relro,-z,now" "-nodefaultlibs"
[INFO] [stdout]   = note: collect2: fatal error: ld terminated with signal 9 [Killed]
[INFO] [stdout]           compilation terminated.
[INFO] [stdout]           
[INFO] [stdout] 
[INFO] [stdout] 
[INFO] [stdout] error: aborting due to 1 previous error
[INFO] [stdout] 
[INFO] [stdout] 
[INFO] [stderr] error: could not compile `candle-nn` (example "cpu_benchmarks") due to 2 previous errors
[INFO] [stderr] warning: build failed, waiting for other jobs to finish...
[INFO] [stdout] error: linking with `cc` failed: exit status: 1
[INFO] [stdout]   |
[INFO] [stdout]   = note: LC_ALL="C" PATH="/opt/rustwide/rustup-home/toolchains/beta-2023-12-22-x86_64-unknown-linux-gnu/lib/rustlib/x86_64-unknown-linux-gnu/bin:/opt/rustwide/cargo-home/bin:/usr/local/sbin:/usr/local/bin:/usr/sbin:/usr/bin:/sbin:/bin" VSLANG="1033" "cc" "-m64" "/tmp/rustcI60cOd/symbols.o" "/opt/rustwide/target/debug/deps/rnn-15ac326453f2741a.rnn.3b1d3244d48972dd-cgu.0.rcgu.o" "/opt/rustwide/target/debug/deps/rnn-15ac326453f2741a.2kdvdicm9slhtx5x.rcgu.o" "-Wl,--as-needed" "-L" "/opt/rustwide/target/debug/deps" "-L" "/opt/rustwide/rustup-home/toolchains/beta-2023-12-22-x86_64-unknown-linux-gnu/lib/rustlib/x86_64-unknown-linux-gnu/lib" "-Wl,-Bstatic" "/opt/rustwide/rustup-home/toolchains/beta-2023-12-22-x86_64-unknown-linux-gnu/lib/rustlib/x86_64-unknown-linux-gnu/lib/libtest-cbab71697df97b00.rlib" "/opt/rustwide/rustup-home/toolchains/beta-2023-12-22-x86_64-unknown-linux-gnu/lib/rustlib/x86_64-unknown-linux-gnu/lib/libgetopts-2a2cf8f16c536007.rlib" "/opt/rustwide/rustup-home/toolchains/beta-2023-12-22-x86_64-unknown-linux-gnu/lib/rustlib/x86_64-unknown-linux-gnu/lib/libunicode_width-c5f3cc3cceaf9070.rlib" "/opt/rustwide/rustup-home/toolchains/beta-2023-12-22-x86_64-unknown-linux-gnu/lib/rustlib/x86_64-unknown-linux-gnu/lib/librustc_std_workspace_std-a31324ec815b09db.rlib" "/opt/rustwide/target/debug/deps/libcandle_nn-e02c524545995961.rlib" "/opt/rustwide/target/debug/deps/libcandle_core-3afb45c701a34ff5.rlib" "/opt/rustwide/target/debug/deps/libmemmap2-32c1a252ed7ff03f.rlib" "/opt/rustwide/target/debug/deps/libzip-179577498caf04b2.rlib" "/opt/rustwide/target/debug/deps/libcrc32fast-dbea8ee6fb11ce73.rlib" "/opt/rustwide/target/debug/deps/libyoke-5c2c53dbdbd6d2c0.rlib" "/opt/rustwide/target/debug/deps/libzerofrom-a548fc1e29e024e9.rlib" "/opt/rustwide/target/debug/deps/libstable_deref_trait-2a0dbe5da253a28f.rlib" "/opt/rustwide/target/debug/deps/libthiserror-89a036b18a9c7005.rlib" "/opt/rustwide/target/debug/deps/libsafetensors-86d81fc7afbb2d9f.rlib" "/opt/rustwide/target/debug/deps/libserde_json-d12931506ad79359.rlib" "/opt/rustwide/target/debug/deps/libryu-ce09991353a76c10.rlib" "/opt/rustwide/target/debug/deps/libitoa-780f6737fc9d34ad.rlib" "/opt/rustwide/target/debug/deps/libserde-fac80626166a361c.rlib" "/opt/rustwide/target/debug/deps/libgemm-e8aa33fcc152ab5d.rlib" "/opt/rustwide/target/debug/deps/libgemm_c32-376cc392393db361.rlib" "/opt/rustwide/target/debug/deps/libgemm_c64-1da437bca1e431c4.rlib" "/opt/rustwide/target/debug/deps/libgemm_f64-a9865eb4a945b675.rlib" "/opt/rustwide/target/debug/deps/libgemm_f16-479d1f97765b9f02.rlib" "/opt/rustwide/target/debug/deps/libgemm_f32-0afe3e169e9d15c2.rlib" "/opt/rustwide/target/debug/deps/libgemm_common-f5b323490d63ade9.rlib" "/opt/rustwide/target/debug/deps/libonce_cell-728f13abc4f8cf5f.rlib" "/opt/rustwide/target/debug/deps/libpulp-b33a924bb17b7253.rlib" "/opt/rustwide/target/debug/deps/libnum_complex-3c0f7b2e3ed01d27.rlib" "/opt/rustwide/target/debug/deps/libdyn_stack-9513d07a905a94b1.rlib" "/opt/rustwide/target/debug/deps/libreborrow-9d5abf33295a9993.rlib" "/opt/rustwide/target/debug/deps/libraw_cpuid-24f21efa03dca46b.rlib" "/opt/rustwide/target/debug/deps/libbitflags-85e13ed1e0c6d910.rlib" "/opt/rustwide/target/debug/deps/librayon-3c5e66da8d77ddf2.rlib" "/opt/rustwide/target/debug/deps/librayon_core-c5639ddacedad6b1.rlib" "/opt/rustwide/target/debug/deps/libnum_cpus-a31d4e68c20cc774.rlib" "/opt/rustwide/target/debug/deps/libcrossbeam_deque-d3dfb3da79e0eb72.rlib" "/opt/rustwide/target/debug/deps/libcrossbeam_epoch-5865f3672dc4394d.rlib" "/opt/rustwide/target/debug/deps/libmemoffset-70be0b3efc76ca6c.rlib" "/opt/rustwide/target/debug/deps/libscopeguard-31f1b56a39f2a372.rlib" "/opt/rustwide/target/debug/deps/libcrossbeam_channel-b8b002b8a59907f8.rlib" "/opt/rustwide/target/debug/deps/libcrossbeam_utils-dd96d6909164d49d.rlib" "/opt/rustwide/target/debug/deps/libeither-882d4bfe8c57495f.rlib" "/opt/rustwide/target/debug/deps/libbyteorder-0ef92d8cf14cf0b1.rlib" "/opt/rustwide/target/debug/deps/libhalf-bca8f13d3eb6c5e7.rlib" "/opt/rustwide/target/debug/deps/librand_distr-302d857a8dbe2539.rlib" "/opt/rustwide/target/debug/deps/librand-4852388b83343660.rlib" "/opt/rustwide/target/debug/deps/librand_chacha-664f6f9ba44dab1b.rlib" "/opt/rustwide/target/debug/deps/libppv_lite86-db48c90fa293bcfe.rlib" "/opt/rustwide/target/debug/deps/librand_core-5a9ed4b6b3d1b199.rlib" "/opt/rustwide/target/debug/deps/libgetrandom-8b22c2a8d664de18.rlib" "/opt/rustwide/target/debug/deps/liblibc-28cb6a1af7d75d80.rlib" "/opt/rustwide/target/debug/deps/libcfg_if-e7002d307f97bc56.rlib" "/opt/rustwide/target/debug/deps/libnum_traits-5785faca3cdd0661.rlib" "/opt/rustwide/target/debug/deps/libbytemuck-325e82a4e825ccc3.rlib" "/opt/rustwide/rustup-home/toolchains/beta-2023-12-22-x86_64-unknown-linux-gnu/lib/rustlib/x86_64-unknown-linux-gnu/lib/libstd-0672489a78b613de.rlib" "/opt/rustwide/rustup-home/toolchains/beta-2023-12-22-x86_64-unknown-linux-gnu/lib/rustlib/x86_64-unknown-linux-gnu/lib/libpanic_unwind-7eb3ffc34a49f675.rlib" "/opt/rustwide/rustup-home/toolchains/beta-2023-12-22-x86_64-unknown-linux-gnu/lib/rustlib/x86_64-unknown-linux-gnu/lib/libobject-6478a9daa4bee8e2.rlib" "/opt/rustwide/rustup-home/toolchains/beta-2023-12-22-x86_64-unknown-linux-gnu/lib/rustlib/x86_64-unknown-linux-gnu/lib/libmemchr-0c75d871a5c3923d.rlib" "/opt/rustwide/rustup-home/toolchains/beta-2023-12-22-x86_64-unknown-linux-gnu/lib/rustlib/x86_64-unknown-linux-gnu/lib/libaddr2line-d163ef63ad37bb71.rlib" "/opt/rustwide/rustup-home/toolchains/beta-2023-12-22-x86_64-unknown-linux-gnu/lib/rustlib/x86_64-unknown-linux-gnu/lib/libgimli-8a3fd810a85b9f4c.rlib" "/opt/rustwide/rustup-home/toolchains/beta-2023-12-22-x86_64-unknown-linux-gnu/lib/rustlib/x86_64-unknown-linux-gnu/lib/librustc_demangle-462a2cde8c5dfc10.rlib" "/opt/rustwide/rustup-home/toolchains/beta-2023-12-22-x86_64-unknown-linux-gnu/lib/rustlib/x86_64-unknown-linux-gnu/lib/libstd_detect-cb06ac9f54713f71.rlib" "/opt/rustwide/rustup-home/toolchains/beta-2023-12-22-x86_64-unknown-linux-gnu/lib/rustlib/x86_64-unknown-linux-gnu/lib/libhashbrown-f20bfd1f8e59b393.rlib" "/opt/rustwide/rustup-home/toolchains/beta-2023-12-22-x86_64-unknown-linux-gnu/lib/rustlib/x86_64-unknown-linux-gnu/lib/librustc_std_workspace_alloc-1ef460949b49da4b.rlib" "/opt/rustwide/rustup-home/toolchains/beta-2023-12-22-x86_64-unknown-linux-gnu/lib/rustlib/x86_64-unknown-linux-gnu/lib/libminiz_oxide-2cb0c0ffe4f87514.rlib" "/opt/rustwide/rustup-home/toolchains/beta-2023-12-22-x86_64-unknown-linux-gnu/lib/rustlib/x86_64-unknown-linux-gnu/lib/libadler-58d841eb322a11a2.rlib" "/opt/rustwide/rustup-home/toolchains/beta-2023-12-22-x86_64-unknown-linux-gnu/lib/rustlib/x86_64-unknown-linux-gnu/lib/libunwind-aa2ae0b0a9d11533.rlib" "/opt/rustwide/rustup-home/toolchains/beta-2023-12-22-x86_64-unknown-linux-gnu/lib/rustlib/x86_64-unknown-linux-gnu/lib/libcfg_if-23874e15830ed336.rlib" "/opt/rustwide/rustup-home/toolchains/beta-2023-12-22-x86_64-unknown-linux-gnu/lib/rustlib/x86_64-unknown-linux-gnu/lib/liblibc-e47cddc003bce885.rlib" "/opt/rustwide/rustup-home/toolchains/beta-2023-12-22-x86_64-unknown-linux-gnu/lib/rustlib/x86_64-unknown-linux-gnu/lib/liballoc-c22b13b48a8f128e.rlib" "/opt/rustwide/rustup-home/toolchains/beta-2023-12-22-x86_64-unknown-linux-gnu/lib/rustlib/x86_64-unknown-linux-gnu/lib/librustc_std_workspace_core-e46bc3da6d7c462f.rlib" "/opt/rustwide/rustup-home/toolchains/beta-2023-12-22-x86_64-unknown-linux-gnu/lib/rustlib/x86_64-unknown-linux-gnu/lib/libcore-8d1ac131d3cb2645.rlib" "/opt/rustwide/rustup-home/toolchains/beta-2023-12-22-x86_64-unknown-linux-gnu/lib/rustlib/x86_64-unknown-linux-gnu/lib/libcompiler_builtins-a1b43df8c6899c1f.rlib" "-Wl,-Bdynamic" "-lgcc_s" "-lutil" "-lrt" "-lpthread" "-lm" "-ldl" "-lc" "-Wl,--eh-frame-hdr" "-Wl,-z,noexecstack" "-L" "/opt/rustwide/rustup-home/toolchains/beta-2023-12-22-x86_64-unknown-linux-gnu/lib/rustlib/x86_64-unknown-linux-gnu/lib" "-o" "/opt/rustwide/target/debug/deps/rnn-15ac326453f2741a" "-Wl,--gc-sections" "-pie" "-Wl,-z,relro,-z,now" "-nodefaultlibs"
[INFO] [stdout]   = note: collect2: fatal error: ld terminated with signal 9 [Killed]
[INFO] [stdout]           compilation terminated.
[INFO] [stdout]           
[INFO] [stdout] 
[INFO] [stdout] 
[INFO] [stdout] error: aborting due to 1 previous error
[INFO] [stdout] 
[INFO] [stdout] 
[INFO] [stderr] error: could not compile `candle-nn` (test "rnn") due to 2 previous errors
[INFO] [stdout] error: linking with `cc` failed: exit status: 1
[INFO] [stdout]   |
[INFO] [stdout]   = note: LC_ALL="C" PATH="/opt/rustwide/rustup-home/toolchains/beta-2023-12-22-x86_64-unknown-linux-gnu/lib/rustlib/x86_64-unknown-linux-gnu/bin:/opt/rustwide/cargo-home/bin:/usr/local/sbin:/usr/local/bin:/usr/sbin:/usr/bin:/sbin:/bin" VSLANG="1033" "cc" "-m64" "/tmp/rustcDJN50P/symbols.o" "/opt/rustwide/target/debug/deps/optim-9a02634f54c7db2c.optim.7c33a34f9f94b845-cgu.0.rcgu.o" "/opt/rustwide/target/debug/deps/optim-9a02634f54c7db2c.1gtn86ji39zsyt8h.rcgu.o" "-Wl,--as-needed" "-L" "/opt/rustwide/target/debug/deps" "-L" "/opt/rustwide/rustup-home/toolchains/beta-2023-12-22-x86_64-unknown-linux-gnu/lib/rustlib/x86_64-unknown-linux-gnu/lib" "-Wl,-Bstatic" "/opt/rustwide/rustup-home/toolchains/beta-2023-12-22-x86_64-unknown-linux-gnu/lib/rustlib/x86_64-unknown-linux-gnu/lib/libtest-cbab71697df97b00.rlib" "/opt/rustwide/rustup-home/toolchains/beta-2023-12-22-x86_64-unknown-linux-gnu/lib/rustlib/x86_64-unknown-linux-gnu/lib/libgetopts-2a2cf8f16c536007.rlib" "/opt/rustwide/rustup-home/toolchains/beta-2023-12-22-x86_64-unknown-linux-gnu/lib/rustlib/x86_64-unknown-linux-gnu/lib/libunicode_width-c5f3cc3cceaf9070.rlib" "/opt/rustwide/rustup-home/toolchains/beta-2023-12-22-x86_64-unknown-linux-gnu/lib/rustlib/x86_64-unknown-linux-gnu/lib/librustc_std_workspace_std-a31324ec815b09db.rlib" "/opt/rustwide/target/debug/deps/libcandle_nn-e02c524545995961.rlib" "/opt/rustwide/target/debug/deps/libanyhow-eb7886876a6d1e2e.rlib" "/opt/rustwide/target/debug/deps/libbacktrace-b5c017b092317e3c.rlib" "/opt/rustwide/target/debug/deps/libminiz_oxide-bd525cb5efe2f8d6.rlib" "/opt/rustwide/target/debug/deps/libadler-eba61f23bb3cdb48.rlib" "/opt/rustwide/target/debug/deps/libobject-3a0489337dd1b35c.rlib" "/opt/rustwide/target/debug/deps/libmemchr-3f32f2c4baa8b734.rlib" "/opt/rustwide/target/debug/deps/libaddr2line-37ce59929359d6c1.rlib" "/opt/rustwide/target/debug/deps/libgimli-d1ff3b4b6006de60.rlib" "/opt/rustwide/target/debug/deps/librustc_demangle-880659badff80dc2.rlib" "/opt/rustwide/target/debug/deps/libcandle_core-3afb45c701a34ff5.rlib" "/opt/rustwide/target/debug/deps/libmemmap2-32c1a252ed7ff03f.rlib" "/opt/rustwide/target/debug/deps/libzip-179577498caf04b2.rlib" "/opt/rustwide/target/debug/deps/libcrc32fast-dbea8ee6fb11ce73.rlib" "/opt/rustwide/target/debug/deps/libyoke-5c2c53dbdbd6d2c0.rlib" "/opt/rustwide/target/debug/deps/libzerofrom-a548fc1e29e024e9.rlib" "/opt/rustwide/target/debug/deps/libstable_deref_trait-2a0dbe5da253a28f.rlib" "/opt/rustwide/target/debug/deps/libthiserror-89a036b18a9c7005.rlib" "/opt/rustwide/target/debug/deps/libsafetensors-86d81fc7afbb2d9f.rlib" "/opt/rustwide/target/debug/deps/libserde_json-d12931506ad79359.rlib" "/opt/rustwide/target/debug/deps/libryu-ce09991353a76c10.rlib" "/opt/rustwide/target/debug/deps/libitoa-780f6737fc9d34ad.rlib" "/opt/rustwide/target/debug/deps/libserde-fac80626166a361c.rlib" "/opt/rustwide/target/debug/deps/libgemm-e8aa33fcc152ab5d.rlib" "/opt/rustwide/target/debug/deps/libgemm_c32-376cc392393db361.rlib" "/opt/rustwide/target/debug/deps/libgemm_c64-1da437bca1e431c4.rlib" "/opt/rustwide/target/debug/deps/libgemm_f64-a9865eb4a945b675.rlib" "/opt/rustwide/target/debug/deps/libgemm_f16-479d1f97765b9f02.rlib" "/opt/rustwide/target/debug/deps/libgemm_f32-0afe3e169e9d15c2.rlib" "/opt/rustwide/target/debug/deps/libgemm_common-f5b323490d63ade9.rlib" "/opt/rustwide/target/debug/deps/libonce_cell-728f13abc4f8cf5f.rlib" "/opt/rustwide/target/debug/deps/libpulp-b33a924bb17b7253.rlib" "/opt/rustwide/target/debug/deps/libnum_complex-3c0f7b2e3ed01d27.rlib" "/opt/rustwide/target/debug/deps/libdyn_stack-9513d07a905a94b1.rlib" "/opt/rustwide/target/debug/deps/libreborrow-9d5abf33295a9993.rlib" "/opt/rustwide/target/debug/deps/libraw_cpuid-24f21efa03dca46b.rlib" "/opt/rustwide/target/debug/deps/libbitflags-85e13ed1e0c6d910.rlib" "/opt/rustwide/target/debug/deps/librayon-3c5e66da8d77ddf2.rlib" "/opt/rustwide/target/debug/deps/librayon_core-c5639ddacedad6b1.rlib" "/opt/rustwide/target/debug/deps/libnum_cpus-a31d4e68c20cc774.rlib" "/opt/rustwide/target/debug/deps/libcrossbeam_deque-d3dfb3da79e0eb72.rlib" "/opt/rustwide/target/debug/deps/libcrossbeam_epoch-5865f3672dc4394d.rlib" "/opt/rustwide/target/debug/deps/libmemoffset-70be0b3efc76ca6c.rlib" "/opt/rustwide/target/debug/deps/libscopeguard-31f1b56a39f2a372.rlib" "/opt/rustwide/target/debug/deps/libcrossbeam_channel-b8b002b8a59907f8.rlib" "/opt/rustwide/target/debug/deps/libcrossbeam_utils-dd96d6909164d49d.rlib" "/opt/rustwide/target/debug/deps/libeither-882d4bfe8c57495f.rlib" "/opt/rustwide/target/debug/deps/libbyteorder-0ef92d8cf14cf0b1.rlib" "/opt/rustwide/target/debug/deps/libhalf-bca8f13d3eb6c5e7.rlib" "/opt/rustwide/target/debug/deps/librand_distr-302d857a8dbe2539.rlib" "/opt/rustwide/target/debug/deps/librand-4852388b83343660.rlib" "/opt/rustwide/target/debug/deps/librand_chacha-664f6f9ba44dab1b.rlib" "/opt/rustwide/target/debug/deps/libppv_lite86-db48c90fa293bcfe.rlib" "/opt/rustwide/target/debug/deps/librand_core-5a9ed4b6b3d1b199.rlib" "/opt/rustwide/target/debug/deps/libgetrandom-8b22c2a8d664de18.rlib" "/opt/rustwide/target/debug/deps/liblibc-28cb6a1af7d75d80.rlib" "/opt/rustwide/target/debug/deps/libcfg_if-e7002d307f97bc56.rlib" "/opt/rustwide/target/debug/deps/libnum_traits-5785faca3cdd0661.rlib" "/opt/rustwide/target/debug/deps/libbytemuck-325e82a4e825ccc3.rlib" "/opt/rustwide/rustup-home/toolchains/beta-2023-12-22-x86_64-unknown-linux-gnu/lib/rustlib/x86_64-unknown-linux-gnu/lib/libstd-0672489a78b613de.rlib" "/opt/rustwide/rustup-home/toolchains/beta-2023-12-22-x86_64-unknown-linux-gnu/lib/rustlib/x86_64-unknown-linux-gnu/lib/libpanic_unwind-7eb3ffc34a49f675.rlib" "/opt/rustwide/rustup-home/toolchains/beta-2023-12-22-x86_64-unknown-linux-gnu/lib/rustlib/x86_64-unknown-linux-gnu/lib/libobject-6478a9daa4bee8e2.rlib" "/opt/rustwide/rustup-home/toolchains/beta-2023-12-22-x86_64-unknown-linux-gnu/lib/rustlib/x86_64-unknown-linux-gnu/lib/libmemchr-0c75d871a5c3923d.rlib" "/opt/rustwide/rustup-home/toolchains/beta-2023-12-22-x86_64-unknown-linux-gnu/lib/rustlib/x86_64-unknown-linux-gnu/lib/libaddr2line-d163ef63ad37bb71.rlib" "/opt/rustwide/rustup-home/toolchains/beta-2023-12-22-x86_64-unknown-linux-gnu/lib/rustlib/x86_64-unknown-linux-gnu/lib/libgimli-8a3fd810a85b9f4c.rlib" "/opt/rustwide/rustup-home/toolchains/beta-2023-12-22-x86_64-unknown-linux-gnu/lib/rustlib/x86_64-unknown-linux-gnu/lib/librustc_demangle-462a2cde8c5dfc10.rlib" "/opt/rustwide/rustup-home/toolchains/beta-2023-12-22-x86_64-unknown-linux-gnu/lib/rustlib/x86_64-unknown-linux-gnu/lib/libstd_detect-cb06ac9f54713f71.rlib" "/opt/rustwide/rustup-home/toolchains/beta-2023-12-22-x86_64-unknown-linux-gnu/lib/rustlib/x86_64-unknown-linux-gnu/lib/libhashbrown-f20bfd1f8e59b393.rlib" "/opt/rustwide/rustup-home/toolchains/beta-2023-12-22-x86_64-unknown-linux-gnu/lib/rustlib/x86_64-unknown-linux-gnu/lib/librustc_std_workspace_alloc-1ef460949b49da4b.rlib" "/opt/rustwide/rustup-home/toolchains/beta-2023-12-22-x86_64-unknown-linux-gnu/lib/rustlib/x86_64-unknown-linux-gnu/lib/libminiz_oxide-2cb0c0ffe4f87514.rlib" "/opt/rustwide/rustup-home/toolchains/beta-2023-12-22-x86_64-unknown-linux-gnu/lib/rustlib/x86_64-unknown-linux-gnu/lib/libadler-58d841eb322a11a2.rlib" "/opt/rustwide/rustup-home/toolchains/beta-2023-12-22-x86_64-unknown-linux-gnu/lib/rustlib/x86_64-unknown-linux-gnu/lib/libunwind-aa2ae0b0a9d11533.rlib" "/opt/rustwide/rustup-home/toolchains/beta-2023-12-22-x86_64-unknown-linux-gnu/lib/rustlib/x86_64-unknown-linux-gnu/lib/libcfg_if-23874e15830ed336.rlib" "/opt/rustwide/rustup-home/toolchains/beta-2023-12-22-x86_64-unknown-linux-gnu/lib/rustlib/x86_64-unknown-linux-gnu/lib/liblibc-e47cddc003bce885.rlib" "/opt/rustwide/rustup-home/toolchains/beta-2023-12-22-x86_64-unknown-linux-gnu/lib/rustlib/x86_64-unknown-linux-gnu/lib/liballoc-c22b13b48a8f128e.rlib" "/opt/rustwide/rustup-home/toolchains/beta-2023-12-22-x86_64-unknown-linux-gnu/lib/rustlib/x86_64-unknown-linux-gnu/lib/librustc_std_workspace_core-e46bc3da6d7c462f.rlib" "/opt/rustwide/rustup-home/toolchains/beta-2023-12-22-x86_64-unknown-linux-gnu/lib/rustlib/x86_64-unknown-linux-gnu/lib/libcore-8d1ac131d3cb2645.rlib" "/opt/rustwide/rustup-home/toolchains/beta-2023-12-22-x86_64-unknown-linux-gnu/lib/rustlib/x86_64-unknown-linux-gnu/lib/libcompiler_builtins-a1b43df8c6899c1f.rlib" "-Wl,-Bdynamic" "-lgcc_s" "-lutil" "-lrt" "-lpthread" "-lm" "-ldl" "-lc" "-Wl,--eh-frame-hdr" "-Wl,-z,noexecstack" "-L" "/opt/rustwide/rustup-home/toolchains/beta-2023-12-22-x86_64-unknown-linux-gnu/lib/rustlib/x86_64-unknown-linux-gnu/lib" "-o" "/opt/rustwide/target/debug/deps/optim-9a02634f54c7db2c" "-Wl,--gc-sections" "-pie" "-Wl,-z,relro,-z,now" "-nodefaultlibs"
[INFO] [stdout]   = note: collect2: fatal error: ld terminated with signal 9 [Killed]
[INFO] [stdout]           compilation terminated.
[INFO] [stdout]           
[INFO] [stdout] 
[INFO] [stdout] 
[INFO] [stdout] error: aborting due to 1 previous error
[INFO] [stdout] 
[INFO] [stdout] 
[INFO] [stderr] error: could not compile `candle-nn` (test "optim") due to 2 previous errors
[INFO] running `Command { std: "docker" "inspect" "259c947b55094e4bf64beb9a7528abb00a054a1d77991954dd148a889de52108", kill_on_drop: false }`
[INFO] running `Command { std: "docker" "rm" "-f" "259c947b55094e4bf64beb9a7528abb00a054a1d77991954dd148a889de52108", kill_on_drop: false }`
[INFO] [stdout] 259c947b55094e4bf64beb9a7528abb00a054a1d77991954dd148a889de52108
