[INFO] fetching crate candle-ext 0.1.5...
[INFO] testing candle-ext-0.1.5 against 1.75.0 for beta-1.76-1
[INFO] extracting crate candle-ext 0.1.5 into /workspace/builds/worker-4-tc1/source
[INFO] validating manifest of crates.io crate candle-ext 0.1.5 on toolchain 1.75.0
[INFO] running `Command { std: CARGO_HOME="/workspace/cargo-home" RUSTUP_HOME="/workspace/rustup-home" "/workspace/cargo-home/bin/cargo" "+1.75.0" "metadata" "--manifest-path" "Cargo.toml" "--no-deps", kill_on_drop: false }`
[INFO] started tweaking crates.io crate candle-ext 0.1.5
[INFO] finished tweaking crates.io crate candle-ext 0.1.5
[INFO] tweaked toml for crates.io crate candle-ext 0.1.5 written to /workspace/builds/worker-4-tc1/source/Cargo.toml
[INFO] running `Command { std: CARGO_HOME="/workspace/cargo-home" RUSTUP_HOME="/workspace/rustup-home" "/workspace/cargo-home/bin/cargo" "+1.75.0" "generate-lockfile" "--manifest-path" "Cargo.toml", kill_on_drop: false }`
[INFO] [stderr]     Updating crates.io index
[INFO] running `Command { std: CARGO_HOME="/workspace/cargo-home" RUSTUP_HOME="/workspace/rustup-home" "/workspace/cargo-home/bin/cargo" "+1.75.0" "fetch" "--manifest-path" "Cargo.toml", kill_on_drop: false }`
[INFO] [stderr]     Blocking waiting for file lock on package cache
[INFO] [stderr]  Downloading crates ...
[INFO] [stderr]   Downloaded gemm-f32 v0.16.15
[INFO] [stderr]   Downloaded gemm-f64 v0.16.15
[INFO] [stderr]   Downloaded yoke v0.7.3
[INFO] [stderr]   Downloaded gemm-common v0.16.15
[INFO] [stderr]   Downloaded memmap2 v0.7.1
[INFO] [stderr]   Downloaded zerofrom-derive v0.1.3
[INFO] [stderr]   Downloaded gemm-f16 v0.16.15
[INFO] [stderr]   Downloaded pulp v0.18.6
[INFO] [stderr]   Downloaded reborrow v0.5.5
[INFO] [stderr]   Downloaded dyn-stack v0.10.0
[INFO] [stderr]   Downloaded candle-core v0.3.2
[INFO] [stderr]   Downloaded yoke-derive v0.7.3
[INFO] [stderr]   Downloaded gemm v0.16.15
[INFO] [stderr]   Downloaded zerofrom v0.1.3
[INFO] [stderr]   Downloaded synstructure v0.13.0
[INFO] [stderr]   Downloaded candle-nn v0.3.2
[INFO] [stderr]   Downloaded gemm-c32 v0.16.15
[INFO] [stderr]   Downloaded gemm-c64 v0.16.15
[INFO] [stderr]   Downloaded safetensors v0.3.3
[INFO] running `Command { std: "docker" "create" "-v" "/var/lib/crater-agent-workspace/builds/worker-4-tc1/target:/opt/rustwide/target:rw,Z" "-v" "/var/lib/crater-agent-workspace/builds/worker-4-tc1/source:/opt/rustwide/workdir:ro,Z" "-v" "/var/lib/crater-agent-workspace/cargo-home:/opt/rustwide/cargo-home:ro,Z" "-v" "/var/lib/crater-agent-workspace/rustup-home:/opt/rustwide/rustup-home:ro,Z" "-e" "SOURCE_DIR=/opt/rustwide/workdir" "-e" "CARGO_TARGET_DIR=/opt/rustwide/target" "-e" "CARGO_HOME=/opt/rustwide/cargo-home" "-e" "RUSTUP_HOME=/opt/rustwide/rustup-home" "-w" "/opt/rustwide/workdir" "-m" "1610612736" "--user" "0:0" "--network" "none" "ghcr.io/rust-lang/crates-build-env/linux@sha256:2788e3201cd34a07e3172128adcd8b3090168a8e3bcc40d7c032b9dda1df7d1c" "/opt/rustwide/cargo-home/bin/cargo" "+1.75.0" "metadata" "--no-deps" "--format-version=1", kill_on_drop: false }`
[INFO] [stdout] 38faa854a18975afa3ab867fdb9c180776fbd46ac8f20d46c9db4af98c3ddba3
[INFO] running `Command { std: "docker" "start" "-a" "38faa854a18975afa3ab867fdb9c180776fbd46ac8f20d46c9db4af98c3ddba3", kill_on_drop: false }`
[INFO] running `Command { std: "docker" "inspect" "38faa854a18975afa3ab867fdb9c180776fbd46ac8f20d46c9db4af98c3ddba3", kill_on_drop: false }`
[INFO] running `Command { std: "docker" "rm" "-f" "38faa854a18975afa3ab867fdb9c180776fbd46ac8f20d46c9db4af98c3ddba3", kill_on_drop: false }`
[INFO] [stdout] 38faa854a18975afa3ab867fdb9c180776fbd46ac8f20d46c9db4af98c3ddba3
[INFO] running `Command { std: "docker" "create" "-v" "/var/lib/crater-agent-workspace/builds/worker-4-tc1/target:/opt/rustwide/target:rw,Z" "-v" "/var/lib/crater-agent-workspace/builds/worker-4-tc1/source:/opt/rustwide/workdir:ro,Z" "-v" "/var/lib/crater-agent-workspace/cargo-home:/opt/rustwide/cargo-home:ro,Z" "-v" "/var/lib/crater-agent-workspace/rustup-home:/opt/rustwide/rustup-home:ro,Z" "-e" "SOURCE_DIR=/opt/rustwide/workdir" "-e" "CARGO_TARGET_DIR=/opt/rustwide/target" "-e" "CARGO_INCREMENTAL=0" "-e" "RUST_BACKTRACE=full" "-e" "RUSTFLAGS=--cap-lints=warn" "-e" "RUSTDOCFLAGS=--cap-lints=warn" "-e" "CARGO_HOME=/opt/rustwide/cargo-home" "-e" "RUSTUP_HOME=/opt/rustwide/rustup-home" "-w" "/opt/rustwide/workdir" "-m" "1610612736" "--user" "0:0" "--network" "none" "ghcr.io/rust-lang/crates-build-env/linux@sha256:2788e3201cd34a07e3172128adcd8b3090168a8e3bcc40d7c032b9dda1df7d1c" "/opt/rustwide/cargo-home/bin/cargo" "+1.75.0" "build" "--frozen" "--message-format=json", kill_on_drop: false }`
[INFO] [stdout] 45d5d65d7199a78bfca74756117bf30e2ca4229257cb0c0f095f8fc105669f3b
[INFO] running `Command { std: "docker" "start" "-a" "45d5d65d7199a78bfca74756117bf30e2ca4229257cb0c0f095f8fc105669f3b", kill_on_drop: false }`
[INFO] [stderr]    Compiling reborrow v0.5.5
[INFO] [stderr]    Compiling seq-macro v0.3.5
[INFO] [stderr]    Compiling once_cell v1.19.0
[INFO] [stderr]    Compiling unicode-xid v0.2.4
[INFO] [stderr]    Compiling serde v1.0.194
[INFO] [stderr]    Compiling serde_json v1.0.111
[INFO] [stderr]    Compiling raw-cpuid v10.7.0
[INFO] [stderr]    Compiling itoa v1.0.10
[INFO] [stderr]    Compiling syn v2.0.48
[INFO] [stderr]    Compiling ryu v1.0.16
[INFO] [stderr]    Compiling thiserror v1.0.56
[INFO] [stderr]    Compiling stable_deref_trait v1.2.0
[INFO] [stderr]    Compiling zip v0.6.6
[INFO] [stderr]    Compiling rand_distr v0.4.3
[INFO] [stderr]    Compiling memmap2 v0.7.1
[INFO] [stderr]    Compiling synstructure v0.13.0
[INFO] [stderr]    Compiling bytemuck_derive v1.5.0
[INFO] [stderr]    Compiling serde_derive v1.0.194
[INFO] [stderr]    Compiling zerofrom-derive v0.1.3
[INFO] [stderr]    Compiling thiserror-impl v1.0.56
[INFO] [stderr]    Compiling yoke-derive v0.7.3
[INFO] [stderr]    Compiling bytemuck v1.14.0
[INFO] [stderr]    Compiling num-complex v0.4.4
[INFO] [stderr]    Compiling half v2.3.1
[INFO] [stderr]    Compiling dyn-stack v0.10.0
[INFO] [stderr]    Compiling zerofrom v0.1.3
[INFO] [stderr]    Compiling yoke v0.7.3
[INFO] [stderr]    Compiling pulp v0.18.6
[INFO] [stderr]    Compiling gemm-common v0.16.15
[INFO] [stderr]    Compiling gemm-f32 v0.16.15
[INFO] [stderr]    Compiling gemm-c32 v0.16.15
[INFO] [stderr]    Compiling gemm-c64 v0.16.15
[INFO] [stderr]    Compiling gemm-f64 v0.16.15
[INFO] [stderr]    Compiling gemm-f16 v0.16.15
[INFO] [stderr]    Compiling gemm v0.16.15
[INFO] [stderr]    Compiling safetensors v0.3.3
[INFO] [stderr]    Compiling candle-core v0.3.2
[INFO] [stderr]    Compiling candle-nn v0.3.2
[INFO] [stderr]    Compiling candle-ext v0.1.5 (/opt/rustwide/workdir)
[INFO] [stderr]     Finished dev [unoptimized + debuginfo] target(s) in 17.92s
[INFO] running `Command { std: "docker" "inspect" "45d5d65d7199a78bfca74756117bf30e2ca4229257cb0c0f095f8fc105669f3b", kill_on_drop: false }`
[INFO] running `Command { std: "docker" "rm" "-f" "45d5d65d7199a78bfca74756117bf30e2ca4229257cb0c0f095f8fc105669f3b", kill_on_drop: false }`
[INFO] [stdout] 45d5d65d7199a78bfca74756117bf30e2ca4229257cb0c0f095f8fc105669f3b
[INFO] running `Command { std: "docker" "create" "-v" "/var/lib/crater-agent-workspace/builds/worker-4-tc1/target:/opt/rustwide/target:rw,Z" "-v" "/var/lib/crater-agent-workspace/builds/worker-4-tc1/source:/opt/rustwide/workdir:ro,Z" "-v" "/var/lib/crater-agent-workspace/cargo-home:/opt/rustwide/cargo-home:ro,Z" "-v" "/var/lib/crater-agent-workspace/rustup-home:/opt/rustwide/rustup-home:ro,Z" "-e" "SOURCE_DIR=/opt/rustwide/workdir" "-e" "CARGO_TARGET_DIR=/opt/rustwide/target" "-e" "CARGO_INCREMENTAL=0" "-e" "RUST_BACKTRACE=full" "-e" "RUSTFLAGS=--cap-lints=warn" "-e" "RUSTDOCFLAGS=--cap-lints=warn" "-e" "CARGO_HOME=/opt/rustwide/cargo-home" "-e" "RUSTUP_HOME=/opt/rustwide/rustup-home" "-w" "/opt/rustwide/workdir" "-m" "1610612736" "--user" "0:0" "--network" "none" "ghcr.io/rust-lang/crates-build-env/linux@sha256:2788e3201cd34a07e3172128adcd8b3090168a8e3bcc40d7c032b9dda1df7d1c" "/opt/rustwide/cargo-home/bin/cargo" "+1.75.0" "test" "--frozen" "--no-run" "--message-format=json", kill_on_drop: false }`
[INFO] [stdout] e26f670a9398eec67069a7c07857ba885141df42ef1975f51041b3825d555b0e
[INFO] running `Command { std: "docker" "start" "-a" "e26f670a9398eec67069a7c07857ba885141df42ef1975f51041b3825d555b0e", kill_on_drop: false }`
[INFO] [stderr]    Compiling candle-ext v0.1.5 (/opt/rustwide/workdir)
[INFO] [stdout] warning: unused import: `TensorExt`
[INFO] [stdout]  --> tests/cumsum.rs:3:5
[INFO] [stdout]   |
[INFO] [stdout] 3 |     TensorExt, F,
[INFO] [stdout]   |     ^^^^^^^^^
[INFO] [stdout]   |
[INFO] [stdout]   = note: `#[warn(unused_imports)]` on by default
[INFO] [stdout] 
[INFO] [stdout] 
[INFO] [stdout] error[E0308]: mismatched types
[INFO] [stdout]     --> tests/eye.rs:9:25
[INFO] [stdout]      |
[INFO] [stdout] 9    |     let a = Tensor::eye((3, 3), DType::U8, &device)?;
[INFO] [stdout]      |             ----------- ^^^^^^ expected `usize`, found `({integer}, {integer})`
[INFO] [stdout]      |             |
[INFO] [stdout]      |             arguments to this function are incorrect
[INFO] [stdout]      |
[INFO] [stdout]      = note: expected type `usize`
[INFO] [stdout]                found tuple `({integer}, {integer})`
[INFO] [stdout] note: associated function defined here
[INFO] [stdout]     --> /opt/rustwide/cargo-home/registry/src/index.crates.io-6f17d22bba15001f/candle-core-0.3.2/src/tensor.rs:2489:12
[INFO] [stdout]      |
[INFO] [stdout] 2489 |     pub fn eye(n: usize, dtype: DType, device: &Device) -> Result<Self> {
[INFO] [stdout]      |            ^^^
[INFO] [stdout] 
[INFO] [stdout] 
[INFO] [stdout] warning: unused import: `TensorExt`
[INFO] [stdout]  --> tests/eye.rs:3:5
[INFO] [stdout]   |
[INFO] [stdout] 3 |     TensorExt, F,
[INFO] [stdout]   |     ^^^^^^^^^
[INFO] [stdout]   |
[INFO] [stdout]   = note: `#[warn(unused_imports)]` on by default
[INFO] [stdout] 
[INFO] [stdout] 
[INFO] [stdout] error: aborting due to previous error; 1 warning emitted
[INFO] [stdout] 
[INFO] [stdout] 
[INFO] [stdout] For more information about this error, try `rustc --explain E0308`.
[INFO] [stdout] 
[INFO] [stderr] error: could not compile `candle-ext` (test "eye") due to 2 previous errors; 1 warning emitted
[INFO] [stderr] warning: build failed, waiting for other jobs to finish...
[INFO] [stdout] error: linking with `cc` failed: exit status: 1
[INFO] [stdout]   |
[INFO] [stdout]   = note: LC_ALL="C" PATH="/opt/rustwide/rustup-home/toolchains/1.75.0-x86_64-unknown-linux-gnu/lib/rustlib/x86_64-unknown-linux-gnu/bin:/opt/rustwide/cargo-home/bin:/usr/local/sbin:/usr/local/bin:/usr/sbin:/usr/bin:/sbin:/bin" VSLANG="1033" "cc" "-m64" "/tmp/rustcLODp5V/symbols.o" "/opt/rustwide/target/debug/deps/masked_fill-8940dd3008f201b6.masked_fill.27662cfa972527d0-cgu.0.rcgu.o" "/opt/rustwide/target/debug/deps/masked_fill-8940dd3008f201b6.48l07hlcg7peg0h6.rcgu.o" "-Wl,--as-needed" "-L" "/opt/rustwide/target/debug/deps" "-L" "/opt/rustwide/rustup-home/toolchains/1.75.0-x86_64-unknown-linux-gnu/lib/rustlib/x86_64-unknown-linux-gnu/lib" "-Wl,-Bstatic" "/opt/rustwide/rustup-home/toolchains/1.75.0-x86_64-unknown-linux-gnu/lib/rustlib/x86_64-unknown-linux-gnu/lib/libtest-3df1bed8075ce1de.rlib" "/opt/rustwide/rustup-home/toolchains/1.75.0-x86_64-unknown-linux-gnu/lib/rustlib/x86_64-unknown-linux-gnu/lib/libgetopts-2076fd86b325cb5d.rlib" "/opt/rustwide/rustup-home/toolchains/1.75.0-x86_64-unknown-linux-gnu/lib/rustlib/x86_64-unknown-linux-gnu/lib/libunicode_width-caa7152ee70c190f.rlib" "/opt/rustwide/rustup-home/toolchains/1.75.0-x86_64-unknown-linux-gnu/lib/rustlib/x86_64-unknown-linux-gnu/lib/librustc_std_workspace_std-04e6425e07f02a3c.rlib" "/opt/rustwide/target/debug/deps/libcandle_ext-844129087776edb2.rlib" "/opt/rustwide/target/debug/deps/libcandle_nn-2d978bdd19f143fd.rlib" "/opt/rustwide/target/debug/deps/libcandle_core-e00f61b0e4f9bf46.rlib" "/opt/rustwide/target/debug/deps/libnum_cpus-cb81d41626d198af.rlib" "/opt/rustwide/target/debug/deps/libmemmap2-b9c2a2b80ab7d025.rlib" "/opt/rustwide/target/debug/deps/libzip-a4b98f364a573048.rlib" "/opt/rustwide/target/debug/deps/libcrc32fast-664446237529ebff.rlib" "/opt/rustwide/target/debug/deps/libyoke-edfbb5719b325d60.rlib" "/opt/rustwide/target/debug/deps/libzerofrom-293ea5f31e628030.rlib" "/opt/rustwide/target/debug/deps/libstable_deref_trait-9ea5b89e8972e1ba.rlib" "/opt/rustwide/target/debug/deps/libthiserror-d699ad1f36123188.rlib" "/opt/rustwide/target/debug/deps/libsafetensors-45dcdbc3f5853338.rlib" "/opt/rustwide/target/debug/deps/libserde_json-d1ac34d4ebca5441.rlib" "/opt/rustwide/target/debug/deps/libryu-5f304b1b6393964f.rlib" "/opt/rustwide/target/debug/deps/libitoa-5f181af53b99b92c.rlib" "/opt/rustwide/target/debug/deps/libserde-b28a02486215b24d.rlib" "/opt/rustwide/target/debug/deps/libgemm-71b43989845481bc.rlib" "/opt/rustwide/target/debug/deps/libgemm_c32-dbdb2becd22175c1.rlib" "/opt/rustwide/target/debug/deps/libgemm_c64-ebe963c2606b14d4.rlib" "/opt/rustwide/target/debug/deps/libgemm_f64-9733ed9c5dcd4810.rlib" "/opt/rustwide/target/debug/deps/libgemm_f16-03708e3b54b8c566.rlib" "/opt/rustwide/target/debug/deps/libgemm_f32-095da76e4b1d7fcd.rlib" "/opt/rustwide/target/debug/deps/libgemm_common-102a86e8cb2a32cc.rlib" "/opt/rustwide/target/debug/deps/libonce_cell-49ebd9646360b73f.rlib" "/opt/rustwide/target/debug/deps/libpulp-d5dd60671582036a.rlib" "/opt/rustwide/target/debug/deps/libnum_complex-127d731b34e26ddf.rlib" "/opt/rustwide/target/debug/deps/libdyn_stack-2dddd8a0244980fc.rlib" "/opt/rustwide/target/debug/deps/libreborrow-d24c0be4423ba76a.rlib" "/opt/rustwide/target/debug/deps/libraw_cpuid-fab56c5e3f367f71.rlib" "/opt/rustwide/target/debug/deps/libbitflags-b7cee2ca4fb438d0.rlib" "/opt/rustwide/target/debug/deps/librayon-53dad4369efd59d7.rlib" "/opt/rustwide/target/debug/deps/librayon_core-8dd177d1d0894898.rlib" "/opt/rustwide/target/debug/deps/libcrossbeam_deque-a71826c26bd18f0b.rlib" "/opt/rustwide/target/debug/deps/libcrossbeam_epoch-810062665aa560cf.rlib" "/opt/rustwide/target/debug/deps/libcrossbeam_utils-69155c9edb6d0618.rlib" "/opt/rustwide/target/debug/deps/libeither-02329136bf214899.rlib" "/opt/rustwide/target/debug/deps/libbyteorder-e9468b374a0c0c11.rlib" "/opt/rustwide/target/debug/deps/libhalf-94a32488747eb292.rlib" "/opt/rustwide/target/debug/deps/librand_distr-3b24045c13b625b3.rlib" "/opt/rustwide/target/debug/deps/librand-a76c3fe6b34a9f29.rlib" "/opt/rustwide/target/debug/deps/librand_chacha-93c229a7eeb7ab43.rlib" "/opt/rustwide/target/debug/deps/libppv_lite86-9f808eb911999ef2.rlib" "/opt/rustwide/target/debug/deps/librand_core-c8190ea9532a8248.rlib" "/opt/rustwide/target/debug/deps/libgetrandom-68b0603389864cc3.rlib" "/opt/rustwide/target/debug/deps/liblibc-f01c1240f7c859d0.rlib" "/opt/rustwide/target/debug/deps/libcfg_if-61dc7a6799e72b18.rlib" "/opt/rustwide/target/debug/deps/libnum_traits-15c4c8d81992f9e2.rlib" "/opt/rustwide/target/debug/deps/libbytemuck-d96a2d43c53e1b18.rlib" "/opt/rustwide/rustup-home/toolchains/1.75.0-x86_64-unknown-linux-gnu/lib/rustlib/x86_64-unknown-linux-gnu/lib/libstd-90f6ddbf82de36ec.rlib" "/opt/rustwide/rustup-home/toolchains/1.75.0-x86_64-unknown-linux-gnu/lib/rustlib/x86_64-unknown-linux-gnu/lib/libpanic_unwind-480c41e9d4e1f677.rlib" "/opt/rustwide/rustup-home/toolchains/1.75.0-x86_64-unknown-linux-gnu/lib/rustlib/x86_64-unknown-linux-gnu/lib/libobject-db744c0ca03eed1d.rlib" "/opt/rustwide/rustup-home/toolchains/1.75.0-x86_64-unknown-linux-gnu/lib/rustlib/x86_64-unknown-linux-gnu/lib/libmemchr-8ba652dc7d4b285a.rlib" "/opt/rustwide/rustup-home/toolchains/1.75.0-x86_64-unknown-linux-gnu/lib/rustlib/x86_64-unknown-linux-gnu/lib/libaddr2line-d5f4520a9ebc0d58.rlib" "/opt/rustwide/rustup-home/toolchains/1.75.0-x86_64-unknown-linux-gnu/lib/rustlib/x86_64-unknown-linux-gnu/lib/libgimli-4ad84de58f0cb463.rlib" "/opt/rustwide/rustup-home/toolchains/1.75.0-x86_64-unknown-linux-gnu/lib/rustlib/x86_64-unknown-linux-gnu/lib/librustc_demangle-0d10aae2e0f38735.rlib" "/opt/rustwide/rustup-home/toolchains/1.75.0-x86_64-unknown-linux-gnu/lib/rustlib/x86_64-unknown-linux-gnu/lib/libstd_detect-0c17cff739e6745b.rlib" "/opt/rustwide/rustup-home/toolchains/1.75.0-x86_64-unknown-linux-gnu/lib/rustlib/x86_64-unknown-linux-gnu/lib/libhashbrown-b29e17139dde1aa8.rlib" "/opt/rustwide/rustup-home/toolchains/1.75.0-x86_64-unknown-linux-gnu/lib/rustlib/x86_64-unknown-linux-gnu/lib/librustc_std_workspace_alloc-1f975299829cc7bd.rlib" "/opt/rustwide/rustup-home/toolchains/1.75.0-x86_64-unknown-linux-gnu/lib/rustlib/x86_64-unknown-linux-gnu/lib/libminiz_oxide-86bae3bc3079f89b.rlib" "/opt/rustwide/rustup-home/toolchains/1.75.0-x86_64-unknown-linux-gnu/lib/rustlib/x86_64-unknown-linux-gnu/lib/libadler-321b82c30dffdf5f.rlib" "/opt/rustwide/rustup-home/toolchains/1.75.0-x86_64-unknown-linux-gnu/lib/rustlib/x86_64-unknown-linux-gnu/lib/libunwind-3dd8a6810a0bdfef.rlib" "/opt/rustwide/rustup-home/toolchains/1.75.0-x86_64-unknown-linux-gnu/lib/rustlib/x86_64-unknown-linux-gnu/lib/libcfg_if-eb39a61c0c879984.rlib" "/opt/rustwide/rustup-home/toolchains/1.75.0-x86_64-unknown-linux-gnu/lib/rustlib/x86_64-unknown-linux-gnu/lib/liblibc-aa769569f91c3548.rlib" "/opt/rustwide/rustup-home/toolchains/1.75.0-x86_64-unknown-linux-gnu/lib/rustlib/x86_64-unknown-linux-gnu/lib/liballoc-510a192a50a983ed.rlib" "/opt/rustwide/rustup-home/toolchains/1.75.0-x86_64-unknown-linux-gnu/lib/rustlib/x86_64-unknown-linux-gnu/lib/librustc_std_workspace_core-0577018320f99037.rlib" "/opt/rustwide/rustup-home/toolchains/1.75.0-x86_64-unknown-linux-gnu/lib/rustlib/x86_64-unknown-linux-gnu/lib/libcore-193cf992125ccd4c.rlib" "/opt/rustwide/rustup-home/toolchains/1.75.0-x86_64-unknown-linux-gnu/lib/rustlib/x86_64-unknown-linux-gnu/lib/libcompiler_builtins-8e138eaf26ebb4a8.rlib" "-Wl,-Bdynamic" "-lgcc_s" "-lutil" "-lrt" "-lpthread" "-lm" "-ldl" "-lc" "-Wl,--eh-frame-hdr" "-Wl,-z,noexecstack" "-L" "/opt/rustwide/rustup-home/toolchains/1.75.0-x86_64-unknown-linux-gnu/lib/rustlib/x86_64-unknown-linux-gnu/lib" "-o" "/opt/rustwide/target/debug/deps/masked_fill-8940dd3008f201b6" "-Wl,--gc-sections" "-pie" "-Wl,-z,relro,-z,now" "-nodefaultlibs"
[INFO] [stdout]   = note: collect2: fatal error: ld terminated with signal 9 [Killed]
[INFO] [stdout]           compilation terminated.
[INFO] [stdout]           
[INFO] [stdout] 
[INFO] [stdout] 
[INFO] [stdout] error: aborting due to previous error
[INFO] [stdout] 
[INFO] [stdout] 
[INFO] [stderr] error: could not compile `candle-ext` (test "masked_fill") due to 2 previous errors
[INFO] [stdout] error: linking with `cc` failed: exit status: 1
[INFO] [stdout]   |
[INFO] [stdout]   = note: LC_ALL="C" PATH="/opt/rustwide/rustup-home/toolchains/1.75.0-x86_64-unknown-linux-gnu/lib/rustlib/x86_64-unknown-linux-gnu/bin:/opt/rustwide/cargo-home/bin:/usr/local/sbin:/usr/local/bin:/usr/sbin:/usr/bin:/sbin:/bin" VSLANG="1033" "cc" "-m64" "/tmp/rustcmGmWdv/symbols.o" "/opt/rustwide/target/debug/deps/logical_not-b3d583274f87fff5.logical_not.9ac5f0af57171c7-cgu.0.rcgu.o" "/opt/rustwide/target/debug/deps/logical_not-b3d583274f87fff5.yxb446d2dcp0ufn.rcgu.o" "-Wl,--as-needed" "-L" "/opt/rustwide/target/debug/deps" "-L" "/opt/rustwide/rustup-home/toolchains/1.75.0-x86_64-unknown-linux-gnu/lib/rustlib/x86_64-unknown-linux-gnu/lib" "-Wl,-Bstatic" "/opt/rustwide/rustup-home/toolchains/1.75.0-x86_64-unknown-linux-gnu/lib/rustlib/x86_64-unknown-linux-gnu/lib/libtest-3df1bed8075ce1de.rlib" "/opt/rustwide/rustup-home/toolchains/1.75.0-x86_64-unknown-linux-gnu/lib/rustlib/x86_64-unknown-linux-gnu/lib/libgetopts-2076fd86b325cb5d.rlib" "/opt/rustwide/rustup-home/toolchains/1.75.0-x86_64-unknown-linux-gnu/lib/rustlib/x86_64-unknown-linux-gnu/lib/libunicode_width-caa7152ee70c190f.rlib" "/opt/rustwide/rustup-home/toolchains/1.75.0-x86_64-unknown-linux-gnu/lib/rustlib/x86_64-unknown-linux-gnu/lib/librustc_std_workspace_std-04e6425e07f02a3c.rlib" "/opt/rustwide/target/debug/deps/libcandle_ext-844129087776edb2.rlib" "/opt/rustwide/target/debug/deps/libcandle_nn-2d978bdd19f143fd.rlib" "/opt/rustwide/target/debug/deps/libcandle_core-e00f61b0e4f9bf46.rlib" "/opt/rustwide/target/debug/deps/libnum_cpus-cb81d41626d198af.rlib" "/opt/rustwide/target/debug/deps/libmemmap2-b9c2a2b80ab7d025.rlib" "/opt/rustwide/target/debug/deps/libzip-a4b98f364a573048.rlib" "/opt/rustwide/target/debug/deps/libcrc32fast-664446237529ebff.rlib" "/opt/rustwide/target/debug/deps/libyoke-edfbb5719b325d60.rlib" "/opt/rustwide/target/debug/deps/libzerofrom-293ea5f31e628030.rlib" "/opt/rustwide/target/debug/deps/libstable_deref_trait-9ea5b89e8972e1ba.rlib" "/opt/rustwide/target/debug/deps/libthiserror-d699ad1f36123188.rlib" "/opt/rustwide/target/debug/deps/libsafetensors-45dcdbc3f5853338.rlib" "/opt/rustwide/target/debug/deps/libserde_json-d1ac34d4ebca5441.rlib" "/opt/rustwide/target/debug/deps/libryu-5f304b1b6393964f.rlib" "/opt/rustwide/target/debug/deps/libitoa-5f181af53b99b92c.rlib" "/opt/rustwide/target/debug/deps/libserde-b28a02486215b24d.rlib" "/opt/rustwide/target/debug/deps/libgemm-71b43989845481bc.rlib" "/opt/rustwide/target/debug/deps/libgemm_c32-dbdb2becd22175c1.rlib" "/opt/rustwide/target/debug/deps/libgemm_c64-ebe963c2606b14d4.rlib" "/opt/rustwide/target/debug/deps/libgemm_f64-9733ed9c5dcd4810.rlib" "/opt/rustwide/target/debug/deps/libgemm_f16-03708e3b54b8c566.rlib" "/opt/rustwide/target/debug/deps/libgemm_f32-095da76e4b1d7fcd.rlib" "/opt/rustwide/target/debug/deps/libgemm_common-102a86e8cb2a32cc.rlib" "/opt/rustwide/target/debug/deps/libonce_cell-49ebd9646360b73f.rlib" "/opt/rustwide/target/debug/deps/libpulp-d5dd60671582036a.rlib" "/opt/rustwide/target/debug/deps/libnum_complex-127d731b34e26ddf.rlib" "/opt/rustwide/target/debug/deps/libdyn_stack-2dddd8a0244980fc.rlib" "/opt/rustwide/target/debug/deps/libreborrow-d24c0be4423ba76a.rlib" "/opt/rustwide/target/debug/deps/libraw_cpuid-fab56c5e3f367f71.rlib" "/opt/rustwide/target/debug/deps/libbitflags-b7cee2ca4fb438d0.rlib" "/opt/rustwide/target/debug/deps/librayon-53dad4369efd59d7.rlib" "/opt/rustwide/target/debug/deps/librayon_core-8dd177d1d0894898.rlib" "/opt/rustwide/target/debug/deps/libcrossbeam_deque-a71826c26bd18f0b.rlib" "/opt/rustwide/target/debug/deps/libcrossbeam_epoch-810062665aa560cf.rlib" "/opt/rustwide/target/debug/deps/libcrossbeam_utils-69155c9edb6d0618.rlib" "/opt/rustwide/target/debug/deps/libeither-02329136bf214899.rlib" "/opt/rustwide/target/debug/deps/libbyteorder-e9468b374a0c0c11.rlib" "/opt/rustwide/target/debug/deps/libhalf-94a32488747eb292.rlib" "/opt/rustwide/target/debug/deps/librand_distr-3b24045c13b625b3.rlib" "/opt/rustwide/target/debug/deps/librand-a76c3fe6b34a9f29.rlib" "/opt/rustwide/target/debug/deps/librand_chacha-93c229a7eeb7ab43.rlib" "/opt/rustwide/target/debug/deps/libppv_lite86-9f808eb911999ef2.rlib" "/opt/rustwide/target/debug/deps/librand_core-c8190ea9532a8248.rlib" "/opt/rustwide/target/debug/deps/libgetrandom-68b0603389864cc3.rlib" "/opt/rustwide/target/debug/deps/liblibc-f01c1240f7c859d0.rlib" "/opt/rustwide/target/debug/deps/libcfg_if-61dc7a6799e72b18.rlib" "/opt/rustwide/target/debug/deps/libnum_traits-15c4c8d81992f9e2.rlib" "/opt/rustwide/target/debug/deps/libbytemuck-d96a2d43c53e1b18.rlib" "/opt/rustwide/rustup-home/toolchains/1.75.0-x86_64-unknown-linux-gnu/lib/rustlib/x86_64-unknown-linux-gnu/lib/libstd-90f6ddbf82de36ec.rlib" "/opt/rustwide/rustup-home/toolchains/1.75.0-x86_64-unknown-linux-gnu/lib/rustlib/x86_64-unknown-linux-gnu/lib/libpanic_unwind-480c41e9d4e1f677.rlib" "/opt/rustwide/rustup-home/toolchains/1.75.0-x86_64-unknown-linux-gnu/lib/rustlib/x86_64-unknown-linux-gnu/lib/libobject-db744c0ca03eed1d.rlib" "/opt/rustwide/rustup-home/toolchains/1.75.0-x86_64-unknown-linux-gnu/lib/rustlib/x86_64-unknown-linux-gnu/lib/libmemchr-8ba652dc7d4b285a.rlib" "/opt/rustwide/rustup-home/toolchains/1.75.0-x86_64-unknown-linux-gnu/lib/rustlib/x86_64-unknown-linux-gnu/lib/libaddr2line-d5f4520a9ebc0d58.rlib" "/opt/rustwide/rustup-home/toolchains/1.75.0-x86_64-unknown-linux-gnu/lib/rustlib/x86_64-unknown-linux-gnu/lib/libgimli-4ad84de58f0cb463.rlib" "/opt/rustwide/rustup-home/toolchains/1.75.0-x86_64-unknown-linux-gnu/lib/rustlib/x86_64-unknown-linux-gnu/lib/librustc_demangle-0d10aae2e0f38735.rlib" "/opt/rustwide/rustup-home/toolchains/1.75.0-x86_64-unknown-linux-gnu/lib/rustlib/x86_64-unknown-linux-gnu/lib/libstd_detect-0c17cff739e6745b.rlib" "/opt/rustwide/rustup-home/toolchains/1.75.0-x86_64-unknown-linux-gnu/lib/rustlib/x86_64-unknown-linux-gnu/lib/libhashbrown-b29e17139dde1aa8.rlib" "/opt/rustwide/rustup-home/toolchains/1.75.0-x86_64-unknown-linux-gnu/lib/rustlib/x86_64-unknown-linux-gnu/lib/librustc_std_workspace_alloc-1f975299829cc7bd.rlib" "/opt/rustwide/rustup-home/toolchains/1.75.0-x86_64-unknown-linux-gnu/lib/rustlib/x86_64-unknown-linux-gnu/lib/libminiz_oxide-86bae3bc3079f89b.rlib" "/opt/rustwide/rustup-home/toolchains/1.75.0-x86_64-unknown-linux-gnu/lib/rustlib/x86_64-unknown-linux-gnu/lib/libadler-321b82c30dffdf5f.rlib" "/opt/rustwide/rustup-home/toolchains/1.75.0-x86_64-unknown-linux-gnu/lib/rustlib/x86_64-unknown-linux-gnu/lib/libunwind-3dd8a6810a0bdfef.rlib" "/opt/rustwide/rustup-home/toolchains/1.75.0-x86_64-unknown-linux-gnu/lib/rustlib/x86_64-unknown-linux-gnu/lib/libcfg_if-eb39a61c0c879984.rlib" "/opt/rustwide/rustup-home/toolchains/1.75.0-x86_64-unknown-linux-gnu/lib/rustlib/x86_64-unknown-linux-gnu/lib/liblibc-aa769569f91c3548.rlib" "/opt/rustwide/rustup-home/toolchains/1.75.0-x86_64-unknown-linux-gnu/lib/rustlib/x86_64-unknown-linux-gnu/lib/liballoc-510a192a50a983ed.rlib" "/opt/rustwide/rustup-home/toolchains/1.75.0-x86_64-unknown-linux-gnu/lib/rustlib/x86_64-unknown-linux-gnu/lib/librustc_std_workspace_core-0577018320f99037.rlib" "/opt/rustwide/rustup-home/toolchains/1.75.0-x86_64-unknown-linux-gnu/lib/rustlib/x86_64-unknown-linux-gnu/lib/libcore-193cf992125ccd4c.rlib" "/opt/rustwide/rustup-home/toolchains/1.75.0-x86_64-unknown-linux-gnu/lib/rustlib/x86_64-unknown-linux-gnu/lib/libcompiler_builtins-8e138eaf26ebb4a8.rlib" "-Wl,-Bdynamic" "-lgcc_s" "-lutil" "-lrt" "-lpthread" "-lm" "-ldl" "-lc" "-Wl,--eh-frame-hdr" "-Wl,-z,noexecstack" "-L" "/opt/rustwide/rustup-home/toolchains/1.75.0-x86_64-unknown-linux-gnu/lib/rustlib/x86_64-unknown-linux-gnu/lib" "-o" "/opt/rustwide/target/debug/deps/logical_not-b3d583274f87fff5" "-Wl,--gc-sections" "-pie" "-Wl,-z,relro,-z,now" "-nodefaultlibs"
[INFO] [stdout]   = note: collect2: fatal error: ld terminated with signal 9 [Killed]
[INFO] [stdout]           compilation terminated.
[INFO] [stdout]           
[INFO] [stdout] 
[INFO] [stdout] 
[INFO] [stdout] error: aborting due to previous error
[INFO] [stdout] 
[INFO] [stdout] 
[INFO] [stderr] error: could not compile `candle-ext` (test "logical_not") due to 2 previous errors
[INFO] [stdout] error: linking with `cc` failed: exit status: 1
[INFO] [stdout]   |
[INFO] [stdout]   = note: LC_ALL="C" PATH="/opt/rustwide/rustup-home/toolchains/1.75.0-x86_64-unknown-linux-gnu/lib/rustlib/x86_64-unknown-linux-gnu/bin:/opt/rustwide/cargo-home/bin:/usr/local/sbin:/usr/local/bin:/usr/sbin:/usr/bin:/sbin:/bin" VSLANG="1033" "cc" "-m64" "/tmp/rustcUEkbzU/symbols.o" "/opt/rustwide/target/debug/deps/chunk-55d323e4c0573d53.chunk.5bcb63ed18033188-cgu.0.rcgu.o" "/opt/rustwide/target/debug/deps/chunk-55d323e4c0573d53.562ximcl3aeax3o3.rcgu.o" "-Wl,--as-needed" "-L" "/opt/rustwide/target/debug/deps" "-L" "/opt/rustwide/rustup-home/toolchains/1.75.0-x86_64-unknown-linux-gnu/lib/rustlib/x86_64-unknown-linux-gnu/lib" "-Wl,-Bstatic" "/opt/rustwide/rustup-home/toolchains/1.75.0-x86_64-unknown-linux-gnu/lib/rustlib/x86_64-unknown-linux-gnu/lib/libtest-3df1bed8075ce1de.rlib" "/opt/rustwide/rustup-home/toolchains/1.75.0-x86_64-unknown-linux-gnu/lib/rustlib/x86_64-unknown-linux-gnu/lib/libgetopts-2076fd86b325cb5d.rlib" "/opt/rustwide/rustup-home/toolchains/1.75.0-x86_64-unknown-linux-gnu/lib/rustlib/x86_64-unknown-linux-gnu/lib/libunicode_width-caa7152ee70c190f.rlib" "/opt/rustwide/rustup-home/toolchains/1.75.0-x86_64-unknown-linux-gnu/lib/rustlib/x86_64-unknown-linux-gnu/lib/librustc_std_workspace_std-04e6425e07f02a3c.rlib" "/opt/rustwide/target/debug/deps/libcandle_ext-844129087776edb2.rlib" "/opt/rustwide/target/debug/deps/libcandle_nn-2d978bdd19f143fd.rlib" "/opt/rustwide/target/debug/deps/libcandle_core-e00f61b0e4f9bf46.rlib" "/opt/rustwide/target/debug/deps/libnum_cpus-cb81d41626d198af.rlib" "/opt/rustwide/target/debug/deps/libmemmap2-b9c2a2b80ab7d025.rlib" "/opt/rustwide/target/debug/deps/libzip-a4b98f364a573048.rlib" "/opt/rustwide/target/debug/deps/libcrc32fast-664446237529ebff.rlib" "/opt/rustwide/target/debug/deps/libyoke-edfbb5719b325d60.rlib" "/opt/rustwide/target/debug/deps/libzerofrom-293ea5f31e628030.rlib" "/opt/rustwide/target/debug/deps/libstable_deref_trait-9ea5b89e8972e1ba.rlib" "/opt/rustwide/target/debug/deps/libthiserror-d699ad1f36123188.rlib" "/opt/rustwide/target/debug/deps/libsafetensors-45dcdbc3f5853338.rlib" "/opt/rustwide/target/debug/deps/libserde_json-d1ac34d4ebca5441.rlib" "/opt/rustwide/target/debug/deps/libryu-5f304b1b6393964f.rlib" "/opt/rustwide/target/debug/deps/libitoa-5f181af53b99b92c.rlib" "/opt/rustwide/target/debug/deps/libserde-b28a02486215b24d.rlib" "/opt/rustwide/target/debug/deps/libgemm-71b43989845481bc.rlib" "/opt/rustwide/target/debug/deps/libgemm_c32-dbdb2becd22175c1.rlib" "/opt/rustwide/target/debug/deps/libgemm_c64-ebe963c2606b14d4.rlib" "/opt/rustwide/target/debug/deps/libgemm_f64-9733ed9c5dcd4810.rlib" "/opt/rustwide/target/debug/deps/libgemm_f16-03708e3b54b8c566.rlib" "/opt/rustwide/target/debug/deps/libgemm_f32-095da76e4b1d7fcd.rlib" "/opt/rustwide/target/debug/deps/libgemm_common-102a86e8cb2a32cc.rlib" "/opt/rustwide/target/debug/deps/libonce_cell-49ebd9646360b73f.rlib" "/opt/rustwide/target/debug/deps/libpulp-d5dd60671582036a.rlib" "/opt/rustwide/target/debug/deps/libnum_complex-127d731b34e26ddf.rlib" "/opt/rustwide/target/debug/deps/libdyn_stack-2dddd8a0244980fc.rlib" "/opt/rustwide/target/debug/deps/libreborrow-d24c0be4423ba76a.rlib" "/opt/rustwide/target/debug/deps/libraw_cpuid-fab56c5e3f367f71.rlib" "/opt/rustwide/target/debug/deps/libbitflags-b7cee2ca4fb438d0.rlib" "/opt/rustwide/target/debug/deps/librayon-53dad4369efd59d7.rlib" "/opt/rustwide/target/debug/deps/librayon_core-8dd177d1d0894898.rlib" "/opt/rustwide/target/debug/deps/libcrossbeam_deque-a71826c26bd18f0b.rlib" "/opt/rustwide/target/debug/deps/libcrossbeam_epoch-810062665aa560cf.rlib" "/opt/rustwide/target/debug/deps/libcrossbeam_utils-69155c9edb6d0618.rlib" "/opt/rustwide/target/debug/deps/libeither-02329136bf214899.rlib" "/opt/rustwide/target/debug/deps/libbyteorder-e9468b374a0c0c11.rlib" "/opt/rustwide/target/debug/deps/libhalf-94a32488747eb292.rlib" "/opt/rustwide/target/debug/deps/librand_distr-3b24045c13b625b3.rlib" "/opt/rustwide/target/debug/deps/librand-a76c3fe6b34a9f29.rlib" "/opt/rustwide/target/debug/deps/librand_chacha-93c229a7eeb7ab43.rlib" "/opt/rustwide/target/debug/deps/libppv_lite86-9f808eb911999ef2.rlib" "/opt/rustwide/target/debug/deps/librand_core-c8190ea9532a8248.rlib" "/opt/rustwide/target/debug/deps/libgetrandom-68b0603389864cc3.rlib" "/opt/rustwide/target/debug/deps/liblibc-f01c1240f7c859d0.rlib" "/opt/rustwide/target/debug/deps/libcfg_if-61dc7a6799e72b18.rlib" "/opt/rustwide/target/debug/deps/libnum_traits-15c4c8d81992f9e2.rlib" "/opt/rustwide/target/debug/deps/libbytemuck-d96a2d43c53e1b18.rlib" "/opt/rustwide/rustup-home/toolchains/1.75.0-x86_64-unknown-linux-gnu/lib/rustlib/x86_64-unknown-linux-gnu/lib/libstd-90f6ddbf82de36ec.rlib" "/opt/rustwide/rustup-home/toolchains/1.75.0-x86_64-unknown-linux-gnu/lib/rustlib/x86_64-unknown-linux-gnu/lib/libpanic_unwind-480c41e9d4e1f677.rlib" "/opt/rustwide/rustup-home/toolchains/1.75.0-x86_64-unknown-linux-gnu/lib/rustlib/x86_64-unknown-linux-gnu/lib/libobject-db744c0ca03eed1d.rlib" "/opt/rustwide/rustup-home/toolchains/1.75.0-x86_64-unknown-linux-gnu/lib/rustlib/x86_64-unknown-linux-gnu/lib/libmemchr-8ba652dc7d4b285a.rlib" "/opt/rustwide/rustup-home/toolchains/1.75.0-x86_64-unknown-linux-gnu/lib/rustlib/x86_64-unknown-linux-gnu/lib/libaddr2line-d5f4520a9ebc0d58.rlib" "/opt/rustwide/rustup-home/toolchains/1.75.0-x86_64-unknown-linux-gnu/lib/rustlib/x86_64-unknown-linux-gnu/lib/libgimli-4ad84de58f0cb463.rlib" "/opt/rustwide/rustup-home/toolchains/1.75.0-x86_64-unknown-linux-gnu/lib/rustlib/x86_64-unknown-linux-gnu/lib/librustc_demangle-0d10aae2e0f38735.rlib" "/opt/rustwide/rustup-home/toolchains/1.75.0-x86_64-unknown-linux-gnu/lib/rustlib/x86_64-unknown-linux-gnu/lib/libstd_detect-0c17cff739e6745b.rlib" "/opt/rustwide/rustup-home/toolchains/1.75.0-x86_64-unknown-linux-gnu/lib/rustlib/x86_64-unknown-linux-gnu/lib/libhashbrown-b29e17139dde1aa8.rlib" "/opt/rustwide/rustup-home/toolchains/1.75.0-x86_64-unknown-linux-gnu/lib/rustlib/x86_64-unknown-linux-gnu/lib/librustc_std_workspace_alloc-1f975299829cc7bd.rlib" "/opt/rustwide/rustup-home/toolchains/1.75.0-x86_64-unknown-linux-gnu/lib/rustlib/x86_64-unknown-linux-gnu/lib/libminiz_oxide-86bae3bc3079f89b.rlib" "/opt/rustwide/rustup-home/toolchains/1.75.0-x86_64-unknown-linux-gnu/lib/rustlib/x86_64-unknown-linux-gnu/lib/libadler-321b82c30dffdf5f.rlib" "/opt/rustwide/rustup-home/toolchains/1.75.0-x86_64-unknown-linux-gnu/lib/rustlib/x86_64-unknown-linux-gnu/lib/libunwind-3dd8a6810a0bdfef.rlib" "/opt/rustwide/rustup-home/toolchains/1.75.0-x86_64-unknown-linux-gnu/lib/rustlib/x86_64-unknown-linux-gnu/lib/libcfg_if-eb39a61c0c879984.rlib" "/opt/rustwide/rustup-home/toolchains/1.75.0-x86_64-unknown-linux-gnu/lib/rustlib/x86_64-unknown-linux-gnu/lib/liblibc-aa769569f91c3548.rlib" "/opt/rustwide/rustup-home/toolchains/1.75.0-x86_64-unknown-linux-gnu/lib/rustlib/x86_64-unknown-linux-gnu/lib/liballoc-510a192a50a983ed.rlib" "/opt/rustwide/rustup-home/toolchains/1.75.0-x86_64-unknown-linux-gnu/lib/rustlib/x86_64-unknown-linux-gnu/lib/librustc_std_workspace_core-0577018320f99037.rlib" "/opt/rustwide/rustup-home/toolchains/1.75.0-x86_64-unknown-linux-gnu/lib/rustlib/x86_64-unknown-linux-gnu/lib/libcore-193cf992125ccd4c.rlib" "/opt/rustwide/rustup-home/toolchains/1.75.0-x86_64-unknown-linux-gnu/lib/rustlib/x86_64-unknown-linux-gnu/lib/libcompiler_builtins-8e138eaf26ebb4a8.rlib" "-Wl,-Bdynamic" "-lgcc_s" "-lutil" "-lrt" "-lpthread" "-lm" "-ldl" "-lc" "-Wl,--eh-frame-hdr" "-Wl,-z,noexecstack" "-L" "/opt/rustwide/rustup-home/toolchains/1.75.0-x86_64-unknown-linux-gnu/lib/rustlib/x86_64-unknown-linux-gnu/lib" "-o" "/opt/rustwide/target/debug/deps/chunk-55d323e4c0573d53" "-Wl,--gc-sections" "-pie" "-Wl,-z,relro,-z,now" "-nodefaultlibs"
[INFO] [stdout]   = note: collect2: fatal error: ld terminated with signal 9 [Killed]
[INFO] [stdout]           compilation terminated.
[INFO] [stdout]           
[INFO] [stdout] 
[INFO] [stdout] 
[INFO] [stdout] error: aborting due to previous error
[INFO] [stdout] 
[INFO] [stdout] 
[INFO] [stderr] error: could not compile `candle-ext` (test "chunk") due to 2 previous errors
[INFO] [stdout] error: linking with `cc` failed: exit status: 1
[INFO] [stdout]   |
[INFO] [stdout]   = note: LC_ALL="C" PATH="/opt/rustwide/rustup-home/toolchains/1.75.0-x86_64-unknown-linux-gnu/lib/rustlib/x86_64-unknown-linux-gnu/bin:/opt/rustwide/cargo-home/bin:/usr/local/sbin:/usr/local/bin:/usr/sbin:/usr/bin:/sbin:/bin" VSLANG="1033" "cc" "-m64" "/tmp/rustcIGfmIC/symbols.o" "/opt/rustwide/target/debug/deps/outer-50ef9a2f792c99b3.outer.bcec49e6be236e51-cgu.0.rcgu.o" "/opt/rustwide/target/debug/deps/outer-50ef9a2f792c99b3.4z20id7zdqakzzjn.rcgu.o" "-Wl,--as-needed" "-L" "/opt/rustwide/target/debug/deps" "-L" "/opt/rustwide/rustup-home/toolchains/1.75.0-x86_64-unknown-linux-gnu/lib/rustlib/x86_64-unknown-linux-gnu/lib" "-Wl,-Bstatic" "/opt/rustwide/rustup-home/toolchains/1.75.0-x86_64-unknown-linux-gnu/lib/rustlib/x86_64-unknown-linux-gnu/lib/libtest-3df1bed8075ce1de.rlib" "/opt/rustwide/rustup-home/toolchains/1.75.0-x86_64-unknown-linux-gnu/lib/rustlib/x86_64-unknown-linux-gnu/lib/libgetopts-2076fd86b325cb5d.rlib" "/opt/rustwide/rustup-home/toolchains/1.75.0-x86_64-unknown-linux-gnu/lib/rustlib/x86_64-unknown-linux-gnu/lib/libunicode_width-caa7152ee70c190f.rlib" "/opt/rustwide/rustup-home/toolchains/1.75.0-x86_64-unknown-linux-gnu/lib/rustlib/x86_64-unknown-linux-gnu/lib/librustc_std_workspace_std-04e6425e07f02a3c.rlib" "/opt/rustwide/target/debug/deps/libcandle_ext-844129087776edb2.rlib" "/opt/rustwide/target/debug/deps/libcandle_nn-2d978bdd19f143fd.rlib" "/opt/rustwide/target/debug/deps/libcandle_core-e00f61b0e4f9bf46.rlib" "/opt/rustwide/target/debug/deps/libnum_cpus-cb81d41626d198af.rlib" "/opt/rustwide/target/debug/deps/libmemmap2-b9c2a2b80ab7d025.rlib" "/opt/rustwide/target/debug/deps/libzip-a4b98f364a573048.rlib" "/opt/rustwide/target/debug/deps/libcrc32fast-664446237529ebff.rlib" "/opt/rustwide/target/debug/deps/libyoke-edfbb5719b325d60.rlib" "/opt/rustwide/target/debug/deps/libzerofrom-293ea5f31e628030.rlib" "/opt/rustwide/target/debug/deps/libstable_deref_trait-9ea5b89e8972e1ba.rlib" "/opt/rustwide/target/debug/deps/libthiserror-d699ad1f36123188.rlib" "/opt/rustwide/target/debug/deps/libsafetensors-45dcdbc3f5853338.rlib" "/opt/rustwide/target/debug/deps/libserde_json-d1ac34d4ebca5441.rlib" "/opt/rustwide/target/debug/deps/libryu-5f304b1b6393964f.rlib" "/opt/rustwide/target/debug/deps/libitoa-5f181af53b99b92c.rlib" "/opt/rustwide/target/debug/deps/libserde-b28a02486215b24d.rlib" "/opt/rustwide/target/debug/deps/libgemm-71b43989845481bc.rlib" "/opt/rustwide/target/debug/deps/libgemm_c32-dbdb2becd22175c1.rlib" "/opt/rustwide/target/debug/deps/libgemm_c64-ebe963c2606b14d4.rlib" "/opt/rustwide/target/debug/deps/libgemm_f64-9733ed9c5dcd4810.rlib" "/opt/rustwide/target/debug/deps/libgemm_f16-03708e3b54b8c566.rlib" "/opt/rustwide/target/debug/deps/libgemm_f32-095da76e4b1d7fcd.rlib" "/opt/rustwide/target/debug/deps/libgemm_common-102a86e8cb2a32cc.rlib" "/opt/rustwide/target/debug/deps/libonce_cell-49ebd9646360b73f.rlib" "/opt/rustwide/target/debug/deps/libpulp-d5dd60671582036a.rlib" "/opt/rustwide/target/debug/deps/libnum_complex-127d731b34e26ddf.rlib" "/opt/rustwide/target/debug/deps/libdyn_stack-2dddd8a0244980fc.rlib" "/opt/rustwide/target/debug/deps/libreborrow-d24c0be4423ba76a.rlib" "/opt/rustwide/target/debug/deps/libraw_cpuid-fab56c5e3f367f71.rlib" "/opt/rustwide/target/debug/deps/libbitflags-b7cee2ca4fb438d0.rlib" "/opt/rustwide/target/debug/deps/librayon-53dad4369efd59d7.rlib" "/opt/rustwide/target/debug/deps/librayon_core-8dd177d1d0894898.rlib" "/opt/rustwide/target/debug/deps/libcrossbeam_deque-a71826c26bd18f0b.rlib" "/opt/rustwide/target/debug/deps/libcrossbeam_epoch-810062665aa560cf.rlib" "/opt/rustwide/target/debug/deps/libcrossbeam_utils-69155c9edb6d0618.rlib" "/opt/rustwide/target/debug/deps/libeither-02329136bf214899.rlib" "/opt/rustwide/target/debug/deps/libbyteorder-e9468b374a0c0c11.rlib" "/opt/rustwide/target/debug/deps/libhalf-94a32488747eb292.rlib" "/opt/rustwide/target/debug/deps/librand_distr-3b24045c13b625b3.rlib" "/opt/rustwide/target/debug/deps/librand-a76c3fe6b34a9f29.rlib" "/opt/rustwide/target/debug/deps/librand_chacha-93c229a7eeb7ab43.rlib" "/opt/rustwide/target/debug/deps/libppv_lite86-9f808eb911999ef2.rlib" "/opt/rustwide/target/debug/deps/librand_core-c8190ea9532a8248.rlib" "/opt/rustwide/target/debug/deps/libgetrandom-68b0603389864cc3.rlib" "/opt/rustwide/target/debug/deps/liblibc-f01c1240f7c859d0.rlib" "/opt/rustwide/target/debug/deps/libcfg_if-61dc7a6799e72b18.rlib" "/opt/rustwide/target/debug/deps/libnum_traits-15c4c8d81992f9e2.rlib" "/opt/rustwide/target/debug/deps/libbytemuck-d96a2d43c53e1b18.rlib" "/opt/rustwide/rustup-home/toolchains/1.75.0-x86_64-unknown-linux-gnu/lib/rustlib/x86_64-unknown-linux-gnu/lib/libstd-90f6ddbf82de36ec.rlib" "/opt/rustwide/rustup-home/toolchains/1.75.0-x86_64-unknown-linux-gnu/lib/rustlib/x86_64-unknown-linux-gnu/lib/libpanic_unwind-480c41e9d4e1f677.rlib" "/opt/rustwide/rustup-home/toolchains/1.75.0-x86_64-unknown-linux-gnu/lib/rustlib/x86_64-unknown-linux-gnu/lib/libobject-db744c0ca03eed1d.rlib" "/opt/rustwide/rustup-home/toolchains/1.75.0-x86_64-unknown-linux-gnu/lib/rustlib/x86_64-unknown-linux-gnu/lib/libmemchr-8ba652dc7d4b285a.rlib" "/opt/rustwide/rustup-home/toolchains/1.75.0-x86_64-unknown-linux-gnu/lib/rustlib/x86_64-unknown-linux-gnu/lib/libaddr2line-d5f4520a9ebc0d58.rlib" "/opt/rustwide/rustup-home/toolchains/1.75.0-x86_64-unknown-linux-gnu/lib/rustlib/x86_64-unknown-linux-gnu/lib/libgimli-4ad84de58f0cb463.rlib" "/opt/rustwide/rustup-home/toolchains/1.75.0-x86_64-unknown-linux-gnu/lib/rustlib/x86_64-unknown-linux-gnu/lib/librustc_demangle-0d10aae2e0f38735.rlib" "/opt/rustwide/rustup-home/toolchains/1.75.0-x86_64-unknown-linux-gnu/lib/rustlib/x86_64-unknown-linux-gnu/lib/libstd_detect-0c17cff739e6745b.rlib" "/opt/rustwide/rustup-home/toolchains/1.75.0-x86_64-unknown-linux-gnu/lib/rustlib/x86_64-unknown-linux-gnu/lib/libhashbrown-b29e17139dde1aa8.rlib" "/opt/rustwide/rustup-home/toolchains/1.75.0-x86_64-unknown-linux-gnu/lib/rustlib/x86_64-unknown-linux-gnu/lib/librustc_std_workspace_alloc-1f975299829cc7bd.rlib" "/opt/rustwide/rustup-home/toolchains/1.75.0-x86_64-unknown-linux-gnu/lib/rustlib/x86_64-unknown-linux-gnu/lib/libminiz_oxide-86bae3bc3079f89b.rlib" "/opt/rustwide/rustup-home/toolchains/1.75.0-x86_64-unknown-linux-gnu/lib/rustlib/x86_64-unknown-linux-gnu/lib/libadler-321b82c30dffdf5f.rlib" "/opt/rustwide/rustup-home/toolchains/1.75.0-x86_64-unknown-linux-gnu/lib/rustlib/x86_64-unknown-linux-gnu/lib/libunwind-3dd8a6810a0bdfef.rlib" "/opt/rustwide/rustup-home/toolchains/1.75.0-x86_64-unknown-linux-gnu/lib/rustlib/x86_64-unknown-linux-gnu/lib/libcfg_if-eb39a61c0c879984.rlib" "/opt/rustwide/rustup-home/toolchains/1.75.0-x86_64-unknown-linux-gnu/lib/rustlib/x86_64-unknown-linux-gnu/lib/liblibc-aa769569f91c3548.rlib" "/opt/rustwide/rustup-home/toolchains/1.75.0-x86_64-unknown-linux-gnu/lib/rustlib/x86_64-unknown-linux-gnu/lib/liballoc-510a192a50a983ed.rlib" "/opt/rustwide/rustup-home/toolchains/1.75.0-x86_64-unknown-linux-gnu/lib/rustlib/x86_64-unknown-linux-gnu/lib/librustc_std_workspace_core-0577018320f99037.rlib" "/opt/rustwide/rustup-home/toolchains/1.75.0-x86_64-unknown-linux-gnu/lib/rustlib/x86_64-unknown-linux-gnu/lib/libcore-193cf992125ccd4c.rlib" "/opt/rustwide/rustup-home/toolchains/1.75.0-x86_64-unknown-linux-gnu/lib/rustlib/x86_64-unknown-linux-gnu/lib/libcompiler_builtins-8e138eaf26ebb4a8.rlib" "-Wl,-Bdynamic" "-lgcc_s" "-lutil" "-lrt" "-lpthread" "-lm" "-ldl" "-lc" "-Wl,--eh-frame-hdr" "-Wl,-z,noexecstack" "-L" "/opt/rustwide/rustup-home/toolchains/1.75.0-x86_64-unknown-linux-gnu/lib/rustlib/x86_64-unknown-linux-gnu/lib" "-o" "/opt/rustwide/target/debug/deps/outer-50ef9a2f792c99b3" "-Wl,--gc-sections" "-pie" "-Wl,-z,relro,-z,now" "-nodefaultlibs"
[INFO] [stdout]   = note: collect2: fatal error: ld terminated with signal 9 [Killed]
[INFO] [stdout]           compilation terminated.
[INFO] [stdout]           
[INFO] [stdout] 
[INFO] [stdout] 
[INFO] [stdout] error: aborting due to previous error
[INFO] [stdout] 
[INFO] [stdout] 
[INFO] [stderr] error: could not compile `candle-ext` (test "outer") due to 2 previous errors
[INFO] [stdout] error: linking with `cc` failed: exit status: 1
[INFO] [stdout]   |
[INFO] [stdout]   = note: LC_ALL="C" PATH="/opt/rustwide/rustup-home/toolchains/1.75.0-x86_64-unknown-linux-gnu/lib/rustlib/x86_64-unknown-linux-gnu/bin:/opt/rustwide/cargo-home/bin:/usr/local/sbin:/usr/local/bin:/usr/sbin:/usr/bin:/sbin:/bin" VSLANG="1033" "cc" "-m64" "/tmp/rustc9oRK8J/symbols.o" "/opt/rustwide/target/debug/deps/equal-7f5eb63d829e80f8.equal.42cfa2514ecb8df2-cgu.0.rcgu.o" "/opt/rustwide/target/debug/deps/equal-7f5eb63d829e80f8.2gjzffeezla1w0fh.rcgu.o" "-Wl,--as-needed" "-L" "/opt/rustwide/target/debug/deps" "-L" "/opt/rustwide/rustup-home/toolchains/1.75.0-x86_64-unknown-linux-gnu/lib/rustlib/x86_64-unknown-linux-gnu/lib" "-Wl,-Bstatic" "/opt/rustwide/rustup-home/toolchains/1.75.0-x86_64-unknown-linux-gnu/lib/rustlib/x86_64-unknown-linux-gnu/lib/libtest-3df1bed8075ce1de.rlib" "/opt/rustwide/rustup-home/toolchains/1.75.0-x86_64-unknown-linux-gnu/lib/rustlib/x86_64-unknown-linux-gnu/lib/libgetopts-2076fd86b325cb5d.rlib" "/opt/rustwide/rustup-home/toolchains/1.75.0-x86_64-unknown-linux-gnu/lib/rustlib/x86_64-unknown-linux-gnu/lib/libunicode_width-caa7152ee70c190f.rlib" "/opt/rustwide/rustup-home/toolchains/1.75.0-x86_64-unknown-linux-gnu/lib/rustlib/x86_64-unknown-linux-gnu/lib/librustc_std_workspace_std-04e6425e07f02a3c.rlib" "/opt/rustwide/target/debug/deps/libcandle_ext-844129087776edb2.rlib" "/opt/rustwide/target/debug/deps/libcandle_nn-2d978bdd19f143fd.rlib" "/opt/rustwide/target/debug/deps/libcandle_core-e00f61b0e4f9bf46.rlib" "/opt/rustwide/target/debug/deps/libnum_cpus-cb81d41626d198af.rlib" "/opt/rustwide/target/debug/deps/libmemmap2-b9c2a2b80ab7d025.rlib" "/opt/rustwide/target/debug/deps/libzip-a4b98f364a573048.rlib" "/opt/rustwide/target/debug/deps/libcrc32fast-664446237529ebff.rlib" "/opt/rustwide/target/debug/deps/libyoke-edfbb5719b325d60.rlib" "/opt/rustwide/target/debug/deps/libzerofrom-293ea5f31e628030.rlib" "/opt/rustwide/target/debug/deps/libstable_deref_trait-9ea5b89e8972e1ba.rlib" "/opt/rustwide/target/debug/deps/libthiserror-d699ad1f36123188.rlib" "/opt/rustwide/target/debug/deps/libsafetensors-45dcdbc3f5853338.rlib" "/opt/rustwide/target/debug/deps/libserde_json-d1ac34d4ebca5441.rlib" "/opt/rustwide/target/debug/deps/libryu-5f304b1b6393964f.rlib" "/opt/rustwide/target/debug/deps/libitoa-5f181af53b99b92c.rlib" "/opt/rustwide/target/debug/deps/libserde-b28a02486215b24d.rlib" "/opt/rustwide/target/debug/deps/libgemm-71b43989845481bc.rlib" "/opt/rustwide/target/debug/deps/libgemm_c32-dbdb2becd22175c1.rlib" "/opt/rustwide/target/debug/deps/libgemm_c64-ebe963c2606b14d4.rlib" "/opt/rustwide/target/debug/deps/libgemm_f64-9733ed9c5dcd4810.rlib" "/opt/rustwide/target/debug/deps/libgemm_f16-03708e3b54b8c566.rlib" "/opt/rustwide/target/debug/deps/libgemm_f32-095da76e4b1d7fcd.rlib" "/opt/rustwide/target/debug/deps/libgemm_common-102a86e8cb2a32cc.rlib" "/opt/rustwide/target/debug/deps/libonce_cell-49ebd9646360b73f.rlib" "/opt/rustwide/target/debug/deps/libpulp-d5dd60671582036a.rlib" "/opt/rustwide/target/debug/deps/libnum_complex-127d731b34e26ddf.rlib" "/opt/rustwide/target/debug/deps/libdyn_stack-2dddd8a0244980fc.rlib" "/opt/rustwide/target/debug/deps/libreborrow-d24c0be4423ba76a.rlib" "/opt/rustwide/target/debug/deps/libraw_cpuid-fab56c5e3f367f71.rlib" "/opt/rustwide/target/debug/deps/libbitflags-b7cee2ca4fb438d0.rlib" "/opt/rustwide/target/debug/deps/librayon-53dad4369efd59d7.rlib" "/opt/rustwide/target/debug/deps/librayon_core-8dd177d1d0894898.rlib" "/opt/rustwide/target/debug/deps/libcrossbeam_deque-a71826c26bd18f0b.rlib" "/opt/rustwide/target/debug/deps/libcrossbeam_epoch-810062665aa560cf.rlib" "/opt/rustwide/target/debug/deps/libcrossbeam_utils-69155c9edb6d0618.rlib" "/opt/rustwide/target/debug/deps/libeither-02329136bf214899.rlib" "/opt/rustwide/target/debug/deps/libbyteorder-e9468b374a0c0c11.rlib" "/opt/rustwide/target/debug/deps/libhalf-94a32488747eb292.rlib" "/opt/rustwide/target/debug/deps/librand_distr-3b24045c13b625b3.rlib" "/opt/rustwide/target/debug/deps/librand-a76c3fe6b34a9f29.rlib" "/opt/rustwide/target/debug/deps/librand_chacha-93c229a7eeb7ab43.rlib" "/opt/rustwide/target/debug/deps/libppv_lite86-9f808eb911999ef2.rlib" "/opt/rustwide/target/debug/deps/librand_core-c8190ea9532a8248.rlib" "/opt/rustwide/target/debug/deps/libgetrandom-68b0603389864cc3.rlib" "/opt/rustwide/target/debug/deps/liblibc-f01c1240f7c859d0.rlib" "/opt/rustwide/target/debug/deps/libcfg_if-61dc7a6799e72b18.rlib" "/opt/rustwide/target/debug/deps/libnum_traits-15c4c8d81992f9e2.rlib" "/opt/rustwide/target/debug/deps/libbytemuck-d96a2d43c53e1b18.rlib" "/opt/rustwide/rustup-home/toolchains/1.75.0-x86_64-unknown-linux-gnu/lib/rustlib/x86_64-unknown-linux-gnu/lib/libstd-90f6ddbf82de36ec.rlib" "/opt/rustwide/rustup-home/toolchains/1.75.0-x86_64-unknown-linux-gnu/lib/rustlib/x86_64-unknown-linux-gnu/lib/libpanic_unwind-480c41e9d4e1f677.rlib" "/opt/rustwide/rustup-home/toolchains/1.75.0-x86_64-unknown-linux-gnu/lib/rustlib/x86_64-unknown-linux-gnu/lib/libobject-db744c0ca03eed1d.rlib" "/opt/rustwide/rustup-home/toolchains/1.75.0-x86_64-unknown-linux-gnu/lib/rustlib/x86_64-unknown-linux-gnu/lib/libmemchr-8ba652dc7d4b285a.rlib" "/opt/rustwide/rustup-home/toolchains/1.75.0-x86_64-unknown-linux-gnu/lib/rustlib/x86_64-unknown-linux-gnu/lib/libaddr2line-d5f4520a9ebc0d58.rlib" "/opt/rustwide/rustup-home/toolchains/1.75.0-x86_64-unknown-linux-gnu/lib/rustlib/x86_64-unknown-linux-gnu/lib/libgimli-4ad84de58f0cb463.rlib" "/opt/rustwide/rustup-home/toolchains/1.75.0-x86_64-unknown-linux-gnu/lib/rustlib/x86_64-unknown-linux-gnu/lib/librustc_demangle-0d10aae2e0f38735.rlib" "/opt/rustwide/rustup-home/toolchains/1.75.0-x86_64-unknown-linux-gnu/lib/rustlib/x86_64-unknown-linux-gnu/lib/libstd_detect-0c17cff739e6745b.rlib" "/opt/rustwide/rustup-home/toolchains/1.75.0-x86_64-unknown-linux-gnu/lib/rustlib/x86_64-unknown-linux-gnu/lib/libhashbrown-b29e17139dde1aa8.rlib" "/opt/rustwide/rustup-home/toolchains/1.75.0-x86_64-unknown-linux-gnu/lib/rustlib/x86_64-unknown-linux-gnu/lib/librustc_std_workspace_alloc-1f975299829cc7bd.rlib" "/opt/rustwide/rustup-home/toolchains/1.75.0-x86_64-unknown-linux-gnu/lib/rustlib/x86_64-unknown-linux-gnu/lib/libminiz_oxide-86bae3bc3079f89b.rlib" "/opt/rustwide/rustup-home/toolchains/1.75.0-x86_64-unknown-linux-gnu/lib/rustlib/x86_64-unknown-linux-gnu/lib/libadler-321b82c30dffdf5f.rlib" "/opt/rustwide/rustup-home/toolchains/1.75.0-x86_64-unknown-linux-gnu/lib/rustlib/x86_64-unknown-linux-gnu/lib/libunwind-3dd8a6810a0bdfef.rlib" "/opt/rustwide/rustup-home/toolchains/1.75.0-x86_64-unknown-linux-gnu/lib/rustlib/x86_64-unknown-linux-gnu/lib/libcfg_if-eb39a61c0c879984.rlib" "/opt/rustwide/rustup-home/toolchains/1.75.0-x86_64-unknown-linux-gnu/lib/rustlib/x86_64-unknown-linux-gnu/lib/liblibc-aa769569f91c3548.rlib" "/opt/rustwide/rustup-home/toolchains/1.75.0-x86_64-unknown-linux-gnu/lib/rustlib/x86_64-unknown-linux-gnu/lib/liballoc-510a192a50a983ed.rlib" "/opt/rustwide/rustup-home/toolchains/1.75.0-x86_64-unknown-linux-gnu/lib/rustlib/x86_64-unknown-linux-gnu/lib/librustc_std_workspace_core-0577018320f99037.rlib" "/opt/rustwide/rustup-home/toolchains/1.75.0-x86_64-unknown-linux-gnu/lib/rustlib/x86_64-unknown-linux-gnu/lib/libcore-193cf992125ccd4c.rlib" "/opt/rustwide/rustup-home/toolchains/1.75.0-x86_64-unknown-linux-gnu/lib/rustlib/x86_64-unknown-linux-gnu/lib/libcompiler_builtins-8e138eaf26ebb4a8.rlib" "-Wl,-Bdynamic" "-lgcc_s" "-lutil" "-lrt" "-lpthread" "-lm" "-ldl" "-lc" "-Wl,--eh-frame-hdr" "-Wl,-z,noexecstack" "-L" "/opt/rustwide/rustup-home/toolchains/1.75.0-x86_64-unknown-linux-gnu/lib/rustlib/x86_64-unknown-linux-gnu/lib" "-o" "/opt/rustwide/target/debug/deps/equal-7f5eb63d829e80f8" "-Wl,--gc-sections" "-pie" "-Wl,-z,relro,-z,now" "-nodefaultlibs"
[INFO] [stdout]   = note: collect2: fatal error: ld terminated with signal 9 [Killed]
[INFO] [stdout]           compilation terminated.
[INFO] [stdout]           
[INFO] [stdout] 
[INFO] [stdout] 
[INFO] [stdout] error: aborting due to previous error
[INFO] [stdout] 
[INFO] [stdout] 
[INFO] [stderr] error: could not compile `candle-ext` (test "equal") due to 2 previous errors
[INFO] [stdout] warning: 1 warning emitted
[INFO] [stdout] 
[INFO] [stdout] 
[INFO] running `Command { std: "docker" "inspect" "e26f670a9398eec67069a7c07857ba885141df42ef1975f51041b3825d555b0e", kill_on_drop: false }`
[INFO] running `Command { std: "docker" "rm" "-f" "e26f670a9398eec67069a7c07857ba885141df42ef1975f51041b3825d555b0e", kill_on_drop: false }`
[INFO] [stdout] e26f670a9398eec67069a7c07857ba885141df42ef1975f51041b3825d555b0e
