[INFO] fetching crate cairo-lang-test-utils 2.4.0-rc6...
[INFO] testing cairo-lang-test-utils-2.4.0-rc6 against 1.75.0 for beta-1.76-1
[INFO] extracting crate cairo-lang-test-utils 2.4.0-rc6 into /workspace/builds/worker-4-tc1/source
[INFO] validating manifest of crates.io crate cairo-lang-test-utils 2.4.0-rc6 on toolchain 1.75.0
[INFO] running `Command { std: CARGO_HOME="/workspace/cargo-home" RUSTUP_HOME="/workspace/rustup-home" "/workspace/cargo-home/bin/cargo" "+1.75.0" "metadata" "--manifest-path" "Cargo.toml" "--no-deps", kill_on_drop: false }`
[INFO] started tweaking crates.io crate cairo-lang-test-utils 2.4.0-rc6
[INFO] finished tweaking crates.io crate cairo-lang-test-utils 2.4.0-rc6
[INFO] tweaked toml for crates.io crate cairo-lang-test-utils 2.4.0-rc6 written to /workspace/builds/worker-4-tc1/source/Cargo.toml
[INFO] running `Command { std: CARGO_HOME="/workspace/cargo-home" RUSTUP_HOME="/workspace/rustup-home" "/workspace/cargo-home/bin/cargo" "+1.75.0" "generate-lockfile" "--manifest-path" "Cargo.toml", kill_on_drop: false }`
[INFO] [stderr]     Updating crates.io index
[INFO] running `Command { std: CARGO_HOME="/workspace/cargo-home" RUSTUP_HOME="/workspace/rustup-home" "/workspace/cargo-home/bin/cargo" "+1.75.0" "fetch" "--manifest-path" "Cargo.toml", kill_on_drop: false }`
[INFO] [stderr]  Downloading crates ...
[INFO] [stderr]   Downloaded test-log-macros v0.2.14
[INFO] [stderr]   Downloaded cairo-lang-utils v2.4.3
[INFO] [stderr]   Downloaded test-log v0.2.14
[INFO] running `Command { std: "docker" "create" "-v" "/var/lib/crater-agent-workspace/builds/worker-4-tc1/target:/opt/rustwide/target:rw,Z" "-v" "/var/lib/crater-agent-workspace/builds/worker-4-tc1/source:/opt/rustwide/workdir:ro,Z" "-v" "/var/lib/crater-agent-workspace/cargo-home:/opt/rustwide/cargo-home:ro,Z" "-v" "/var/lib/crater-agent-workspace/rustup-home:/opt/rustwide/rustup-home:ro,Z" "-e" "SOURCE_DIR=/opt/rustwide/workdir" "-e" "CARGO_TARGET_DIR=/opt/rustwide/target" "-e" "CARGO_HOME=/opt/rustwide/cargo-home" "-e" "RUSTUP_HOME=/opt/rustwide/rustup-home" "-w" "/opt/rustwide/workdir" "-m" "1610612736" "--user" "0:0" "--network" "none" "ghcr.io/rust-lang/crates-build-env/linux@sha256:2788e3201cd34a07e3172128adcd8b3090168a8e3bcc40d7c032b9dda1df7d1c" "/opt/rustwide/cargo-home/bin/cargo" "+1.75.0" "metadata" "--no-deps" "--format-version=1", kill_on_drop: false }`
[INFO] [stdout] b697295ffe52a320152e6242d5b1757d9b0a810b02cfb947bd638a39dc977623
[INFO] running `Command { std: "docker" "start" "-a" "b697295ffe52a320152e6242d5b1757d9b0a810b02cfb947bd638a39dc977623", kill_on_drop: false }`
[INFO] running `Command { std: "docker" "inspect" "b697295ffe52a320152e6242d5b1757d9b0a810b02cfb947bd638a39dc977623", kill_on_drop: false }`
[INFO] running `Command { std: "docker" "rm" "-f" "b697295ffe52a320152e6242d5b1757d9b0a810b02cfb947bd638a39dc977623", kill_on_drop: false }`
[INFO] [stdout] b697295ffe52a320152e6242d5b1757d9b0a810b02cfb947bd638a39dc977623
[INFO] running `Command { std: "docker" "create" "-v" "/var/lib/crater-agent-workspace/builds/worker-4-tc1/target:/opt/rustwide/target:rw,Z" "-v" "/var/lib/crater-agent-workspace/builds/worker-4-tc1/source:/opt/rustwide/workdir:ro,Z" "-v" "/var/lib/crater-agent-workspace/cargo-home:/opt/rustwide/cargo-home:ro,Z" "-v" "/var/lib/crater-agent-workspace/rustup-home:/opt/rustwide/rustup-home:ro,Z" "-e" "SOURCE_DIR=/opt/rustwide/workdir" "-e" "CARGO_TARGET_DIR=/opt/rustwide/target" "-e" "CARGO_INCREMENTAL=0" "-e" "RUST_BACKTRACE=full" "-e" "RUSTFLAGS=--cap-lints=warn" "-e" "RUSTDOCFLAGS=--cap-lints=warn" "-e" "CARGO_HOME=/opt/rustwide/cargo-home" "-e" "RUSTUP_HOME=/opt/rustwide/rustup-home" "-w" "/opt/rustwide/workdir" "-m" "1610612736" "--user" "0:0" "--network" "none" "ghcr.io/rust-lang/crates-build-env/linux@sha256:2788e3201cd34a07e3172128adcd8b3090168a8e3bcc40d7c032b9dda1df7d1c" "/opt/rustwide/cargo-home/bin/cargo" "+1.75.0" "build" "--frozen" "--message-format=json", kill_on_drop: false }`
[INFO] [stdout] 885bcac48018b784888c25c058870a8e148a725baca1537a2148164d8c3adb99
[INFO] running `Command { std: "docker" "start" "-a" "885bcac48018b784888c25c058870a8e148a725baca1537a2148164d8c3adb99", kill_on_drop: false }`
[INFO] [stderr]    Compiling cairo-lang-test-utils v2.4.0-rc6 (/opt/rustwide/workdir)
[INFO] [stderr]     Finished dev [unoptimized + debuginfo] target(s) in 0.14s
[INFO] running `Command { std: "docker" "inspect" "885bcac48018b784888c25c058870a8e148a725baca1537a2148164d8c3adb99", kill_on_drop: false }`
[INFO] running `Command { std: "docker" "rm" "-f" "885bcac48018b784888c25c058870a8e148a725baca1537a2148164d8c3adb99", kill_on_drop: false }`
[INFO] [stdout] 885bcac48018b784888c25c058870a8e148a725baca1537a2148164d8c3adb99
[INFO] running `Command { std: "docker" "create" "-v" "/var/lib/crater-agent-workspace/builds/worker-4-tc1/target:/opt/rustwide/target:rw,Z" "-v" "/var/lib/crater-agent-workspace/builds/worker-4-tc1/source:/opt/rustwide/workdir:ro,Z" "-v" "/var/lib/crater-agent-workspace/cargo-home:/opt/rustwide/cargo-home:ro,Z" "-v" "/var/lib/crater-agent-workspace/rustup-home:/opt/rustwide/rustup-home:ro,Z" "-e" "SOURCE_DIR=/opt/rustwide/workdir" "-e" "CARGO_TARGET_DIR=/opt/rustwide/target" "-e" "CARGO_INCREMENTAL=0" "-e" "RUST_BACKTRACE=full" "-e" "RUSTFLAGS=--cap-lints=warn" "-e" "RUSTDOCFLAGS=--cap-lints=warn" "-e" "CARGO_HOME=/opt/rustwide/cargo-home" "-e" "RUSTUP_HOME=/opt/rustwide/rustup-home" "-w" "/opt/rustwide/workdir" "-m" "1610612736" "--user" "0:0" "--network" "none" "ghcr.io/rust-lang/crates-build-env/linux@sha256:2788e3201cd34a07e3172128adcd8b3090168a8e3bcc40d7c032b9dda1df7d1c" "/opt/rustwide/cargo-home/bin/cargo" "+1.75.0" "test" "--frozen" "--no-run" "--message-format=json", kill_on_drop: false }`
[INFO] [stdout] 79ee19916e781513092d605032be859874e947da3d7e2d2803cd9ab7ec65320a
[INFO] running `Command { std: "docker" "start" "-a" "79ee19916e781513092d605032be859874e947da3d7e2d2803cd9ab7ec65320a", kill_on_drop: false }`
[INFO] [stderr]    Compiling proc-macro2 v1.0.75
[INFO] [stderr]    Compiling rustix v0.38.28
[INFO] [stderr]    Compiling regex-syntax v0.8.2
[INFO] [stderr]    Compiling termcolor v1.4.0
[INFO] [stderr]    Compiling humantime v2.1.0
[INFO] [stderr]    Compiling diff v0.1.13
[INFO] [stderr]    Compiling yansi v0.5.1
[INFO] [stderr]    Compiling colored v2.1.0
[INFO] [stderr]    Compiling pretty_assertions v1.4.0
[INFO] [stderr]    Compiling quote v1.0.35
[INFO] [stderr]    Compiling is-terminal v0.4.10
[INFO] [stderr]    Compiling syn v2.0.48
[INFO] [stderr]    Compiling regex-automata v0.4.3
[INFO] [stderr]    Compiling regex v1.10.2
[INFO] [stderr]    Compiling test-log-macros v0.2.14
[INFO] [stderr]    Compiling env_logger v0.10.1
[INFO] [stderr]    Compiling test-log v0.2.14
[INFO] [stderr]    Compiling cairo-lang-test-utils v2.4.0-rc6 (/opt/rustwide/workdir)
[INFO] [stdout] error[E0433]: failed to resolve: use of undeclared crate or module `cairo_lang_utils`
[INFO] [stdout]  --> src/lib.rs:9:5
[INFO] [stdout]   |
[INFO] [stdout] 9 | use cairo_lang_utils::ordered_hash_map::OrderedHashMap;
[INFO] [stdout]   |     ^^^^^^^^^^^^^^^^ use of undeclared crate or module `cairo_lang_utils`
[INFO] [stdout] 
[INFO] [stdout] 
[INFO] [stdout] error[E0433]: failed to resolve: use of undeclared crate or module `cairo_lang_utils`
[INFO] [stdout]  --> src/parse_test_file.rs:8:5
[INFO] [stdout]   |
[INFO] [stdout] 8 | use cairo_lang_utils::ordered_hash_map::OrderedHashMap;
[INFO] [stdout]   |     ^^^^^^^^^^^^^^^^ use of undeclared crate or module `cairo_lang_utils`
[INFO] [stdout] 
[INFO] [stdout] 
[INFO] [stdout] error[E0432]: unresolved import `cairo_lang_utils`
[INFO] [stdout]  --> src/parse_test_file.rs:9:5
[INFO] [stdout]   |
[INFO] [stdout] 9 | use cairo_lang_utils::ResultHelper;
[INFO] [stdout]   |     ^^^^^^^^^^^^^^^^ use of undeclared crate or module `cairo_lang_utils`
[INFO] [stdout] 
[INFO] [stdout] 
[INFO] [stdout] error[E0599]: no method named `on_err` found for enum `Result` in the current scope
[INFO] [stdout]   --> src/parse_test_file.rs:38:41
[INFO] [stdout]    |
[INFO] [stdout] 38 |     let file = fs::File::open(filename).on_err(|_| log::error!("File not found: {filename:?}"))?;
[INFO] [stdout]    |                                         ^^^^^^ help: there is a method with a similar name: `err`
[INFO] [stdout] 
[INFO] [stdout] 
[INFO] [stdout] error[E0277]: the size for values of type `str` cannot be known at compilation time
[INFO] [stdout]   --> src/parse_test_file.rs:66:10
[INFO] [stdout]    |
[INFO] [stdout] 66 |     for (test_name, test) in tests {
[INFO] [stdout]    |          ^^^^^^^^^ doesn't have a size known at compile-time
[INFO] [stdout]    |
[INFO] [stdout]    = help: the trait `Sized` is not implemented for `str`
[INFO] [stdout]    = note: all local variables must have a statically known size
[INFO] [stdout]    = help: unsized locals are gated as an unstable feature
[INFO] [stdout] 
[INFO] [stdout] 
[INFO] [stdout] error[E0277]: the size for values of type `str` cannot be known at compilation time
[INFO] [stdout]   --> src/parse_test_file.rs:66:30
[INFO] [stdout]    |
[INFO] [stdout] 66 |     for (test_name, test) in tests {
[INFO] [stdout]    |                              ^^^^^ doesn't have a size known at compile-time
[INFO] [stdout]    |
[INFO] [stdout]    = help: the trait `Sized` is not implemented for `str`
[INFO] [stdout]    = note: only the last element of a tuple may have a dynamically sized type
[INFO] [stdout] 
[INFO] [stdout] 
[INFO] [stdout] error[E0277]: the size for values of type `str` cannot be known at compilation time
[INFO] [stdout]   --> src/parse_test_file.rs:68:14
[INFO] [stdout]    |
[INFO] [stdout] 68 |         for (tag, content) in test.attributes {
[INFO] [stdout]    |              ^^^ doesn't have a size known at compile-time
[INFO] [stdout]    |
[INFO] [stdout]    = help: the trait `Sized` is not implemented for `str`
[INFO] [stdout]    = note: all local variables must have a statically known size
[INFO] [stdout]    = help: unsized locals are gated as an unstable feature
[INFO] [stdout] 
[INFO] [stdout] 
[INFO] [stdout] error[E0277]: the size for values of type `str` cannot be known at compilation time
[INFO] [stdout]   --> src/parse_test_file.rs:68:31
[INFO] [stdout]    |
[INFO] [stdout] 68 |         for (tag, content) in test.attributes {
[INFO] [stdout]    |                               ^^^^^^^^^^^^^^^ doesn't have a size known at compile-time
[INFO] [stdout]    |
[INFO] [stdout]    = help: the trait `Sized` is not implemented for `str`
[INFO] [stdout]    = note: only the last element of a tuple may have a dynamically sized type
[INFO] [stdout] 
[INFO] [stdout] 
[INFO] [stdout] warning: unused import: `BufRead`
[INFO] [stdout]  --> src/parse_test_file.rs:5:21
[INFO] [stdout]   |
[INFO] [stdout] 5 | use std::io::{self, BufRead};
[INFO] [stdout]   |                     ^^^^^^^
[INFO] [stdout]   |
[INFO] [stdout]   = note: `#[warn(unused_imports)]` on by default
[INFO] [stdout] 
[INFO] [stdout] 
[INFO] [stdout] error: aborting due to 8 previous errors; 1 warning emitted
[INFO] [stdout] 
[INFO] [stdout] 
[INFO] [stdout] Some errors have detailed explanations: E0277, E0432, E0433, E0599.
[INFO] [stdout] 
[INFO] [stdout] For more information about an error, try `rustc --explain E0277`.
[INFO] [stdout] 
[INFO] [stderr] error: could not compile `cairo-lang-test-utils` (lib test) due to 9 previous errors; 1 warning emitted
[INFO] running `Command { std: "docker" "inspect" "79ee19916e781513092d605032be859874e947da3d7e2d2803cd9ab7ec65320a", kill_on_drop: false }`
[INFO] running `Command { std: "docker" "rm" "-f" "79ee19916e781513092d605032be859874e947da3d7e2d2803cd9ab7ec65320a", kill_on_drop: false }`
[INFO] [stdout] 79ee19916e781513092d605032be859874e947da3d7e2d2803cd9ab7ec65320a
[INFO] testing cairo-lang-test-utils-2.4.0-rc6 against beta-2023-12-22 for beta-1.76-1
[INFO] extracting crate cairo-lang-test-utils 2.4.0-rc6 into /workspace/builds/worker-4-tc2/source
[INFO] validating manifest of crates.io crate cairo-lang-test-utils 2.4.0-rc6 on toolchain beta-2023-12-22
[INFO] running `Command { std: CARGO_HOME="/workspace/cargo-home" RUSTUP_HOME="/workspace/rustup-home" "/workspace/cargo-home/bin/cargo" "+beta-2023-12-22" "metadata" "--manifest-path" "Cargo.toml" "--no-deps", kill_on_drop: false }`
[INFO] started tweaking crates.io crate cairo-lang-test-utils 2.4.0-rc6
[INFO] finished tweaking crates.io crate cairo-lang-test-utils 2.4.0-rc6
[INFO] tweaked toml for crates.io crate cairo-lang-test-utils 2.4.0-rc6 written to /workspace/builds/worker-4-tc2/source/Cargo.toml
[INFO] running `Command { std: CARGO_HOME="/workspace/cargo-home" RUSTUP_HOME="/workspace/rustup-home" "/workspace/cargo-home/bin/cargo" "+beta-2023-12-22" "generate-lockfile" "--manifest-path" "Cargo.toml", kill_on_drop: false }`
[INFO] [stderr]     Updating crates.io index
[INFO] running `Command { std: CARGO_HOME="/workspace/cargo-home" RUSTUP_HOME="/workspace/rustup-home" "/workspace/cargo-home/bin/cargo" "+beta-2023-12-22" "fetch" "--manifest-path" "Cargo.toml", kill_on_drop: false }`
[INFO] running `Command { std: "docker" "create" "-v" "/var/lib/crater-agent-workspace/builds/worker-4-tc2/target:/opt/rustwide/target:rw,Z" "-v" "/var/lib/crater-agent-workspace/builds/worker-4-tc2/source:/opt/rustwide/workdir:ro,Z" "-v" "/var/lib/crater-agent-workspace/cargo-home:/opt/rustwide/cargo-home:ro,Z" "-v" "/var/lib/crater-agent-workspace/rustup-home:/opt/rustwide/rustup-home:ro,Z" "-e" "SOURCE_DIR=/opt/rustwide/workdir" "-e" "CARGO_TARGET_DIR=/opt/rustwide/target" "-e" "CARGO_HOME=/opt/rustwide/cargo-home" "-e" "RUSTUP_HOME=/opt/rustwide/rustup-home" "-w" "/opt/rustwide/workdir" "-m" "1610612736" "--user" "0:0" "--network" "none" "ghcr.io/rust-lang/crates-build-env/linux@sha256:2788e3201cd34a07e3172128adcd8b3090168a8e3bcc40d7c032b9dda1df7d1c" "/opt/rustwide/cargo-home/bin/cargo" "+beta-2023-12-22" "metadata" "--no-deps" "--format-version=1", kill_on_drop: false }`
[INFO] [stdout] 27fcd022fe832709725a9b895d44b51454c6188714aff14fd287cf2b128eeb51
[INFO] running `Command { std: "docker" "start" "-a" "27fcd022fe832709725a9b895d44b51454c6188714aff14fd287cf2b128eeb51", kill_on_drop: false }`
[INFO] running `Command { std: "docker" "inspect" "27fcd022fe832709725a9b895d44b51454c6188714aff14fd287cf2b128eeb51", kill_on_drop: false }`
[INFO] running `Command { std: "docker" "rm" "-f" "27fcd022fe832709725a9b895d44b51454c6188714aff14fd287cf2b128eeb51", kill_on_drop: false }`
[INFO] [stdout] 27fcd022fe832709725a9b895d44b51454c6188714aff14fd287cf2b128eeb51
[INFO] running `Command { std: "docker" "create" "-v" "/var/lib/crater-agent-workspace/builds/worker-4-tc2/target:/opt/rustwide/target:rw,Z" "-v" "/var/lib/crater-agent-workspace/builds/worker-4-tc2/source:/opt/rustwide/workdir:ro,Z" "-v" "/var/lib/crater-agent-workspace/cargo-home:/opt/rustwide/cargo-home:ro,Z" "-v" "/var/lib/crater-agent-workspace/rustup-home:/opt/rustwide/rustup-home:ro,Z" "-e" "SOURCE_DIR=/opt/rustwide/workdir" "-e" "CARGO_TARGET_DIR=/opt/rustwide/target" "-e" "CARGO_INCREMENTAL=0" "-e" "RUST_BACKTRACE=full" "-e" "RUSTFLAGS=--cap-lints=warn" "-e" "RUSTDOCFLAGS=--cap-lints=warn" "-e" "CARGO_HOME=/opt/rustwide/cargo-home" "-e" "RUSTUP_HOME=/opt/rustwide/rustup-home" "-w" "/opt/rustwide/workdir" "-m" "1610612736" "--user" "0:0" "--network" "none" "ghcr.io/rust-lang/crates-build-env/linux@sha256:2788e3201cd34a07e3172128adcd8b3090168a8e3bcc40d7c032b9dda1df7d1c" "/opt/rustwide/cargo-home/bin/cargo" "+beta-2023-12-22" "build" "--frozen" "--message-format=json", kill_on_drop: false }`
[INFO] [stdout] 4b01116fb1f510d5b85255b118cc8255121d0eee0dee3e853358037b6287b666
[INFO] running `Command { std: "docker" "start" "-a" "4b01116fb1f510d5b85255b118cc8255121d0eee0dee3e853358037b6287b666", kill_on_drop: false }`
[INFO] [stderr]    Compiling cairo-lang-test-utils v2.4.0-rc6 (/opt/rustwide/workdir)
[INFO] [stderr]     Finished dev [unoptimized + debuginfo] target(s) in 0.13s
[INFO] running `Command { std: "docker" "inspect" "4b01116fb1f510d5b85255b118cc8255121d0eee0dee3e853358037b6287b666", kill_on_drop: false }`
[INFO] running `Command { std: "docker" "rm" "-f" "4b01116fb1f510d5b85255b118cc8255121d0eee0dee3e853358037b6287b666", kill_on_drop: false }`
[INFO] [stdout] 4b01116fb1f510d5b85255b118cc8255121d0eee0dee3e853358037b6287b666
[INFO] running `Command { std: "docker" "create" "-v" "/var/lib/crater-agent-workspace/builds/worker-4-tc2/target:/opt/rustwide/target:rw,Z" "-v" "/var/lib/crater-agent-workspace/builds/worker-4-tc2/source:/opt/rustwide/workdir:ro,Z" "-v" "/var/lib/crater-agent-workspace/cargo-home:/opt/rustwide/cargo-home:ro,Z" "-v" "/var/lib/crater-agent-workspace/rustup-home:/opt/rustwide/rustup-home:ro,Z" "-e" "SOURCE_DIR=/opt/rustwide/workdir" "-e" "CARGO_TARGET_DIR=/opt/rustwide/target" "-e" "CARGO_INCREMENTAL=0" "-e" "RUST_BACKTRACE=full" "-e" "RUSTFLAGS=--cap-lints=warn" "-e" "RUSTDOCFLAGS=--cap-lints=warn" "-e" "CARGO_HOME=/opt/rustwide/cargo-home" "-e" "RUSTUP_HOME=/opt/rustwide/rustup-home" "-w" "/opt/rustwide/workdir" "-m" "1610612736" "--user" "0:0" "--network" "none" "ghcr.io/rust-lang/crates-build-env/linux@sha256:2788e3201cd34a07e3172128adcd8b3090168a8e3bcc40d7c032b9dda1df7d1c" "/opt/rustwide/cargo-home/bin/cargo" "+beta-2023-12-22" "test" "--frozen" "--no-run" "--message-format=json", kill_on_drop: false }`
[INFO] [stdout] a0c9ac49c658392ae77f736adc277ca421ca40b3a25d96509ff1b88a7139f750
[INFO] running `Command { std: "docker" "start" "-a" "a0c9ac49c658392ae77f736adc277ca421ca40b3a25d96509ff1b88a7139f750", kill_on_drop: false }`
[INFO] [stderr]    Compiling proc-macro2 v1.0.75
[INFO] [stderr]    Compiling rustix v0.38.28
[INFO] [stderr]    Compiling regex-syntax v0.8.2
[INFO] [stderr]    Compiling humantime v2.1.0
[INFO] [stderr]    Compiling termcolor v1.4.0
[INFO] [stderr]    Compiling diff v0.1.13
[INFO] [stderr]    Compiling yansi v0.5.1
[INFO] [stderr]    Compiling colored v2.1.0
[INFO] [stderr]    Compiling pretty_assertions v1.4.0
[INFO] [stderr]    Compiling quote v1.0.35
[INFO] [stderr]    Compiling syn v2.0.48
[INFO] [stderr]    Compiling is-terminal v0.4.10
[INFO] [stderr]    Compiling regex-automata v0.4.3
[INFO] [stderr]    Compiling regex v1.10.2
[INFO] [stderr]    Compiling env_logger v0.10.1
[INFO] [stderr]    Compiling test-log-macros v0.2.14
[INFO] [stderr]    Compiling test-log v0.2.14
[INFO] [stderr]    Compiling cairo-lang-test-utils v2.4.0-rc6 (/opt/rustwide/workdir)
[INFO] [stdout] error[E0433]: failed to resolve: use of undeclared crate or module `cairo_lang_utils`
[INFO] [stdout]  --> src/lib.rs:9:5
[INFO] [stdout]   |
[INFO] [stdout] 9 | use cairo_lang_utils::ordered_hash_map::OrderedHashMap;
[INFO] [stdout]   |     ^^^^^^^^^^^^^^^^ use of undeclared crate or module `cairo_lang_utils`
[INFO] [stdout] 
[INFO] [stdout] 
[INFO] [stdout] error[E0433]: failed to resolve: use of undeclared crate or module `cairo_lang_utils`
[INFO] [stdout]  --> src/parse_test_file.rs:8:5
[INFO] [stdout]   |
[INFO] [stdout] 8 | use cairo_lang_utils::ordered_hash_map::OrderedHashMap;
[INFO] [stdout]   |     ^^^^^^^^^^^^^^^^ use of undeclared crate or module `cairo_lang_utils`
[INFO] [stdout] 
[INFO] [stdout] 
[INFO] [stdout] error[E0432]: unresolved import `cairo_lang_utils`
[INFO] [stdout]  --> src/parse_test_file.rs:9:5
[INFO] [stdout]   |
[INFO] [stdout] 9 | use cairo_lang_utils::ResultHelper;
[INFO] [stdout]   |     ^^^^^^^^^^^^^^^^ use of undeclared crate or module `cairo_lang_utils`
[INFO] [stdout] 
[INFO] [stdout] 
[INFO] [stdout] error[E0599]: no method named `on_err` found for enum `Result` in the current scope
[INFO] [stdout]   --> src/parse_test_file.rs:38:41
[INFO] [stdout]    |
[INFO] [stdout] 38 |     let file = fs::File::open(filename).on_err(|_| log::error!("File not found: {filename:?}"))?;
[INFO] [stdout]    |                                         ^^^^^^ help: there is a method with a similar name: `err`
[INFO] [stdout] 
[INFO] [stdout] 
[INFO] [stdout] error[E0277]: the size for values of type `str` cannot be known at compilation time
[INFO] [stdout]   --> src/parse_test_file.rs:66:10
[INFO] [stdout]    |
[INFO] [stdout] 66 |     for (test_name, test) in tests {
[INFO] [stdout]    |          ^^^^^^^^^ doesn't have a size known at compile-time
[INFO] [stdout]    |
[INFO] [stdout]    = help: the trait `Sized` is not implemented for `str`
[INFO] [stdout]    = note: all local variables must have a statically known size
[INFO] [stdout]    = help: unsized locals are gated as an unstable feature
[INFO] [stdout] 
[INFO] [stdout] 
[INFO] [stdout] error[E0277]: the size for values of type `str` cannot be known at compilation time
[INFO] [stdout]   --> src/parse_test_file.rs:66:30
[INFO] [stdout]    |
[INFO] [stdout] 66 |     for (test_name, test) in tests {
[INFO] [stdout]    |                              ^^^^^ doesn't have a size known at compile-time
[INFO] [stdout]    |
[INFO] [stdout]    = help: the trait `Sized` is not implemented for `str`
[INFO] [stdout]    = note: only the last element of a tuple may have a dynamically sized type
[INFO] [stdout] 
[INFO] [stdout] 
[INFO] [stdout] error[E0277]: the size for values of type `str` cannot be known at compilation time
[INFO] [stdout]   --> src/parse_test_file.rs:68:14
[INFO] [stdout]    |
[INFO] [stdout] 68 |         for (tag, content) in test.attributes {
[INFO] [stdout]    |              ^^^ doesn't have a size known at compile-time
[INFO] [stdout]    |
[INFO] [stdout]    = help: the trait `Sized` is not implemented for `str`
[INFO] [stdout]    = note: all local variables must have a statically known size
[INFO] [stdout]    = help: unsized locals are gated as an unstable feature
[INFO] [stdout] 
[INFO] [stdout] 
[INFO] [stdout] error[E0277]: the size for values of type `str` cannot be known at compilation time
[INFO] [stdout]   --> src/parse_test_file.rs:68:31
[INFO] [stdout]    |
[INFO] [stdout] 68 |         for (tag, content) in test.attributes {
[INFO] [stdout]    |                               ^^^^^^^^^^^^^^^ doesn't have a size known at compile-time
[INFO] [stdout]    |
[INFO] [stdout]    = help: the trait `Sized` is not implemented for `str`
[INFO] [stdout]    = note: only the last element of a tuple may have a dynamically sized type
[INFO] [stdout] 
[INFO] [stdout] 
[INFO] [stdout] warning: unused import: `BufRead`
[INFO] [stdout]  --> src/parse_test_file.rs:5:21
[INFO] [stdout]   |
[INFO] [stdout] 5 | use std::io::{self, BufRead};
[INFO] [stdout]   |                     ^^^^^^^
[INFO] [stdout]   |
[INFO] [stdout]   = note: `#[warn(unused_imports)]` on by default
[INFO] [stdout] 
[INFO] [stdout] 
[INFO] [stdout] error: aborting due to 8 previous errors; 1 warning emitted
[INFO] [stdout] 
[INFO] [stdout] 
[INFO] [stdout] Some errors have detailed explanations: E0277, E0432, E0433, E0599.
[INFO] [stdout] 
[INFO] [stdout] For more information about an error, try `rustc --explain E0277`.
[INFO] [stdout] 
[INFO] [stderr] error: could not compile `cairo-lang-test-utils` (lib test) due to 9 previous errors; 1 warning emitted
[INFO] running `Command { std: "docker" "inspect" "a0c9ac49c658392ae77f736adc277ca421ca40b3a25d96509ff1b88a7139f750", kill_on_drop: false }`
[INFO] running `Command { std: "docker" "rm" "-f" "a0c9ac49c658392ae77f736adc277ca421ca40b3a25d96509ff1b88a7139f750", kill_on_drop: false }`
[INFO] [stdout] a0c9ac49c658392ae77f736adc277ca421ca40b3a25d96509ff1b88a7139f750
