[INFO] fetching crate cairo-lang-sierra 2.4.0-rc6...
[INFO] testing cairo-lang-sierra-2.4.0-rc6 against 1.75.0 for beta-1.76-1
[INFO] extracting crate cairo-lang-sierra 2.4.0-rc6 into /workspace/builds/worker-3-tc1/source
[INFO] validating manifest of crates.io crate cairo-lang-sierra 2.4.0-rc6 on toolchain 1.75.0
[INFO] running `Command { std: CARGO_HOME="/workspace/cargo-home" RUSTUP_HOME="/workspace/rustup-home" "/workspace/cargo-home/bin/cargo" "+1.75.0" "metadata" "--manifest-path" "Cargo.toml" "--no-deps", kill_on_drop: false }`
[INFO] started tweaking crates.io crate cairo-lang-sierra 2.4.0-rc6
[INFO] finished tweaking crates.io crate cairo-lang-sierra 2.4.0-rc6
[INFO] tweaked toml for crates.io crate cairo-lang-sierra 2.4.0-rc6 written to /workspace/builds/worker-3-tc1/source/Cargo.toml
[INFO] running `Command { std: CARGO_HOME="/workspace/cargo-home" RUSTUP_HOME="/workspace/rustup-home" "/workspace/cargo-home/bin/cargo" "+1.75.0" "generate-lockfile" "--manifest-path" "Cargo.toml", kill_on_drop: false }`
[INFO] [stderr]     Updating crates.io index
[INFO] running `Command { std: CARGO_HOME="/workspace/cargo-home" RUSTUP_HOME="/workspace/rustup-home" "/workspace/cargo-home/bin/cargo" "+1.75.0" "fetch" "--manifest-path" "Cargo.toml", kill_on_drop: false }`
[INFO] [stderr]  Downloading crates ...
[INFO] [stderr]   Downloaded salsa-macros v0.16.0
[INFO] [stderr]   Downloaded cairo-lang-utils v2.4.3
[INFO] [stderr]   Downloaded test-case-macros v3.3.1
[INFO] [stderr]   Downloaded const-fnv1a-hash v1.1.0
[INFO] [stderr]   Downloaded lalrpop-util v0.20.0
[INFO] [stderr]   Downloaded pico-args v0.5.0
[INFO] [stderr]   Downloaded bimap v0.6.3
[INFO] [stderr]   Downloaded test-case-core v3.3.1
[INFO] [stderr]   Downloaded test-case v3.3.1
[INFO] [stderr]   Downloaded lalrpop v0.20.0
[INFO] [stderr]   Downloaded salsa v0.16.1
[INFO] running `Command { std: "docker" "create" "-v" "/var/lib/crater-agent-workspace/builds/worker-3-tc1/target:/opt/rustwide/target:rw,Z" "-v" "/var/lib/crater-agent-workspace/builds/worker-3-tc1/source:/opt/rustwide/workdir:ro,Z" "-v" "/var/lib/crater-agent-workspace/cargo-home:/opt/rustwide/cargo-home:ro,Z" "-v" "/var/lib/crater-agent-workspace/rustup-home:/opt/rustwide/rustup-home:ro,Z" "-e" "SOURCE_DIR=/opt/rustwide/workdir" "-e" "CARGO_TARGET_DIR=/opt/rustwide/target" "-e" "CARGO_HOME=/opt/rustwide/cargo-home" "-e" "RUSTUP_HOME=/opt/rustwide/rustup-home" "-w" "/opt/rustwide/workdir" "-m" "1610612736" "--user" "0:0" "--network" "none" "ghcr.io/rust-lang/crates-build-env/linux@sha256:2788e3201cd34a07e3172128adcd8b3090168a8e3bcc40d7c032b9dda1df7d1c" "/opt/rustwide/cargo-home/bin/cargo" "+1.75.0" "metadata" "--no-deps" "--format-version=1", kill_on_drop: false }`
[INFO] [stdout] 1e60b57dbacd44b79197c992185382e9c6585d786b3b0b2015618c480eda5837
[INFO] running `Command { std: "docker" "start" "-a" "1e60b57dbacd44b79197c992185382e9c6585d786b3b0b2015618c480eda5837", kill_on_drop: false }`
[INFO] running `Command { std: "docker" "inspect" "1e60b57dbacd44b79197c992185382e9c6585d786b3b0b2015618c480eda5837", kill_on_drop: false }`
[INFO] running `Command { std: "docker" "rm" "-f" "1e60b57dbacd44b79197c992185382e9c6585d786b3b0b2015618c480eda5837", kill_on_drop: false }`
[INFO] [stdout] 1e60b57dbacd44b79197c992185382e9c6585d786b3b0b2015618c480eda5837
[INFO] running `Command { std: "docker" "create" "-v" "/var/lib/crater-agent-workspace/builds/worker-3-tc1/target:/opt/rustwide/target:rw,Z" "-v" "/var/lib/crater-agent-workspace/builds/worker-3-tc1/source:/opt/rustwide/workdir:ro,Z" "-v" "/var/lib/crater-agent-workspace/cargo-home:/opt/rustwide/cargo-home:ro,Z" "-v" "/var/lib/crater-agent-workspace/rustup-home:/opt/rustwide/rustup-home:ro,Z" "-e" "SOURCE_DIR=/opt/rustwide/workdir" "-e" "CARGO_TARGET_DIR=/opt/rustwide/target" "-e" "CARGO_INCREMENTAL=0" "-e" "RUST_BACKTRACE=full" "-e" "RUSTFLAGS=--cap-lints=warn" "-e" "RUSTDOCFLAGS=--cap-lints=warn" "-e" "CARGO_HOME=/opt/rustwide/cargo-home" "-e" "RUSTUP_HOME=/opt/rustwide/rustup-home" "-w" "/opt/rustwide/workdir" "-m" "1610612736" "--user" "0:0" "--network" "none" "ghcr.io/rust-lang/crates-build-env/linux@sha256:2788e3201cd34a07e3172128adcd8b3090168a8e3bcc40d7c032b9dda1df7d1c" "/opt/rustwide/cargo-home/bin/cargo" "+1.75.0" "build" "--frozen" "--message-format=json", kill_on_drop: false }`
[INFO] [stdout] 43a8f169ac43c81b7306e5ae0334f0770273232904c619042573e163a1b7f7ce
[INFO] running `Command { std: "docker" "start" "-a" "43a8f169ac43c81b7306e5ae0334f0770273232904c619042573e163a1b7f7ce", kill_on_drop: false }`
[INFO] [stderr]    Compiling serde v1.0.194
[INFO] [stderr]    Compiling syn v1.0.109
[INFO] [stderr]    Compiling rustix v0.38.28
[INFO] [stderr]    Compiling parking_lot_core v0.9.9
[INFO] [stderr]    Compiling crunchy v0.2.2
[INFO] [stderr]    Compiling num-traits v0.2.17
[INFO] [stderr]    Compiling indexmap v1.9.3
[INFO] [stderr]    Compiling tiny-keccak v2.0.2
[INFO] [stderr]    Compiling dirs-sys-next v0.1.2
[INFO] [stderr]    Compiling siphasher v0.3.11
[INFO] [stderr]    Compiling indexmap v2.1.0
[INFO] [stderr]    Compiling unicode-segmentation v1.10.1
[INFO] [stderr]    Compiling fixedbitset v0.4.2
[INFO] [stderr]    Compiling bit-vec v0.6.3
[INFO] [stderr]    Compiling precomputed-hash v0.1.1
[INFO] [stderr]    Compiling parking_lot_core v0.8.6
[INFO] [stderr]    Compiling new_debug_unreachable v1.0.4
[INFO] [stderr]    Compiling dirs-next v2.0.0
[INFO] [stderr]    Compiling phf_shared v0.10.0
[INFO] [stderr]    Compiling once_cell v1.19.0
[INFO] [stderr]    Compiling bit-set v0.5.3
[INFO] [stderr]    Compiling term v0.7.0
[INFO] [stderr]    Compiling parking_lot v0.12.1
[INFO] [stderr]    Compiling lalrpop-util v0.20.0
[INFO] [stderr]    Compiling ena v0.14.2
[INFO] [stderr]    Compiling itertools v0.10.5
[INFO] [stderr]    Compiling instant v0.1.12
[INFO] [stderr]    Compiling num-bigint v0.4.4
[INFO] [stderr]    Compiling unicode-xid v0.2.4
[INFO] [stderr]    Compiling crossbeam-utils v0.8.18
[INFO] [stderr]    Compiling diff v0.1.13
[INFO] [stderr]    Compiling string_cache v0.8.7
[INFO] [stderr]    Compiling regex-syntax v0.7.5
[INFO] [stderr]    Compiling pico-args v0.5.0
[INFO] [stderr]    Compiling petgraph v0.6.4
[INFO] [stderr]    Compiling ascii-canvas v3.0.0
[INFO] [stderr]    Compiling schemars v0.8.16
[INFO] [stderr]    Compiling heck v0.3.3
[INFO] [stderr]    Compiling dyn-clone v1.0.16
[INFO] [stderr]    Compiling arrayvec v0.7.4
[INFO] [stderr]    Compiling byte-slice-cast v1.2.2
[INFO] [stderr]    Compiling parking_lot v0.11.2
[INFO] [stderr]    Compiling digest v0.10.7
[INFO] [stderr]    Compiling keccak v0.1.4
[INFO] [stderr]    Compiling rustc-hash v1.1.0
[INFO] [stderr]    Compiling convert_case v0.6.0
[INFO] [stderr]    Compiling const-fnv1a-hash v1.1.0
[INFO] [stderr]    Compiling sha3 v0.10.8
[INFO] [stderr]    Compiling is-terminal v0.4.10
[INFO] [stderr]    Compiling num-integer v0.1.45
[INFO] [stderr]    Compiling lalrpop v0.20.0
[INFO] [stderr]    Compiling serde_json v1.0.111
[INFO] [stderr]    Compiling smol_str v0.2.0
[INFO] [stderr]    Compiling serde_derive_internals v0.26.0
[INFO] [stderr]    Compiling impl-trait-for-tuples v0.2.2
[INFO] [stderr]    Compiling salsa-macros v0.16.0
[INFO] [stderr]    Compiling derivative v2.2.0
[INFO] [stderr]    Compiling schemars_derive v0.8.16
[INFO] [stderr]    Compiling salsa v0.16.1
[INFO] [stderr]    Compiling parity-scale-codec v3.6.9
[INFO] [stderr]    Compiling cairo-lang-utils v2.4.3
[INFO] [stderr]    Compiling cairo-lang-sierra v2.4.0-rc6 (/opt/rustwide/workdir)
[INFO] [stderr]     Finished dev [unoptimized + debuginfo] target(s) in 25.33s
[INFO] running `Command { std: "docker" "inspect" "43a8f169ac43c81b7306e5ae0334f0770273232904c619042573e163a1b7f7ce", kill_on_drop: false }`
[INFO] running `Command { std: "docker" "rm" "-f" "43a8f169ac43c81b7306e5ae0334f0770273232904c619042573e163a1b7f7ce", kill_on_drop: false }`
[INFO] [stdout] 43a8f169ac43c81b7306e5ae0334f0770273232904c619042573e163a1b7f7ce
[INFO] running `Command { std: "docker" "create" "-v" "/var/lib/crater-agent-workspace/builds/worker-3-tc1/target:/opt/rustwide/target:rw,Z" "-v" "/var/lib/crater-agent-workspace/builds/worker-3-tc1/source:/opt/rustwide/workdir:ro,Z" "-v" "/var/lib/crater-agent-workspace/cargo-home:/opt/rustwide/cargo-home:ro,Z" "-v" "/var/lib/crater-agent-workspace/rustup-home:/opt/rustwide/rustup-home:ro,Z" "-e" "SOURCE_DIR=/opt/rustwide/workdir" "-e" "CARGO_TARGET_DIR=/opt/rustwide/target" "-e" "CARGO_INCREMENTAL=0" "-e" "RUST_BACKTRACE=full" "-e" "RUSTFLAGS=--cap-lints=warn" "-e" "RUSTDOCFLAGS=--cap-lints=warn" "-e" "CARGO_HOME=/opt/rustwide/cargo-home" "-e" "RUSTUP_HOME=/opt/rustwide/rustup-home" "-w" "/opt/rustwide/workdir" "-m" "1610612736" "--user" "0:0" "--network" "none" "ghcr.io/rust-lang/crates-build-env/linux@sha256:2788e3201cd34a07e3172128adcd8b3090168a8e3bcc40d7c032b9dda1df7d1c" "/opt/rustwide/cargo-home/bin/cargo" "+1.75.0" "test" "--frozen" "--no-run" "--message-format=json", kill_on_drop: false }`
[INFO] [stdout] 0d200ad49af0a50b18b98bf538dbc66208129e4a2c0aa4f0c756ee868f352f8b
[INFO] running `Command { std: "docker" "start" "-a" "0d200ad49af0a50b18b98bf538dbc66208129e4a2c0aa4f0c756ee868f352f8b", kill_on_drop: false }`
[INFO] [stderr]    Compiling linux-raw-sys v0.4.12
[INFO] [stderr]    Compiling rustix v0.38.28
[INFO] [stderr]    Compiling bitflags v2.4.1
[INFO] [stderr]    Compiling regex-automata v0.4.3
[INFO] [stderr]    Compiling syn v2.0.48
[INFO] [stderr]    Compiling diff v0.1.13
[INFO] [stderr]    Compiling ena v0.14.2
[INFO] [stderr]    Compiling humantime v2.1.0
[INFO] [stderr]    Compiling termcolor v1.4.0
[INFO] [stderr]    Compiling yansi v0.5.1
[INFO] [stderr]    Compiling bimap v0.6.3
[INFO] [stderr]    Compiling indoc v2.0.4
[INFO] [stderr]    Compiling pretty_assertions v1.4.0
[INFO] [stderr]    Compiling is-terminal v0.4.10
[INFO] [stderr]    Compiling regex v1.10.2
[INFO] [stderr]    Compiling env_logger v0.10.1
[INFO] [stderr]    Compiling lalrpop-util v0.20.0
[INFO] [stderr]    Compiling test-case-core v3.3.1
[INFO] [stderr]    Compiling lalrpop v0.20.0
[INFO] [stderr]    Compiling serde_derive v1.0.194
[INFO] [stderr]    Compiling thiserror-impl v1.0.56
[INFO] [stderr]    Compiling test-log-macros v0.2.14
[INFO] [stderr]    Compiling test-case-macros v3.3.1
[INFO] [stderr]    Compiling test-log v0.2.14
[INFO] [stderr]    Compiling test-case v3.3.1
[INFO] [stderr]    Compiling thiserror v1.0.56
[INFO] [stderr]    Compiling serde v1.0.194
[INFO] [stderr]    Compiling indexmap v1.9.3
[INFO] [stderr]    Compiling serde_json v1.0.111
[INFO] [stderr]    Compiling indexmap v2.1.0
[INFO] [stderr]    Compiling num-bigint v0.4.4
[INFO] [stderr]    Compiling parity-scale-codec v3.6.9
[INFO] [stderr]    Compiling smol_str v0.2.0
[INFO] [stderr]    Compiling salsa v0.16.1
[INFO] [stderr]    Compiling schemars v0.8.16
[INFO] [stderr]    Compiling cairo-lang-sierra v2.4.0-rc6 (/opt/rustwide/workdir)
[INFO] [stderr]    Compiling cairo-lang-utils v2.4.3
[INFO] [stdout] error[E0433]: failed to resolve: use of undeclared crate or module `cairo_lang_test_utils`
[INFO] [stdout]  --> tests/serde_test.rs:4:5
[INFO] [stdout]   |
[INFO] [stdout] 4 | use cairo_lang_test_utils::parse_test_file::TestRunnerResult;
[INFO] [stdout]   |     ^^^^^^^^^^^^^^^^^^^^^ use of undeclared crate or module `cairo_lang_test_utils`
[INFO] [stdout]   |
[INFO] [stdout] help: there is a crate or module with a similar name
[INFO] [stdout]   |
[INFO] [stdout] 4 | use cairo_lang_utils::parse_test_file::TestRunnerResult;
[INFO] [stdout]   |     ~~~~~~~~~~~~~~~~
[INFO] [stdout] 
[INFO] [stdout] 
[INFO] [stdout] error[E0433]: failed to resolve: use of undeclared crate or module `cairo_lang_test_utils`
[INFO] [stdout]  --> tests/serde_test.rs:8:1
[INFO] [stdout]   |
[INFO] [stdout] 8 | cairo_lang_test_utils::test_file_test!(
[INFO] [stdout]   | ^^^^^^^^^^^^^^^^^^^^^ use of undeclared crate or module `cairo_lang_test_utils`
[INFO] [stdout] 
[INFO] [stdout] 
[INFO] [stdout] error: aborting due to 2 previous errors
[INFO] [stdout] 
[INFO] [stdout] 
[INFO] [stdout] For more information about this error, try `rustc --explain E0433`.
[INFO] [stdout] 
[INFO] [stderr] error: could not compile `cairo-lang-sierra` (test "serde_test") due to 3 previous errors
[INFO] [stderr] warning: build failed, waiting for other jobs to finish...
[INFO] running `Command { std: "docker" "inspect" "0d200ad49af0a50b18b98bf538dbc66208129e4a2c0aa4f0c756ee868f352f8b", kill_on_drop: false }`
[INFO] running `Command { std: "docker" "rm" "-f" "0d200ad49af0a50b18b98bf538dbc66208129e4a2c0aa4f0c756ee868f352f8b", kill_on_drop: false }`
[INFO] [stdout] 0d200ad49af0a50b18b98bf538dbc66208129e4a2c0aa4f0c756ee868f352f8b
[INFO] testing cairo-lang-sierra-2.4.0-rc6 against beta-2023-12-22 for beta-1.76-1
[INFO] extracting crate cairo-lang-sierra 2.4.0-rc6 into /workspace/builds/worker-3-tc2/source
[INFO] validating manifest of crates.io crate cairo-lang-sierra 2.4.0-rc6 on toolchain beta-2023-12-22
[INFO] running `Command { std: CARGO_HOME="/workspace/cargo-home" RUSTUP_HOME="/workspace/rustup-home" "/workspace/cargo-home/bin/cargo" "+beta-2023-12-22" "metadata" "--manifest-path" "Cargo.toml" "--no-deps", kill_on_drop: false }`
[INFO] started tweaking crates.io crate cairo-lang-sierra 2.4.0-rc6
[INFO] finished tweaking crates.io crate cairo-lang-sierra 2.4.0-rc6
[INFO] tweaked toml for crates.io crate cairo-lang-sierra 2.4.0-rc6 written to /workspace/builds/worker-3-tc2/source/Cargo.toml
[INFO] running `Command { std: CARGO_HOME="/workspace/cargo-home" RUSTUP_HOME="/workspace/rustup-home" "/workspace/cargo-home/bin/cargo" "+beta-2023-12-22" "generate-lockfile" "--manifest-path" "Cargo.toml", kill_on_drop: false }`
[INFO] [stderr]     Updating crates.io index
[INFO] running `Command { std: CARGO_HOME="/workspace/cargo-home" RUSTUP_HOME="/workspace/rustup-home" "/workspace/cargo-home/bin/cargo" "+beta-2023-12-22" "fetch" "--manifest-path" "Cargo.toml", kill_on_drop: false }`
[INFO] running `Command { std: "docker" "create" "-v" "/var/lib/crater-agent-workspace/builds/worker-3-tc2/target:/opt/rustwide/target:rw,Z" "-v" "/var/lib/crater-agent-workspace/builds/worker-3-tc2/source:/opt/rustwide/workdir:ro,Z" "-v" "/var/lib/crater-agent-workspace/cargo-home:/opt/rustwide/cargo-home:ro,Z" "-v" "/var/lib/crater-agent-workspace/rustup-home:/opt/rustwide/rustup-home:ro,Z" "-e" "SOURCE_DIR=/opt/rustwide/workdir" "-e" "CARGO_TARGET_DIR=/opt/rustwide/target" "-e" "CARGO_HOME=/opt/rustwide/cargo-home" "-e" "RUSTUP_HOME=/opt/rustwide/rustup-home" "-w" "/opt/rustwide/workdir" "-m" "1610612736" "--user" "0:0" "--network" "none" "ghcr.io/rust-lang/crates-build-env/linux@sha256:2788e3201cd34a07e3172128adcd8b3090168a8e3bcc40d7c032b9dda1df7d1c" "/opt/rustwide/cargo-home/bin/cargo" "+beta-2023-12-22" "metadata" "--no-deps" "--format-version=1", kill_on_drop: false }`
[INFO] [stdout] 5f651fe6806411631b069372200f5c91ef57e8176bb4ce22342e89a720720519
[INFO] running `Command { std: "docker" "start" "-a" "5f651fe6806411631b069372200f5c91ef57e8176bb4ce22342e89a720720519", kill_on_drop: false }`
[INFO] running `Command { std: "docker" "inspect" "5f651fe6806411631b069372200f5c91ef57e8176bb4ce22342e89a720720519", kill_on_drop: false }`
[INFO] running `Command { std: "docker" "rm" "-f" "5f651fe6806411631b069372200f5c91ef57e8176bb4ce22342e89a720720519", kill_on_drop: false }`
[INFO] [stdout] 5f651fe6806411631b069372200f5c91ef57e8176bb4ce22342e89a720720519
[INFO] running `Command { std: "docker" "create" "-v" "/var/lib/crater-agent-workspace/builds/worker-3-tc2/target:/opt/rustwide/target:rw,Z" "-v" "/var/lib/crater-agent-workspace/builds/worker-3-tc2/source:/opt/rustwide/workdir:ro,Z" "-v" "/var/lib/crater-agent-workspace/cargo-home:/opt/rustwide/cargo-home:ro,Z" "-v" "/var/lib/crater-agent-workspace/rustup-home:/opt/rustwide/rustup-home:ro,Z" "-e" "SOURCE_DIR=/opt/rustwide/workdir" "-e" "CARGO_TARGET_DIR=/opt/rustwide/target" "-e" "CARGO_INCREMENTAL=0" "-e" "RUST_BACKTRACE=full" "-e" "RUSTFLAGS=--cap-lints=warn" "-e" "RUSTDOCFLAGS=--cap-lints=warn" "-e" "CARGO_HOME=/opt/rustwide/cargo-home" "-e" "RUSTUP_HOME=/opt/rustwide/rustup-home" "-w" "/opt/rustwide/workdir" "-m" "1610612736" "--user" "0:0" "--network" "none" "ghcr.io/rust-lang/crates-build-env/linux@sha256:2788e3201cd34a07e3172128adcd8b3090168a8e3bcc40d7c032b9dda1df7d1c" "/opt/rustwide/cargo-home/bin/cargo" "+beta-2023-12-22" "build" "--frozen" "--message-format=json", kill_on_drop: false }`
[INFO] [stdout] 415ae6b8bfd9b9d6c38c4d05f9a1852ffbc5199cd463d8f66abdd2e797f6660e
[INFO] running `Command { std: "docker" "start" "-a" "415ae6b8bfd9b9d6c38c4d05f9a1852ffbc5199cd463d8f66abdd2e797f6660e", kill_on_drop: false }`
[INFO] [stderr]    Compiling serde v1.0.194
[INFO] [stderr]    Compiling syn v1.0.109
[INFO] [stderr]    Compiling parking_lot_core v0.9.9
[INFO] [stderr]    Compiling rustix v0.38.28
[INFO] [stderr]    Compiling crunchy v0.2.2
[INFO] [stderr]    Compiling indexmap v1.9.3
[INFO] [stderr]    Compiling num-traits v0.2.17
[INFO] [stderr]    Compiling tiny-keccak v2.0.2
[INFO] [stderr]    Compiling siphasher v0.3.11
[INFO] [stderr]    Compiling indexmap v2.1.0
[INFO] [stderr]    Compiling dirs-sys-next v0.1.2
[INFO] [stderr]    Compiling bit-vec v0.6.3
[INFO] [stderr]    Compiling fixedbitset v0.4.2
[INFO] [stderr]    Compiling unicode-segmentation v1.10.1
[INFO] [stderr]    Compiling precomputed-hash v0.1.1
[INFO] [stderr]    Compiling new_debug_unreachable v1.0.4
[INFO] [stderr]    Compiling once_cell v1.19.0
[INFO] [stderr]    Compiling parking_lot_core v0.8.6
[INFO] [stderr]    Compiling dirs-next v2.0.0
[INFO] [stderr]    Compiling phf_shared v0.10.0
[INFO] [stderr]    Compiling bit-set v0.5.3
[INFO] [stderr]    Compiling parking_lot v0.12.1
[INFO] [stderr]    Compiling term v0.7.0
[INFO] [stderr]    Compiling lalrpop-util v0.20.0
[INFO] [stderr]    Compiling ena v0.14.2
[INFO] [stderr]    Compiling instant v0.1.12
[INFO] [stderr]    Compiling itertools v0.10.5
[INFO] [stderr]    Compiling num-bigint v0.4.4
[INFO] [stderr]    Compiling diff v0.1.13
[INFO] [stderr]    Compiling regex-syntax v0.7.5
[INFO] [stderr]    Compiling crossbeam-utils v0.8.18
[INFO] [stderr]    Compiling unicode-xid v0.2.4
[INFO] [stderr]    Compiling ascii-canvas v3.0.0
[INFO] [stderr]    Compiling string_cache v0.8.7
[INFO] [stderr]    Compiling schemars v0.8.16
[INFO] [stderr]    Compiling pico-args v0.5.0
[INFO] [stderr]    Compiling petgraph v0.6.4
[INFO] [stderr]    Compiling heck v0.3.3
[INFO] [stderr]    Compiling dyn-clone v1.0.16
[INFO] [stderr]    Compiling byte-slice-cast v1.2.2
[INFO] [stderr]    Compiling arrayvec v0.7.4
[INFO] [stderr]    Compiling parking_lot v0.11.2
[INFO] [stderr]    Compiling digest v0.10.7
[INFO] [stderr]    Compiling keccak v0.1.4
[INFO] [stderr]    Compiling rustc-hash v1.1.0
[INFO] [stderr]    Compiling convert_case v0.6.0
[INFO] [stderr]    Compiling const-fnv1a-hash v1.1.0
[INFO] [stderr]    Compiling sha3 v0.10.8
[INFO] [stderr]    Compiling is-terminal v0.4.10
[INFO] [stderr]    Compiling num-integer v0.1.45
[INFO] [stderr]    Compiling lalrpop v0.20.0
[INFO] [stderr]    Compiling serde_json v1.0.111
[INFO] [stderr]    Compiling smol_str v0.2.0
[INFO] [stderr]    Compiling serde_derive_internals v0.26.0
[INFO] [stderr]    Compiling schemars_derive v0.8.16
[INFO] [stderr]    Compiling impl-trait-for-tuples v0.2.2
[INFO] [stderr]    Compiling salsa-macros v0.16.0
[INFO] [stderr]    Compiling derivative v2.2.0
[INFO] [stderr]    Compiling salsa v0.16.1
[INFO] [stderr]    Compiling parity-scale-codec v3.6.9
[INFO] [stderr]    Compiling cairo-lang-utils v2.4.3
[INFO] [stderr]    Compiling cairo-lang-sierra v2.4.0-rc6 (/opt/rustwide/workdir)
[INFO] [stderr]     Finished dev [unoptimized + debuginfo] target(s) in 21.97s
[INFO] running `Command { std: "docker" "inspect" "415ae6b8bfd9b9d6c38c4d05f9a1852ffbc5199cd463d8f66abdd2e797f6660e", kill_on_drop: false }`
[INFO] running `Command { std: "docker" "rm" "-f" "415ae6b8bfd9b9d6c38c4d05f9a1852ffbc5199cd463d8f66abdd2e797f6660e", kill_on_drop: false }`
[INFO] [stdout] 415ae6b8bfd9b9d6c38c4d05f9a1852ffbc5199cd463d8f66abdd2e797f6660e
[INFO] running `Command { std: "docker" "create" "-v" "/var/lib/crater-agent-workspace/builds/worker-3-tc2/target:/opt/rustwide/target:rw,Z" "-v" "/var/lib/crater-agent-workspace/builds/worker-3-tc2/source:/opt/rustwide/workdir:ro,Z" "-v" "/var/lib/crater-agent-workspace/cargo-home:/opt/rustwide/cargo-home:ro,Z" "-v" "/var/lib/crater-agent-workspace/rustup-home:/opt/rustwide/rustup-home:ro,Z" "-e" "SOURCE_DIR=/opt/rustwide/workdir" "-e" "CARGO_TARGET_DIR=/opt/rustwide/target" "-e" "CARGO_INCREMENTAL=0" "-e" "RUST_BACKTRACE=full" "-e" "RUSTFLAGS=--cap-lints=warn" "-e" "RUSTDOCFLAGS=--cap-lints=warn" "-e" "CARGO_HOME=/opt/rustwide/cargo-home" "-e" "RUSTUP_HOME=/opt/rustwide/rustup-home" "-w" "/opt/rustwide/workdir" "-m" "1610612736" "--user" "0:0" "--network" "none" "ghcr.io/rust-lang/crates-build-env/linux@sha256:2788e3201cd34a07e3172128adcd8b3090168a8e3bcc40d7c032b9dda1df7d1c" "/opt/rustwide/cargo-home/bin/cargo" "+beta-2023-12-22" "test" "--frozen" "--no-run" "--message-format=json", kill_on_drop: false }`
[INFO] [stdout] ffd6d2fddb2bb8fc31a7503e72d5f76f6f744750e2d077cd96253006430d4d2a
[INFO] running `Command { std: "docker" "start" "-a" "ffd6d2fddb2bb8fc31a7503e72d5f76f6f744750e2d077cd96253006430d4d2a", kill_on_drop: false }`
[INFO] [stderr]    Compiling linux-raw-sys v0.4.12
[INFO] [stderr]    Compiling bitflags v2.4.1
[INFO] [stderr]    Compiling rustix v0.38.28
[INFO] [stderr]    Compiling regex-automata v0.4.3
[INFO] [stderr]    Compiling syn v2.0.48
[INFO] [stderr]    Compiling diff v0.1.13
[INFO] [stderr]    Compiling ena v0.14.2
[INFO] [stderr]    Compiling termcolor v1.4.0
[INFO] [stderr]    Compiling humantime v2.1.0
[INFO] [stderr]    Compiling yansi v0.5.1
[INFO] [stderr]    Compiling indoc v2.0.4
[INFO] [stderr]    Compiling bimap v0.6.3
[INFO] [stderr]    Compiling pretty_assertions v1.4.0
[INFO] [stderr]    Compiling is-terminal v0.4.10
[INFO] [stderr]    Compiling regex v1.10.2
[INFO] [stderr]    Compiling lalrpop-util v0.20.0
[INFO] [stderr]    Compiling env_logger v0.10.1
[INFO] [stderr]    Compiling lalrpop v0.20.0
[INFO] [stderr]    Compiling test-case-core v3.3.1
[INFO] [stderr]    Compiling serde_derive v1.0.194
[INFO] [stderr]    Compiling thiserror-impl v1.0.56
[INFO] [stderr]    Compiling test-log-macros v0.2.14
[INFO] [stderr]    Compiling test-case-macros v3.3.1
[INFO] [stderr]    Compiling test-log v0.2.14
[INFO] [stderr]    Compiling test-case v3.3.1
[INFO] [stderr]    Compiling thiserror v1.0.56
[INFO] [stderr]    Compiling serde v1.0.194
[INFO] [stderr]    Compiling indexmap v1.9.3
[INFO] [stderr]    Compiling serde_json v1.0.111
[INFO] [stderr]    Compiling indexmap v2.1.0
[INFO] [stderr]    Compiling num-bigint v0.4.4
[INFO] [stderr]    Compiling parity-scale-codec v3.6.9
[INFO] [stderr]    Compiling smol_str v0.2.0
[INFO] [stderr]    Compiling salsa v0.16.1
[INFO] [stderr]    Compiling schemars v0.8.16
[INFO] [stderr]    Compiling cairo-lang-sierra v2.4.0-rc6 (/opt/rustwide/workdir)
[INFO] [stderr]    Compiling cairo-lang-utils v2.4.3
[INFO] [stdout] error[E0433]: failed to resolve: use of undeclared crate or module `cairo_lang_test_utils`
[INFO] [stdout]  --> tests/serde_test.rs:4:5
[INFO] [stdout]   |
[INFO] [stdout] 4 | use cairo_lang_test_utils::parse_test_file::TestRunnerResult;
[INFO] [stdout]   |     ^^^^^^^^^^^^^^^^^^^^^ use of undeclared crate or module `cairo_lang_test_utils`
[INFO] [stdout]   |
[INFO] [stdout] help: there is a crate or module with a similar name
[INFO] [stdout]   |
[INFO] [stdout] 4 | use cairo_lang_utils::parse_test_file::TestRunnerResult;
[INFO] [stdout]   |     ~~~~~~~~~~~~~~~~
[INFO] [stdout] 
[INFO] [stdout] 
[INFO] [stdout] error[E0433]: failed to resolve: use of undeclared crate or module `cairo_lang_test_utils`
[INFO] [stdout]  --> tests/serde_test.rs:8:1
[INFO] [stdout]   |
[INFO] [stdout] 8 | cairo_lang_test_utils::test_file_test!(
[INFO] [stdout]   | ^^^^^^^^^^^^^^^^^^^^^ use of undeclared crate or module `cairo_lang_test_utils`
[INFO] [stdout] 
[INFO] [stdout] 
[INFO] [stdout] error: aborting due to 2 previous errors
[INFO] [stdout] 
[INFO] [stdout] 
[INFO] [stdout] For more information about this error, try `rustc --explain E0433`.
[INFO] [stdout] 
[INFO] [stderr] error: could not compile `cairo-lang-sierra` (test "serde_test") due to 3 previous errors
[INFO] [stderr] warning: build failed, waiting for other jobs to finish...
[INFO] running `Command { std: "docker" "inspect" "ffd6d2fddb2bb8fc31a7503e72d5f76f6f744750e2d077cd96253006430d4d2a", kill_on_drop: false }`
[INFO] running `Command { std: "docker" "rm" "-f" "ffd6d2fddb2bb8fc31a7503e72d5f76f6f744750e2d077cd96253006430d4d2a", kill_on_drop: false }`
[INFO] [stdout] ffd6d2fddb2bb8fc31a7503e72d5f76f6f744750e2d077cd96253006430d4d2a
