[INFO] fetching crate cairo-lang-defs 2.4.0-rc6...
[INFO] testing cairo-lang-defs-2.4.0-rc6 against 1.75.0 for beta-1.76-1
[INFO] extracting crate cairo-lang-defs 2.4.0-rc6 into /workspace/builds/worker-1-tc1/source
[INFO] validating manifest of crates.io crate cairo-lang-defs 2.4.0-rc6 on toolchain 1.75.0
[INFO] running `Command { std: CARGO_HOME="/workspace/cargo-home" RUSTUP_HOME="/workspace/rustup-home" "/workspace/cargo-home/bin/cargo" "+1.75.0" "metadata" "--manifest-path" "Cargo.toml" "--no-deps", kill_on_drop: false }`
[INFO] started tweaking crates.io crate cairo-lang-defs 2.4.0-rc6
[INFO] finished tweaking crates.io crate cairo-lang-defs 2.4.0-rc6
[INFO] tweaked toml for crates.io crate cairo-lang-defs 2.4.0-rc6 written to /workspace/builds/worker-1-tc1/source/Cargo.toml
[INFO] running `Command { std: CARGO_HOME="/workspace/cargo-home" RUSTUP_HOME="/workspace/rustup-home" "/workspace/cargo-home/bin/cargo" "+1.75.0" "generate-lockfile" "--manifest-path" "Cargo.toml", kill_on_drop: false }`
[INFO] [stderr]     Updating crates.io index
[INFO] running `Command { std: CARGO_HOME="/workspace/cargo-home" RUSTUP_HOME="/workspace/rustup-home" "/workspace/cargo-home/bin/cargo" "+1.75.0" "fetch" "--manifest-path" "Cargo.toml", kill_on_drop: false }`
[INFO] [stderr]  Downloading crates ...
[INFO] [stderr]   Downloaded cairo-lang-debug v2.4.3
[INFO] [stderr]   Downloaded xshell v0.2.5
[INFO] [stderr]   Downloaded cairo-lang-filesystem v2.4.3
[INFO] [stderr]   Downloaded salsa-macros v0.16.0
[INFO] [stderr]   Downloaded xshell-macros v0.2.5
[INFO] [stderr]   Downloaded unescaper v0.1.3
[INFO] [stderr]   Downloaded cairo-lang-syntax v2.4.3
[INFO] [stderr]   Downloaded salsa v0.16.1
[INFO] [stderr]   Downloaded genco v0.17.8
[INFO] [stderr]   Downloaded cairo-lang-parser v2.4.3
[INFO] [stderr]   Downloaded cairo-lang-utils v2.4.3
[INFO] [stderr]   Downloaded genco-macros v0.17.8
[INFO] [stderr]   Downloaded cairo-lang-syntax-codegen v2.4.3
[INFO] [stderr]   Downloaded indoc v2.0.4
[INFO] [stderr]   Downloaded cairo-lang-diagnostics v2.4.3
[INFO] running `Command { std: "docker" "create" "-v" "/var/lib/crater-agent-workspace/builds/worker-1-tc1/target:/opt/rustwide/target:rw,Z" "-v" "/var/lib/crater-agent-workspace/builds/worker-1-tc1/source:/opt/rustwide/workdir:ro,Z" "-v" "/var/lib/crater-agent-workspace/cargo-home:/opt/rustwide/cargo-home:ro,Z" "-v" "/var/lib/crater-agent-workspace/rustup-home:/opt/rustwide/rustup-home:ro,Z" "-e" "SOURCE_DIR=/opt/rustwide/workdir" "-e" "CARGO_TARGET_DIR=/opt/rustwide/target" "-e" "CARGO_HOME=/opt/rustwide/cargo-home" "-e" "RUSTUP_HOME=/opt/rustwide/rustup-home" "-w" "/opt/rustwide/workdir" "-m" "1610612736" "--user" "0:0" "--network" "none" "ghcr.io/rust-lang/crates-build-env/linux@sha256:2788e3201cd34a07e3172128adcd8b3090168a8e3bcc40d7c032b9dda1df7d1c" "/opt/rustwide/cargo-home/bin/cargo" "+1.75.0" "metadata" "--no-deps" "--format-version=1", kill_on_drop: false }`
[INFO] [stdout] b3a54d819c5cfed9eeb256ade7d339b3516bd80db563f10095c87688c6b91ff2
[INFO] running `Command { std: "docker" "start" "-a" "b3a54d819c5cfed9eeb256ade7d339b3516bd80db563f10095c87688c6b91ff2", kill_on_drop: false }`
[INFO] running `Command { std: "docker" "inspect" "b3a54d819c5cfed9eeb256ade7d339b3516bd80db563f10095c87688c6b91ff2", kill_on_drop: false }`
[INFO] running `Command { std: "docker" "rm" "-f" "b3a54d819c5cfed9eeb256ade7d339b3516bd80db563f10095c87688c6b91ff2", kill_on_drop: false }`
[INFO] [stdout] b3a54d819c5cfed9eeb256ade7d339b3516bd80db563f10095c87688c6b91ff2
[INFO] running `Command { std: "docker" "create" "-v" "/var/lib/crater-agent-workspace/builds/worker-1-tc1/target:/opt/rustwide/target:rw,Z" "-v" "/var/lib/crater-agent-workspace/builds/worker-1-tc1/source:/opt/rustwide/workdir:ro,Z" "-v" "/var/lib/crater-agent-workspace/cargo-home:/opt/rustwide/cargo-home:ro,Z" "-v" "/var/lib/crater-agent-workspace/rustup-home:/opt/rustwide/rustup-home:ro,Z" "-e" "SOURCE_DIR=/opt/rustwide/workdir" "-e" "CARGO_TARGET_DIR=/opt/rustwide/target" "-e" "CARGO_INCREMENTAL=0" "-e" "RUST_BACKTRACE=full" "-e" "RUSTFLAGS=--cap-lints=warn" "-e" "RUSTDOCFLAGS=--cap-lints=warn" "-e" "CARGO_HOME=/opt/rustwide/cargo-home" "-e" "RUSTUP_HOME=/opt/rustwide/rustup-home" "-w" "/opt/rustwide/workdir" "-m" "1610612736" "--user" "0:0" "--network" "none" "ghcr.io/rust-lang/crates-build-env/linux@sha256:2788e3201cd34a07e3172128adcd8b3090168a8e3bcc40d7c032b9dda1df7d1c" "/opt/rustwide/cargo-home/bin/cargo" "+1.75.0" "build" "--frozen" "--message-format=json", kill_on_drop: false }`
[INFO] [stdout] cf38040d6777a30af2df7835d3f005b0663854a93d554c8f5eab5f972486691d
[INFO] running `Command { std: "docker" "start" "-a" "cf38040d6777a30af2df7835d3f005b0663854a93d554c8f5eab5f972486691d", kill_on_drop: false }`
[INFO] [stderr]    Compiling proc-macro2 v1.0.75
[INFO] [stderr]    Compiling syn v1.0.109
[INFO] [stderr]    Compiling schemars v0.8.16
[INFO] [stderr]    Compiling parking_lot_core v0.8.6
[INFO] [stderr]    Compiling arrayvec v0.7.4
[INFO] [stderr]    Compiling dyn-clone v1.0.16
[INFO] [stderr]    Compiling indexmap v1.9.3
[INFO] [stderr]    Compiling num-traits v0.2.17
[INFO] [stderr]    Compiling num-bigint v0.4.4
[INFO] [stderr]    Compiling instant v0.1.12
[INFO] [stderr]    Compiling crossbeam-utils v0.8.18
[INFO] [stderr]    Compiling equivalent v1.0.1
[INFO] [stderr]    Compiling hashbrown v0.14.3
[INFO] [stderr]    Compiling byte-slice-cast v1.2.2
[INFO] [stderr]    Compiling genco-macros v0.17.8
[INFO] [stderr]    Compiling rustc-hash v1.1.0
[INFO] [stderr]    Compiling path-clean v1.0.1
[INFO] [stderr]    Compiling relative-path v1.9.2
[INFO] [stderr]    Compiling xshell-macros v0.2.5
[INFO] [stderr]    Compiling colored v2.1.0
[INFO] [stderr]    Compiling xshell v0.2.5
[INFO] [stderr]    Compiling parking_lot v0.11.2
[INFO] [stderr]    Compiling quote v1.0.35
[INFO] [stderr]    Compiling syn v2.0.48
[INFO] [stderr]    Compiling num-integer v0.1.45
[INFO] [stderr]    Compiling serde_derive v1.0.194
[INFO] [stderr]    Compiling thiserror-impl v1.0.56
[INFO] [stderr]    Compiling serde_derive_internals v0.26.0
[INFO] [stderr]    Compiling genco v0.17.8
[INFO] [stderr]    Compiling thiserror v1.0.56
[INFO] [stderr]    Compiling unescaper v0.1.3
[INFO] [stderr]    Compiling impl-trait-for-tuples v0.2.2
[INFO] [stderr]    Compiling salsa-macros v0.16.0
[INFO] [stderr]    Compiling schemars_derive v0.8.16
[INFO] [stderr]    Compiling cairo-lang-syntax-codegen v2.4.3
[INFO] [stderr]    Compiling serde v1.0.194
[INFO] [stderr]    Compiling serde_json v1.0.111
[INFO] [stderr]    Compiling parity-scale-codec v3.6.9
[INFO] [stderr]    Compiling indexmap v2.1.0
[INFO] [stderr]    Compiling smol_str v0.2.0
[INFO] [stderr]    Compiling salsa v0.16.1
[INFO] [stderr]    Compiling cairo-lang-utils v2.4.3
[INFO] [stderr]    Compiling cairo-lang-debug v2.4.3
[INFO] [stderr]    Compiling cairo-lang-filesystem v2.4.3
[INFO] [stderr]    Compiling cairo-lang-diagnostics v2.4.3
[INFO] [stderr]    Compiling cairo-lang-syntax v2.4.3
[INFO] [stderr]    Compiling cairo-lang-parser v2.4.3
[INFO] [stderr]    Compiling cairo-lang-defs v2.4.0-rc6 (/opt/rustwide/workdir)
[INFO] [stderr]     Finished dev [unoptimized + debuginfo] target(s) in 37.02s
[INFO] running `Command { std: "docker" "inspect" "cf38040d6777a30af2df7835d3f005b0663854a93d554c8f5eab5f972486691d", kill_on_drop: false }`
[INFO] running `Command { std: "docker" "rm" "-f" "cf38040d6777a30af2df7835d3f005b0663854a93d554c8f5eab5f972486691d", kill_on_drop: false }`
[INFO] [stdout] cf38040d6777a30af2df7835d3f005b0663854a93d554c8f5eab5f972486691d
[INFO] running `Command { std: "docker" "create" "-v" "/var/lib/crater-agent-workspace/builds/worker-1-tc1/target:/opt/rustwide/target:rw,Z" "-v" "/var/lib/crater-agent-workspace/builds/worker-1-tc1/source:/opt/rustwide/workdir:ro,Z" "-v" "/var/lib/crater-agent-workspace/cargo-home:/opt/rustwide/cargo-home:ro,Z" "-v" "/var/lib/crater-agent-workspace/rustup-home:/opt/rustwide/rustup-home:ro,Z" "-e" "SOURCE_DIR=/opt/rustwide/workdir" "-e" "CARGO_TARGET_DIR=/opt/rustwide/target" "-e" "CARGO_INCREMENTAL=0" "-e" "RUST_BACKTRACE=full" "-e" "RUSTFLAGS=--cap-lints=warn" "-e" "RUSTDOCFLAGS=--cap-lints=warn" "-e" "CARGO_HOME=/opt/rustwide/cargo-home" "-e" "RUSTUP_HOME=/opt/rustwide/rustup-home" "-w" "/opt/rustwide/workdir" "-m" "1610612736" "--user" "0:0" "--network" "none" "ghcr.io/rust-lang/crates-build-env/linux@sha256:2788e3201cd34a07e3172128adcd8b3090168a8e3bcc40d7c032b9dda1df7d1c" "/opt/rustwide/cargo-home/bin/cargo" "+1.75.0" "test" "--frozen" "--no-run" "--message-format=json", kill_on_drop: false }`
[INFO] [stdout] 7479fbbf6574992c428226487d4378fedb8abccc15f9fa6b036f343fb7df042b
[INFO] running `Command { std: "docker" "start" "-a" "7479fbbf6574992c428226487d4378fedb8abccc15f9fa6b036f343fb7df042b", kill_on_drop: false }`
[INFO] [stderr]    Compiling rustix v0.38.28
[INFO] [stderr]    Compiling aho-corasick v1.1.2
[INFO] [stderr]    Compiling termcolor v1.4.0
[INFO] [stderr]    Compiling humantime v2.1.0
[INFO] [stderr]    Compiling test-log-macros v0.2.14
[INFO] [stderr]    Compiling indoc v2.0.4
[INFO] [stderr]    Compiling salsa v0.16.1
[INFO] [stderr]    Compiling cairo-lang-filesystem v2.4.3
[INFO] [stderr]    Compiling regex-automata v0.4.3
[INFO] [stderr]    Compiling is-terminal v0.4.10
[INFO] [stderr]    Compiling cairo-lang-diagnostics v2.4.3
[INFO] [stderr]    Compiling cairo-lang-syntax v2.4.3
[INFO] [stderr]    Compiling regex v1.10.2
[INFO] [stderr]    Compiling env_logger v0.10.1
[INFO] [stderr]    Compiling test-log v0.2.14
[INFO] [stderr]    Compiling cairo-lang-parser v2.4.3
[INFO] [stderr]    Compiling cairo-lang-defs v2.4.0-rc6 (/opt/rustwide/workdir)
[INFO] [stdout] error[E0433]: failed to resolve: use of undeclared crate or module `cairo_lang_test_utils`
[INFO] [stdout]   --> src/test.rs:14:5
[INFO] [stdout]    |
[INFO] [stdout] 14 | use cairo_lang_test_utils::parse_test_file::TestRunnerResult;
[INFO] [stdout]    |     ^^^^^^^^^^^^^^^^^^^^^ use of undeclared crate or module `cairo_lang_test_utils`
[INFO] [stdout]    |
[INFO] [stdout] help: there is a crate or module with a similar name
[INFO] [stdout]    |
[INFO] [stdout] 14 | use cairo_lang_utils::parse_test_file::TestRunnerResult;
[INFO] [stdout]    |     ~~~~~~~~~~~~~~~~
[INFO] [stdout] 
[INFO] [stdout] 
[INFO] [stdout] error[E0433]: failed to resolve: use of undeclared crate or module `cairo_lang_test_utils`
[INFO] [stdout]   --> src/test.rs:65:1
[INFO] [stdout]    |
[INFO] [stdout] 65 | cairo_lang_test_utils::test_file_test!(
[INFO] [stdout]    | ^^^^^^^^^^^^^^^^^^^^^ use of undeclared crate or module `cairo_lang_test_utils`
[INFO] [stdout] 
[INFO] [stdout] 
[INFO] [stdout] error: aborting due to 2 previous errors
[INFO] [stdout] 
[INFO] [stdout] 
[INFO] [stdout] For more information about this error, try `rustc --explain E0433`.
[INFO] [stdout] 
[INFO] [stderr] error: could not compile `cairo-lang-defs` (lib test) due to 3 previous errors
[INFO] [stderr] warning: build failed, waiting for other jobs to finish...
[INFO] running `Command { std: "docker" "inspect" "7479fbbf6574992c428226487d4378fedb8abccc15f9fa6b036f343fb7df042b", kill_on_drop: false }`
[INFO] running `Command { std: "docker" "rm" "-f" "7479fbbf6574992c428226487d4378fedb8abccc15f9fa6b036f343fb7df042b", kill_on_drop: false }`
[INFO] [stdout] 7479fbbf6574992c428226487d4378fedb8abccc15f9fa6b036f343fb7df042b
[INFO] testing cairo-lang-defs-2.4.0-rc6 against beta-2023-12-22 for beta-1.76-1
[INFO] extracting crate cairo-lang-defs 2.4.0-rc6 into /workspace/builds/worker-1-tc2/source
[INFO] validating manifest of crates.io crate cairo-lang-defs 2.4.0-rc6 on toolchain beta-2023-12-22
[INFO] running `Command { std: CARGO_HOME="/workspace/cargo-home" RUSTUP_HOME="/workspace/rustup-home" "/workspace/cargo-home/bin/cargo" "+beta-2023-12-22" "metadata" "--manifest-path" "Cargo.toml" "--no-deps", kill_on_drop: false }`
[INFO] started tweaking crates.io crate cairo-lang-defs 2.4.0-rc6
[INFO] finished tweaking crates.io crate cairo-lang-defs 2.4.0-rc6
[INFO] tweaked toml for crates.io crate cairo-lang-defs 2.4.0-rc6 written to /workspace/builds/worker-1-tc2/source/Cargo.toml
[INFO] running `Command { std: CARGO_HOME="/workspace/cargo-home" RUSTUP_HOME="/workspace/rustup-home" "/workspace/cargo-home/bin/cargo" "+beta-2023-12-22" "generate-lockfile" "--manifest-path" "Cargo.toml", kill_on_drop: false }`
[INFO] [stderr]     Updating crates.io index
[INFO] running `Command { std: CARGO_HOME="/workspace/cargo-home" RUSTUP_HOME="/workspace/rustup-home" "/workspace/cargo-home/bin/cargo" "+beta-2023-12-22" "fetch" "--manifest-path" "Cargo.toml", kill_on_drop: false }`
[INFO] running `Command { std: "docker" "create" "-v" "/var/lib/crater-agent-workspace/builds/worker-1-tc2/target:/opt/rustwide/target:rw,Z" "-v" "/var/lib/crater-agent-workspace/builds/worker-1-tc2/source:/opt/rustwide/workdir:ro,Z" "-v" "/var/lib/crater-agent-workspace/cargo-home:/opt/rustwide/cargo-home:ro,Z" "-v" "/var/lib/crater-agent-workspace/rustup-home:/opt/rustwide/rustup-home:ro,Z" "-e" "SOURCE_DIR=/opt/rustwide/workdir" "-e" "CARGO_TARGET_DIR=/opt/rustwide/target" "-e" "CARGO_HOME=/opt/rustwide/cargo-home" "-e" "RUSTUP_HOME=/opt/rustwide/rustup-home" "-w" "/opt/rustwide/workdir" "-m" "1610612736" "--user" "0:0" "--network" "none" "ghcr.io/rust-lang/crates-build-env/linux@sha256:2788e3201cd34a07e3172128adcd8b3090168a8e3bcc40d7c032b9dda1df7d1c" "/opt/rustwide/cargo-home/bin/cargo" "+beta-2023-12-22" "metadata" "--no-deps" "--format-version=1", kill_on_drop: false }`
[INFO] [stdout] 8b93f5f79400fd54a8d3b91db8effdd8383643ed0710b8d3ef3d51a373108286
[INFO] running `Command { std: "docker" "start" "-a" "8b93f5f79400fd54a8d3b91db8effdd8383643ed0710b8d3ef3d51a373108286", kill_on_drop: false }`
[INFO] running `Command { std: "docker" "inspect" "8b93f5f79400fd54a8d3b91db8effdd8383643ed0710b8d3ef3d51a373108286", kill_on_drop: false }`
[INFO] running `Command { std: "docker" "rm" "-f" "8b93f5f79400fd54a8d3b91db8effdd8383643ed0710b8d3ef3d51a373108286", kill_on_drop: false }`
[INFO] [stdout] 8b93f5f79400fd54a8d3b91db8effdd8383643ed0710b8d3ef3d51a373108286
[INFO] running `Command { std: "docker" "create" "-v" "/var/lib/crater-agent-workspace/builds/worker-1-tc2/target:/opt/rustwide/target:rw,Z" "-v" "/var/lib/crater-agent-workspace/builds/worker-1-tc2/source:/opt/rustwide/workdir:ro,Z" "-v" "/var/lib/crater-agent-workspace/cargo-home:/opt/rustwide/cargo-home:ro,Z" "-v" "/var/lib/crater-agent-workspace/rustup-home:/opt/rustwide/rustup-home:ro,Z" "-e" "SOURCE_DIR=/opt/rustwide/workdir" "-e" "CARGO_TARGET_DIR=/opt/rustwide/target" "-e" "CARGO_INCREMENTAL=0" "-e" "RUST_BACKTRACE=full" "-e" "RUSTFLAGS=--cap-lints=warn" "-e" "RUSTDOCFLAGS=--cap-lints=warn" "-e" "CARGO_HOME=/opt/rustwide/cargo-home" "-e" "RUSTUP_HOME=/opt/rustwide/rustup-home" "-w" "/opt/rustwide/workdir" "-m" "1610612736" "--user" "0:0" "--network" "none" "ghcr.io/rust-lang/crates-build-env/linux@sha256:2788e3201cd34a07e3172128adcd8b3090168a8e3bcc40d7c032b9dda1df7d1c" "/opt/rustwide/cargo-home/bin/cargo" "+beta-2023-12-22" "build" "--frozen" "--message-format=json", kill_on_drop: false }`
[INFO] [stdout] d4c559e84730b709194685dcf2ce9baf8b80626eb967bd7b2e181d6a5de56163
[INFO] running `Command { std: "docker" "start" "-a" "d4c559e84730b709194685dcf2ce9baf8b80626eb967bd7b2e181d6a5de56163", kill_on_drop: false }`
[INFO] [stderr]    Compiling proc-macro2 v1.0.75
[INFO] [stderr]    Compiling syn v1.0.109
[INFO] [stderr]    Compiling schemars v0.8.16
[INFO] [stderr]    Compiling parking_lot_core v0.8.6
[INFO] [stderr]    Compiling hashbrown v0.14.3
[INFO] [stderr]    Compiling byte-slice-cast v1.2.2
[INFO] [stderr]    Compiling num-traits v0.2.17
[INFO] [stderr]    Compiling indexmap v1.9.3
[INFO] [stderr]    Compiling num-bigint v0.4.4
[INFO] [stderr]    Compiling instant v0.1.12
[INFO] [stderr]    Compiling arrayvec v0.7.4
[INFO] [stderr]    Compiling crossbeam-utils v0.8.18
[INFO] [stderr]    Compiling equivalent v1.0.1
[INFO] [stderr]    Compiling dyn-clone v1.0.16
[INFO] [stderr]    Compiling rustc-hash v1.1.0
[INFO] [stderr]    Compiling genco-macros v0.17.8
[INFO] [stderr]    Compiling path-clean v1.0.1
[INFO] [stderr]    Compiling xshell-macros v0.2.5
[INFO] [stderr]    Compiling relative-path v1.9.2
[INFO] [stderr]    Compiling colored v2.1.0
[INFO] [stderr]    Compiling xshell v0.2.5
[INFO] [stderr]    Compiling parking_lot v0.11.2
[INFO] [stderr]    Compiling quote v1.0.35
[INFO] [stderr]    Compiling syn v2.0.48
[INFO] [stderr]    Compiling num-integer v0.1.45
[INFO] [stderr]    Compiling serde_derive v1.0.194
[INFO] [stderr]    Compiling thiserror-impl v1.0.56
[INFO] [stderr]    Compiling serde_derive_internals v0.26.0
[INFO] [stderr]    Compiling genco v0.17.8
[INFO] [stderr]    Compiling thiserror v1.0.56
[INFO] [stderr]    Compiling unescaper v0.1.3
[INFO] [stderr]    Compiling cairo-lang-syntax-codegen v2.4.3
[INFO] [stderr]    Compiling schemars_derive v0.8.16
[INFO] [stderr]    Compiling impl-trait-for-tuples v0.2.2
[INFO] [stderr]    Compiling salsa-macros v0.16.0
[INFO] [stderr]    Compiling serde v1.0.194
[INFO] [stderr]    Compiling serde_json v1.0.111
[INFO] [stderr]    Compiling parity-scale-codec v3.6.9
[INFO] [stderr]    Compiling indexmap v2.1.0
[INFO] [stderr]    Compiling smol_str v0.2.0
[INFO] [stderr]    Compiling salsa v0.16.1
[INFO] [stderr]    Compiling cairo-lang-utils v2.4.3
[INFO] [stderr]    Compiling cairo-lang-debug v2.4.3
[INFO] [stderr]    Compiling cairo-lang-filesystem v2.4.3
[INFO] [stderr]    Compiling cairo-lang-diagnostics v2.4.3
[INFO] [stderr]    Compiling cairo-lang-syntax v2.4.3
[INFO] [stderr]    Compiling cairo-lang-parser v2.4.3
[INFO] [stderr]    Compiling cairo-lang-defs v2.4.0-rc6 (/opt/rustwide/workdir)
[INFO] [stderr]     Finished dev [unoptimized + debuginfo] target(s) in 20.61s
[INFO] running `Command { std: "docker" "inspect" "d4c559e84730b709194685dcf2ce9baf8b80626eb967bd7b2e181d6a5de56163", kill_on_drop: false }`
[INFO] running `Command { std: "docker" "rm" "-f" "d4c559e84730b709194685dcf2ce9baf8b80626eb967bd7b2e181d6a5de56163", kill_on_drop: false }`
[INFO] [stdout] d4c559e84730b709194685dcf2ce9baf8b80626eb967bd7b2e181d6a5de56163
[INFO] running `Command { std: "docker" "create" "-v" "/var/lib/crater-agent-workspace/builds/worker-1-tc2/target:/opt/rustwide/target:rw,Z" "-v" "/var/lib/crater-agent-workspace/builds/worker-1-tc2/source:/opt/rustwide/workdir:ro,Z" "-v" "/var/lib/crater-agent-workspace/cargo-home:/opt/rustwide/cargo-home:ro,Z" "-v" "/var/lib/crater-agent-workspace/rustup-home:/opt/rustwide/rustup-home:ro,Z" "-e" "SOURCE_DIR=/opt/rustwide/workdir" "-e" "CARGO_TARGET_DIR=/opt/rustwide/target" "-e" "CARGO_INCREMENTAL=0" "-e" "RUST_BACKTRACE=full" "-e" "RUSTFLAGS=--cap-lints=warn" "-e" "RUSTDOCFLAGS=--cap-lints=warn" "-e" "CARGO_HOME=/opt/rustwide/cargo-home" "-e" "RUSTUP_HOME=/opt/rustwide/rustup-home" "-w" "/opt/rustwide/workdir" "-m" "1610612736" "--user" "0:0" "--network" "none" "ghcr.io/rust-lang/crates-build-env/linux@sha256:2788e3201cd34a07e3172128adcd8b3090168a8e3bcc40d7c032b9dda1df7d1c" "/opt/rustwide/cargo-home/bin/cargo" "+beta-2023-12-22" "test" "--frozen" "--no-run" "--message-format=json", kill_on_drop: false }`
[INFO] [stdout] b17c3f7b2d34b4d357a63937443dcc56399c07c40e7e6b6903bd0e3519049137
[INFO] running `Command { std: "docker" "start" "-a" "b17c3f7b2d34b4d357a63937443dcc56399c07c40e7e6b6903bd0e3519049137", kill_on_drop: false }`
[INFO] [stderr]    Compiling rustix v0.38.28
[INFO] [stderr]    Compiling aho-corasick v1.1.2
[INFO] [stderr]    Compiling termcolor v1.4.0
[INFO] [stderr]    Compiling humantime v2.1.0
[INFO] [stderr]    Compiling test-log-macros v0.2.14
[INFO] [stderr]    Compiling salsa v0.16.1
[INFO] [stderr]    Compiling indoc v2.0.4
[INFO] [stderr]    Compiling cairo-lang-filesystem v2.4.3
[INFO] [stderr]    Compiling regex-automata v0.4.3
[INFO] [stderr]    Compiling is-terminal v0.4.10
[INFO] [stderr]    Compiling cairo-lang-syntax v2.4.3
[INFO] [stderr]    Compiling cairo-lang-diagnostics v2.4.3
[INFO] [stderr]    Compiling regex v1.10.2
[INFO] [stderr]    Compiling env_logger v0.10.1
[INFO] [stderr]    Compiling test-log v0.2.14
[INFO] [stderr]    Compiling cairo-lang-parser v2.4.3
[INFO] [stderr]    Compiling cairo-lang-defs v2.4.0-rc6 (/opt/rustwide/workdir)
[INFO] [stdout] error[E0433]: failed to resolve: use of undeclared crate or module `cairo_lang_test_utils`
[INFO] [stdout]   --> src/test.rs:14:5
[INFO] [stdout]    |
[INFO] [stdout] 14 | use cairo_lang_test_utils::parse_test_file::TestRunnerResult;
[INFO] [stdout]    |     ^^^^^^^^^^^^^^^^^^^^^ use of undeclared crate or module `cairo_lang_test_utils`
[INFO] [stdout]    |
[INFO] [stdout] help: there is a crate or module with a similar name
[INFO] [stdout]    |
[INFO] [stdout] 14 | use cairo_lang_utils::parse_test_file::TestRunnerResult;
[INFO] [stdout]    |     ~~~~~~~~~~~~~~~~
[INFO] [stdout] 
[INFO] [stdout] 
[INFO] [stdout] error[E0433]: failed to resolve: use of undeclared crate or module `cairo_lang_test_utils`
[INFO] [stdout]   --> src/test.rs:65:1
[INFO] [stdout]    |
[INFO] [stdout] 65 | cairo_lang_test_utils::test_file_test!(
[INFO] [stdout]    | ^^^^^^^^^^^^^^^^^^^^^ use of undeclared crate or module `cairo_lang_test_utils`
[INFO] [stdout] 
[INFO] [stdout] 
[INFO] [stdout] error: aborting due to 2 previous errors
[INFO] [stdout] 
[INFO] [stdout] 
[INFO] [stdout] For more information about this error, try `rustc --explain E0433`.
[INFO] [stdout] 
[INFO] [stderr] error: could not compile `cairo-lang-defs` (lib test) due to 3 previous errors
[INFO] [stderr] warning: build failed, waiting for other jobs to finish...
[INFO] running `Command { std: "docker" "inspect" "b17c3f7b2d34b4d357a63937443dcc56399c07c40e7e6b6903bd0e3519049137", kill_on_drop: false }`
[INFO] running `Command { std: "docker" "rm" "-f" "b17c3f7b2d34b4d357a63937443dcc56399c07c40e7e6b6903bd0e3519049137", kill_on_drop: false }`
[INFO] [stdout] b17c3f7b2d34b4d357a63937443dcc56399c07c40e7e6b6903bd0e3519049137
