[INFO] fetching crate cairo-lang-debug 2.4.0-rc6...
[INFO] testing cairo-lang-debug-2.4.0-rc6 against 1.75.0 for beta-1.76-1
[INFO] extracting crate cairo-lang-debug 2.4.0-rc6 into /workspace/builds/worker-3-tc1/source
[INFO] validating manifest of crates.io crate cairo-lang-debug 2.4.0-rc6 on toolchain 1.75.0
[INFO] running `Command { std: CARGO_HOME="/workspace/cargo-home" RUSTUP_HOME="/workspace/rustup-home" "/workspace/cargo-home/bin/cargo" "+1.75.0" "metadata" "--manifest-path" "Cargo.toml" "--no-deps", kill_on_drop: false }`
[INFO] started tweaking crates.io crate cairo-lang-debug 2.4.0-rc6
[INFO] finished tweaking crates.io crate cairo-lang-debug 2.4.0-rc6
[INFO] tweaked toml for crates.io crate cairo-lang-debug 2.4.0-rc6 written to /workspace/builds/worker-3-tc1/source/Cargo.toml
[INFO] running `Command { std: CARGO_HOME="/workspace/cargo-home" RUSTUP_HOME="/workspace/rustup-home" "/workspace/cargo-home/bin/cargo" "+1.75.0" "generate-lockfile" "--manifest-path" "Cargo.toml", kill_on_drop: false }`
[INFO] [stderr]     Updating crates.io index
[INFO] running `Command { std: CARGO_HOME="/workspace/cargo-home" RUSTUP_HOME="/workspace/rustup-home" "/workspace/cargo-home/bin/cargo" "+1.75.0" "fetch" "--manifest-path" "Cargo.toml", kill_on_drop: false }`
[INFO] [stderr]  Downloading crates ...
[INFO] [stderr]   Downloaded cairo-lang-utils v2.4.3
[INFO] [stderr]   Downloaded test-log-macros v0.2.14
[INFO] [stderr]   Downloaded salsa-macros v0.16.0
[INFO] [stderr]   Downloaded test-log v0.2.14
[INFO] [stderr]   Downloaded salsa v0.16.1
[INFO] running `Command { std: "docker" "create" "-v" "/var/lib/crater-agent-workspace/builds/worker-3-tc1/target:/opt/rustwide/target:rw,Z" "-v" "/var/lib/crater-agent-workspace/builds/worker-3-tc1/source:/opt/rustwide/workdir:ro,Z" "-v" "/var/lib/crater-agent-workspace/cargo-home:/opt/rustwide/cargo-home:ro,Z" "-v" "/var/lib/crater-agent-workspace/rustup-home:/opt/rustwide/rustup-home:ro,Z" "-e" "SOURCE_DIR=/opt/rustwide/workdir" "-e" "CARGO_TARGET_DIR=/opt/rustwide/target" "-e" "CARGO_HOME=/opt/rustwide/cargo-home" "-e" "RUSTUP_HOME=/opt/rustwide/rustup-home" "-w" "/opt/rustwide/workdir" "-m" "1610612736" "--user" "0:0" "--network" "none" "ghcr.io/rust-lang/crates-build-env/linux@sha256:2788e3201cd34a07e3172128adcd8b3090168a8e3bcc40d7c032b9dda1df7d1c" "/opt/rustwide/cargo-home/bin/cargo" "+1.75.0" "metadata" "--no-deps" "--format-version=1", kill_on_drop: false }`
[INFO] [stdout] c3f3def0bcc962dd947db0e9ff0d8103112ad6efb5e14edcd34c3444bafd9c8a
[INFO] running `Command { std: "docker" "start" "-a" "c3f3def0bcc962dd947db0e9ff0d8103112ad6efb5e14edcd34c3444bafd9c8a", kill_on_drop: false }`
[INFO] running `Command { std: "docker" "inspect" "c3f3def0bcc962dd947db0e9ff0d8103112ad6efb5e14edcd34c3444bafd9c8a", kill_on_drop: false }`
[INFO] running `Command { std: "docker" "rm" "-f" "c3f3def0bcc962dd947db0e9ff0d8103112ad6efb5e14edcd34c3444bafd9c8a", kill_on_drop: false }`
[INFO] [stdout] c3f3def0bcc962dd947db0e9ff0d8103112ad6efb5e14edcd34c3444bafd9c8a
[INFO] running `Command { std: "docker" "create" "-v" "/var/lib/crater-agent-workspace/builds/worker-3-tc1/target:/opt/rustwide/target:rw,Z" "-v" "/var/lib/crater-agent-workspace/builds/worker-3-tc1/source:/opt/rustwide/workdir:ro,Z" "-v" "/var/lib/crater-agent-workspace/cargo-home:/opt/rustwide/cargo-home:ro,Z" "-v" "/var/lib/crater-agent-workspace/rustup-home:/opt/rustwide/rustup-home:ro,Z" "-e" "SOURCE_DIR=/opt/rustwide/workdir" "-e" "CARGO_TARGET_DIR=/opt/rustwide/target" "-e" "CARGO_INCREMENTAL=0" "-e" "RUST_BACKTRACE=full" "-e" "RUSTFLAGS=--cap-lints=warn" "-e" "RUSTDOCFLAGS=--cap-lints=warn" "-e" "CARGO_HOME=/opt/rustwide/cargo-home" "-e" "RUSTUP_HOME=/opt/rustwide/rustup-home" "-w" "/opt/rustwide/workdir" "-m" "1610612736" "--user" "0:0" "--network" "none" "ghcr.io/rust-lang/crates-build-env/linux@sha256:2788e3201cd34a07e3172128adcd8b3090168a8e3bcc40d7c032b9dda1df7d1c" "/opt/rustwide/cargo-home/bin/cargo" "+1.75.0" "build" "--frozen" "--message-format=json", kill_on_drop: false }`
[INFO] [stdout] 0b7c7d3d9031d74f9bbf00f1916f607673557ddefcede543dfe67a897952ad95
[INFO] running `Command { std: "docker" "start" "-a" "0b7c7d3d9031d74f9bbf00f1916f607673557ddefcede543dfe67a897952ad95", kill_on_drop: false }`
[INFO] [stderr]    Compiling serde v1.0.194
[INFO] [stderr]    Compiling syn v1.0.109
[INFO] [stderr]    Compiling serde_json v1.0.111
[INFO] [stderr]    Compiling schemars v0.8.16
[INFO] [stderr]    Compiling ryu v1.0.16
[INFO] [stderr]    Compiling itoa v1.0.10
[INFO] [stderr]    Compiling byte-slice-cast v1.2.2
[INFO] [stderr]    Compiling dyn-clone v1.0.16
[INFO] [stderr]    Compiling either v1.9.0
[INFO] [stderr]    Compiling hashbrown v0.14.3
[INFO] [stderr]    Compiling num-traits v0.2.17
[INFO] [stderr]    Compiling indexmap v1.9.3
[INFO] [stderr]    Compiling num-integer v0.1.45
[INFO] [stderr]    Compiling num-bigint v0.4.4
[INFO] [stderr]    Compiling equivalent v1.0.1
[INFO] [stderr]    Compiling serde_derive v1.0.194
[INFO] [stderr]    Compiling itertools v0.11.0
[INFO] [stderr]    Compiling serde_derive_internals v0.26.0
[INFO] [stderr]    Compiling impl-trait-for-tuples v0.2.2
[INFO] [stderr]    Compiling schemars_derive v0.8.16
[INFO] [stderr]    Compiling indexmap v2.1.0
[INFO] [stderr]    Compiling parity-scale-codec v3.6.9
[INFO] [stderr]    Compiling cairo-lang-utils v2.4.3
[INFO] [stderr]    Compiling cairo-lang-debug v2.4.0-rc6 (/opt/rustwide/workdir)
[INFO] [stderr]     Finished dev [unoptimized + debuginfo] target(s) in 22.27s
[INFO] running `Command { std: "docker" "inspect" "0b7c7d3d9031d74f9bbf00f1916f607673557ddefcede543dfe67a897952ad95", kill_on_drop: false }`
[INFO] running `Command { std: "docker" "rm" "-f" "0b7c7d3d9031d74f9bbf00f1916f607673557ddefcede543dfe67a897952ad95", kill_on_drop: false }`
[INFO] [stdout] 0b7c7d3d9031d74f9bbf00f1916f607673557ddefcede543dfe67a897952ad95
[INFO] running `Command { std: "docker" "create" "-v" "/var/lib/crater-agent-workspace/builds/worker-3-tc1/target:/opt/rustwide/target:rw,Z" "-v" "/var/lib/crater-agent-workspace/builds/worker-3-tc1/source:/opt/rustwide/workdir:ro,Z" "-v" "/var/lib/crater-agent-workspace/cargo-home:/opt/rustwide/cargo-home:ro,Z" "-v" "/var/lib/crater-agent-workspace/rustup-home:/opt/rustwide/rustup-home:ro,Z" "-e" "SOURCE_DIR=/opt/rustwide/workdir" "-e" "CARGO_TARGET_DIR=/opt/rustwide/target" "-e" "CARGO_INCREMENTAL=0" "-e" "RUST_BACKTRACE=full" "-e" "RUSTFLAGS=--cap-lints=warn" "-e" "RUSTDOCFLAGS=--cap-lints=warn" "-e" "CARGO_HOME=/opt/rustwide/cargo-home" "-e" "RUSTUP_HOME=/opt/rustwide/rustup-home" "-w" "/opt/rustwide/workdir" "-m" "1610612736" "--user" "0:0" "--network" "none" "ghcr.io/rust-lang/crates-build-env/linux@sha256:2788e3201cd34a07e3172128adcd8b3090168a8e3bcc40d7c032b9dda1df7d1c" "/opt/rustwide/cargo-home/bin/cargo" "+1.75.0" "test" "--frozen" "--no-run" "--message-format=json", kill_on_drop: false }`
[INFO] [stdout] ec6e1d5edaf9b35b660614b41d3d8ff4f57515c2f29d004c9013970175536869
[INFO] running `Command { std: "docker" "start" "-a" "ec6e1d5edaf9b35b660614b41d3d8ff4f57515c2f29d004c9013970175536869", kill_on_drop: false }`
[INFO] [stderr]    Compiling memchr v2.7.1
[INFO] [stderr]    Compiling libc v0.2.151
[INFO] [stderr]    Compiling rustix v0.38.28
[INFO] [stderr]    Compiling regex-syntax v0.8.2
[INFO] [stderr]    Compiling parking_lot_core v0.8.6
[INFO] [stderr]    Compiling bitflags v2.4.1
[INFO] [stderr]    Compiling lock_api v0.4.11
[INFO] [stderr]    Compiling linux-raw-sys v0.4.12
[INFO] [stderr]    Compiling instant v0.1.12
[INFO] [stderr]    Compiling syn v2.0.48
[INFO] [stderr]    Compiling unicode-segmentation v1.10.1
[INFO] [stderr]    Compiling crossbeam-utils v0.8.18
[INFO] [stderr]    Compiling smallvec v1.11.2
[INFO] [stderr]    Compiling humantime v2.1.0
[INFO] [stderr]    Compiling termcolor v1.4.0
[INFO] [stderr]    Compiling oorandom v11.1.3
[INFO] [stderr]    Compiling rustc-hash v1.1.0
[INFO] [stderr]    Compiling heck v0.3.3
[INFO] [stderr]    Compiling salsa-macros v0.16.0
[INFO] [stderr]    Compiling aho-corasick v1.1.2
[INFO] [stderr]    Compiling is-terminal v0.4.10
[INFO] [stderr]    Compiling parking_lot v0.11.2
[INFO] [stderr]    Compiling regex-automata v0.4.3
[INFO] [stderr]    Compiling serde_derive v1.0.194
[INFO] [stderr]    Compiling test-log-macros v0.2.14
[INFO] [stderr]    Compiling regex v1.10.2
[INFO] [stderr]    Compiling env_logger v0.10.1
[INFO] [stderr]    Compiling test-log v0.2.14
[INFO] [stderr]    Compiling serde v1.0.194
[INFO] [stderr]    Compiling indexmap v1.9.3
[INFO] [stderr]    Compiling serde_json v1.0.111
[INFO] [stderr]    Compiling num-bigint v0.4.4
[INFO] [stderr]    Compiling indexmap v2.1.0
[INFO] [stderr]    Compiling parity-scale-codec v3.6.9
[INFO] [stderr]    Compiling salsa v0.16.1
[INFO] [stderr]    Compiling schemars v0.8.16
[INFO] [stderr]    Compiling cairo-lang-utils v2.4.3
[INFO] [stderr]    Compiling cairo-lang-debug v2.4.0-rc6 (/opt/rustwide/workdir)
[INFO] [stdout] error[E0432]: unresolved import `cairo_lang_proc_macros`
[INFO] [stdout]  --> src/debug_test.rs:3:5
[INFO] [stdout]   |
[INFO] [stdout] 3 | use cairo_lang_proc_macros::DebugWithDb;
[INFO] [stdout]   |     ^^^^^^^^^^^^^^^^^^^^^^ use of undeclared crate or module `cairo_lang_proc_macros`
[INFO] [stdout] 
[INFO] [stdout] 
[INFO] [stdout] error: cannot determine resolution for the derive macro `DebugWithDb`
[INFO] [stdout]   --> src/debug_test.rs:36:10
[INFO] [stdout]    |
[INFO] [stdout] 36 | #[derive(DebugWithDb)]
[INFO] [stdout]    |          ^^^^^^^^^^^
[INFO] [stdout]    |
[INFO] [stdout]    = note: import resolution is stuck, try simplifying macro imports
[INFO] [stdout] 
[INFO] [stdout] 
[INFO] [stdout] error: cannot find attribute `debug_db` in this scope
[INFO] [stdout]   --> src/debug_test.rs:37:3
[INFO] [stdout]    |
[INFO] [stdout] 37 | #[debug_db(dyn TestGroup + 'static)]
[INFO] [stdout]    |   ^^^^^^^^
[INFO] [stdout] 
[INFO] [stdout] 
[INFO] [stdout] error: cannot find attribute `hide_field_debug_with_db` in this scope
[INFO] [stdout]   --> src/debug_test.rs:41:7
[INFO] [stdout]    |
[INFO] [stdout] 41 |     #[hide_field_debug_with_db]
[INFO] [stdout]    |       ^^^^^^^^^^^^^^^^^^^^^^^^
[INFO] [stdout] 
[INFO] [stdout] 
[INFO] [stdout] error: cannot find attribute `hide_field_debug_with_db` in this scope
[INFO] [stdout]   --> src/debug_test.rs:43:7
[INFO] [stdout]    |
[INFO] [stdout] 43 |     #[hide_field_debug_with_db]
[INFO] [stdout]    |       ^^^^^^^^^^^^^^^^^^^^^^^^
[INFO] [stdout] 
[INFO] [stdout] 
[INFO] [stdout] error[E0599]: no method named `debug` found for struct `ComplexStruct` in the current scope
[INFO] [stdout]   --> src/debug_test.rs:51:34
[INFO] [stdout]    |
[INFO] [stdout] 38 | struct ComplexStruct {
[INFO] [stdout]    | -------------------- method `debug` not found for this struct
[INFO] [stdout] ...
[INFO] [stdout] 51 |     assert_eq!(format!("{:?}", a.debug(&db)), "ComplexStruct { a: Some(5), b: DummyLongId(6) }");
[INFO] [stdout]    |                                  ^^^^^ method not found in `ComplexStruct`
[INFO] [stdout]    |
[INFO] [stdout]    = help: items from traits can only be used if the trait is implemented and in scope
[INFO] [stdout] note: `DebugWithDb` defines an item `debug`, perhaps you need to implement it
[INFO] [stdout]   --> src/debug.rs:14:1
[INFO] [stdout]    |
[INFO] [stdout] 14 | pub trait DebugWithDb<Db: ?Sized> {
[INFO] [stdout]    | ^^^^^^^^^^^^^^^^^^^^^^^^^^^^^^^^^
[INFO] [stdout] help: one of the expressions' fields has a method of the same name
[INFO] [stdout]    |
[INFO] [stdout] 51 |     assert_eq!(format!("{:?}", a.b.debug(&db)), "ComplexStruct { a: Some(5), b: DummyLongId(6) }");
[INFO] [stdout]    |                                  ++
[INFO] [stdout] 
[INFO] [stdout] 
[INFO] [stdout] warning: unused import: `crate::debug::DebugWithDb`
[INFO] [stdout]  --> src/debug_test.rs:8:5
[INFO] [stdout]   |
[INFO] [stdout] 8 | use crate::debug::DebugWithDb;
[INFO] [stdout]   |     ^^^^^^^^^^^^^^^^^^^^^^^^^
[INFO] [stdout]   |
[INFO] [stdout]   = note: `#[warn(unused_imports)]` on by default
[INFO] [stdout] 
[INFO] [stdout] 
[INFO] [stdout] error: aborting due to 6 previous errors; 1 warning emitted
[INFO] [stdout] 
[INFO] [stdout] 
[INFO] [stdout] Some errors have detailed explanations: E0432, E0599.
[INFO] [stdout] 
[INFO] [stdout] For more information about an error, try `rustc --explain E0432`.
[INFO] [stdout] 
[INFO] [stderr] error: could not compile `cairo-lang-debug` (lib test) due to 7 previous errors; 1 warning emitted
[INFO] running `Command { std: "docker" "inspect" "ec6e1d5edaf9b35b660614b41d3d8ff4f57515c2f29d004c9013970175536869", kill_on_drop: false }`
[INFO] running `Command { std: "docker" "rm" "-f" "ec6e1d5edaf9b35b660614b41d3d8ff4f57515c2f29d004c9013970175536869", kill_on_drop: false }`
[INFO] [stdout] ec6e1d5edaf9b35b660614b41d3d8ff4f57515c2f29d004c9013970175536869
[INFO] testing cairo-lang-debug-2.4.0-rc6 against beta-2023-12-22 for beta-1.76-1
[INFO] extracting crate cairo-lang-debug 2.4.0-rc6 into /workspace/builds/worker-3-tc2/source
[INFO] validating manifest of crates.io crate cairo-lang-debug 2.4.0-rc6 on toolchain beta-2023-12-22
[INFO] running `Command { std: CARGO_HOME="/workspace/cargo-home" RUSTUP_HOME="/workspace/rustup-home" "/workspace/cargo-home/bin/cargo" "+beta-2023-12-22" "metadata" "--manifest-path" "Cargo.toml" "--no-deps", kill_on_drop: false }`
[INFO] started tweaking crates.io crate cairo-lang-debug 2.4.0-rc6
[INFO] finished tweaking crates.io crate cairo-lang-debug 2.4.0-rc6
[INFO] tweaked toml for crates.io crate cairo-lang-debug 2.4.0-rc6 written to /workspace/builds/worker-3-tc2/source/Cargo.toml
[INFO] running `Command { std: CARGO_HOME="/workspace/cargo-home" RUSTUP_HOME="/workspace/rustup-home" "/workspace/cargo-home/bin/cargo" "+beta-2023-12-22" "generate-lockfile" "--manifest-path" "Cargo.toml", kill_on_drop: false }`
[INFO] [stderr]     Updating crates.io index
[INFO] running `Command { std: CARGO_HOME="/workspace/cargo-home" RUSTUP_HOME="/workspace/rustup-home" "/workspace/cargo-home/bin/cargo" "+beta-2023-12-22" "fetch" "--manifest-path" "Cargo.toml", kill_on_drop: false }`
[INFO] running `Command { std: "docker" "create" "-v" "/var/lib/crater-agent-workspace/builds/worker-3-tc2/target:/opt/rustwide/target:rw,Z" "-v" "/var/lib/crater-agent-workspace/builds/worker-3-tc2/source:/opt/rustwide/workdir:ro,Z" "-v" "/var/lib/crater-agent-workspace/cargo-home:/opt/rustwide/cargo-home:ro,Z" "-v" "/var/lib/crater-agent-workspace/rustup-home:/opt/rustwide/rustup-home:ro,Z" "-e" "SOURCE_DIR=/opt/rustwide/workdir" "-e" "CARGO_TARGET_DIR=/opt/rustwide/target" "-e" "CARGO_HOME=/opt/rustwide/cargo-home" "-e" "RUSTUP_HOME=/opt/rustwide/rustup-home" "-w" "/opt/rustwide/workdir" "-m" "1610612736" "--user" "0:0" "--network" "none" "ghcr.io/rust-lang/crates-build-env/linux@sha256:2788e3201cd34a07e3172128adcd8b3090168a8e3bcc40d7c032b9dda1df7d1c" "/opt/rustwide/cargo-home/bin/cargo" "+beta-2023-12-22" "metadata" "--no-deps" "--format-version=1", kill_on_drop: false }`
[INFO] [stdout] 4b22052579fb550f614959c1e8f35c7cce78765c3b79eedd092d68610650c305
[INFO] running `Command { std: "docker" "start" "-a" "4b22052579fb550f614959c1e8f35c7cce78765c3b79eedd092d68610650c305", kill_on_drop: false }`
[INFO] running `Command { std: "docker" "inspect" "4b22052579fb550f614959c1e8f35c7cce78765c3b79eedd092d68610650c305", kill_on_drop: false }`
[INFO] running `Command { std: "docker" "rm" "-f" "4b22052579fb550f614959c1e8f35c7cce78765c3b79eedd092d68610650c305", kill_on_drop: false }`
[INFO] [stdout] 4b22052579fb550f614959c1e8f35c7cce78765c3b79eedd092d68610650c305
[INFO] running `Command { std: "docker" "create" "-v" "/var/lib/crater-agent-workspace/builds/worker-3-tc2/target:/opt/rustwide/target:rw,Z" "-v" "/var/lib/crater-agent-workspace/builds/worker-3-tc2/source:/opt/rustwide/workdir:ro,Z" "-v" "/var/lib/crater-agent-workspace/cargo-home:/opt/rustwide/cargo-home:ro,Z" "-v" "/var/lib/crater-agent-workspace/rustup-home:/opt/rustwide/rustup-home:ro,Z" "-e" "SOURCE_DIR=/opt/rustwide/workdir" "-e" "CARGO_TARGET_DIR=/opt/rustwide/target" "-e" "CARGO_INCREMENTAL=0" "-e" "RUST_BACKTRACE=full" "-e" "RUSTFLAGS=--cap-lints=warn" "-e" "RUSTDOCFLAGS=--cap-lints=warn" "-e" "CARGO_HOME=/opt/rustwide/cargo-home" "-e" "RUSTUP_HOME=/opt/rustwide/rustup-home" "-w" "/opt/rustwide/workdir" "-m" "1610612736" "--user" "0:0" "--network" "none" "ghcr.io/rust-lang/crates-build-env/linux@sha256:2788e3201cd34a07e3172128adcd8b3090168a8e3bcc40d7c032b9dda1df7d1c" "/opt/rustwide/cargo-home/bin/cargo" "+beta-2023-12-22" "build" "--frozen" "--message-format=json", kill_on_drop: false }`
[INFO] [stdout] f0e99c1ae48178dfb8617609cb214b069e552f38bcecf9a6a36f8555eee381b9
[INFO] running `Command { std: "docker" "start" "-a" "f0e99c1ae48178dfb8617609cb214b069e552f38bcecf9a6a36f8555eee381b9", kill_on_drop: false }`
[INFO] [stderr]    Compiling serde v1.0.194
[INFO] [stderr]    Compiling syn v1.0.109
[INFO] [stderr]    Compiling serde_json v1.0.111
[INFO] [stderr]    Compiling schemars v0.8.16
[INFO] [stderr]    Compiling itoa v1.0.10
[INFO] [stderr]    Compiling ryu v1.0.16
[INFO] [stderr]    Compiling either v1.9.0
[INFO] [stderr]    Compiling dyn-clone v1.0.16
[INFO] [stderr]    Compiling equivalent v1.0.1
[INFO] [stderr]    Compiling byte-slice-cast v1.2.2
[INFO] [stderr]    Compiling hashbrown v0.14.3
[INFO] [stderr]    Compiling num-traits v0.2.17
[INFO] [stderr]    Compiling num-integer v0.1.45
[INFO] [stderr]    Compiling indexmap v1.9.3
[INFO] [stderr]    Compiling num-bigint v0.4.4
[INFO] [stderr]    Compiling serde_derive v1.0.194
[INFO] [stderr]    Compiling itertools v0.11.0
[INFO] [stderr]    Compiling serde_derive_internals v0.26.0
[INFO] [stderr]    Compiling impl-trait-for-tuples v0.2.2
[INFO] [stderr]    Compiling schemars_derive v0.8.16
[INFO] [stderr]    Compiling indexmap v2.1.0
[INFO] [stderr]    Compiling parity-scale-codec v3.6.9
[INFO] [stderr]    Compiling cairo-lang-utils v2.4.3
[INFO] [stderr]    Compiling cairo-lang-debug v2.4.0-rc6 (/opt/rustwide/workdir)
[INFO] [stderr]     Finished dev [unoptimized + debuginfo] target(s) in 19.16s
[INFO] running `Command { std: "docker" "inspect" "f0e99c1ae48178dfb8617609cb214b069e552f38bcecf9a6a36f8555eee381b9", kill_on_drop: false }`
[INFO] running `Command { std: "docker" "rm" "-f" "f0e99c1ae48178dfb8617609cb214b069e552f38bcecf9a6a36f8555eee381b9", kill_on_drop: false }`
[INFO] [stdout] f0e99c1ae48178dfb8617609cb214b069e552f38bcecf9a6a36f8555eee381b9
[INFO] running `Command { std: "docker" "create" "-v" "/var/lib/crater-agent-workspace/builds/worker-3-tc2/target:/opt/rustwide/target:rw,Z" "-v" "/var/lib/crater-agent-workspace/builds/worker-3-tc2/source:/opt/rustwide/workdir:ro,Z" "-v" "/var/lib/crater-agent-workspace/cargo-home:/opt/rustwide/cargo-home:ro,Z" "-v" "/var/lib/crater-agent-workspace/rustup-home:/opt/rustwide/rustup-home:ro,Z" "-e" "SOURCE_DIR=/opt/rustwide/workdir" "-e" "CARGO_TARGET_DIR=/opt/rustwide/target" "-e" "CARGO_INCREMENTAL=0" "-e" "RUST_BACKTRACE=full" "-e" "RUSTFLAGS=--cap-lints=warn" "-e" "RUSTDOCFLAGS=--cap-lints=warn" "-e" "CARGO_HOME=/opt/rustwide/cargo-home" "-e" "RUSTUP_HOME=/opt/rustwide/rustup-home" "-w" "/opt/rustwide/workdir" "-m" "1610612736" "--user" "0:0" "--network" "none" "ghcr.io/rust-lang/crates-build-env/linux@sha256:2788e3201cd34a07e3172128adcd8b3090168a8e3bcc40d7c032b9dda1df7d1c" "/opt/rustwide/cargo-home/bin/cargo" "+beta-2023-12-22" "test" "--frozen" "--no-run" "--message-format=json", kill_on_drop: false }`
[INFO] [stdout] 745d8fb41fddf13515807a79fdd7cc919f666b8681ad8a94a4ec6ccca22ce8c1
[INFO] running `Command { std: "docker" "start" "-a" "745d8fb41fddf13515807a79fdd7cc919f666b8681ad8a94a4ec6ccca22ce8c1", kill_on_drop: false }`
[INFO] [stderr]    Compiling libc v0.2.151
[INFO] [stderr]    Compiling rustix v0.38.28
[INFO] [stderr]    Compiling memchr v2.7.1
[INFO] [stderr]    Compiling regex-syntax v0.8.2
[INFO] [stderr]    Compiling lock_api v0.4.11
[INFO] [stderr]    Compiling bitflags v2.4.1
[INFO] [stderr]    Compiling parking_lot_core v0.8.6
[INFO] [stderr]    Compiling linux-raw-sys v0.4.12
[INFO] [stderr]    Compiling instant v0.1.12
[INFO] [stderr]    Compiling syn v2.0.48
[INFO] [stderr]    Compiling smallvec v1.11.2
[INFO] [stderr]    Compiling crossbeam-utils v0.8.18
[INFO] [stderr]    Compiling unicode-segmentation v1.10.1
[INFO] [stderr]    Compiling termcolor v1.4.0
[INFO] [stderr]    Compiling humantime v2.1.0
[INFO] [stderr]    Compiling oorandom v11.1.3
[INFO] [stderr]    Compiling rustc-hash v1.1.0
[INFO] [stderr]    Compiling heck v0.3.3
[INFO] [stderr]    Compiling salsa-macros v0.16.0
[INFO] [stderr]    Compiling aho-corasick v1.1.2
[INFO] [stderr]    Compiling parking_lot v0.11.2
[INFO] [stderr]    Compiling is-terminal v0.4.10
[INFO] [stderr]    Compiling regex-automata v0.4.3
[INFO] [stderr]    Compiling serde_derive v1.0.194
[INFO] [stderr]    Compiling test-log-macros v0.2.14
[INFO] [stderr]    Compiling regex v1.10.2
[INFO] [stderr]    Compiling env_logger v0.10.1
[INFO] [stderr]    Compiling test-log v0.2.14
[INFO] [stderr]    Compiling serde v1.0.194
[INFO] [stderr]    Compiling indexmap v1.9.3
[INFO] [stderr]    Compiling serde_json v1.0.111
[INFO] [stderr]    Compiling num-bigint v0.4.4
[INFO] [stderr]    Compiling indexmap v2.1.0
[INFO] [stderr]    Compiling parity-scale-codec v3.6.9
[INFO] [stderr]    Compiling salsa v0.16.1
[INFO] [stderr]    Compiling schemars v0.8.16
[INFO] [stderr]    Compiling cairo-lang-utils v2.4.3
[INFO] [stderr]    Compiling cairo-lang-debug v2.4.0-rc6 (/opt/rustwide/workdir)
[INFO] [stdout] error[E0432]: unresolved import `cairo_lang_proc_macros`
[INFO] [stdout]  --> src/debug_test.rs:3:5
[INFO] [stdout]   |
[INFO] [stdout] 3 | use cairo_lang_proc_macros::DebugWithDb;
[INFO] [stdout]   |     ^^^^^^^^^^^^^^^^^^^^^^ use of undeclared crate or module `cairo_lang_proc_macros`
[INFO] [stdout] 
[INFO] [stdout] 
[INFO] [stdout] error: cannot determine resolution for the derive macro `DebugWithDb`
[INFO] [stdout]   --> src/debug_test.rs:36:10
[INFO] [stdout]    |
[INFO] [stdout] 36 | #[derive(DebugWithDb)]
[INFO] [stdout]    |          ^^^^^^^^^^^
[INFO] [stdout]    |
[INFO] [stdout]    = note: import resolution is stuck, try simplifying macro imports
[INFO] [stdout] 
[INFO] [stdout] 
[INFO] [stdout] error: cannot find attribute `debug_db` in this scope
[INFO] [stdout]   --> src/debug_test.rs:37:3
[INFO] [stdout]    |
[INFO] [stdout] 37 | #[debug_db(dyn TestGroup + 'static)]
[INFO] [stdout]    |   ^^^^^^^^
[INFO] [stdout] 
[INFO] [stdout] 
[INFO] [stdout] error: cannot find attribute `hide_field_debug_with_db` in this scope
[INFO] [stdout]   --> src/debug_test.rs:41:7
[INFO] [stdout]    |
[INFO] [stdout] 41 |     #[hide_field_debug_with_db]
[INFO] [stdout]    |       ^^^^^^^^^^^^^^^^^^^^^^^^
[INFO] [stdout] 
[INFO] [stdout] 
[INFO] [stdout] error: cannot find attribute `hide_field_debug_with_db` in this scope
[INFO] [stdout]   --> src/debug_test.rs:43:7
[INFO] [stdout]    |
[INFO] [stdout] 43 |     #[hide_field_debug_with_db]
[INFO] [stdout]    |       ^^^^^^^^^^^^^^^^^^^^^^^^
[INFO] [stdout] 
[INFO] [stdout] 
[INFO] [stdout] error[E0599]: no method named `debug` found for struct `ComplexStruct` in the current scope
[INFO] [stdout]   --> src/debug_test.rs:51:34
[INFO] [stdout]    |
[INFO] [stdout] 38 | struct ComplexStruct {
[INFO] [stdout]    | -------------------- method `debug` not found for this struct
[INFO] [stdout] ...
[INFO] [stdout] 51 |     assert_eq!(format!("{:?}", a.debug(&db)), "ComplexStruct { a: Some(5), b: DummyLongId(6) }");
[INFO] [stdout]    |                                  ^^^^^ method not found in `ComplexStruct`
[INFO] [stdout]    |
[INFO] [stdout]    = help: items from traits can only be used if the trait is implemented and in scope
[INFO] [stdout] note: `DebugWithDb` defines an item `debug`, perhaps you need to implement it
[INFO] [stdout]   --> src/debug.rs:14:1
[INFO] [stdout]    |
[INFO] [stdout] 14 | pub trait DebugWithDb<Db: ?Sized> {
[INFO] [stdout]    | ^^^^^^^^^^^^^^^^^^^^^^^^^^^^^^^^^
[INFO] [stdout] help: one of the expressions' fields has a method of the same name
[INFO] [stdout]    |
[INFO] [stdout] 51 |     assert_eq!(format!("{:?}", a.b.debug(&db)), "ComplexStruct { a: Some(5), b: DummyLongId(6) }");
[INFO] [stdout]    |                                  ++
[INFO] [stdout] 
[INFO] [stdout] 
[INFO] [stdout] warning: unused import: `crate::debug::DebugWithDb`
[INFO] [stdout]  --> src/debug_test.rs:8:5
[INFO] [stdout]   |
[INFO] [stdout] 8 | use crate::debug::DebugWithDb;
[INFO] [stdout]   |     ^^^^^^^^^^^^^^^^^^^^^^^^^
[INFO] [stdout]   |
[INFO] [stdout]   = note: `#[warn(unused_imports)]` on by default
[INFO] [stdout] 
[INFO] [stdout] 
[INFO] [stdout] error: aborting due to 6 previous errors; 1 warning emitted
[INFO] [stdout] 
[INFO] [stdout] 
[INFO] [stdout] Some errors have detailed explanations: E0432, E0599.
[INFO] [stdout] 
[INFO] [stdout] For more information about an error, try `rustc --explain E0432`.
[INFO] [stdout] 
[INFO] [stderr] error: could not compile `cairo-lang-debug` (lib test) due to 7 previous errors; 1 warning emitted
[INFO] running `Command { std: "docker" "inspect" "745d8fb41fddf13515807a79fdd7cc919f666b8681ad8a94a4ec6ccca22ce8c1", kill_on_drop: false }`
[INFO] running `Command { std: "docker" "rm" "-f" "745d8fb41fddf13515807a79fdd7cc919f666b8681ad8a94a4ec6ccca22ce8c1", kill_on_drop: false }`
[INFO] [stdout] 745d8fb41fddf13515807a79fdd7cc919f666b8681ad8a94a4ec6ccca22ce8c1
