[INFO] fetching crate cableguard 0.90.15...
[INFO] testing cableguard-0.90.15 against 1.75.0 for beta-1.76-1
[INFO] extracting crate cableguard 0.90.15 into /workspace/builds/worker-4-tc1/source
[INFO] validating manifest of crates.io crate cableguard 0.90.15 on toolchain 1.75.0
[INFO] running `Command { std: CARGO_HOME="/workspace/cargo-home" RUSTUP_HOME="/workspace/rustup-home" "/workspace/cargo-home/bin/cargo" "+1.75.0" "metadata" "--manifest-path" "Cargo.toml" "--no-deps", kill_on_drop: false }`
[INFO] started tweaking crates.io crate cableguard 0.90.15
[INFO] finished tweaking crates.io crate cableguard 0.90.15
[INFO] tweaked toml for crates.io crate cableguard 0.90.15 written to /workspace/builds/worker-4-tc1/source/Cargo.toml
[INFO] running `Command { std: CARGO_HOME="/workspace/cargo-home" RUSTUP_HOME="/workspace/rustup-home" "/workspace/cargo-home/bin/cargo" "+1.75.0" "generate-lockfile" "--manifest-path" "Cargo.toml", kill_on_drop: false }`
[INFO] [stderr]     Updating crates.io index
[INFO] running `Command { std: CARGO_HOME="/workspace/cargo-home" RUSTUP_HOME="/workspace/rustup-home" "/workspace/cargo-home/bin/cargo" "+1.75.0" "fetch" "--manifest-path" "Cargo.toml", kill_on_drop: false }`
[INFO] [stderr]  Downloading crates ...
[INFO] [stderr]   Downloaded curve25519-dalek-derive v0.1.1
[INFO] [stderr]   Downloaded chacha20 v0.9.1
[INFO] [stderr]   Downloaded poly1305 v0.8.0
[INFO] [stderr]   Downloaded ip_network_table v0.2.0
[INFO] [stderr]   Downloaded mock_instant v0.3.1
[INFO] [stderr]   Downloaded ip_network_table-deps-treebitmap v0.5.0
[INFO] [stderr]   Downloaded resolv-conf v0.7.0
[INFO] [stderr]   Downloaded enum-as-inner v0.6.0
[INFO] [stderr]   Downloaded ip_network v0.4.1
[INFO] [stderr]   Downloaded x25519-dalek v2.0.0
[INFO] [stderr]   Downloaded etherparse v0.13.0
[INFO] [stderr]   Downloaded fiat-crypto v0.2.5
[INFO] [stderr]   Downloaded curve25519-dalek v4.1.1
[INFO] [stderr]   Downloaded trust-dns-proto v0.23.2
[INFO] [stderr]   Downloaded jni v0.21.1
[INFO] [stderr]   Downloaded trust-dns-resolver v0.23.2
[INFO] [stderr]   Downloaded chacha20poly1305 v0.10.1
[INFO] [stderr]   Downloaded ipconfig v0.3.2
[INFO] [stderr]   Downloaded platforms v3.3.0
[INFO] running `Command { std: "docker" "create" "-v" "/var/lib/crater-agent-workspace/builds/worker-4-tc1/target:/opt/rustwide/target:rw,Z" "-v" "/var/lib/crater-agent-workspace/builds/worker-4-tc1/source:/opt/rustwide/workdir:ro,Z" "-v" "/var/lib/crater-agent-workspace/cargo-home:/opt/rustwide/cargo-home:ro,Z" "-v" "/var/lib/crater-agent-workspace/rustup-home:/opt/rustwide/rustup-home:ro,Z" "-e" "SOURCE_DIR=/opt/rustwide/workdir" "-e" "CARGO_TARGET_DIR=/opt/rustwide/target" "-e" "CARGO_HOME=/opt/rustwide/cargo-home" "-e" "RUSTUP_HOME=/opt/rustwide/rustup-home" "-w" "/opt/rustwide/workdir" "-m" "1610612736" "--user" "0:0" "--network" "none" "ghcr.io/rust-lang/crates-build-env/linux@sha256:2788e3201cd34a07e3172128adcd8b3090168a8e3bcc40d7c032b9dda1df7d1c" "/opt/rustwide/cargo-home/bin/cargo" "+1.75.0" "metadata" "--no-deps" "--format-version=1", kill_on_drop: false }`
[INFO] [stdout] c19cf6a07285ad1045bb6c91d7f22180ca28668d7cde162af797f018ee4cabe1
[INFO] running `Command { std: "docker" "start" "-a" "c19cf6a07285ad1045bb6c91d7f22180ca28668d7cde162af797f018ee4cabe1", kill_on_drop: false }`
[INFO] running `Command { std: "docker" "inspect" "c19cf6a07285ad1045bb6c91d7f22180ca28668d7cde162af797f018ee4cabe1", kill_on_drop: false }`
[INFO] running `Command { std: "docker" "rm" "-f" "c19cf6a07285ad1045bb6c91d7f22180ca28668d7cde162af797f018ee4cabe1", kill_on_drop: false }`
[INFO] [stdout] c19cf6a07285ad1045bb6c91d7f22180ca28668d7cde162af797f018ee4cabe1
[INFO] running `Command { std: "docker" "create" "-v" "/var/lib/crater-agent-workspace/builds/worker-4-tc1/target:/opt/rustwide/target:rw,Z" "-v" "/var/lib/crater-agent-workspace/builds/worker-4-tc1/source:/opt/rustwide/workdir:ro,Z" "-v" "/var/lib/crater-agent-workspace/cargo-home:/opt/rustwide/cargo-home:ro,Z" "-v" "/var/lib/crater-agent-workspace/rustup-home:/opt/rustwide/rustup-home:ro,Z" "-e" "SOURCE_DIR=/opt/rustwide/workdir" "-e" "CARGO_TARGET_DIR=/opt/rustwide/target" "-e" "CARGO_INCREMENTAL=0" "-e" "RUST_BACKTRACE=full" "-e" "RUSTFLAGS=--cap-lints=warn" "-e" "RUSTDOCFLAGS=--cap-lints=warn" "-e" "CARGO_HOME=/opt/rustwide/cargo-home" "-e" "RUSTUP_HOME=/opt/rustwide/rustup-home" "-w" "/opt/rustwide/workdir" "-m" "1610612736" "--user" "0:0" "--network" "none" "ghcr.io/rust-lang/crates-build-env/linux@sha256:2788e3201cd34a07e3172128adcd8b3090168a8e3bcc40d7c032b9dda1df7d1c" "/opt/rustwide/cargo-home/bin/cargo" "+1.75.0" "build" "--frozen" "--message-format=json", kill_on_drop: false }`
[INFO] [stdout] 889adb1460e97adc2c692a713ce17e3ba43b3c962b9d4aaabe190bd42d5a2376
[INFO] running `Command { std: "docker" "start" "-a" "889adb1460e97adc2c692a713ce17e3ba43b3c962b9d4aaabe190bd42d5a2376", kill_on_drop: false }`
[INFO] [stderr]    Compiling libc v0.2.151
[INFO] [stderr]    Compiling generic-array v0.14.7
[INFO] [stderr]    Compiling subtle v2.5.0
[INFO] [stderr]    Compiling tracing-core v0.1.32
[INFO] [stderr]    Compiling syn v2.0.48
[INFO] [stderr]    Compiling semver v1.0.21
[INFO] [stderr]    Compiling serde v1.0.194
[INFO] [stderr]    Compiling equivalent v1.0.1
[INFO] [stderr]    Compiling hashbrown v0.14.3
[INFO] [stderr]    Compiling lock_api v0.4.11
[INFO] [stderr]    Compiling platforms v3.3.0
[INFO] [stderr]    Compiling parking_lot_core v0.9.9
[INFO] [stderr]    Compiling rustc_version v0.4.0
[INFO] [stderr]    Compiling indexmap v2.1.0
[INFO] [stderr]    Compiling smallvec v1.11.2
[INFO] [stderr]    Compiling async-trait v0.1.77
[INFO] [stderr]    Compiling thiserror v1.0.56
[INFO] [stderr]    Compiling block-buffer v0.10.4
[INFO] [stderr]    Compiling log v0.4.20
[INFO] [stderr]    Compiling curve25519-dalek v4.1.1
[INFO] [stderr]    Compiling digest v0.9.0
[INFO] [stderr]    Compiling inout v0.1.3
[INFO] [stderr]    Compiling http-body v0.4.6
[INFO] [stderr]    Compiling num-traits v0.2.17
[INFO] [stderr]    Compiling match_cfg v0.1.0
[INFO] [stderr]    Compiling scopeguard v1.2.0
[INFO] [stderr]    Compiling block-buffer v0.9.0
[INFO] [stderr]    Compiling idna v0.4.0
[INFO] [stderr]    Compiling aho-corasick v1.1.2
[INFO] [stderr]    Compiling regex-syntax v0.8.2
[INFO] [stderr]    Compiling byteorder v1.5.0
[INFO] [stderr]    Compiling data-encoding v2.5.0
[INFO] [stderr]    Compiling linked-hash-map v0.5.6
[INFO] [stderr]    Compiling signature v1.6.4
[INFO] [stderr]    Compiling getrandom v0.2.11
[INFO] [stderr]    Compiling cc v1.0.83
[INFO] [stderr]    Compiling rand_core v0.6.4
[INFO] [stderr]    Compiling socket2 v0.5.5
[INFO] [stderr]    Compiling crypto-common v0.1.6
[INFO] [stderr]    Compiling mio v0.8.10
[INFO] [stderr]    Compiling num_cpus v1.16.0
[INFO] [stderr]    Compiling tokio v1.35.1
[INFO] [stderr]    Compiling getrandom v0.1.16
[INFO] [stderr]    Compiling digest v0.10.7
[INFO] [stderr]    Compiling rand_core v0.5.1
[INFO] [stderr]    Compiling rand_chacha v0.3.1
[INFO] [stderr]    Compiling universal-hash v0.5.1
[INFO] [stderr]    Compiling rand_chacha v0.2.2
[INFO] [stderr]    Compiling openssl-sys v0.9.98
[INFO] [stderr]    Compiling ring v0.17.7
[INFO] [stderr]    Compiling rand v0.8.5
[INFO] [stderr]    Compiling hostname v0.3.1
[INFO] [stderr]    Compiling quick-error v1.2.3
[INFO] [stderr]    Compiling resolv-conf v0.7.0
[INFO] [stderr]    Compiling openssl v0.10.62
[INFO] [stderr]    Compiling native-tls v0.2.11
[INFO] [stderr]    Compiling parking_lot v0.12.1
[INFO] [stderr]    Compiling rand v0.7.3
[INFO] [stderr]    Compiling poly1305 v0.8.0
[INFO] [stderr]    Compiling regex-automata v0.4.3
[INFO] [stderr]    Compiling aead v0.5.2
[INFO] [stderr]    Compiling ed25519 v1.5.3
[INFO] [stderr]    Compiling lru-cache v0.1.2
[INFO] [stderr]    Compiling sha2 v0.9.9
[INFO] [stderr]    Compiling spin v0.9.8
[INFO] [stderr]    Compiling base64 v0.21.5
[INFO] [stderr]    Compiling untrusted v0.9.0
[INFO] [stderr]    Compiling ip_network v0.4.1
[INFO] [stderr]    Compiling ip_network_table-deps-treebitmap v0.5.0
[INFO] [stderr]    Compiling iana-time-zone v0.1.59
[INFO] [stderr]    Compiling chrono v0.4.31
[INFO] [stderr]    Compiling ip_network_table v0.2.0
[INFO] [stderr]    Compiling hmac v0.12.1
[INFO] [stderr]    Compiling blake2 v0.10.6
[INFO] [stderr]    Compiling sha2 v0.10.8
[INFO] [stderr]    Compiling zeroize_derive v1.4.2
[INFO] [stderr]    Compiling tracing-attributes v0.1.27
[INFO] [stderr]    Compiling serde_derive v1.0.194
[INFO] [stderr]    Compiling openssl-macros v0.1.1
[INFO] [stderr]    Compiling thiserror-impl v1.0.56
[INFO] [stderr]    Compiling zeroize v1.7.0
[INFO] [stderr]    Compiling cipher v0.4.4
[INFO] [stderr]    Compiling enum-as-inner v0.6.0
[INFO] [stderr]    Compiling tracing v0.1.40
[INFO] [stderr]    Compiling tokio-util v0.7.10
[INFO] [stderr]    Compiling curve25519-dalek-derive v0.1.1
[INFO] [stderr]    Compiling chacha20 v0.9.1
[INFO] [stderr]    Compiling curve25519-dalek v3.2.0
[INFO] [stderr]    Compiling h2 v0.3.22
[INFO] [stderr]    Compiling chacha20poly1305 v0.10.1
[INFO] [stderr]    Compiling trust-dns-proto v0.23.2
[INFO] [stderr]    Compiling regex v1.10.2
[INFO] [stderr]    Compiling nix v0.27.1
[INFO] [stderr]    Compiling x25519-dalek v2.0.0
[INFO] [stderr]    Compiling tokio-native-tls v0.3.1
[INFO] [stderr]    Compiling bs58 v0.5.0
[INFO] [stderr]    Compiling trust-dns-resolver v0.23.2
[INFO] [stderr]    Compiling hyper v0.14.28
[INFO] [stderr]    Compiling serde_urlencoded v0.7.1
[INFO] [stderr]    Compiling ed25519-dalek v1.0.1
[INFO] [stderr]    Compiling serde_json v1.0.111
[INFO] [stderr]    Compiling hyper-tls v0.5.0
[INFO] [stderr]    Compiling reqwest v0.11.23
[INFO] [stderr]    Compiling cableguard v0.90.15 (/opt/rustwide/workdir)
[INFO] [stdout] warning: unused import: `hex::ToHex`
[INFO] [stdout]   --> src/noise/handshake.rs:18:5
[INFO] [stdout]    |
[INFO] [stdout] 18 | use hex::ToHex;
[INFO] [stdout]    |     ^^^^^^^^^^
[INFO] [stdout]    |
[INFO] [stdout]    = note: `#[warn(unused_imports)]` on by default
[INFO] [stdout] 
[INFO] [stdout] 
[INFO] [stdout] warning: unused import: `EphemeralSecret`
[INFO] [stdout]   --> src/lib.rs:27:9
[INFO] [stdout]    |
[INFO] [stdout] 27 |         EphemeralSecret, PublicKey, ReusableSecret, SharedSecret, StaticSecret
[INFO] [stdout]    |         ^^^^^^^^^^^^^^^
[INFO] [stdout] 
[INFO] [stdout] 
[INFO] [stdout] warning: function `keybytes_to_hex_string` is never used
[INFO] [stdout]  --> src/serialization.rs:7:16
[INFO] [stdout]   |
[INFO] [stdout] 7 | pub (crate) fn keybytes_to_hex_string(key_bytes: &KeyBytes) -> String {
[INFO] [stdout]   |                ^^^^^^^^^^^^^^^^^^^^^^
[INFO] [stdout]   |
[INFO] [stdout]   = note: `#[warn(dead_code)]` on by default
[INFO] [stdout] 
[INFO] [stdout] 
[INFO] [stdout] warning: 3 warnings emitted
[INFO] [stdout] 
[INFO] [stdout] 
[INFO] [stderr]     Finished dev [unoptimized + debuginfo] target(s) in 18.67s
[INFO] running `Command { std: "docker" "inspect" "889adb1460e97adc2c692a713ce17e3ba43b3c962b9d4aaabe190bd42d5a2376", kill_on_drop: false }`
[INFO] running `Command { std: "docker" "rm" "-f" "889adb1460e97adc2c692a713ce17e3ba43b3c962b9d4aaabe190bd42d5a2376", kill_on_drop: false }`
[INFO] [stdout] 889adb1460e97adc2c692a713ce17e3ba43b3c962b9d4aaabe190bd42d5a2376
[INFO] running `Command { std: "docker" "create" "-v" "/var/lib/crater-agent-workspace/builds/worker-4-tc1/target:/opt/rustwide/target:rw,Z" "-v" "/var/lib/crater-agent-workspace/builds/worker-4-tc1/source:/opt/rustwide/workdir:ro,Z" "-v" "/var/lib/crater-agent-workspace/cargo-home:/opt/rustwide/cargo-home:ro,Z" "-v" "/var/lib/crater-agent-workspace/rustup-home:/opt/rustwide/rustup-home:ro,Z" "-e" "SOURCE_DIR=/opt/rustwide/workdir" "-e" "CARGO_TARGET_DIR=/opt/rustwide/target" "-e" "CARGO_INCREMENTAL=0" "-e" "RUST_BACKTRACE=full" "-e" "RUSTFLAGS=--cap-lints=warn" "-e" "RUSTDOCFLAGS=--cap-lints=warn" "-e" "CARGO_HOME=/opt/rustwide/cargo-home" "-e" "RUSTUP_HOME=/opt/rustwide/rustup-home" "-w" "/opt/rustwide/workdir" "-m" "1610612736" "--user" "0:0" "--network" "none" "ghcr.io/rust-lang/crates-build-env/linux@sha256:2788e3201cd34a07e3172128adcd8b3090168a8e3bcc40d7c032b9dda1df7d1c" "/opt/rustwide/cargo-home/bin/cargo" "+1.75.0" "test" "--frozen" "--no-run" "--message-format=json", kill_on_drop: false }`
[INFO] [stdout] 524b5702ce96127f6e4eafda725bfa393c64cf7540481e60e274616653c6684a
[INFO] running `Command { std: "docker" "start" "-a" "524b5702ce96127f6e4eafda725bfa393c64cf7540481e60e274616653c6684a", kill_on_drop: false }`
[INFO] [stderr]    Compiling crossbeam-utils v0.8.18
[INFO] [stderr]    Compiling rayon-core v1.12.0
[INFO] [stderr]    Compiling rustix v0.38.28
[INFO] [stderr]    Compiling either v1.9.0
[INFO] [stderr]    Compiling plotters-backend v0.3.5
[INFO] [stderr]    Compiling ciborium-io v0.2.1
[INFO] [stderr]    Compiling linux-raw-sys v0.4.12
[INFO] [stderr]    Compiling anstyle v1.0.4
[INFO] [stderr]    Compiling clap_lex v0.6.0
[INFO] [stderr]    Compiling half v1.8.2
[INFO] [stderr]    Compiling clap_builder v4.4.12
[INFO] [stderr]    Compiling plotters-svg v0.3.5
[INFO] [stderr]    Compiling itertools v0.10.5
[INFO] [stderr]    Compiling ciborium-ll v0.2.1
[INFO] [stderr]    Compiling same-file v1.0.6
[INFO] [stderr]    Compiling cast v0.3.0
[INFO] [stderr]    Compiling ciborium v0.2.1
[INFO] [stderr]    Compiling walkdir v2.4.0
[INFO] [stderr]    Compiling sharded-slab v0.1.7
[INFO] [stderr]    Compiling plotters v0.3.5
[INFO] [stderr]    Compiling crossbeam-epoch v0.9.17
[INFO] [stderr]    Compiling tinytemplate v1.2.1
[INFO] [stderr]    Compiling crossbeam-deque v0.8.4
[INFO] [stderr]    Compiling tracing-log v0.2.0
[INFO] [stderr]    Compiling thread_local v1.1.7
[INFO] [stderr]    Compiling anes v0.1.6
[INFO] [stderr]    Compiling criterion-plot v0.5.0
[INFO] [stderr]    Compiling arrayvec v0.7.4
[INFO] [stderr]    Compiling oorandom v11.1.3
[INFO] [stderr]    Compiling tracing-subscriber v0.3.18
[INFO] [stdout] warning: unused import: `hex::ToHex`
[INFO] [stdout]   --> src/noise/handshake.rs:18:5
[INFO] [stdout]    |
[INFO] [stdout] 18 | use hex::ToHex;
[INFO] [stdout]    |     ^^^^^^^^^^
[INFO] [stdout]    |
[INFO] [stdout]    = note: `#[warn(unused_imports)]` on by default
[INFO] [stdout] 
[INFO] [stdout] 
[INFO] [stdout] warning: unused import: `EphemeralSecret`
[INFO] [stdout]   --> src/lib.rs:27:9
[INFO] [stdout]    |
[INFO] [stdout] 27 |         EphemeralSecret, PublicKey, ReusableSecret, SharedSecret, StaticSecret
[INFO] [stdout]    |         ^^^^^^^^^^^^^^^
[INFO] [stdout] 
[INFO] [stdout] 
[INFO] [stdout] warning: function `keybytes_to_hex_string` is never used
[INFO] [stdout]  --> src/serialization.rs:7:16
[INFO] [stdout]   |
[INFO] [stdout] 7 | pub (crate) fn keybytes_to_hex_string(key_bytes: &KeyBytes) -> String {
[INFO] [stdout]   |                ^^^^^^^^^^^^^^^^^^^^^^
[INFO] [stdout]   |
[INFO] [stdout]   = note: `#[warn(dead_code)]` on by default
[INFO] [stdout] 
[INFO] [stdout] 
[INFO] [stdout] warning: 3 warnings emitted
[INFO] [stdout] 
[INFO] [stdout] 
[INFO] [stderr]    Compiling rayon v1.8.0
[INFO] [stderr]    Compiling etherparse v0.13.0
[INFO] [stderr]    Compiling clap v4.4.13
[INFO] [stderr]    Compiling is-terminal v0.4.10
[INFO] [stderr]    Compiling criterion v0.5.1
[INFO] [stderr]    Compiling cableguard v0.90.15 (/opt/rustwide/workdir)
[INFO] [stdout] error[E0425]: cannot find value `their_secret_key` in this scope
[INFO] [stdout]    --> src/noise/mod.rs:760:67
[INFO] [stdout]     |
[INFO] [stdout] 760 |         let their_publickey_public_key = x25519::PublicKey::from(&their_secret_key);
[INFO] [stdout]     |                                                                   ^^^^^^^^^^^^^^^^ not found in this scope
[INFO] [stdout] 
[INFO] [stdout] 
[INFO] [stdout] warning: unused import: `hex::ToHex`
[INFO] [stdout]   --> src/noise/handshake.rs:18:5
[INFO] [stdout]    |
[INFO] [stdout] 18 | use hex::ToHex;
[INFO] [stdout]    |     ^^^^^^^^^^
[INFO] [stdout]    |
[INFO] [stdout]    = note: `#[warn(unused_imports)]` on by default
[INFO] [stdout] 
[INFO] [stdout] 
[INFO] [stdout] warning: unused import: `EphemeralSecret`
[INFO] [stdout]   --> src/lib.rs:27:9
[INFO] [stdout]    |
[INFO] [stdout] 27 |         EphemeralSecret, PublicKey, ReusableSecret, SharedSecret, StaticSecret
[INFO] [stdout]    |         ^^^^^^^^^^^^^^^
[INFO] [stdout] 
[INFO] [stdout] 
[INFO] [stdout] error[E0061]: this function takes 9 arguments but 6 arguments were supplied
[INFO] [stdout]    --> src/noise/mod.rs:763:22
[INFO] [stdout]     |
[INFO] [stdout] 763 |         let my_tun = Tunn::new(own_staticsecret_private_key, their_publickey_public_key, None, None, my_index, None).unwrap();
[INFO] [stdout]     |                      ^^^^^^^^^                                                                 -------------------- three arguments of type `std::string::String`, `std::string::String`, and `[u8; 64]` are missing
[INFO] [stdout]     |
[INFO] [stdout] note: associated function defined here
[INFO] [stdout]    --> src/noise/mod.rs:294:12
[INFO] [stdout]     |
[INFO] [stdout] 294 |     pub fn new(
[INFO] [stdout]     |            ^^^
[INFO] [stdout] 295 |         static_private: x25519::StaticSecret,
[INFO] [stdout]     |         ------------------------------------
[INFO] [stdout] 296 |         peer_static_public: x25519::PublicKey,
[INFO] [stdout]     |         -------------------------------------
[INFO] [stdout] 297 |         preshared_key: Option<[u8; 32]>,
[INFO] [stdout]     |         -------------------------------
[INFO] [stdout] 298 |         string_rodt_id: String,
[INFO] [stdout]     |         ----------------------
[INFO] [stdout] 299 |         serviceproviderid: String,
[INFO] [stdout]     |         -------------------------
[INFO] [stdout] 300 |         rodt_id_signature: [u8;RODT_ID_SIGNATURE_SZ],
[INFO] [stdout]     |         --------------------------------------------
[INFO] [stdout] 301 |         persistent_keepalive: Option<u16>,
[INFO] [stdout]     |         ---------------------------------
[INFO] [stdout] 302 |         session_index: u32,
[INFO] [stdout]     |         ------------------
[INFO] [stdout] 303 |         rate_limiter: Option<Arc<RateLimiter>>,
[INFO] [stdout]     |         --------------------------------------
[INFO] [stdout] help: provide the arguments
[INFO] [stdout]     |
[INFO] [stdout] 763 |         let my_tun = Tunn::new(own_staticsecret_private_key, their_publickey_public_key, None, /* std::string::String */, /* std::string::String */, /* [u8; 64] */, None, my_index, None).unwrap();
[INFO] [stdout]     |                               ~~~~~~~~~~~~~~~~~~~~~~~~~~~~~~~~~~~~~~~~~~~~~~~~~~~~~~~~~~~~~~~~~~~~~~~~~~~~~~~~~~~~~~~~~~~~~~~~~~~~~~~~~~~~~~~~~~~~~~~~~~~~~~~~~~~~~~~~~~~~~~~~~~~~~~~~~~~~
[INFO] [stdout] 
[INFO] [stdout] 
[INFO] [stdout] error[E0061]: this function takes 9 arguments but 6 arguments were supplied
[INFO] [stdout]    --> src/noise/mod.rs:764:25
[INFO] [stdout]     |
[INFO] [stdout] 764 |         let their_tun = Tunn::new(their_staticsecret_private_key, own_publickey_public_key, None, None, their_index, None).unwrap();
[INFO] [stdout]     |                         ^^^^^^^^^                                                                 ----------------------- three arguments of type `std::string::String`, `std::string::String`, and `[u8; 64]` are missing
[INFO] [stdout]     |
[INFO] [stdout] note: associated function defined here
[INFO] [stdout]    --> src/noise/mod.rs:294:12
[INFO] [stdout]     |
[INFO] [stdout] 294 |     pub fn new(
[INFO] [stdout]     |            ^^^
[INFO] [stdout] 295 |         static_private: x25519::StaticSecret,
[INFO] [stdout]     |         ------------------------------------
[INFO] [stdout] 296 |         peer_static_public: x25519::PublicKey,
[INFO] [stdout]     |         -------------------------------------
[INFO] [stdout] 297 |         preshared_key: Option<[u8; 32]>,
[INFO] [stdout]     |         -------------------------------
[INFO] [stdout] 298 |         string_rodt_id: String,
[INFO] [stdout]     |         ----------------------
[INFO] [stdout] 299 |         serviceproviderid: String,
[INFO] [stdout]     |         -------------------------
[INFO] [stdout] 300 |         rodt_id_signature: [u8;RODT_ID_SIGNATURE_SZ],
[INFO] [stdout]     |         --------------------------------------------
[INFO] [stdout] 301 |         persistent_keepalive: Option<u16>,
[INFO] [stdout]     |         ---------------------------------
[INFO] [stdout] 302 |         session_index: u32,
[INFO] [stdout]     |         ------------------
[INFO] [stdout] 303 |         rate_limiter: Option<Arc<RateLimiter>>,
[INFO] [stdout]     |         --------------------------------------
[INFO] [stdout] help: provide the arguments
[INFO] [stdout]     |
[INFO] [stdout] 764 |         let their_tun = Tunn::new(their_staticsecret_private_key, own_publickey_public_key, None, /* std::string::String */, /* std::string::String */, /* [u8; 64] */, None, their_index, None).unwrap();
[INFO] [stdout]     |                                  ~~~~~~~~~~~~~~~~~~~~~~~~~~~~~~~~~~~~~~~~~~~~~~~~~~~~~~~~~~~~~~~~~~~~~~~~~~~~~~~~~~~~~~~~~~~~~~~~~~~~~~~~~~~~~~~~~~~~~~~~~~~~~~~~~~~~~~~~~~~~~~~~~~~~~~~~~~~~~~~
[INFO] [stdout] 
[INFO] [stdout] 
[INFO] [stdout] error: aborting due to 3 previous errors; 2 warnings emitted
[INFO] [stdout] 
[INFO] [stdout] 
[INFO] [stdout] Some errors have detailed explanations: E0061, E0425.
[INFO] [stdout] 
[INFO] [stdout] For more information about an error, try `rustc --explain E0061`.
[INFO] [stdout] 
[INFO] [stderr] error: could not compile `cableguard` (lib test) due to 4 previous errors; 2 warnings emitted
[INFO] running `Command { std: "docker" "inspect" "524b5702ce96127f6e4eafda725bfa393c64cf7540481e60e274616653c6684a", kill_on_drop: false }`
[INFO] running `Command { std: "docker" "rm" "-f" "524b5702ce96127f6e4eafda725bfa393c64cf7540481e60e274616653c6684a", kill_on_drop: false }`
[INFO] [stdout] 524b5702ce96127f6e4eafda725bfa393c64cf7540481e60e274616653c6684a
[INFO] testing cableguard-0.90.15 against beta-2023-12-22 for beta-1.76-1
[INFO] extracting crate cableguard 0.90.15 into /workspace/builds/worker-4-tc2/source
[INFO] validating manifest of crates.io crate cableguard 0.90.15 on toolchain beta-2023-12-22
[INFO] running `Command { std: CARGO_HOME="/workspace/cargo-home" RUSTUP_HOME="/workspace/rustup-home" "/workspace/cargo-home/bin/cargo" "+beta-2023-12-22" "metadata" "--manifest-path" "Cargo.toml" "--no-deps", kill_on_drop: false }`
[INFO] started tweaking crates.io crate cableguard 0.90.15
[INFO] finished tweaking crates.io crate cableguard 0.90.15
[INFO] tweaked toml for crates.io crate cableguard 0.90.15 written to /workspace/builds/worker-4-tc2/source/Cargo.toml
[INFO] running `Command { std: CARGO_HOME="/workspace/cargo-home" RUSTUP_HOME="/workspace/rustup-home" "/workspace/cargo-home/bin/cargo" "+beta-2023-12-22" "generate-lockfile" "--manifest-path" "Cargo.toml", kill_on_drop: false }`
[INFO] [stderr]     Updating crates.io index
[INFO] running `Command { std: CARGO_HOME="/workspace/cargo-home" RUSTUP_HOME="/workspace/rustup-home" "/workspace/cargo-home/bin/cargo" "+beta-2023-12-22" "fetch" "--manifest-path" "Cargo.toml", kill_on_drop: false }`
[INFO] [stderr]     Blocking waiting for file lock on package cache
[INFO] running `Command { std: "docker" "create" "-v" "/var/lib/crater-agent-workspace/builds/worker-4-tc2/target:/opt/rustwide/target:rw,Z" "-v" "/var/lib/crater-agent-workspace/builds/worker-4-tc2/source:/opt/rustwide/workdir:ro,Z" "-v" "/var/lib/crater-agent-workspace/cargo-home:/opt/rustwide/cargo-home:ro,Z" "-v" "/var/lib/crater-agent-workspace/rustup-home:/opt/rustwide/rustup-home:ro,Z" "-e" "SOURCE_DIR=/opt/rustwide/workdir" "-e" "CARGO_TARGET_DIR=/opt/rustwide/target" "-e" "CARGO_HOME=/opt/rustwide/cargo-home" "-e" "RUSTUP_HOME=/opt/rustwide/rustup-home" "-w" "/opt/rustwide/workdir" "-m" "1610612736" "--user" "0:0" "--network" "none" "ghcr.io/rust-lang/crates-build-env/linux@sha256:2788e3201cd34a07e3172128adcd8b3090168a8e3bcc40d7c032b9dda1df7d1c" "/opt/rustwide/cargo-home/bin/cargo" "+beta-2023-12-22" "metadata" "--no-deps" "--format-version=1", kill_on_drop: false }`
[INFO] [stdout] a954d15d5fefff1168fed8a160d0a02cb46bd976e9779acaa0855c61da4e9183
[INFO] running `Command { std: "docker" "start" "-a" "a954d15d5fefff1168fed8a160d0a02cb46bd976e9779acaa0855c61da4e9183", kill_on_drop: false }`
[INFO] running `Command { std: "docker" "inspect" "a954d15d5fefff1168fed8a160d0a02cb46bd976e9779acaa0855c61da4e9183", kill_on_drop: false }`
[INFO] running `Command { std: "docker" "rm" "-f" "a954d15d5fefff1168fed8a160d0a02cb46bd976e9779acaa0855c61da4e9183", kill_on_drop: false }`
[INFO] [stdout] a954d15d5fefff1168fed8a160d0a02cb46bd976e9779acaa0855c61da4e9183
[INFO] running `Command { std: "docker" "create" "-v" "/var/lib/crater-agent-workspace/builds/worker-4-tc2/target:/opt/rustwide/target:rw,Z" "-v" "/var/lib/crater-agent-workspace/builds/worker-4-tc2/source:/opt/rustwide/workdir:ro,Z" "-v" "/var/lib/crater-agent-workspace/cargo-home:/opt/rustwide/cargo-home:ro,Z" "-v" "/var/lib/crater-agent-workspace/rustup-home:/opt/rustwide/rustup-home:ro,Z" "-e" "SOURCE_DIR=/opt/rustwide/workdir" "-e" "CARGO_TARGET_DIR=/opt/rustwide/target" "-e" "CARGO_INCREMENTAL=0" "-e" "RUST_BACKTRACE=full" "-e" "RUSTFLAGS=--cap-lints=warn" "-e" "RUSTDOCFLAGS=--cap-lints=warn" "-e" "CARGO_HOME=/opt/rustwide/cargo-home" "-e" "RUSTUP_HOME=/opt/rustwide/rustup-home" "-w" "/opt/rustwide/workdir" "-m" "1610612736" "--user" "0:0" "--network" "none" "ghcr.io/rust-lang/crates-build-env/linux@sha256:2788e3201cd34a07e3172128adcd8b3090168a8e3bcc40d7c032b9dda1df7d1c" "/opt/rustwide/cargo-home/bin/cargo" "+beta-2023-12-22" "build" "--frozen" "--message-format=json", kill_on_drop: false }`
[INFO] [stdout] cf9c55c704016770da09a5d8074db60abe17b89470316d209809ed666cc13753
[INFO] running `Command { std: "docker" "start" "-a" "cf9c55c704016770da09a5d8074db60abe17b89470316d209809ed666cc13753", kill_on_drop: false }`
[INFO] [stderr]    Compiling libc v0.2.151
[INFO] [stderr]    Compiling generic-array v0.14.7
[INFO] [stderr]    Compiling subtle v2.5.0
[INFO] [stderr]    Compiling tracing-core v0.1.32
[INFO] [stderr]    Compiling syn v2.0.48
[INFO] [stderr]    Compiling semver v1.0.21
[INFO] [stderr]    Compiling serde v1.0.194
[INFO] [stderr]    Compiling equivalent v1.0.1
[INFO] [stderr]    Compiling hashbrown v0.14.3
[INFO] [stderr]    Compiling lock_api v0.4.11
[INFO] [stderr]    Compiling async-trait v0.1.77
[INFO] [stderr]    Compiling smallvec v1.11.2
[INFO] [stderr]    Compiling rustc_version v0.4.0
[INFO] [stderr]    Compiling log v0.4.20
[INFO] [stderr]    Compiling platforms v3.3.0
[INFO] [stderr]    Compiling indexmap v2.1.0
[INFO] [stderr]    Compiling block-buffer v0.10.4
[INFO] [stderr]    Compiling thiserror v1.0.56
[INFO] [stderr]    Compiling parking_lot_core v0.9.9
[INFO] [stderr]    Compiling digest v0.9.0
[INFO] [stderr]    Compiling inout v0.1.3
[INFO] [stderr]    Compiling curve25519-dalek v4.1.1
[INFO] [stderr]    Compiling http-body v0.4.6
[INFO] [stderr]    Compiling num-traits v0.2.17
[INFO] [stderr]    Compiling scopeguard v1.2.0
[INFO] [stderr]    Compiling match_cfg v0.1.0
[INFO] [stderr]    Compiling block-buffer v0.9.0
[INFO] [stderr]    Compiling idna v0.4.0
[INFO] [stderr]    Compiling aho-corasick v1.1.2
[INFO] [stderr]    Compiling regex-syntax v0.8.2
[INFO] [stderr]    Compiling linked-hash-map v0.5.6
[INFO] [stderr]    Compiling signature v1.6.4
[INFO] [stderr]    Compiling byteorder v1.5.0
[INFO] [stderr]    Compiling data-encoding v2.5.0
[INFO] [stderr]    Compiling quick-error v1.2.3
[INFO] [stderr]    Compiling lru-cache v0.1.2
[INFO] [stderr]    Compiling ed25519 v1.5.3
[INFO] [stderr]    Compiling getrandom v0.2.11
[INFO] [stderr]    Compiling cc v1.0.83
[INFO] [stderr]    Compiling rand_core v0.6.4
[INFO] [stderr]    Compiling socket2 v0.5.5
[INFO] [stderr]    Compiling crypto-common v0.1.6
[INFO] [stderr]    Compiling mio v0.8.10
[INFO] [stderr]    Compiling num_cpus v1.16.0
[INFO] [stderr]    Compiling getrandom v0.1.16
[INFO] [stderr]    Compiling digest v0.10.7
[INFO] [stderr]    Compiling tokio v1.35.1
[INFO] [stderr]    Compiling rand_core v0.5.1
[INFO] [stderr]    Compiling rand_chacha v0.3.1
[INFO] [stderr]    Compiling rand_chacha v0.2.2
[INFO] [stderr]    Compiling universal-hash v0.5.1
[INFO] [stderr]    Compiling openssl-sys v0.9.98
[INFO] [stderr]    Compiling ring v0.17.7
[INFO] [stderr]    Compiling rand v0.8.5
[INFO] [stderr]    Compiling hostname v0.3.1
[INFO] [stderr]    Compiling openssl v0.10.62
[INFO] [stderr]    Compiling native-tls v0.2.11
[INFO] [stderr]    Compiling parking_lot v0.12.1
[INFO] [stderr]    Compiling resolv-conf v0.7.0
[INFO] [stderr]    Compiling rand v0.7.3
[INFO] [stderr]    Compiling poly1305 v0.8.0
[INFO] [stderr]    Compiling regex-automata v0.4.3
[INFO] [stderr]    Compiling aead v0.5.2
[INFO] [stderr]    Compiling sha2 v0.9.9
[INFO] [stderr]    Compiling base64 v0.21.5
[INFO] [stderr]    Compiling iana-time-zone v0.1.59
[INFO] [stderr]    Compiling untrusted v0.9.0
[INFO] [stderr]    Compiling ip_network_table-deps-treebitmap v0.5.0
[INFO] [stderr]    Compiling spin v0.9.8
[INFO] [stderr]    Compiling ip_network v0.4.1
[INFO] [stderr]    Compiling chrono v0.4.31
[INFO] [stderr]    Compiling sha2 v0.10.8
[INFO] [stderr]    Compiling hmac v0.12.1
[INFO] [stderr]    Compiling blake2 v0.10.6
[INFO] [stderr]    Compiling ip_network_table v0.2.0
[INFO] [stderr]    Compiling nix v0.27.1
[INFO] [stderr]    Compiling tracing-attributes v0.1.27
[INFO] [stderr]    Compiling zeroize_derive v1.4.2
[INFO] [stderr]    Compiling openssl-macros v0.1.1
[INFO] [stderr]    Compiling serde_derive v1.0.194
[INFO] [stderr]    Compiling thiserror-impl v1.0.56
[INFO] [stderr]    Compiling zeroize v1.7.0
[INFO] [stderr]    Compiling cipher v0.4.4
[INFO] [stderr]    Compiling enum-as-inner v0.6.0
[INFO] [stderr]    Compiling tracing v0.1.40
[INFO] [stderr]    Compiling tokio-util v0.7.10
[INFO] [stderr]    Compiling curve25519-dalek-derive v0.1.1
[INFO] [stderr]    Compiling chacha20 v0.9.1
[INFO] [stderr]    Compiling h2 v0.3.22
[INFO] [stderr]    Compiling trust-dns-proto v0.23.2
[INFO] [stderr]    Compiling curve25519-dalek v3.2.0
[INFO] [stderr]    Compiling chacha20poly1305 v0.10.1
[INFO] [stderr]    Compiling regex v1.10.2
[INFO] [stderr]    Compiling bs58 v0.5.0
[INFO] [stderr]    Compiling x25519-dalek v2.0.0
[INFO] [stderr]    Compiling tokio-native-tls v0.3.1
[INFO] [stderr]    Compiling trust-dns-resolver v0.23.2
[INFO] [stderr]    Compiling hyper v0.14.28
[INFO] [stderr]    Compiling hyper-tls v0.5.0
[INFO] [stderr]    Compiling serde_urlencoded v0.7.1
[INFO] [stderr]    Compiling ed25519-dalek v1.0.1
[INFO] [stderr]    Compiling serde_json v1.0.111
[INFO] [stderr]    Compiling reqwest v0.11.23
[INFO] [stderr]    Compiling cableguard v0.90.15 (/opt/rustwide/workdir)
[INFO] [stdout] warning: unused import: `hex::ToHex`
[INFO] [stdout]   --> src/noise/handshake.rs:18:5
[INFO] [stdout]    |
[INFO] [stdout] 18 | use hex::ToHex;
[INFO] [stdout]    |     ^^^^^^^^^^
[INFO] [stdout]    |
[INFO] [stdout]    = note: `#[warn(unused_imports)]` on by default
[INFO] [stdout] 
[INFO] [stdout] 
[INFO] [stdout] warning: unused import: `EphemeralSecret`
[INFO] [stdout]   --> src/lib.rs:27:9
[INFO] [stdout]    |
[INFO] [stdout] 27 |         EphemeralSecret, PublicKey, ReusableSecret, SharedSecret, StaticSecret
[INFO] [stdout]    |         ^^^^^^^^^^^^^^^
[INFO] [stdout] 
[INFO] [stdout] 
[INFO] [stdout] warning: function `keybytes_to_hex_string` is never used
[INFO] [stdout]  --> src/serialization.rs:7:16
[INFO] [stdout]   |
[INFO] [stdout] 7 | pub (crate) fn keybytes_to_hex_string(key_bytes: &KeyBytes) -> String {
[INFO] [stdout]   |                ^^^^^^^^^^^^^^^^^^^^^^
[INFO] [stdout]   |
[INFO] [stdout]   = note: `#[warn(dead_code)]` on by default
[INFO] [stdout] 
[INFO] [stdout] 
[INFO] [stdout] warning: 3 warnings emitted
[INFO] [stdout] 
[INFO] [stdout] 
[INFO] [stderr]     Finished dev [unoptimized + debuginfo] target(s) in 58.47s
[INFO] running `Command { std: "docker" "inspect" "cf9c55c704016770da09a5d8074db60abe17b89470316d209809ed666cc13753", kill_on_drop: false }`
[INFO] running `Command { std: "docker" "rm" "-f" "cf9c55c704016770da09a5d8074db60abe17b89470316d209809ed666cc13753", kill_on_drop: false }`
[INFO] [stdout] cf9c55c704016770da09a5d8074db60abe17b89470316d209809ed666cc13753
[INFO] running `Command { std: "docker" "create" "-v" "/var/lib/crater-agent-workspace/builds/worker-4-tc2/target:/opt/rustwide/target:rw,Z" "-v" "/var/lib/crater-agent-workspace/builds/worker-4-tc2/source:/opt/rustwide/workdir:ro,Z" "-v" "/var/lib/crater-agent-workspace/cargo-home:/opt/rustwide/cargo-home:ro,Z" "-v" "/var/lib/crater-agent-workspace/rustup-home:/opt/rustwide/rustup-home:ro,Z" "-e" "SOURCE_DIR=/opt/rustwide/workdir" "-e" "CARGO_TARGET_DIR=/opt/rustwide/target" "-e" "CARGO_INCREMENTAL=0" "-e" "RUST_BACKTRACE=full" "-e" "RUSTFLAGS=--cap-lints=warn" "-e" "RUSTDOCFLAGS=--cap-lints=warn" "-e" "CARGO_HOME=/opt/rustwide/cargo-home" "-e" "RUSTUP_HOME=/opt/rustwide/rustup-home" "-w" "/opt/rustwide/workdir" "-m" "1610612736" "--user" "0:0" "--network" "none" "ghcr.io/rust-lang/crates-build-env/linux@sha256:2788e3201cd34a07e3172128adcd8b3090168a8e3bcc40d7c032b9dda1df7d1c" "/opt/rustwide/cargo-home/bin/cargo" "+beta-2023-12-22" "test" "--frozen" "--no-run" "--message-format=json", kill_on_drop: false }`
[INFO] [stdout] 4f44e1b30d92cd6c160e90f77b5c77a39ad25bf9bac2285c907fcda1c4bab43a
[INFO] running `Command { std: "docker" "start" "-a" "4f44e1b30d92cd6c160e90f77b5c77a39ad25bf9bac2285c907fcda1c4bab43a", kill_on_drop: false }`
[INFO] [stderr]    Compiling crossbeam-utils v0.8.18
[INFO] [stderr]    Compiling either v1.9.0
[INFO] [stderr]    Compiling rustix v0.38.28
[INFO] [stderr]    Compiling rayon-core v1.12.0
[INFO] [stderr]    Compiling half v1.8.2
[INFO] [stderr]    Compiling anstyle v1.0.4
[INFO] [stderr]    Compiling clap_lex v0.6.0
[INFO] [stderr]    Compiling ciborium-io v0.2.1
[INFO] [stderr]    Compiling linux-raw-sys v0.4.12
[INFO] [stderr]    Compiling plotters-backend v0.3.5
[INFO] [stderr]    Compiling clap_builder v4.4.12
[INFO] [stderr]    Compiling ciborium-ll v0.2.1
[INFO] [stderr]    Compiling plotters-svg v0.3.5
[INFO] [stderr]    Compiling itertools v0.10.5
[INFO] [stderr]    Compiling cast v0.3.0
[INFO] [stderr]    Compiling same-file v1.0.6
[INFO] [stderr]    Compiling walkdir v2.4.0
[INFO] [stderr]    Compiling plotters v0.3.5
[INFO] [stderr]    Compiling sharded-slab v0.1.7
[INFO] [stderr]    Compiling ciborium v0.2.1
[INFO] [stderr]    Compiling crossbeam-epoch v0.9.17
[INFO] [stderr]    Compiling tinytemplate v1.2.1
[INFO] [stderr]    Compiling crossbeam-deque v0.8.4
[INFO] [stderr]    Compiling tracing-log v0.2.0
[INFO] [stderr]    Compiling thread_local v1.1.7
[INFO] [stderr]    Compiling arrayvec v0.7.4
[INFO] [stderr]    Compiling oorandom v11.1.3
[INFO] [stderr]    Compiling anes v0.1.6
[INFO] [stderr]    Compiling etherparse v0.13.0
[INFO] [stderr]    Compiling tracing-subscriber v0.3.18
[INFO] [stdout] warning: unused import: `hex::ToHex`
[INFO] [stdout]   --> src/noise/handshake.rs:18:5
[INFO] [stdout]    |
[INFO] [stdout] 18 | use hex::ToHex;
[INFO] [stdout]    |     ^^^^^^^^^^
[INFO] [stdout]    |
[INFO] [stdout]    = note: `#[warn(unused_imports)]` on by default
[INFO] [stdout] 
[INFO] [stdout] 
[INFO] [stdout] warning: unused import: `EphemeralSecret`
[INFO] [stdout]   --> src/lib.rs:27:9
[INFO] [stdout]    |
[INFO] [stdout] 27 |         EphemeralSecret, PublicKey, ReusableSecret, SharedSecret, StaticSecret
[INFO] [stdout]    |         ^^^^^^^^^^^^^^^
[INFO] [stdout] 
[INFO] [stdout] 
[INFO] [stdout] warning: function `keybytes_to_hex_string` is never used
[INFO] [stdout]  --> src/serialization.rs:7:16
[INFO] [stdout]   |
[INFO] [stdout] 7 | pub (crate) fn keybytes_to_hex_string(key_bytes: &KeyBytes) -> String {
[INFO] [stdout]   |                ^^^^^^^^^^^^^^^^^^^^^^
[INFO] [stdout]   |
[INFO] [stdout]   = note: `#[warn(dead_code)]` on by default
[INFO] [stdout] 
[INFO] [stdout] 
[INFO] [stdout] warning: 3 warnings emitted
[INFO] [stdout] 
[INFO] [stdout] 
[INFO] [stderr]    Compiling criterion-plot v0.5.0
[INFO] [stderr]    Compiling rayon v1.8.0
[INFO] [stderr]    Compiling clap v4.4.13
[INFO] [stderr]    Compiling is-terminal v0.4.10
[INFO] [stderr]    Compiling criterion v0.5.1
[INFO] [stderr]    Compiling cableguard v0.90.15 (/opt/rustwide/workdir)
[INFO] [stdout] error[E0425]: cannot find value `their_secret_key` in this scope
[INFO] [stdout]    --> src/noise/mod.rs:760:67
[INFO] [stdout]     |
[INFO] [stdout] 760 |         let their_publickey_public_key = x25519::PublicKey::from(&their_secret_key);
[INFO] [stdout]     |                                                                   ^^^^^^^^^^^^^^^^ not found in this scope
[INFO] [stdout] 
[INFO] [stdout] 
[INFO] [stdout] warning: unused import: `hex::ToHex`
[INFO] [stdout]   --> src/noise/handshake.rs:18:5
[INFO] [stdout]    |
[INFO] [stdout] 18 | use hex::ToHex;
[INFO] [stdout]    |     ^^^^^^^^^^
[INFO] [stdout]    |
[INFO] [stdout]    = note: `#[warn(unused_imports)]` on by default
[INFO] [stdout] 
[INFO] [stdout] 
[INFO] [stdout] warning: unused import: `EphemeralSecret`
[INFO] [stdout]   --> src/lib.rs:27:9
[INFO] [stdout]    |
[INFO] [stdout] 27 |         EphemeralSecret, PublicKey, ReusableSecret, SharedSecret, StaticSecret
[INFO] [stdout]    |         ^^^^^^^^^^^^^^^
[INFO] [stdout] 
[INFO] [stdout] 
[INFO] [stdout] error[E0061]: this function takes 9 arguments but 6 arguments were supplied
[INFO] [stdout]    --> src/noise/mod.rs:763:22
[INFO] [stdout]     |
[INFO] [stdout] 763 |         let my_tun = Tunn::new(own_staticsecret_private_key, their_publickey_public_key, None, None, my_index, None).unwrap();
[INFO] [stdout]     |                      ^^^^^^^^^                                                                 -------------------- three arguments of type `std::string::String`, `std::string::String`, and `[u8; 64]` are missing
[INFO] [stdout]     |
[INFO] [stdout] note: associated function defined here
[INFO] [stdout]    --> src/noise/mod.rs:294:12
[INFO] [stdout]     |
[INFO] [stdout] 294 |     pub fn new(
[INFO] [stdout]     |            ^^^
[INFO] [stdout] 295 |         static_private: x25519::StaticSecret,
[INFO] [stdout]     |         ------------------------------------
[INFO] [stdout] 296 |         peer_static_public: x25519::PublicKey,
[INFO] [stdout]     |         -------------------------------------
[INFO] [stdout] 297 |         preshared_key: Option<[u8; 32]>,
[INFO] [stdout]     |         -------------------------------
[INFO] [stdout] 298 |         string_rodt_id: String,
[INFO] [stdout]     |         ----------------------
[INFO] [stdout] 299 |         serviceproviderid: String,
[INFO] [stdout]     |         -------------------------
[INFO] [stdout] 300 |         rodt_id_signature: [u8;RODT_ID_SIGNATURE_SZ],
[INFO] [stdout]     |         --------------------------------------------
[INFO] [stdout] 301 |         persistent_keepalive: Option<u16>,
[INFO] [stdout]     |         ---------------------------------
[INFO] [stdout] 302 |         session_index: u32,
[INFO] [stdout]     |         ------------------
[INFO] [stdout] 303 |         rate_limiter: Option<Arc<RateLimiter>>,
[INFO] [stdout]     |         --------------------------------------
[INFO] [stdout] help: provide the arguments
[INFO] [stdout]     |
[INFO] [stdout] 763 |         let my_tun = Tunn::new(own_staticsecret_private_key, their_publickey_public_key, None, /* std::string::String */, /* std::string::String */, /* [u8; 64] */, None, my_index, None).unwrap();
[INFO] [stdout]     |                               ~~~~~~~~~~~~~~~~~~~~~~~~~~~~~~~~~~~~~~~~~~~~~~~~~~~~~~~~~~~~~~~~~~~~~~~~~~~~~~~~~~~~~~~~~~~~~~~~~~~~~~~~~~~~~~~~~~~~~~~~~~~~~~~~~~~~~~~~~~~~~~~~~~~~~~~~~~~~
[INFO] [stdout] 
[INFO] [stdout] 
[INFO] [stdout] error[E0061]: this function takes 9 arguments but 6 arguments were supplied
[INFO] [stdout]    --> src/noise/mod.rs:764:25
[INFO] [stdout]     |
[INFO] [stdout] 764 |         let their_tun = Tunn::new(their_staticsecret_private_key, own_publickey_public_key, None, None, their_index, None).unwrap();
[INFO] [stdout]     |                         ^^^^^^^^^                                                                 ----------------------- three arguments of type `std::string::String`, `std::string::String`, and `[u8; 64]` are missing
[INFO] [stdout]     |
[INFO] [stdout] note: associated function defined here
[INFO] [stdout]    --> src/noise/mod.rs:294:12
[INFO] [stdout]     |
[INFO] [stdout] 294 |     pub fn new(
[INFO] [stdout]     |            ^^^
[INFO] [stdout] 295 |         static_private: x25519::StaticSecret,
[INFO] [stdout]     |         ------------------------------------
[INFO] [stdout] 296 |         peer_static_public: x25519::PublicKey,
[INFO] [stdout]     |         -------------------------------------
[INFO] [stdout] 297 |         preshared_key: Option<[u8; 32]>,
[INFO] [stdout]     |         -------------------------------
[INFO] [stdout] 298 |         string_rodt_id: String,
[INFO] [stdout]     |         ----------------------
[INFO] [stdout] 299 |         serviceproviderid: String,
[INFO] [stdout]     |         -------------------------
[INFO] [stdout] 300 |         rodt_id_signature: [u8;RODT_ID_SIGNATURE_SZ],
[INFO] [stdout]     |         --------------------------------------------
[INFO] [stdout] 301 |         persistent_keepalive: Option<u16>,
[INFO] [stdout]     |         ---------------------------------
[INFO] [stdout] 302 |         session_index: u32,
[INFO] [stdout]     |         ------------------
[INFO] [stdout] 303 |         rate_limiter: Option<Arc<RateLimiter>>,
[INFO] [stdout]     |         --------------------------------------
[INFO] [stdout] help: provide the arguments
[INFO] [stdout]     |
[INFO] [stdout] 764 |         let their_tun = Tunn::new(their_staticsecret_private_key, own_publickey_public_key, None, /* std::string::String */, /* std::string::String */, /* [u8; 64] */, None, their_index, None).unwrap();
[INFO] [stdout]     |                                  ~~~~~~~~~~~~~~~~~~~~~~~~~~~~~~~~~~~~~~~~~~~~~~~~~~~~~~~~~~~~~~~~~~~~~~~~~~~~~~~~~~~~~~~~~~~~~~~~~~~~~~~~~~~~~~~~~~~~~~~~~~~~~~~~~~~~~~~~~~~~~~~~~~~~~~~~~~~~~~~
[INFO] [stdout] 
[INFO] [stdout] 
[INFO] [stdout] error: aborting due to 3 previous errors; 2 warnings emitted
[INFO] [stdout] 
[INFO] [stdout] 
[INFO] [stdout] Some errors have detailed explanations: E0061, E0425.
[INFO] [stdout] 
[INFO] [stdout] For more information about an error, try `rustc --explain E0061`.
[INFO] [stdout] 
[INFO] [stderr] error: could not compile `cableguard` (lib test) due to 4 previous errors; 2 warnings emitted
[INFO] running `Command { std: "docker" "inspect" "4f44e1b30d92cd6c160e90f77b5c77a39ad25bf9bac2285c907fcda1c4bab43a", kill_on_drop: false }`
[INFO] running `Command { std: "docker" "rm" "-f" "4f44e1b30d92cd6c160e90f77b5c77a39ad25bf9bac2285c907fcda1c4bab43a", kill_on_drop: false }`
[INFO] [stdout] 4f44e1b30d92cd6c160e90f77b5c77a39ad25bf9bac2285c907fcda1c4bab43a
