[INFO] fetching crate c2rust-transpile 0.18.0...
[INFO] testing c2rust-transpile-0.18.0 against 1.75.0 for beta-1.76-1
[INFO] extracting crate c2rust-transpile 0.18.0 into /workspace/builds/worker-6-tc1/source
[INFO] validating manifest of crates.io crate c2rust-transpile 0.18.0 on toolchain 1.75.0
[INFO] running `Command { std: CARGO_HOME="/workspace/cargo-home" RUSTUP_HOME="/workspace/rustup-home" "/workspace/cargo-home/bin/cargo" "+1.75.0" "metadata" "--manifest-path" "Cargo.toml" "--no-deps", kill_on_drop: false }`
[INFO] removed /workspace/builds/worker-6-tc1/source/rust-toolchain.toml
[INFO] started tweaking crates.io crate c2rust-transpile 0.18.0
[INFO] finished tweaking crates.io crate c2rust-transpile 0.18.0
[INFO] tweaked toml for crates.io crate c2rust-transpile 0.18.0 written to /workspace/builds/worker-6-tc1/source/Cargo.toml
[INFO] running `Command { std: CARGO_HOME="/workspace/cargo-home" RUSTUP_HOME="/workspace/rustup-home" "/workspace/cargo-home/bin/cargo" "+1.75.0" "generate-lockfile" "--manifest-path" "Cargo.toml", kill_on_drop: false }`
[INFO] [stderr]     Updating crates.io index
[INFO] running `Command { std: CARGO_HOME="/workspace/cargo-home" RUSTUP_HOME="/workspace/rustup-home" "/workspace/cargo-home/bin/cargo" "+1.75.0" "fetch" "--manifest-path" "Cargo.toml", kill_on_drop: false }`
[INFO] [stderr]  Downloading crates ...
[INFO] [stderr]   Downloaded log-reroute v0.1.8
[INFO] [stderr]   Downloaded c2rust-bitfields-derive v0.18.0
[INFO] [stderr]   Downloaded c2rust-ast-builder v0.18.0
[INFO] [stderr]   Downloaded c2rust-build-paths v0.18.0
[INFO] [stderr]   Downloaded handlebars v4.5.0
[INFO] [stderr]   Downloaded serde_bencode v0.2.4
[INFO] [stderr]   Downloaded c2rust-ast-printer v0.18.0
[INFO] [stderr]   Downloaded fern v0.6.2
[INFO] [stderr]   Downloaded c2rust-bitfields v0.18.0
[INFO] [stderr]   Downloaded c2rust-ast-exporter v0.18.0
[INFO] [stderr]   Downloaded dtoa v1.0.9
[INFO] [stderr]   Downloaded colored v2.1.0
[INFO] [stderr]   Downloaded print_bytes v1.2.0
[INFO] running `Command { std: "docker" "create" "-v" "/var/lib/crater-agent-workspace/builds/worker-6-tc1/target:/opt/rustwide/target:rw,Z" "-v" "/var/lib/crater-agent-workspace/builds/worker-6-tc1/source:/opt/rustwide/workdir:ro,Z" "-v" "/var/lib/crater-agent-workspace/cargo-home:/opt/rustwide/cargo-home:ro,Z" "-v" "/var/lib/crater-agent-workspace/rustup-home:/opt/rustwide/rustup-home:ro,Z" "-e" "SOURCE_DIR=/opt/rustwide/workdir" "-e" "CARGO_TARGET_DIR=/opt/rustwide/target" "-e" "CARGO_HOME=/opt/rustwide/cargo-home" "-e" "RUSTUP_HOME=/opt/rustwide/rustup-home" "-w" "/opt/rustwide/workdir" "-m" "1610612736" "--user" "0:0" "--network" "none" "ghcr.io/rust-lang/crates-build-env/linux@sha256:2788e3201cd34a07e3172128adcd8b3090168a8e3bcc40d7c032b9dda1df7d1c" "/opt/rustwide/cargo-home/bin/cargo" "+1.75.0" "metadata" "--no-deps" "--format-version=1", kill_on_drop: false }`
[INFO] [stdout] 13f7f358f6440212f2128ff366f7ecd08308ce1a83d20709d2d669f90d7914fc
[INFO] running `Command { std: "docker" "start" "-a" "13f7f358f6440212f2128ff366f7ecd08308ce1a83d20709d2d669f90d7914fc", kill_on_drop: false }`
[INFO] running `Command { std: "docker" "inspect" "13f7f358f6440212f2128ff366f7ecd08308ce1a83d20709d2d669f90d7914fc", kill_on_drop: false }`
[INFO] running `Command { std: "docker" "rm" "-f" "13f7f358f6440212f2128ff366f7ecd08308ce1a83d20709d2d669f90d7914fc", kill_on_drop: false }`
[INFO] [stdout] 13f7f358f6440212f2128ff366f7ecd08308ce1a83d20709d2d669f90d7914fc
[INFO] running `Command { std: "docker" "create" "-v" "/var/lib/crater-agent-workspace/builds/worker-6-tc1/target:/opt/rustwide/target:rw,Z" "-v" "/var/lib/crater-agent-workspace/builds/worker-6-tc1/source:/opt/rustwide/workdir:ro,Z" "-v" "/var/lib/crater-agent-workspace/cargo-home:/opt/rustwide/cargo-home:ro,Z" "-v" "/var/lib/crater-agent-workspace/rustup-home:/opt/rustwide/rustup-home:ro,Z" "-e" "SOURCE_DIR=/opt/rustwide/workdir" "-e" "CARGO_TARGET_DIR=/opt/rustwide/target" "-e" "CARGO_INCREMENTAL=0" "-e" "RUST_BACKTRACE=full" "-e" "RUSTFLAGS=--cap-lints=warn" "-e" "RUSTDOCFLAGS=--cap-lints=warn" "-e" "CARGO_HOME=/opt/rustwide/cargo-home" "-e" "RUSTUP_HOME=/opt/rustwide/rustup-home" "-w" "/opt/rustwide/workdir" "-m" "1610612736" "--user" "0:0" "--network" "none" "ghcr.io/rust-lang/crates-build-env/linux@sha256:2788e3201cd34a07e3172128adcd8b3090168a8e3bcc40d7c032b9dda1df7d1c" "/opt/rustwide/cargo-home/bin/cargo" "+1.75.0" "build" "--frozen" "--message-format=json", kill_on_drop: false }`
[INFO] [stdout] 018521db47baa8cdee2dc4d2a6ad3a69a5798e04e35399c49e863c8280a5f847
[INFO] running `Command { std: "docker" "start" "-a" "018521db47baa8cdee2dc4d2a6ad3a69a5798e04e35399c49e863c8280a5f847", kill_on_drop: false }`
[INFO] [stderr]    Compiling proc-macro2 v1.0.75
[INFO] [stderr]    Compiling unicode-ident v1.0.12
[INFO] [stderr]    Compiling libc v0.2.151
[INFO] [stderr]    Compiling rustix v0.38.28
[INFO] [stderr]    Compiling syn v1.0.109
[INFO] [stderr]    Compiling linux-raw-sys v0.4.12
[INFO] [stderr]    Compiling bitflags v2.4.1
[INFO] [stderr]    Compiling log v0.4.20
[INFO] [stderr]    Compiling serde v1.0.194
[INFO] [stderr]    Compiling glob v0.3.1
[INFO] [stderr]    Compiling prettyplease v0.2.16
[INFO] [stderr]    Compiling minimal-lexical v0.2.1
[INFO] [stderr]    Compiling either v1.9.0
[INFO] [stderr]    Compiling libloading v0.8.1
[INFO] [stderr]    Compiling once_cell v1.19.0
[INFO] [stderr]    Compiling bindgen v0.65.1
[INFO] [stderr]    Compiling home v0.5.9
[INFO] [stderr]    Compiling ucd-trie v0.1.6
[INFO] [stderr]    Compiling humantime v2.1.0
[INFO] [stderr]    Compiling rustc-hash v1.1.0
[INFO] [stderr]    Compiling nom v7.1.3
[INFO] [stderr]    Compiling peeking_take_while v0.1.2
[INFO] [stderr]    Compiling shlex v1.2.0
[INFO] [stderr]    Compiling lazycell v1.3.0
[INFO] [stderr]    Compiling termcolor v1.4.0
[INFO] [stderr]    Compiling print_bytes v1.2.0
[INFO] [stderr]    Compiling bitflags v1.3.2
[INFO] [stderr]    Compiling autocfg v1.1.0
[INFO] [stderr]    Compiling serde_json v1.0.111
[INFO] [stderr]    Compiling prettyplease v0.1.25
[INFO] [stderr]    Compiling c2rust-build-paths v0.18.0
[INFO] [stderr]    Compiling rustversion v1.0.14
[INFO] [stderr]    Compiling object v0.32.2
[INFO] [stderr]    Compiling ryu v1.0.16
[INFO] [stderr]    Compiling half v1.8.2
[INFO] [stderr]    Compiling clang-sys v1.7.0
[INFO] [stderr]    Compiling itoa v1.0.10
[INFO] [stderr]    Compiling hashbrown v0.12.3
[INFO] [stderr]    Compiling heck v0.4.1
[INFO] [stderr]    Compiling arc-swap v1.6.0
[INFO] [stderr]    Compiling itertools v0.10.5
[INFO] [stderr]    Compiling colored v2.1.0
[INFO] [stderr]    Compiling strum v0.24.1
[INFO] [stderr]    Compiling indexmap v1.9.3
[INFO] [stderr]    Compiling pathdiff v0.2.1
[INFO] [stderr]    Compiling dtoa v1.0.9
[INFO] [stderr]    Compiling smallvec v1.11.2
[INFO] [stderr]    Compiling log-reroute v0.1.8
[INFO] [stderr]    Compiling quote v1.0.35
[INFO] [stderr]    Compiling syn v2.0.48
[INFO] [stderr]    Compiling cc v1.0.83
[INFO] [stderr]    Compiling cexpr v0.6.0
[INFO] [stderr]    Compiling cmake v0.1.50
[INFO] [stderr]    Compiling is-terminal v0.4.10
[INFO] [stderr]    Compiling which v4.4.2
[INFO] [stderr]    Compiling env_logger v0.10.1
[INFO] [stderr]    Compiling colored v1.9.4
[INFO] [stderr]    Compiling fern v0.6.2
[INFO] [stderr]    Compiling backtrace v0.3.69
[INFO] [stderr]    Compiling serde_bytes v0.11.14
[INFO] [stderr]    Compiling serde_cbor v0.11.2
[INFO] [stderr]    Compiling serde_bencode v0.2.4
[INFO] [stderr]    Compiling synstructure v0.12.6
[INFO] [stderr]    Compiling c2rust-ast-builder v0.18.0
[INFO] [stderr]    Compiling c2rust-ast-printer v0.18.0
[INFO] [stderr]    Compiling thiserror-impl v1.0.56
[INFO] [stderr]    Compiling serde_derive v1.0.194
[INFO] [stderr]    Compiling failure_derive v0.1.8
[INFO] [stderr]    Compiling c2rust-bitfields-derive v0.18.0
[INFO] [stderr]    Compiling strum_macros v0.24.3
[INFO] [stderr]    Compiling thiserror v1.0.56
[INFO] [stderr]    Compiling pest v2.7.6
[INFO] [stderr]    Compiling c2rust-bitfields v0.18.0
[INFO] [stderr]    Compiling failure v0.1.8
[INFO] [stderr]    Compiling pest_meta v2.7.6
[INFO] [stderr]    Compiling pest_generator v2.7.6
[INFO] [stderr]    Compiling pest_derive v2.7.6
[INFO] [stderr]    Compiling c2rust-ast-exporter v0.18.0
[INFO] [stderr]    Compiling handlebars v4.5.0
[INFO] [stderr] error: failed to run custom build command for `c2rust-ast-exporter v0.18.0`
[INFO] [stderr] note: To improve backtraces for build dependencies, set the CARGO_PROFILE_DEV_BUILD_OVERRIDE_DEBUG=true environment variable to enable debug information generation.
[INFO] [stderr] 
[INFO] [stderr] Caused by:
[INFO] [stderr]   process didn't exit successfully: `/opt/rustwide/target/debug/build/c2rust-ast-exporter-1b04c5955412a59a/build-script-build` (exit status: 101)
[INFO] [stderr]   --- stdout
[INFO] [stderr]   CMAKE_TOOLCHAIN_FILE_x86_64-unknown-linux-gnu = None
[INFO] [stderr]   CMAKE_TOOLCHAIN_FILE_x86_64_unknown_linux_gnu = None
[INFO] [stderr]   HOST_CMAKE_TOOLCHAIN_FILE = None
[INFO] [stderr]   CMAKE_TOOLCHAIN_FILE = None
[INFO] [stderr]   CMAKE_GENERATOR_x86_64-unknown-linux-gnu = None
[INFO] [stderr]   CMAKE_GENERATOR_x86_64_unknown_linux_gnu = None
[INFO] [stderr]   HOST_CMAKE_GENERATOR = None
[INFO] [stderr]   CMAKE_GENERATOR = None
[INFO] [stderr]   CMAKE_PREFIX_PATH_x86_64-unknown-linux-gnu = None
[INFO] [stderr]   CMAKE_PREFIX_PATH_x86_64_unknown_linux_gnu = None
[INFO] [stderr]   HOST_CMAKE_PREFIX_PATH = None
[INFO] [stderr]   CMAKE_PREFIX_PATH = None
[INFO] [stderr]   CMAKE_x86_64-unknown-linux-gnu = None
[INFO] [stderr]   CMAKE_x86_64_unknown_linux_gnu = None
[INFO] [stderr]   HOST_CMAKE = None
[INFO] [stderr]   CMAKE = None
[INFO] [stderr]   running: cd "/opt/rustwide/target/debug/build/c2rust-ast-exporter-8a42303ca6fe6177/out/build" && CMAKE_PREFIX_PATH="" "cmake" "/opt/rustwide/cargo-home/registry/src/index.crates.io-6f17d22bba15001f/c2rust-ast-exporter-0.18.0/src" "-DLLVM_DIR=/usr/lib/llvm-14/lib/cmake/llvm" "-DClang_DIR=/usr/lib/llvm-14/lib/cmake/clang" "-DCMAKE_INSTALL_PREFIX=/opt/rustwide/target/debug/build/c2rust-ast-exporter-8a42303ca6fe6177/out" "-DCMAKE_C_FLAGS= -ffunction-sections -fdata-sections -fPIC -m64" "-DCMAKE_C_COMPILER=/usr/bin/cc" "-DCMAKE_CXX_FLAGS= -ffunction-sections -fdata-sections -fPIC -m64" "-DCMAKE_CXX_COMPILER=/usr/bin/c++" "-DCMAKE_ASM_FLAGS= -ffunction-sections -fdata-sections -fPIC -m64" "-DCMAKE_ASM_COMPILER=/usr/bin/cc" "-DCMAKE_BUILD_TYPE=Debug"
[INFO] [stderr]   -- The C compiler identification is GNU 11.4.0
[INFO] [stderr]   -- The CXX compiler identification is GNU 11.4.0
[INFO] [stderr]   -- Detecting C compiler ABI info
[INFO] [stderr]   -- Detecting C compiler ABI info - done
[INFO] [stderr]   -- Check for working C compiler: /usr/bin/cc - skipped
[INFO] [stderr]   -- Detecting C compile features
[INFO] [stderr]   -- Detecting C compile features - done
[INFO] [stderr]   -- Detecting CXX compiler ABI info
[INFO] [stderr]   -- Detecting CXX compiler ABI info - done
[INFO] [stderr]   -- Check for working CXX compiler: /usr/bin/c++ - skipped
[INFO] [stderr]   -- Detecting CXX compile features
[INFO] [stderr]   -- Detecting CXX compile features - done
[INFO] [stderr]   -- Performing Test HAVE_FFI_CALL
[INFO] [stderr]   -- Performing Test HAVE_FFI_CALL - Success
[INFO] [stderr]   -- Found FFI: /usr/lib/x86_64-linux-gnu/libffi.so  
[INFO] [stderr]   -- Performing Test Terminfo_LINKABLE
[INFO] [stderr]   -- Performing Test Terminfo_LINKABLE - Success
[INFO] [stderr]   -- Found Terminfo: /usr/lib/x86_64-linux-gnu/libtinfo.so  
[INFO] [stderr]   -- Found ZLIB: /usr/lib/x86_64-linux-gnu/libz.so (found version "1.2.11") 
[INFO] [stderr]   -- Found LibXml2: /usr/lib/x86_64-linux-gnu/libxml2.so (found version "2.9.13") 
[INFO] [stderr]   -- Configuring done
[INFO] [stderr]   -- Generating done
[INFO] [stderr]   -- Build files have been written to: /opt/rustwide/target/debug/build/c2rust-ast-exporter-8a42303ca6fe6177/out/build
[INFO] [stderr]   running: cd "/opt/rustwide/target/debug/build/c2rust-ast-exporter-8a42303ca6fe6177/out/build" && MAKEFLAGS="-j --jobserver-fds=7,8 --jobserver-auth=7,8" "cmake" "--build" "." "--target" "clangAstExporter" "--config" "Debug"
[INFO] [stderr]   [  8%] Creating directories for 'tinycbor_build'
[INFO] [stderr]   [ 16%] Performing download step (git clone) for 'tinycbor_build'
[INFO] [stderr]   -- Had to git clone more than once:
[INFO] [stderr]             3 times.
[INFO] [stderr] 
[INFO] [stderr]   --- stderr
[INFO] [stderr]   CMake Warning:
[INFO] [stderr]     Manually-specified variables were not used by the project:
[INFO] [stderr] 
[INFO] [stderr]       CMAKE_ASM_COMPILER
[INFO] [stderr]       CMAKE_ASM_FLAGS
[INFO] [stderr] 
[INFO] [stderr] 
[INFO] [stderr]   Cloning into 'tinycbor_build'...
[INFO] [stderr]   fatal: unable to access 'https://github.com/intel/tinycbor.git/': Could not resolve host: github.com
[INFO] [stderr]   Cloning into 'tinycbor_build'...
[INFO] [stderr]   fatal: unable to access 'https://github.com/intel/tinycbor.git/': Could not resolve host: github.com
[INFO] [stderr]   Cloning into 'tinycbor_build'...
[INFO] [stderr]   fatal: unable to access 'https://github.com/intel/tinycbor.git/': Could not resolve host: github.com
[INFO] [stderr]   CMake Error at /opt/rustwide/target/debug/build/c2rust-ast-exporter-8a42303ca6fe6177/out/build/tinycbor/tmp/tinycbor_build-gitclone.cmake:31 (message):
[INFO] [stderr]     Failed to clone repository: 'https://github.com/intel/tinycbor.git'
[INFO] [stderr] 
[INFO] [stderr] 
[INFO] [stderr]   gmake[3]: *** [CMakeFiles/tinycbor_build.dir/build.make:98: tinycbor/src/tinycbor_build-stamp/tinycbor_build-download] Error 1
[INFO] [stderr]   gmake[2]: *** [CMakeFiles/Makefile2:91: CMakeFiles/tinycbor_build.dir/all] Error 2
[INFO] [stderr]   gmake[1]: *** [CMakeFiles/Makefile2:254: CMakeFiles/clangAstExporter.dir/rule] Error 2
[INFO] [stderr]   gmake: *** [Makefile:202: clangAstExporter] Error 2
[INFO] [stderr]   thread 'main' panicked at /opt/rustwide/cargo-home/registry/src/index.crates.io-6f17d22bba15001f/cmake-0.1.50/src/lib.rs:1098:5:
[INFO] [stderr] 
[INFO] [stderr]   command did not execute successfully, got: exit status: 2
[INFO] [stderr] 
[INFO] [stderr]   build script failed, must exit now
[INFO] [stderr]   stack backtrace:
[INFO] [stderr]      0:     0x55a5c9b8cdcc - std::backtrace_rs::backtrace::libunwind::trace::ha637c64ce894333a
[INFO] [stderr]                                  at /rustc/82e1608dfa6e0b5569232559e3d385fea5a93112/library/std/src/../../backtrace/src/backtrace/libunwind.rs:104:5
[INFO] [stderr]      1:     0x55a5c9b8cdcc - std::backtrace_rs::backtrace::trace_unsynchronized::h47f62dea28e0c88d
[INFO] [stderr]                                  at /rustc/82e1608dfa6e0b5569232559e3d385fea5a93112/library/std/src/../../backtrace/src/backtrace/mod.rs:66:5
[INFO] [stderr]      2:     0x55a5c9b8cdcc - std::sys_common::backtrace::_print_fmt::h9eef0abe20ede486
[INFO] [stderr]                                  at /rustc/82e1608dfa6e0b5569232559e3d385fea5a93112/library/std/src/sys_common/backtrace.rs:67:5
[INFO] [stderr]      3:     0x55a5c9b8cdcc - <std::sys_common::backtrace::_print::DisplayBacktrace as core::fmt::Display>::fmt::hed7f999df88cc644
[INFO] [stderr]                                  at /rustc/82e1608dfa6e0b5569232559e3d385fea5a93112/library/std/src/sys_common/backtrace.rs:44:22
[INFO] [stderr]      4:     0x55a5c9bb8bd0 - core::fmt::rt::Argument::fmt::h1539a9308b8d058d
[INFO] [stderr]                                  at /rustc/82e1608dfa6e0b5569232559e3d385fea5a93112/library/core/src/fmt/rt.rs:142:9
[INFO] [stderr]      5:     0x55a5c9bb8bd0 - core::fmt::write::h3a39390d8560d9c9
[INFO] [stderr]                                  at /rustc/82e1608dfa6e0b5569232559e3d385fea5a93112/library/core/src/fmt/mod.rs:1120:17
[INFO] [stderr]      6:     0x55a5c9b89f7f - std::io::Write::write_fmt::h5fc9997dfe05f882
[INFO] [stderr]                                  at /rustc/82e1608dfa6e0b5569232559e3d385fea5a93112/library/std/src/io/mod.rs:1762:15
[INFO] [stderr]      7:     0x55a5c9b8cbb4 - std::sys_common::backtrace::_print::h894006fb5c6f3d45
[INFO] [stderr]                                  at /rustc/82e1608dfa6e0b5569232559e3d385fea5a93112/library/std/src/sys_common/backtrace.rs:47:5
[INFO] [stderr]      8:     0x55a5c9b8cbb4 - std::sys_common::backtrace::print::h23a2d212c6fff936
[INFO] [stderr]                                  at /rustc/82e1608dfa6e0b5569232559e3d385fea5a93112/library/std/src/sys_common/backtrace.rs:34:9
[INFO] [stderr]      9:     0x55a5c9b8e3c7 - std::panicking::default_hook::{{closure}}::h8a1d2ee00185001a
[INFO] [stderr]     10:     0x55a5c9b8e12f - std::panicking::default_hook::h6038f2eba384e475
[INFO] [stderr]                                  at /rustc/82e1608dfa6e0b5569232559e3d385fea5a93112/library/std/src/panicking.rs:292:9
[INFO] [stderr]     11:     0x55a5c9b8e848 - std::panicking::rust_panic_with_hook::h2b5517d590cab22e
[INFO] [stderr]                                  at /rustc/82e1608dfa6e0b5569232559e3d385fea5a93112/library/std/src/panicking.rs:779:13
[INFO] [stderr]     12:     0x55a5c9b8e72e - std::panicking::begin_panic_handler::{{closure}}::h233112c06e0ef43e
[INFO] [stderr]                                  at /rustc/82e1608dfa6e0b5569232559e3d385fea5a93112/library/std/src/panicking.rs:657:13
[INFO] [stderr]     13:     0x55a5c9b8d296 - std::sys_common::backtrace::__rust_end_short_backtrace::h6e893f24d7ebbff8
[INFO] [stderr]                                  at /rustc/82e1608dfa6e0b5569232559e3d385fea5a93112/library/std/src/sys_common/backtrace.rs:170:18
[INFO] [stderr]     14:     0x55a5c9b8e492 - rust_begin_unwind
[INFO] [stderr]                                  at /rustc/82e1608dfa6e0b5569232559e3d385fea5a93112/library/std/src/panicking.rs:645:5
[INFO] [stderr]     15:     0x55a5c93ea8b5 - core::panicking::panic_fmt::hbf0e066aabfa482c
[INFO] [stderr]                                  at /rustc/82e1608dfa6e0b5569232559e3d385fea5a93112/library/core/src/panicking.rs:72:14
[INFO] [stderr]     16:     0x55a5c9b206c1 - cmake::fail::hac356d82183f0d32
[INFO] [stderr]     17:     0x55a5c9b1fe47 - cmake::run::h781d3da502d01abe
[INFO] [stderr]     18:     0x55a5c9b1c761 - cmake::Config::build::he76a8c026367b94c
[INFO] [stderr]     19:     0x55a5c93f210d - build_script_build::build_native::heefec815c67ff499
[INFO] [stderr]     20:     0x55a5c93f09ce - build_script_build::main::h3e5eee5fd9523f6b
[INFO] [stderr]     21:     0x55a5c93ef173 - core::ops::function::FnOnce::call_once::h9aca62564cf72e67
[INFO] [stderr]     22:     0x55a5c93eb4a6 - std::sys_common::backtrace::__rust_begin_short_backtrace::h2cabe0475c268158
[INFO] [stderr]     23:     0x55a5c93eb769 - std::rt::lang_start::{{closure}}::h34bcb9db9cabf525
[INFO] [stderr]     24:     0x55a5c9b84e97 - core::ops::function::impls::<impl core::ops::function::FnOnce<A> for &F>::call_once::hd95060ecd5e1ca24
[INFO] [stderr]                                  at /rustc/82e1608dfa6e0b5569232559e3d385fea5a93112/library/core/src/ops/function.rs:284:13
[INFO] [stderr]     25:     0x55a5c9b84e97 - std::panicking::try::do_call::h6e8cf51db32a6e4b
[INFO] [stderr]                                  at /rustc/82e1608dfa6e0b5569232559e3d385fea5a93112/library/std/src/panicking.rs:552:40
[INFO] [stderr]     26:     0x55a5c9b84e97 - std::panicking::try::h3a52eefe24fe3c29
[INFO] [stderr]                                  at /rustc/82e1608dfa6e0b5569232559e3d385fea5a93112/library/std/src/panicking.rs:516:19
[INFO] [stderr]     27:     0x55a5c9b84e97 - std::panic::catch_unwind::h24c28c23c02c3841
[INFO] [stderr]                                  at /rustc/82e1608dfa6e0b5569232559e3d385fea5a93112/library/std/src/panic.rs:142:14
[INFO] [stderr]     28:     0x55a5c9b84e97 - std::rt::lang_start_internal::{{closure}}::h705d3c9cbc06ef47
[INFO] [stderr]                                  at /rustc/82e1608dfa6e0b5569232559e3d385fea5a93112/library/std/src/rt.rs:148:48
[INFO] [stderr]     29:     0x55a5c9b84e97 - std::panicking::try::do_call::ha21f52ba13158470
[INFO] [stderr]                                  at /rustc/82e1608dfa6e0b5569232559e3d385fea5a93112/library/std/src/panicking.rs:552:40
[INFO] [stderr]     30:     0x55a5c9b84e97 - std::panicking::try::h5581346bf6aeb1f8
[INFO] [stderr]                                  at /rustc/82e1608dfa6e0b5569232559e3d385fea5a93112/library/std/src/panicking.rs:516:19
[INFO] [stderr]     31:     0x55a5c9b84e97 - std::panic::catch_unwind::h7919645a6b72e25b
[INFO] [stderr]                                  at /rustc/82e1608dfa6e0b5569232559e3d385fea5a93112/library/std/src/panic.rs:142:14
[INFO] [stderr]     32:     0x55a5c9b84e97 - std::rt::lang_start_internal::h12de51168669836e
[INFO] [stderr]                                  at /rustc/82e1608dfa6e0b5569232559e3d385fea5a93112/library/std/src/rt.rs:148:20
[INFO] [stderr]     33:     0x55a5c93eb747 - std::rt::lang_start::h2e1cca36662b6800
[INFO] [stderr]     34:     0x55a5c93f4865 - main
[INFO] [stderr]     35:     0x7f7385b22d90 - <unknown>
[INFO] [stderr]     36:     0x7f7385b22e40 - __libc_start_main
[INFO] [stderr]     37:     0x55a5c93eb185 - _start
[INFO] [stderr]     38:                0x0 - <unknown>
[INFO] running `Command { std: "docker" "inspect" "018521db47baa8cdee2dc4d2a6ad3a69a5798e04e35399c49e863c8280a5f847", kill_on_drop: false }`
[INFO] running `Command { std: "docker" "rm" "-f" "018521db47baa8cdee2dc4d2a6ad3a69a5798e04e35399c49e863c8280a5f847", kill_on_drop: false }`
[INFO] [stdout] 018521db47baa8cdee2dc4d2a6ad3a69a5798e04e35399c49e863c8280a5f847
[INFO] testing c2rust-transpile-0.18.0 against beta-2023-12-22 for beta-1.76-1
[INFO] extracting crate c2rust-transpile 0.18.0 into /workspace/builds/worker-6-tc2/source
[INFO] validating manifest of crates.io crate c2rust-transpile 0.18.0 on toolchain beta-2023-12-22
[INFO] running `Command { std: CARGO_HOME="/workspace/cargo-home" RUSTUP_HOME="/workspace/rustup-home" "/workspace/cargo-home/bin/cargo" "+beta-2023-12-22" "metadata" "--manifest-path" "Cargo.toml" "--no-deps", kill_on_drop: false }`
[INFO] removed /workspace/builds/worker-6-tc2/source/rust-toolchain.toml
[INFO] started tweaking crates.io crate c2rust-transpile 0.18.0
[INFO] finished tweaking crates.io crate c2rust-transpile 0.18.0
[INFO] tweaked toml for crates.io crate c2rust-transpile 0.18.0 written to /workspace/builds/worker-6-tc2/source/Cargo.toml
[INFO] running `Command { std: CARGO_HOME="/workspace/cargo-home" RUSTUP_HOME="/workspace/rustup-home" "/workspace/cargo-home/bin/cargo" "+beta-2023-12-22" "generate-lockfile" "--manifest-path" "Cargo.toml", kill_on_drop: false }`
[INFO] [stderr]     Updating crates.io index
[INFO] running `Command { std: CARGO_HOME="/workspace/cargo-home" RUSTUP_HOME="/workspace/rustup-home" "/workspace/cargo-home/bin/cargo" "+beta-2023-12-22" "fetch" "--manifest-path" "Cargo.toml", kill_on_drop: false }`
[INFO] running `Command { std: "docker" "create" "-v" "/var/lib/crater-agent-workspace/builds/worker-6-tc2/target:/opt/rustwide/target:rw,Z" "-v" "/var/lib/crater-agent-workspace/builds/worker-6-tc2/source:/opt/rustwide/workdir:ro,Z" "-v" "/var/lib/crater-agent-workspace/cargo-home:/opt/rustwide/cargo-home:ro,Z" "-v" "/var/lib/crater-agent-workspace/rustup-home:/opt/rustwide/rustup-home:ro,Z" "-e" "SOURCE_DIR=/opt/rustwide/workdir" "-e" "CARGO_TARGET_DIR=/opt/rustwide/target" "-e" "CARGO_HOME=/opt/rustwide/cargo-home" "-e" "RUSTUP_HOME=/opt/rustwide/rustup-home" "-w" "/opt/rustwide/workdir" "-m" "1610612736" "--user" "0:0" "--network" "none" "ghcr.io/rust-lang/crates-build-env/linux@sha256:2788e3201cd34a07e3172128adcd8b3090168a8e3bcc40d7c032b9dda1df7d1c" "/opt/rustwide/cargo-home/bin/cargo" "+beta-2023-12-22" "metadata" "--no-deps" "--format-version=1", kill_on_drop: false }`
[INFO] [stdout] 8dd3d445872bfb5c851ed794dc8abe6d26e3b9c7537844fffe36cb4bcec0ce6a
[INFO] running `Command { std: "docker" "start" "-a" "8dd3d445872bfb5c851ed794dc8abe6d26e3b9c7537844fffe36cb4bcec0ce6a", kill_on_drop: false }`
[INFO] running `Command { std: "docker" "inspect" "8dd3d445872bfb5c851ed794dc8abe6d26e3b9c7537844fffe36cb4bcec0ce6a", kill_on_drop: false }`
[INFO] running `Command { std: "docker" "rm" "-f" "8dd3d445872bfb5c851ed794dc8abe6d26e3b9c7537844fffe36cb4bcec0ce6a", kill_on_drop: false }`
[INFO] [stdout] 8dd3d445872bfb5c851ed794dc8abe6d26e3b9c7537844fffe36cb4bcec0ce6a
[INFO] running `Command { std: "docker" "create" "-v" "/var/lib/crater-agent-workspace/builds/worker-6-tc2/target:/opt/rustwide/target:rw,Z" "-v" "/var/lib/crater-agent-workspace/builds/worker-6-tc2/source:/opt/rustwide/workdir:ro,Z" "-v" "/var/lib/crater-agent-workspace/cargo-home:/opt/rustwide/cargo-home:ro,Z" "-v" "/var/lib/crater-agent-workspace/rustup-home:/opt/rustwide/rustup-home:ro,Z" "-e" "SOURCE_DIR=/opt/rustwide/workdir" "-e" "CARGO_TARGET_DIR=/opt/rustwide/target" "-e" "CARGO_INCREMENTAL=0" "-e" "RUST_BACKTRACE=full" "-e" "RUSTFLAGS=--cap-lints=warn" "-e" "RUSTDOCFLAGS=--cap-lints=warn" "-e" "CARGO_HOME=/opt/rustwide/cargo-home" "-e" "RUSTUP_HOME=/opt/rustwide/rustup-home" "-w" "/opt/rustwide/workdir" "-m" "1610612736" "--user" "0:0" "--network" "none" "ghcr.io/rust-lang/crates-build-env/linux@sha256:2788e3201cd34a07e3172128adcd8b3090168a8e3bcc40d7c032b9dda1df7d1c" "/opt/rustwide/cargo-home/bin/cargo" "+beta-2023-12-22" "build" "--frozen" "--message-format=json", kill_on_drop: false }`
[INFO] [stdout] ac3c72c05949b6d9bf3444f912e02e4ffaf52c3d533c1dba385e604b2f7686a0
[INFO] running `Command { std: "docker" "start" "-a" "ac3c72c05949b6d9bf3444f912e02e4ffaf52c3d533c1dba385e604b2f7686a0", kill_on_drop: false }`
[INFO] [stderr]    Compiling proc-macro2 v1.0.75
[INFO] [stderr]    Compiling unicode-ident v1.0.12
[INFO] [stderr]    Compiling libc v0.2.151
[INFO] [stderr]    Compiling rustix v0.38.28
[INFO] [stderr]    Compiling syn v1.0.109
[INFO] [stderr]    Compiling bitflags v2.4.1
[INFO] [stderr]    Compiling linux-raw-sys v0.4.12
[INFO] [stderr]    Compiling log v0.4.20
[INFO] [stderr]    Compiling serde v1.0.194
[INFO] [stderr]    Compiling glob v0.3.1
[INFO] [stderr]    Compiling prettyplease v0.2.16
[INFO] [stderr]    Compiling minimal-lexical v0.2.1
[INFO] [stderr]    Compiling either v1.9.0
[INFO] [stderr]    Compiling libloading v0.8.1
[INFO] [stderr]    Compiling bindgen v0.65.1
[INFO] [stderr]    Compiling ucd-trie v0.1.6
[INFO] [stderr]    Compiling home v0.5.9
[INFO] [stderr]    Compiling once_cell v1.19.0
[INFO] [stderr]    Compiling humantime v2.1.0
[INFO] [stderr]    Compiling print_bytes v1.2.0
[INFO] [stderr]    Compiling nom v7.1.3
[INFO] [stderr]    Compiling lazycell v1.3.0
[INFO] [stderr]    Compiling peeking_take_while v0.1.2
[INFO] [stderr]    Compiling shlex v1.2.0
[INFO] [stderr]    Compiling rustc-hash v1.1.0
[INFO] [stderr]    Compiling bitflags v1.3.2
[INFO] [stderr]    Compiling termcolor v1.4.0
[INFO] [stderr]    Compiling c2rust-build-paths v0.18.0
[INFO] [stderr]    Compiling serde_json v1.0.111
[INFO] [stderr]    Compiling autocfg v1.1.0
[INFO] [stderr]    Compiling prettyplease v0.1.25
[INFO] [stderr]    Compiling rustversion v1.0.14
[INFO] [stderr]    Compiling object v0.32.2
[INFO] [stderr]    Compiling half v1.8.2
[INFO] [stderr]    Compiling clang-sys v1.7.0
[INFO] [stderr]    Compiling ryu v1.0.16
[INFO] [stderr]    Compiling itoa v1.0.10
[INFO] [stderr]    Compiling arc-swap v1.6.0
[INFO] [stderr]    Compiling heck v0.4.1
[INFO] [stderr]    Compiling hashbrown v0.12.3
[INFO] [stderr]    Compiling itertools v0.10.5
[INFO] [stderr]    Compiling colored v2.1.0
[INFO] [stderr]    Compiling indexmap v1.9.3
[INFO] [stderr]    Compiling log-reroute v0.1.8
[INFO] [stderr]    Compiling smallvec v1.11.2
[INFO] [stderr]    Compiling dtoa v1.0.9
[INFO] [stderr]    Compiling pathdiff v0.2.1
[INFO] [stderr]    Compiling quote v1.0.35
[INFO] [stderr]    Compiling strum v0.24.1
[INFO] [stderr]    Compiling syn v2.0.48
[INFO] [stderr]    Compiling cc v1.0.83
[INFO] [stderr]    Compiling cexpr v0.6.0
[INFO] [stderr]    Compiling cmake v0.1.50
[INFO] [stderr]    Compiling backtrace v0.3.69
[INFO] [stderr]    Compiling is-terminal v0.4.10
[INFO] [stderr]    Compiling which v4.4.2
[INFO] [stderr]    Compiling env_logger v0.10.1
[INFO] [stderr]    Compiling colored v1.9.4
[INFO] [stderr]    Compiling fern v0.6.2
[INFO] [stderr]    Compiling serde_bytes v0.11.14
[INFO] [stderr]    Compiling serde_cbor v0.11.2
[INFO] [stderr]    Compiling serde_bencode v0.2.4
[INFO] [stderr]    Compiling synstructure v0.12.6
[INFO] [stderr]    Compiling c2rust-ast-builder v0.18.0
[INFO] [stderr]    Compiling c2rust-ast-printer v0.18.0
[INFO] [stderr]    Compiling thiserror-impl v1.0.56
[INFO] [stderr]    Compiling serde_derive v1.0.194
[INFO] [stderr]    Compiling c2rust-bitfields-derive v0.18.0
[INFO] [stderr]    Compiling failure_derive v0.1.8
[INFO] [stderr]    Compiling strum_macros v0.24.3
[INFO] [stderr]    Compiling thiserror v1.0.56
[INFO] [stderr]    Compiling pest v2.7.6
[INFO] [stderr]    Compiling failure v0.1.8
[INFO] [stderr]    Compiling c2rust-bitfields v0.18.0
[INFO] [stderr]    Compiling pest_meta v2.7.6
[INFO] [stderr]    Compiling pest_generator v2.7.6
[INFO] [stderr]    Compiling pest_derive v2.7.6
[INFO] [stderr]    Compiling c2rust-ast-exporter v0.18.0
[INFO] [stderr]    Compiling handlebars v4.5.0
[INFO] [stderr] error: failed to run custom build command for `c2rust-ast-exporter v0.18.0`
[INFO] [stderr] note: To improve backtraces for build dependencies, set the CARGO_PROFILE_DEV_BUILD_OVERRIDE_DEBUG=true environment variable to enable debug information generation.
[INFO] [stderr] 
[INFO] [stderr] Caused by:
[INFO] [stderr]   process didn't exit successfully: `/opt/rustwide/target/debug/build/c2rust-ast-exporter-c238f892cb382629/build-script-build` (exit status: 101)
[INFO] [stderr]   --- stdout
[INFO] [stderr]   CMAKE_TOOLCHAIN_FILE_x86_64-unknown-linux-gnu = None
[INFO] [stderr]   CMAKE_TOOLCHAIN_FILE_x86_64_unknown_linux_gnu = None
[INFO] [stderr]   HOST_CMAKE_TOOLCHAIN_FILE = None
[INFO] [stderr]   CMAKE_TOOLCHAIN_FILE = None
[INFO] [stderr]   CMAKE_GENERATOR_x86_64-unknown-linux-gnu = None
[INFO] [stderr]   CMAKE_GENERATOR_x86_64_unknown_linux_gnu = None
[INFO] [stderr]   HOST_CMAKE_GENERATOR = None
[INFO] [stderr]   CMAKE_GENERATOR = None
[INFO] [stderr]   CMAKE_PREFIX_PATH_x86_64-unknown-linux-gnu = None
[INFO] [stderr]   CMAKE_PREFIX_PATH_x86_64_unknown_linux_gnu = None
[INFO] [stderr]   HOST_CMAKE_PREFIX_PATH = None
[INFO] [stderr]   CMAKE_PREFIX_PATH = None
[INFO] [stderr]   CMAKE_x86_64-unknown-linux-gnu = None
[INFO] [stderr]   CMAKE_x86_64_unknown_linux_gnu = None
[INFO] [stderr]   HOST_CMAKE = None
[INFO] [stderr]   CMAKE = None
[INFO] [stderr]   running: cd "/opt/rustwide/target/debug/build/c2rust-ast-exporter-726e22827faf27dd/out/build" && CMAKE_PREFIX_PATH="" "cmake" "/opt/rustwide/cargo-home/registry/src/index.crates.io-6f17d22bba15001f/c2rust-ast-exporter-0.18.0/src" "-DLLVM_DIR=/usr/lib/llvm-14/lib/cmake/llvm" "-DClang_DIR=/usr/lib/llvm-14/lib/cmake/clang" "-DCMAKE_INSTALL_PREFIX=/opt/rustwide/target/debug/build/c2rust-ast-exporter-726e22827faf27dd/out" "-DCMAKE_C_FLAGS= -ffunction-sections -fdata-sections -fPIC -m64" "-DCMAKE_C_COMPILER=/usr/bin/cc" "-DCMAKE_CXX_FLAGS= -ffunction-sections -fdata-sections -fPIC -m64" "-DCMAKE_CXX_COMPILER=/usr/bin/c++" "-DCMAKE_ASM_FLAGS= -ffunction-sections -fdata-sections -fPIC -m64" "-DCMAKE_ASM_COMPILER=/usr/bin/cc" "-DCMAKE_BUILD_TYPE=Debug"
[INFO] [stderr]   -- The C compiler identification is GNU 11.4.0
[INFO] [stderr]   -- The CXX compiler identification is GNU 11.4.0
[INFO] [stderr]   -- Detecting C compiler ABI info
[INFO] [stderr]   -- Detecting C compiler ABI info - done
[INFO] [stderr]   -- Check for working C compiler: /usr/bin/cc - skipped
[INFO] [stderr]   -- Detecting C compile features
[INFO] [stderr]   -- Detecting C compile features - done
[INFO] [stderr]   -- Detecting CXX compiler ABI info
[INFO] [stderr]   -- Detecting CXX compiler ABI info - done
[INFO] [stderr]   -- Check for working CXX compiler: /usr/bin/c++ - skipped
[INFO] [stderr]   -- Detecting CXX compile features
[INFO] [stderr]   -- Detecting CXX compile features - done
[INFO] [stderr]   -- Performing Test HAVE_FFI_CALL
[INFO] [stderr]   -- Performing Test HAVE_FFI_CALL - Success
[INFO] [stderr]   -- Found FFI: /usr/lib/x86_64-linux-gnu/libffi.so  
[INFO] [stderr]   -- Performing Test Terminfo_LINKABLE
[INFO] [stderr]   -- Performing Test Terminfo_LINKABLE - Success
[INFO] [stderr]   -- Found Terminfo: /usr/lib/x86_64-linux-gnu/libtinfo.so  
[INFO] [stderr]   -- Found ZLIB: /usr/lib/x86_64-linux-gnu/libz.so (found version "1.2.11") 
[INFO] [stderr]   -- Found LibXml2: /usr/lib/x86_64-linux-gnu/libxml2.so (found version "2.9.13") 
[INFO] [stderr]   -- Configuring done
[INFO] [stderr]   -- Generating done
[INFO] [stderr]   -- Build files have been written to: /opt/rustwide/target/debug/build/c2rust-ast-exporter-726e22827faf27dd/out/build
[INFO] [stderr]   running: cd "/opt/rustwide/target/debug/build/c2rust-ast-exporter-726e22827faf27dd/out/build" && MAKEFLAGS="-j --jobserver-fds=7,8 --jobserver-auth=7,8" "cmake" "--build" "." "--target" "clangAstExporter" "--config" "Debug"
[INFO] [stderr]   [  8%] Creating directories for 'tinycbor_build'
[INFO] [stderr]   [ 16%] Performing download step (git clone) for 'tinycbor_build'
[INFO] [stderr]   -- Had to git clone more than once:
[INFO] [stderr]             3 times.
[INFO] [stderr] 
[INFO] [stderr]   --- stderr
[INFO] [stderr]   CMake Warning:
[INFO] [stderr]     Manually-specified variables were not used by the project:
[INFO] [stderr] 
[INFO] [stderr]       CMAKE_ASM_COMPILER
[INFO] [stderr]       CMAKE_ASM_FLAGS
[INFO] [stderr] 
[INFO] [stderr] 
[INFO] [stderr]   Cloning into 'tinycbor_build'...
[INFO] [stderr]   fatal: unable to access 'https://github.com/intel/tinycbor.git/': Could not resolve host: github.com
[INFO] [stderr]   Cloning into 'tinycbor_build'...
[INFO] [stderr]   fatal: unable to access 'https://github.com/intel/tinycbor.git/': Could not resolve host: github.com
[INFO] [stderr]   Cloning into 'tinycbor_build'...
[INFO] [stderr]   fatal: unable to access 'https://github.com/intel/tinycbor.git/': Could not resolve host: github.com
[INFO] [stderr]   CMake Error at /opt/rustwide/target/debug/build/c2rust-ast-exporter-726e22827faf27dd/out/build/tinycbor/tmp/tinycbor_build-gitclone.cmake:31 (message):
[INFO] [stderr]     Failed to clone repository: 'https://github.com/intel/tinycbor.git'
[INFO] [stderr] 
[INFO] [stderr] 
[INFO] [stderr]   gmake[3]: *** [CMakeFiles/tinycbor_build.dir/build.make:98: tinycbor/src/tinycbor_build-stamp/tinycbor_build-download] Error 1
[INFO] [stderr]   gmake[2]: *** [CMakeFiles/Makefile2:91: CMakeFiles/tinycbor_build.dir/all] Error 2
[INFO] [stderr]   gmake[1]: *** [CMakeFiles/Makefile2:254: CMakeFiles/clangAstExporter.dir/rule] Error 2
[INFO] [stderr]   gmake: *** [Makefile:202: clangAstExporter] Error 2
[INFO] [stderr]   thread 'main' panicked at /opt/rustwide/cargo-home/registry/src/index.crates.io-6f17d22bba15001f/cmake-0.1.50/src/lib.rs:1098:5:
[INFO] [stderr] 
[INFO] [stderr]   command did not execute successfully, got: exit status: 2
[INFO] [stderr] 
[INFO] [stderr]   build script failed, must exit now
[INFO] [stderr]   stack backtrace:
[INFO] [stderr]      0:     0x55ef310bce36 - std::backtrace_rs::backtrace::libunwind::trace::h261606ad26a499c1
[INFO] [stderr]                                  at /rustc/0e09125c6c3c2fd70d7de961bcf0e51575235fad/library/std/src/../../backtrace/src/backtrace/libunwind.rs:104:5
[INFO] [stderr]      1:     0x55ef310bce36 - std::backtrace_rs::backtrace::trace_unsynchronized::hd183f0625477fb28
[INFO] [stderr]                                  at /rustc/0e09125c6c3c2fd70d7de961bcf0e51575235fad/library/std/src/../../backtrace/src/backtrace/mod.rs:66:5
[INFO] [stderr]      2:     0x55ef310bce36 - std::sys_common::backtrace::_print_fmt::hd7f8fef21b4eda67
[INFO] [stderr]                                  at /rustc/0e09125c6c3c2fd70d7de961bcf0e51575235fad/library/std/src/sys_common/backtrace.rs:68:5
[INFO] [stderr]      3:     0x55ef310bce36 - <std::sys_common::backtrace::_print::DisplayBacktrace as core::fmt::Display>::fmt::h623d9b51f2f453f1
[INFO] [stderr]                                  at /rustc/0e09125c6c3c2fd70d7de961bcf0e51575235fad/library/std/src/sys_common/backtrace.rs:44:22
[INFO] [stderr]      4:     0x55ef310e7f80 - core::fmt::rt::Argument::fmt::h9f417ac76a86f368
[INFO] [stderr]                                  at /rustc/0e09125c6c3c2fd70d7de961bcf0e51575235fad/library/core/src/fmt/rt.rs:142:9
[INFO] [stderr]      5:     0x55ef310e7f80 - core::fmt::write::hc9b6faf4ac2aeff7
[INFO] [stderr]                                  at /rustc/0e09125c6c3c2fd70d7de961bcf0e51575235fad/library/core/src/fmt/mod.rs:1120:17
[INFO] [stderr]      6:     0x55ef310ba15f - std::io::Write::write_fmt::hfead1eee52c2e65e
[INFO] [stderr]                                  at /rustc/0e09125c6c3c2fd70d7de961bcf0e51575235fad/library/std/src/io/mod.rs:1810:15
[INFO] [stderr]      7:     0x55ef310bcc14 - std::sys_common::backtrace::_print::hd5d66399c7df88a2
[INFO] [stderr]                                  at /rustc/0e09125c6c3c2fd70d7de961bcf0e51575235fad/library/std/src/sys_common/backtrace.rs:47:5
[INFO] [stderr]      8:     0x55ef310bcc14 - std::sys_common::backtrace::print::he81ed2da642d37e5
[INFO] [stderr]                                  at /rustc/0e09125c6c3c2fd70d7de961bcf0e51575235fad/library/std/src/sys_common/backtrace.rs:34:9
[INFO] [stderr]      9:     0x55ef310be4f7 - std::panicking::default_hook::{{closure}}::h85773f4fa117163d
[INFO] [stderr]     10:     0x55ef310be259 - std::panicking::default_hook::h6a1694a91d09b278
[INFO] [stderr]                                  at /rustc/0e09125c6c3c2fd70d7de961bcf0e51575235fad/library/std/src/panicking.rs:292:9
[INFO] [stderr]     11:     0x55ef310be988 - std::panicking::rust_panic_with_hook::h0a7ad96e90f7145b
[INFO] [stderr]                                  at /rustc/0e09125c6c3c2fd70d7de961bcf0e51575235fad/library/std/src/panicking.rs:779:13
[INFO] [stderr]     12:     0x55ef310be862 - std::panicking::begin_panic_handler::{{closure}}::h7919090525c6485e
[INFO] [stderr]                                  at /rustc/0e09125c6c3c2fd70d7de961bcf0e51575235fad/library/std/src/panicking.rs:657:13
[INFO] [stderr]     13:     0x55ef310bd336 - std::sys_common::backtrace::__rust_end_short_backtrace::hf3289479464f7dfe
[INFO] [stderr]                                  at /rustc/0e09125c6c3c2fd70d7de961bcf0e51575235fad/library/std/src/sys_common/backtrace.rs:171:18
[INFO] [stderr]     14:     0x55ef310be5c0 - rust_begin_unwind
[INFO] [stderr]                                  at /rustc/0e09125c6c3c2fd70d7de961bcf0e51575235fad/library/std/src/panicking.rs:645:5
[INFO] [stderr]     15:     0x55ef309018c5 - core::panicking::panic_fmt::hcc9f77c5c132af55
[INFO] [stderr]                                  at /rustc/0e09125c6c3c2fd70d7de961bcf0e51575235fad/library/core/src/panicking.rs:72:14
[INFO] [stderr]     16:     0x55ef3104ee01 - cmake::fail::h1f43de1b7083e2b1
[INFO] [stderr]     17:     0x55ef3104e597 - cmake::run::h9ea0635d35ada3f1
[INFO] [stderr]     18:     0x55ef3104aecd - cmake::Config::build::hadf6ff4648d151db
[INFO] [stderr]     19:     0x55ef3090927b - build_script_build::build_native::hbb3082b7d84f5148
[INFO] [stderr]     20:     0x55ef30907afe - build_script_build::main::h3a27c722522f4721
[INFO] [stderr]     21:     0x55ef30902eb3 - core::ops::function::FnOnce::call_once::h1f4ae1cc7d20c197
[INFO] [stderr]     22:     0x55ef309024c6 - std::sys_common::backtrace::__rust_begin_short_backtrace::h8f123274c4d43816
[INFO] [stderr]     23:     0x55ef30902849 - std::rt::lang_start::{{closure}}::h5e36be8be4d7e463
[INFO] [stderr]     24:     0x55ef310b4dc1 - core::ops::function::impls::<impl core::ops::function::FnOnce<A> for &F>::call_once::h4eb4c5e1620f29b0
[INFO] [stderr]                                  at /rustc/0e09125c6c3c2fd70d7de961bcf0e51575235fad/library/core/src/ops/function.rs:284:13
[INFO] [stderr]     25:     0x55ef310b4dc1 - std::panicking::try::do_call::h73fd26535faffcdf
[INFO] [stderr]                                  at /rustc/0e09125c6c3c2fd70d7de961bcf0e51575235fad/library/std/src/panicking.rs:552:40
[INFO] [stderr]     26:     0x55ef310b4dc1 - std::panicking::try::h77ff1d98f0fb9f39
[INFO] [stderr]                                  at /rustc/0e09125c6c3c2fd70d7de961bcf0e51575235fad/library/std/src/panicking.rs:516:19
[INFO] [stderr]     27:     0x55ef310b4dc1 - std::panic::catch_unwind::hab3caf2448b95e37
[INFO] [stderr]                                  at /rustc/0e09125c6c3c2fd70d7de961bcf0e51575235fad/library/std/src/panic.rs:142:14
[INFO] [stderr]     28:     0x55ef310b4dc1 - std::rt::lang_start_internal::{{closure}}::h8086711f9c783f78
[INFO] [stderr]                                  at /rustc/0e09125c6c3c2fd70d7de961bcf0e51575235fad/library/std/src/rt.rs:148:48
[INFO] [stderr]     29:     0x55ef310b4dc1 - std::panicking::try::do_call::hf920d4dc291cd6ca
[INFO] [stderr]                                  at /rustc/0e09125c6c3c2fd70d7de961bcf0e51575235fad/library/std/src/panicking.rs:552:40
[INFO] [stderr]     30:     0x55ef310b4dc1 - std::panicking::try::h2b806ccc0a85db74
[INFO] [stderr]                                  at /rustc/0e09125c6c3c2fd70d7de961bcf0e51575235fad/library/std/src/panicking.rs:516:19
[INFO] [stderr]     31:     0x55ef310b4dc1 - std::panic::catch_unwind::h038489539c507df2
[INFO] [stderr]                                  at /rustc/0e09125c6c3c2fd70d7de961bcf0e51575235fad/library/std/src/panic.rs:142:14
[INFO] [stderr]     32:     0x55ef310b4dc1 - std::rt::lang_start_internal::h28503b88912e8a5c
[INFO] [stderr]                                  at /rustc/0e09125c6c3c2fd70d7de961bcf0e51575235fad/library/std/src/rt.rs:148:20
[INFO] [stderr]     33:     0x55ef30902827 - std::rt::lang_start::hbec088a4e4a923aa
[INFO] [stderr]     34:     0x55ef3090b9b5 - main
[INFO] [stderr]     35:     0x7f87c24ded90 - <unknown>
[INFO] [stderr]     36:     0x7f87c24dee40 - __libc_start_main
[INFO] [stderr]     37:     0x55ef309021a5 - _start
[INFO] [stderr]     38:                0x0 - <unknown>
[INFO] running `Command { std: "docker" "inspect" "ac3c72c05949b6d9bf3444f912e02e4ffaf52c3d533c1dba385e604b2f7686a0", kill_on_drop: false }`
[INFO] running `Command { std: "docker" "rm" "-f" "ac3c72c05949b6d9bf3444f912e02e4ffaf52c3d533c1dba385e604b2f7686a0", kill_on_drop: false }`
[INFO] [stdout] ac3c72c05949b6d9bf3444f912e02e4ffaf52c3d533c1dba385e604b2f7686a0
