[INFO] fetching crate butane 0.6.1...
[INFO] testing butane-0.6.1 against 1.75.0 for beta-1.76-1
[INFO] extracting crate butane 0.6.1 into /workspace/builds/worker-7-tc1/source
[INFO] validating manifest of crates.io crate butane 0.6.1 on toolchain 1.75.0
[INFO] running `Command { std: CARGO_HOME="/workspace/cargo-home" RUSTUP_HOME="/workspace/rustup-home" "/workspace/cargo-home/bin/cargo" "+1.75.0" "metadata" "--manifest-path" "Cargo.toml" "--no-deps", kill_on_drop: false }`
[INFO] started tweaking crates.io crate butane 0.6.1
[INFO] finished tweaking crates.io crate butane 0.6.1
[INFO] tweaked toml for crates.io crate butane 0.6.1 written to /workspace/builds/worker-7-tc1/source/Cargo.toml
[INFO] running `Command { std: CARGO_HOME="/workspace/cargo-home" RUSTUP_HOME="/workspace/rustup-home" "/workspace/cargo-home/bin/cargo" "+1.75.0" "generate-lockfile" "--manifest-path" "Cargo.toml", kill_on_drop: false }`
[INFO] [stderr]     Updating crates.io index
[INFO] running `Command { std: CARGO_HOME="/workspace/cargo-home" RUSTUP_HOME="/workspace/rustup-home" "/workspace/cargo-home/bin/cargo" "+1.75.0" "fetch" "--manifest-path" "Cargo.toml", kill_on_drop: false }`
[INFO] [stderr]  Downloading crates ...
[INFO] [stderr]   Downloaded dummy v0.7.0
[INFO] [stderr]   Downloaded darling v0.9.0
[INFO] [stderr]   Downloaded darling_macro v0.9.0
[INFO] [stderr]   Downloaded geo-types v0.7.12
[INFO] [stderr]   Downloaded butane_codegen v0.6.1
[INFO] [stderr]   Downloaded postgres-native-tls v0.5.0
[INFO] [stderr]   Downloaded darling_core v0.9.0
[INFO] [stderr]   Downloaded postgres v0.19.7
[INFO] [stderr]   Downloaded butane_core v0.6.1
[INFO] [stderr]   Downloaded r2d2 v0.8.10
[INFO] [stderr]   Downloaded strsim v0.7.0
[INFO] [stderr]   Downloaded deunicode v1.4.2
[INFO] [stderr]   Downloaded rusqlite v0.29.0
[INFO] [stderr]   Downloaded fake v2.9.2
[INFO] [stderr]   Downloaded libsqlite3-sys v0.26.0
[INFO] [stderr]   Downloaded exec_time v0.1.4
[INFO] running `Command { std: "docker" "create" "-v" "/var/lib/crater-agent-workspace/builds/worker-7-tc1/target:/opt/rustwide/target:rw,Z" "-v" "/var/lib/crater-agent-workspace/builds/worker-7-tc1/source:/opt/rustwide/workdir:ro,Z" "-v" "/var/lib/crater-agent-workspace/cargo-home:/opt/rustwide/cargo-home:ro,Z" "-v" "/var/lib/crater-agent-workspace/rustup-home:/opt/rustwide/rustup-home:ro,Z" "-e" "SOURCE_DIR=/opt/rustwide/workdir" "-e" "CARGO_TARGET_DIR=/opt/rustwide/target" "-e" "CARGO_HOME=/opt/rustwide/cargo-home" "-e" "RUSTUP_HOME=/opt/rustwide/rustup-home" "-w" "/opt/rustwide/workdir" "-m" "1610612736" "--user" "0:0" "--network" "none" "ghcr.io/rust-lang/crates-build-env/linux@sha256:2788e3201cd34a07e3172128adcd8b3090168a8e3bcc40d7c032b9dda1df7d1c" "/opt/rustwide/cargo-home/bin/cargo" "+1.75.0" "metadata" "--no-deps" "--format-version=1", kill_on_drop: false }`
[INFO] [stdout] cea81413d227d5b1de99b0dba3e13f0e18ac44d567e597cff77a63523e1df41b
[INFO] running `Command { std: "docker" "start" "-a" "cea81413d227d5b1de99b0dba3e13f0e18ac44d567e597cff77a63523e1df41b", kill_on_drop: false }`
[INFO] running `Command { std: "docker" "inspect" "cea81413d227d5b1de99b0dba3e13f0e18ac44d567e597cff77a63523e1df41b", kill_on_drop: false }`
[INFO] running `Command { std: "docker" "rm" "-f" "cea81413d227d5b1de99b0dba3e13f0e18ac44d567e597cff77a63523e1df41b", kill_on_drop: false }`
[INFO] [stdout] cea81413d227d5b1de99b0dba3e13f0e18ac44d567e597cff77a63523e1df41b
[INFO] running `Command { std: "docker" "create" "-v" "/var/lib/crater-agent-workspace/builds/worker-7-tc1/target:/opt/rustwide/target:rw,Z" "-v" "/var/lib/crater-agent-workspace/builds/worker-7-tc1/source:/opt/rustwide/workdir:ro,Z" "-v" "/var/lib/crater-agent-workspace/cargo-home:/opt/rustwide/cargo-home:ro,Z" "-v" "/var/lib/crater-agent-workspace/rustup-home:/opt/rustwide/rustup-home:ro,Z" "-e" "SOURCE_DIR=/opt/rustwide/workdir" "-e" "CARGO_TARGET_DIR=/opt/rustwide/target" "-e" "CARGO_INCREMENTAL=0" "-e" "RUST_BACKTRACE=full" "-e" "RUSTFLAGS=--cap-lints=warn" "-e" "RUSTDOCFLAGS=--cap-lints=warn" "-e" "CARGO_HOME=/opt/rustwide/cargo-home" "-e" "RUSTUP_HOME=/opt/rustwide/rustup-home" "-w" "/opt/rustwide/workdir" "-m" "1610612736" "--user" "0:0" "--network" "none" "ghcr.io/rust-lang/crates-build-env/linux@sha256:2788e3201cd34a07e3172128adcd8b3090168a8e3bcc40d7c032b9dda1df7d1c" "/opt/rustwide/cargo-home/bin/cargo" "+1.75.0" "build" "--frozen" "--message-format=json", kill_on_drop: false }`
[INFO] [stdout] 76c0a87289951c38e96655a3120f9fe0693404371288beeb28680d83f9fbc4e7
[INFO] running `Command { std: "docker" "start" "-a" "76c0a87289951c38e96655a3120f9fe0693404371288beeb28680d83f9fbc4e7", kill_on_drop: false }`
[INFO] [stderr]    Compiling unicode-ident v1.0.12
[INFO] [stderr]    Compiling serde v1.0.194
[INFO] [stderr]    Compiling libc v0.2.151
[INFO] [stderr]    Compiling memchr v2.7.1
[INFO] [stderr]    Compiling proc-macro2 v1.0.75
[INFO] [stderr]    Compiling regex-syntax v0.8.2
[INFO] [stderr]    Compiling num-traits v0.2.17
[INFO] [stderr]    Compiling thiserror v1.0.56
[INFO] [stderr]    Compiling serde_json v1.0.111
[INFO] [stderr]    Compiling itoa v1.0.10
[INFO] [stderr]    Compiling aho-corasick v1.1.2
[INFO] [stderr]    Compiling ryu v1.0.16
[INFO] [stderr]    Compiling quote v1.0.35
[INFO] [stderr]    Compiling syn v2.0.48
[INFO] [stderr]    Compiling fallible-streaming-iterator v0.1.9
[INFO] [stderr]    Compiling once_cell v1.19.0
[INFO] [stderr]    Compiling fallible-iterator v0.2.0
[INFO] [stderr]    Compiling cfg-if v1.0.0
[INFO] [stderr]    Compiling uuid v1.6.1
[INFO] [stderr]    Compiling fs2 v0.4.3
[INFO] [stderr]    Compiling hex v0.4.3
[INFO] [stderr]    Compiling butane v0.6.1 (/opt/rustwide/workdir)
[INFO] [stderr]    Compiling regex-automata v0.4.3
[INFO] [stderr]    Compiling regex v1.10.2
[INFO] [stderr]    Compiling serde_derive v1.0.194
[INFO] [stderr]    Compiling thiserror-impl v1.0.56
[INFO] [stderr]    Compiling pin-project-internal v1.1.3
[INFO] [stderr]    Compiling pin-project v1.1.3
[INFO] [stderr]    Compiling chrono v0.4.31
[INFO] [stderr]    Compiling butane_core v0.6.1
[INFO] [stderr]    Compiling butane_codegen v0.6.1
[INFO] [stderr]     Finished dev [unoptimized + debuginfo] target(s) in 16.12s
[INFO] running `Command { std: "docker" "inspect" "76c0a87289951c38e96655a3120f9fe0693404371288beeb28680d83f9fbc4e7", kill_on_drop: false }`
[INFO] running `Command { std: "docker" "rm" "-f" "76c0a87289951c38e96655a3120f9fe0693404371288beeb28680d83f9fbc4e7", kill_on_drop: false }`
[INFO] [stdout] 76c0a87289951c38e96655a3120f9fe0693404371288beeb28680d83f9fbc4e7
[INFO] running `Command { std: "docker" "create" "-v" "/var/lib/crater-agent-workspace/builds/worker-7-tc1/target:/opt/rustwide/target:rw,Z" "-v" "/var/lib/crater-agent-workspace/builds/worker-7-tc1/source:/opt/rustwide/workdir:ro,Z" "-v" "/var/lib/crater-agent-workspace/cargo-home:/opt/rustwide/cargo-home:ro,Z" "-v" "/var/lib/crater-agent-workspace/rustup-home:/opt/rustwide/rustup-home:ro,Z" "-e" "SOURCE_DIR=/opt/rustwide/workdir" "-e" "CARGO_TARGET_DIR=/opt/rustwide/target" "-e" "CARGO_INCREMENTAL=0" "-e" "RUST_BACKTRACE=full" "-e" "RUSTFLAGS=--cap-lints=warn" "-e" "RUSTDOCFLAGS=--cap-lints=warn" "-e" "CARGO_HOME=/opt/rustwide/cargo-home" "-e" "RUSTUP_HOME=/opt/rustwide/rustup-home" "-w" "/opt/rustwide/workdir" "-m" "1610612736" "--user" "0:0" "--network" "none" "ghcr.io/rust-lang/crates-build-env/linux@sha256:2788e3201cd34a07e3172128adcd8b3090168a8e3bcc40d7c032b9dda1df7d1c" "/opt/rustwide/cargo-home/bin/cargo" "+1.75.0" "test" "--frozen" "--no-run" "--message-format=json", kill_on_drop: false }`
[INFO] [stdout] b3d4d788d84c16e97b5889c39e8c9e839533ad8fea1156614c996f964ae8e047
[INFO] running `Command { std: "docker" "start" "-a" "b3d4d788d84c16e97b5889c39e8c9e839533ad8fea1156614c996f964ae8e047", kill_on_drop: false }`
[INFO] [stderr]    Compiling version_check v0.9.4
[INFO] [stderr]    Compiling typenum v1.17.0
[INFO] [stderr]    Compiling subtle v2.5.0
[INFO] [stderr]    Compiling libm v0.2.8
[INFO] [stderr]    Compiling num-traits v0.2.17
[INFO] [stderr]    Compiling getrandom v0.2.11
[INFO] [stderr]    Compiling ident_case v1.0.1
[INFO] [stderr]    Compiling fnv v1.0.7
[INFO] [stderr]    Compiling proc-macro2 v0.4.30
[INFO] [stderr]    Compiling lock_api v0.4.11
[INFO] [stderr]    Compiling unicode-xid v0.1.0
[INFO] [stderr]    Compiling rand_core v0.6.4
[INFO] [stderr]    Compiling ppv-lite86 v0.2.17
[INFO] [stderr]    Compiling generic-array v0.14.7
[INFO] [stderr]    Compiling tinyvec_macros v0.1.1
[INFO] [stderr]    Compiling smallvec v1.11.2
[INFO] [stderr]    Compiling parking_lot_core v0.9.9
[INFO] [stderr]    Compiling rand_chacha v0.3.1
[INFO] [stderr]    Compiling tinyvec v1.6.0
[INFO] [stderr]    Compiling scopeguard v1.2.0
[INFO] [stderr]    Compiling bytes v1.5.0
[INFO] [stderr]    Compiling syn v0.15.44
[INFO] [stderr]    Compiling pin-project-lite v0.2.13
[INFO] [stderr]    Compiling quote v0.6.13
[INFO] [stderr]    Compiling rand v0.8.5
[INFO] [stderr]    Compiling ahash v0.8.7
[INFO] [stderr]    Compiling unicode-normalization v0.1.22
[INFO] [stderr]    Compiling slab v0.4.9
[INFO] [stderr]    Compiling cpufeatures v0.2.12
[INFO] [stderr]    Compiling unicode-bidi v0.3.14
[INFO] [stderr]    Compiling finl_unicode v1.2.0
[INFO] [stderr]    Compiling strsim v0.10.0
[INFO] [stderr]    Compiling futures-core v0.3.30
[INFO] [stderr]    Compiling futures-sink v0.3.30
[INFO] [stderr]    Compiling darling_core v0.20.3
[INFO] [stderr]    Compiling block-buffer v0.10.4
[INFO] [stderr]    Compiling crypto-common v0.1.6
[INFO] [stderr]    Compiling stringprep v0.1.4
[INFO] [stderr]    Compiling digest v0.10.7
[INFO] [stderr]    Compiling parking_lot v0.12.1
[INFO] [stderr]    Compiling socket2 v0.5.5
[INFO] [stderr]    Compiling md-5 v0.10.6
[INFO] [stderr]    Compiling sha2 v0.10.8
[INFO] [stderr]    Compiling hmac v0.12.1
[INFO] [stderr]    Compiling mio v0.8.10
[INFO] [stderr]    Compiling tracing-core v0.1.32
[INFO] [stderr]    Compiling base64 v0.21.5
[INFO] [stderr]    Compiling log v0.4.20
[INFO] [stderr]    Compiling atomic v0.5.3
[INFO] [stderr]    Compiling byteorder v1.5.0
[INFO] [stderr]    Compiling siphasher v0.3.11
[INFO] [stderr]    Compiling rustix v0.38.28
[INFO] [stderr]    Compiling bitflags v2.4.1
[INFO] [stderr]    Compiling async-trait v0.1.77
[INFO] [stderr]    Compiling pkg-config v0.3.28
[INFO] [stderr]    Compiling zerocopy v0.7.32
[INFO] [stderr]    Compiling vcpkg v0.2.15
[INFO] [stderr]    Compiling strsim v0.7.0
[INFO] [stderr]    Compiling sha1_smol v1.0.0
[INFO] [stderr]    Compiling uuid v1.6.1
[INFO] [stderr]    Compiling postgres-protocol v0.6.6
[INFO] [stderr]    Compiling phf_shared v0.11.2
[INFO] [stderr]    Compiling tracing v0.1.40
[INFO] [stderr]    Compiling tokio v1.35.1
[INFO] [stderr]    Compiling chrono v0.4.31
[INFO] [stderr]    Compiling geo-types v0.7.12
[INFO] [stderr]    Compiling libsqlite3-sys v0.26.0
[INFO] [stderr]    Compiling futures-macro v0.3.30
[INFO] [stderr]    Compiling pin-utils v0.1.0
[INFO] [stderr]    Compiling futures-task v0.3.30
[INFO] [stderr]    Compiling linux-raw-sys v0.4.12
[INFO] [stderr]    Compiling darling_core v0.9.0
[INFO] [stderr]    Compiling darling_macro v0.20.3
[INFO] [stderr]    Compiling allocator-api2 v0.2.16
[INFO] [stderr]    Compiling butane_core v0.6.1
[INFO] [stderr]    Compiling darling v0.20.3
[INFO] [stderr]    Compiling hashbrown v0.14.3
[INFO] [stderr]    Compiling futures-util v0.3.30
[INFO] [stderr]    Compiling postgres-types v0.2.6
[INFO] [stderr]    Compiling phf v0.11.2
[INFO] [stderr]    Compiling futures-channel v0.3.30
[INFO] [stderr]    Compiling whoami v1.4.1
[INFO] [stderr]    Compiling paste v1.0.14
[INFO] [stderr]    Compiling percent-encoding v2.3.1
[INFO] [stderr]    Compiling butane v0.6.1 (/opt/rustwide/workdir)
[INFO] [stderr]    Compiling is-terminal v0.4.10
[INFO] [stderr]    Compiling tokio-util v0.7.10
[INFO] [stderr]    Compiling hashlink v0.8.4
[INFO] [stderr]    Compiling darling_macro v0.9.0
[INFO] [stderr]    Compiling dummy v0.7.0
[INFO] [stderr]    Compiling scheduled-thread-pool v0.2.7
[INFO] [stderr]    Compiling termcolor v1.4.0
[INFO] [stderr]    Compiling deunicode v1.4.2
[INFO] [stderr]    Compiling darling v0.9.0
[INFO] [stderr]    Compiling tokio-postgres v0.7.10
[INFO] [stderr]    Compiling humantime v2.1.0
[INFO] [stderr]    Compiling exec_time v0.1.4
[INFO] [stderr]    Compiling env_logger v0.10.1
[INFO] [stderr]    Compiling r2d2 v0.8.10
[INFO] [stderr]    Compiling rusqlite v0.29.0
[INFO] [stderr]    Compiling fake v2.9.2
[INFO] [stderr]    Compiling postgres v0.19.7
[INFO] [stderr]    Compiling butane_codegen v0.6.1
[INFO] [stdout] error: unable to save type
[INFO] [stdout]  --> tests/custom_enum_derived.rs:9:1
[INFO] [stdout]   |
[INFO] [stdout] 9 | #[butane_type(Text)]
[INFO] [stdout]   | ^^^^^^^^^^^^^^^^^^^^
[INFO] [stdout]   |
[INFO] [stdout]   = note: this error originates in the attribute macro `butane_type` (in Nightly builds, run with -Z macro-backtrace for more info)
[INFO] [stdout] 
[INFO] [stdout] 
[INFO] [stderr] unable to save type IO error Read-only file system (os error 30)
[INFO] [stdout] error: custom attribute panicked
[INFO] [stdout]  --> tests/uuid.rs:8:1
[INFO] [stdout]   |
[INFO] [stdout] 8 | #[model]
[INFO] [stdout]   | ^^^^^^^^
[INFO] [stdout]   |
[INFO] [stdout]   = help: message: called `Result::unwrap()` on an `Err` value: IO(Os { code: 30, kind: ReadOnlyFilesystem, message: "Read-only file system" })
[INFO] [stdout] 
[INFO] [stdout] 
[INFO] [stdout] error: custom attribute panicked
[INFO] [stdout]   --> tests/custom_enum_derived.rs:17:1
[INFO] [stdout]    |
[INFO] [stdout] 17 | #[model]
[INFO] [stdout]    | ^^^^^^^^
[INFO] [stdout]    |
[INFO] [stdout]    = help: message: called `Result::unwrap()` on an `Err` value: IO(Os { code: 30, kind: ReadOnlyFilesystem, message: "Read-only file system" })
[INFO] [stdout] 
[INFO] [stdout] 
[INFO] [stdout] error: custom attribute panicked
[INFO] [stdout]   --> tests/json.rs:11:1
[INFO] [stdout]    |
[INFO] [stdout] 11 | #[model]
[INFO] [stdout]    | ^^^^^^^^
[INFO] [stdout]    |
[INFO] [stdout]    = help: message: called `Result::unwrap()` on an `Err` value: IO(Os { code: 30, kind: ReadOnlyFilesystem, message: "Read-only file system" })
[INFO] [stdout] 
[INFO] [stdout] 
[INFO] [stdout] error: custom attribute panicked
[INFO] [stdout]   --> tests/json.rs:76:1
[INFO] [stdout]    |
[INFO] [stdout] 76 | #[model]
[INFO] [stdout]    | ^^^^^^^^
[INFO] [stdout]    |
[INFO] [stdout]    = help: message: called `Result::unwrap()` on an `Err` value: IO(Os { code: 30, kind: ReadOnlyFilesystem, message: "Read-only file system" })
[INFO] [stdout] 
[INFO] [stdout] 
[INFO] [stdout] error: custom attribute panicked
[INFO] [stdout]  --> tests/common/blog.rs:9:1
[INFO] [stdout]   |
[INFO] [stdout] 9 | #[model]
[INFO] [stdout]   | ^^^^^^^^
[INFO] [stdout]   |
[INFO] [stdout]   = help: message: called `Result::unwrap()` on an `Err` value: IO(Os { code: 30, kind: ReadOnlyFilesystem, message: "Read-only file system" })
[INFO] [stdout] 
[INFO] [stdout] 
[INFO] [stdout] error: custom attribute panicked
[INFO] [stdout]   --> tests/common/blog.rs:26:1
[INFO] [stdout]    |
[INFO] [stdout] 26 | #[model]
[INFO] [stdout]    | ^^^^^^^^
[INFO] [stdout]    |
[INFO] [stdout]    = help: message: called `Result::unwrap()` on an `Err` value: IO(Os { code: 30, kind: ReadOnlyFilesystem, message: "Read-only file system" })
[INFO] [stdout] 
[INFO] [stdout] 
[INFO] [stdout] error: custom attribute panicked
[INFO] [stdout]   --> tests/common/blog.rs:62:1
[INFO] [stdout]    |
[INFO] [stdout] 62 | #[model]
[INFO] [stdout]    | ^^^^^^^^
[INFO] [stdout]    |
[INFO] [stdout]    = help: message: called `Result::unwrap()` on an `Err` value: IO(Os { code: 30, kind: ReadOnlyFilesystem, message: "Read-only file system" })
[INFO] [stdout] 
[INFO] [stdout] 
[INFO] [stdout] error: custom attribute panicked
[INFO] [stdout]   --> tests/many.rs:10:1
[INFO] [stdout]    |
[INFO] [stdout] 10 | #[model]
[INFO] [stdout]    | ^^^^^^^^
[INFO] [stdout]    |
[INFO] [stdout]    = help: message: called `Result::unwrap()` on an `Err` value: IO(Os { code: 30, kind: ReadOnlyFilesystem, message: "Read-only file system" })
[INFO] [stdout] 
[INFO] [stdout] 
[INFO] [stdout] error: custom attribute panicked
[INFO] [stdout]    --> tests/json.rs:121:1
[INFO] [stdout]     |
[INFO] [stdout] 121 | #[model]
[INFO] [stdout]     | ^^^^^^^^
[INFO] [stdout]     |
[INFO] [stdout]     = help: message: called `Result::unwrap()` on an `Err` value: IO(Os { code: 30, kind: ReadOnlyFilesystem, message: "Read-only file system" })
[INFO] [stdout] 
[INFO] [stdout] 
[INFO] [stdout] error: proc-macro derive panicked
[INFO] [stdout]    --> tests/json.rs:160:39
[INFO] [stdout]     |
[INFO] [stdout] 160 | #[derive(PartialEq, Eq, Debug, Clone, FieldType, Serialize, Deserialize)]
[INFO] [stdout]     |                                       ^^^^^^^^^
[INFO] [stdout]     |
[INFO] [stdout]     = help: message: called `Result::unwrap()` on an `Err` value: IO(Os { code: 30, kind: ReadOnlyFilesystem, message: "Read-only file system" })
[INFO] [stdout] 
[INFO] [stdout] 
[INFO] [stdout] error: custom attribute panicked
[INFO] [stdout]   --> tests/many.rs:28:1
[INFO] [stdout]    |
[INFO] [stdout] 28 | #[model]
[INFO] [stdout]    | ^^^^^^^^
[INFO] [stdout]    |
[INFO] [stdout]    = help: message: called `Result::unwrap()` on an `Err` value: IO(Os { code: 30, kind: ReadOnlyFilesystem, message: "Read-only file system" })
[INFO] [stdout] 
[INFO] [stdout] 
[INFO] [stdout] error: custom attribute panicked
[INFO] [stdout]   --> tests/many.rs:47:1
[INFO] [stdout]    |
[INFO] [stdout] 47 | #[model]
[INFO] [stdout]    | ^^^^^^^^
[INFO] [stdout]    |
[INFO] [stdout]    = help: message: called `Result::unwrap()` on an `Err` value: IO(Os { code: 30, kind: ReadOnlyFilesystem, message: "Read-only file system" })
[INFO] [stdout] 
[INFO] [stdout] 
[INFO] [stdout] error: custom attribute panicked
[INFO] [stdout]    --> tests/json.rs:171:1
[INFO] [stdout]     |
[INFO] [stdout] 171 | #[model]
[INFO] [stdout]     | ^^^^^^^^
[INFO] [stdout]     |
[INFO] [stdout]     = help: message: called `Result::unwrap()` on an `Err` value: IO(Os { code: 30, kind: ReadOnlyFilesystem, message: "Read-only file system" })
[INFO] [stdout] 
[INFO] [stdout] 
[INFO] [stdout] error: custom attribute panicked
[INFO] [stdout]  --> tests/nullable.rs:7:1
[INFO] [stdout]   |
[INFO] [stdout] 7 | #[model]
[INFO] [stdout]   | ^^^^^^^^
[INFO] [stdout]   |
[INFO] [stdout]   = help: message: called `Result::unwrap()` on an `Err` value: IO(Os { code: 30, kind: ReadOnlyFilesystem, message: "Read-only file system" })
[INFO] [stdout] 
[INFO] [stdout] 
[INFO] [stdout] error[E0432]: unresolved import `butane_test_helper`
[INFO] [stdout]  --> tests/custom_enum_derived.rs:7:5
[INFO] [stdout]   |
[INFO] [stdout] 7 | use butane_test_helper::*;
[INFO] [stdout]   |     ^^^^^^^^^^^^^^^^^^ use of undeclared crate or module `butane_test_helper`
[INFO] [stdout] 
[INFO] [stdout] 
[INFO] [stdout] error[E0432]: unresolved import `butane_test_helper`
[INFO] [stdout]  --> tests/uuid.rs:6:5
[INFO] [stdout]   |
[INFO] [stdout] 6 | use butane_test_helper::*;
[INFO] [stdout]   |     ^^^^^^^^^^^^^^^^^^ use of undeclared crate or module `butane_test_helper`
[INFO] [stdout] 
[INFO] [stdout] 
[INFO] [stdout] error[E0432]: unresolved import `butane_test_helper`
[INFO] [stdout]  --> tests/nullable.rs:5:5
[INFO] [stdout]   |
[INFO] [stdout] 5 | use butane_test_helper::*;
[INFO] [stdout]   |     ^^^^^^^^^^^^^^^^^^ use of undeclared crate or module `butane_test_helper`
[INFO] [stdout] 
[INFO] [stdout] 
[INFO] [stdout] error[E0432]: unresolved import `butane_test_helper`
[INFO] [stdout]  --> tests/json.rs:9:5
[INFO] [stdout]   |
[INFO] [stdout] 9 | use butane_test_helper::*;
[INFO] [stdout]   |     ^^^^^^^^^^^^^^^^^^ use of undeclared crate or module `butane_test_helper`
[INFO] [stdout] 
[INFO] [stdout] 
[INFO] [stdout] error[E0432]: unresolved import `butane_test_helper`
[INFO] [stdout]   --> tests/migration-tests.rs:10:5
[INFO] [stdout]    |
[INFO] [stdout] 10 | use butane_test_helper::*;
[INFO] [stdout]    |     ^^^^^^^^^^^^^^^^^^ use of undeclared crate or module `butane_test_helper`
[INFO] [stdout] 
[INFO] [stdout] 
[INFO] [stdout] error[E0432]: unresolved import `butane_test_helper`
[INFO] [stdout]  --> tests/r2d2.rs:1:5
[INFO] [stdout]   |
[INFO] [stdout] 1 | use butane_test_helper::*;
[INFO] [stdout]   |     ^^^^^^^^^^^^^^^^^^ use of undeclared crate or module `butane_test_helper`
[INFO] [stdout] 
[INFO] [stdout] 
[INFO] [stdout] error: cannot find macro `testall` in this scope
[INFO] [stdout]   --> tests/custom_enum_derived.rs:42:1
[INFO] [stdout]    |
[INFO] [stdout] 42 | testall!(roundtrip_custom_type);
[INFO] [stdout]    | ^^^^^^^
[INFO] [stdout] 
[INFO] [stdout] 
[INFO] [stdout] error: cannot find macro `testall` in this scope
[INFO] [stdout]   --> tests/custom_enum_derived.rs:58:1
[INFO] [stdout]    |
[INFO] [stdout] 58 | testall!(query_custom_type);
[INFO] [stdout]    | ^^^^^^^
[INFO] [stdout] 
[INFO] [stdout] 
[INFO] [stdout] error[E0432]: unresolved imports `common::blog::Blog`, `common::blog::Post`, `common::blog::Tag`
[INFO] [stdout]  --> tests/many.rs:8:32
[INFO] [stdout]   |
[INFO] [stdout] 8 | use common::blog::{create_tag, Blog, Post, Tag};
[INFO] [stdout]   |                                ^^^^  ^^^^  ^^^ no `Tag` in `common::blog`
[INFO] [stdout]   |                                |     |
[INFO] [stdout]   |                                |     no `Post` in `common::blog`
[INFO] [stdout]   |                                no `Blog` in `common::blog`
[INFO] [stdout]   |
[INFO] [stdout]   = help: consider importing one of these items instead:
[INFO] [stdout]           serde::__private::de::TagContentOtherField::Tag
[INFO] [stdout]           serde::__private::de::TagOrContentField::Tag
[INFO] [stdout] 
[INFO] [stdout] 
[INFO] [stdout] error[E0432]: unresolved import `butane_test_helper`
[INFO] [stdout]  --> tests/many.rs:5:5
[INFO] [stdout]   |
[INFO] [stdout] 5 | use butane_test_helper::*;
[INFO] [stdout]   |     ^^^^^^^^^^^^^^^^^^ use of undeclared crate or module `butane_test_helper`
[INFO] [stdout] 
[INFO] [stdout] 
[INFO] [stdout] error: cannot find macro `testall` in this scope
[INFO] [stdout]   --> tests/nullable.rs:37:1
[INFO] [stdout]    |
[INFO] [stdout] 37 | testall!(basic_optional);
[INFO] [stdout]    | ^^^^^^^
[INFO] [stdout] 
[INFO] [stdout] 
[INFO] [stdout] error: cannot find macro `testall` in this scope
[INFO] [stdout]   --> tests/nullable.rs:61:1
[INFO] [stdout]    |
[INFO] [stdout] 61 | testall!(query_optional_with_some);
[INFO] [stdout]    | ^^^^^^^
[INFO] [stdout] 
[INFO] [stdout] 
[INFO] [stdout] error: cannot find macro `testall` in this scope
[INFO] [stdout]   --> tests/nullable.rs:75:1
[INFO] [stdout]    |
[INFO] [stdout] 75 | testall!(query_optional_with_none);
[INFO] [stdout]    | ^^^^^^^
[INFO] [stdout] 
[INFO] [stdout] 
[INFO] [stdout] error: cannot find macro `testall` in this scope
[INFO] [stdout]   --> tests/uuid.rs:41:1
[INFO] [stdout]    |
[INFO] [stdout] 41 | testall!(basic_uuid);
[INFO] [stdout]    | ^^^^^^^
[INFO] [stdout] 
[INFO] [stdout] 
[INFO] [stdout] error: cannot find macro `testall` in this scope
[INFO] [stdout]   --> tests/many.rs:79:1
[INFO] [stdout]    |
[INFO] [stdout] 79 | testall!(remove_one_from_many);
[INFO] [stdout]    | ^^^^^^^
[INFO] [stdout] 
[INFO] [stdout] 
[INFO] [stdout] error: cannot find macro `testall` in this scope
[INFO] [stdout]   --> tests/json.rs:45:1
[INFO] [stdout]    |
[INFO] [stdout] 45 | testall!(json_null);
[INFO] [stdout]    | ^^^^^^^
[INFO] [stdout] 
[INFO] [stdout] 
[INFO] [stdout] error: aborting due to previous error
[INFO] [stdout] 
[INFO] [stdout] 
[INFO] [stdout] For more information about this error, try `rustc --explain E0432`.
[INFO] [stdout] 
[INFO] [stdout] error: cannot find macro `testall` in this scope
[INFO] [stdout]    --> tests/many.rs:109:1
[INFO] [stdout]     |
[INFO] [stdout] 109 | testall!(remove_multiple_from_many);
[INFO] [stdout]     | ^^^^^^^
[INFO] [stdout] 
[INFO] [stdout] 
[INFO] [stdout] error: cannot find macro `testall` in this scope
[INFO] [stdout]   --> tests/json.rs:74:1
[INFO] [stdout]    |
[INFO] [stdout] 74 | testall!(basic_json);
[INFO] [stdout]    | ^^^^^^^
[INFO] [stdout] 
[INFO] [stdout] 
[INFO] [stdout] error: cannot find macro `testall` in this scope
[INFO] [stdout]    --> tests/many.rs:123:1
[INFO] [stdout]     |
[INFO] [stdout] 123 | testall!(can_add_to_many_before_save);
[INFO] [stdout]     | ^^^^^^^
[INFO] [stdout] 
[INFO] [stdout] 
[INFO] [stdout] error: cannot find macro `testall` in this scope
[INFO] [stdout]    --> tests/json.rs:113:1
[INFO] [stdout]     |
[INFO] [stdout] 113 | testall!(basic_hashmap);
[INFO] [stdout]     | ^^^^^^^
[INFO] [stdout] 
[INFO] [stdout] 
[INFO] [stdout] error: cannot find macro `testall` in this scope
[INFO] [stdout]    --> tests/json.rs:158:1
[INFO] [stdout]     |
[INFO] [stdout] 158 | testall!(hashmap_with_object_values);
[INFO] [stdout]     | ^^^^^^^
[INFO] [stdout] 
[INFO] [stdout] 
[INFO] [stdout] error: cannot find macro `testall` in this scope
[INFO] [stdout]    --> tests/json.rs:204:1
[INFO] [stdout]     |
[INFO] [stdout] 204 | testall!(inline_json);
[INFO] [stdout]     | ^^^^^^^
[INFO] [stdout] 
[INFO] [stdout] 
[INFO] [stdout] error: cannot find macro `testall` in this scope
[INFO] [stdout]    --> tests/many.rs:136:1
[INFO] [stdout]     |
[INFO] [stdout] 136 | testall!(cant_add_unsaved_to_many);
[INFO] [stdout]     | ^^^^^^^
[INFO] [stdout] 
[INFO] [stdout] 
[INFO] [stdout] error: cannot find macro `testall` in this scope
[INFO] [stdout]    --> tests/many.rs:148:1
[INFO] [stdout]     |
[INFO] [stdout] 148 | testall!(can_add_to_many_with_custom_table_name);
[INFO] [stdout]     | ^^^^^^^
[INFO] [stdout] 
[INFO] [stdout] 
[INFO] [stderr] error: could not compile `butane` (test "r2d2") due to 2 previous errors
[INFO] [stderr] warning: build failed, waiting for other jobs to finish...
[INFO] [stdout] error[E0412]: cannot find type `FooUU` in this scope
[INFO] [stdout]   --> tests/uuid.rs:14:6
[INFO] [stdout]    |
[INFO] [stdout] 14 | impl FooUU {
[INFO] [stdout]    |      ^^^^^ not found in this scope
[INFO] [stdout] 
[INFO] [stdout] 
[INFO] [stdout] error[E0422]: cannot find struct, variant or union type `FooUU` in this scope
[INFO] [stdout]   --> tests/uuid.rs:16:9
[INFO] [stdout]    |
[INFO] [stdout] 16 |         FooUU {
[INFO] [stdout]    |         ^^^^^ not found in this scope
[INFO] [stdout] 
[INFO] [stdout] 
[INFO] [stdout] error: aborting due to previous error
[INFO] [stdout] 
[INFO] [stdout] 
[INFO] [stdout] For more information about this error, try `rustc --explain E0432`.
[INFO] [stdout] 
[INFO] [stdout] error[E0433]: failed to resolve: use of undeclared type `FooUU`
[INFO] [stdout]   --> tests/uuid.rs:27:19
[INFO] [stdout]    |
[INFO] [stdout] 27 |     let mut foo = FooUU::new(id);
[INFO] [stdout]    |                   ^^^^^ use of undeclared type `FooUU`
[INFO] [stdout] 
[INFO] [stdout] 
[INFO] [stderr] error: could not compile `butane` (test "migration-tests") due to 2 previous errors
[INFO] [stdout] error[E0433]: failed to resolve: use of undeclared type `FooUU`
[INFO] [stdout]   --> tests/uuid.rs:32:20
[INFO] [stdout]    |
[INFO] [stdout] 32 |     let mut foo2 = FooUU::get(&conn, id).unwrap();
[INFO] [stdout]    |                    ^^^^^ use of undeclared type `FooUU`
[INFO] [stdout] 
[INFO] [stdout] 
[INFO] [stdout] error[E0433]: failed to resolve: use of undeclared type `FooUU`
[INFO] [stdout]   --> tests/uuid.rs:38:16
[INFO] [stdout]    |
[INFO] [stdout] 38 |     let foo3 = FooUU::get(&conn, id).unwrap();
[INFO] [stdout]    |                ^^^^^ use of undeclared type `FooUU`
[INFO] [stdout] 
[INFO] [stdout] 
[INFO] [stdout] warning: unused import: `butane::prelude`
[INFO] [stdout]  --> tests/uuid.rs:2:5
[INFO] [stdout]   |
[INFO] [stdout] 2 | use butane::prelude::*;
[INFO] [stdout]   |     ^^^^^^^^^^^^^^^
[INFO] [stdout]   |
[INFO] [stdout]   = note: `#[warn(unused_imports)]` on by default
[INFO] [stdout] 
[INFO] [stdout] 
[INFO] [stdout] error[E0412]: cannot find type `WithNullable` in this scope
[INFO] [stdout]   --> tests/nullable.rs:13:6
[INFO] [stdout]    |
[INFO] [stdout] 13 | impl WithNullable {
[INFO] [stdout]    |      ^^^^^^^^^^^^ not found in this scope
[INFO] [stdout] 
[INFO] [stdout] 
[INFO] [stdout] error[E0422]: cannot find struct, variant or union type `WithNullable` in this scope
[INFO] [stdout]   --> tests/nullable.rs:15:9
[INFO] [stdout]    |
[INFO] [stdout] 15 |         WithNullable {
[INFO] [stdout]    |         ^^^^^^^^^^^^ not found in this scope
[INFO] [stdout] 
[INFO] [stdout] 
[INFO] [stdout] error[E0412]: cannot find type `WithNullable` in this scope
[INFO] [stdout]   --> tests/nullable.rs:55:27
[INFO] [stdout]    |
[INFO] [stdout] 55 |     let mut objs = query!(WithNullable, foo > 42).load(&conn).unwrap();
[INFO] [stdout]    |                           ^^^^^^^^^^^^ not found in this scope
[INFO] [stdout] 
[INFO] [stdout] 
[INFO] [stdout] error[E0412]: cannot find type `WithNullable` in this scope
[INFO] [stdout]   --> tests/nullable.rs:71:23
[INFO] [stdout]    |
[INFO] [stdout] 71 |     let objs = query!(WithNullable, foo == None).load(&conn).unwrap();
[INFO] [stdout]    |                       ^^^^^^^^^^^^ not found in this scope
[INFO] [stdout] 
[INFO] [stdout] 
[INFO] [stdout] error[E0433]: failed to resolve: use of undeclared type `WithNullable`
[INFO] [stdout]   --> tests/nullable.rs:24:25
[INFO] [stdout]    |
[INFO] [stdout] 24 |     let mut with_none = WithNullable::new(1);
[INFO] [stdout]    |                         ^^^^^^^^^^^^ use of undeclared type `WithNullable`
[INFO] [stdout] 
[INFO] [stdout] 
[INFO] [stdout] error[E0433]: failed to resolve: use of undeclared type `WithNullable`
[INFO] [stdout]   --> tests/nullable.rs:27:25
[INFO] [stdout]    |
[INFO] [stdout] 27 |     let mut with_some = WithNullable::new(2);
[INFO] [stdout]    |                         ^^^^^^^^^^^^ use of undeclared type `WithNullable`
[INFO] [stdout] 
[INFO] [stdout] 
[INFO] [stdout] error[E0433]: failed to resolve: use of undeclared type `WithNullable`
[INFO] [stdout]   --> tests/nullable.rs:31:15
[INFO] [stdout]    |
[INFO] [stdout] 31 |     let obj = WithNullable::get(&conn, 1).unwrap();
[INFO] [stdout]    |               ^^^^^^^^^^^^ use of undeclared type `WithNullable`
[INFO] [stdout] 
[INFO] [stdout] 
[INFO] [stdout] error: aborting due to 8 previous errors; 1 warning emitted
[INFO] [stdout] 
[INFO] [stdout] 
[INFO] [stdout] Some errors have detailed explanations: E0412, E0422, E0432, E0433.
[INFO] [stdout] 
[INFO] [stdout] For more information about an error, try `rustc --explain E0412`.
[INFO] [stdout] 
[INFO] [stdout] error[E0433]: failed to resolve: use of undeclared type `WithNullable`
[INFO] [stdout]   --> tests/nullable.rs:34:15
[INFO] [stdout]    |
[INFO] [stdout] 34 |     let obj = WithNullable::get(&conn, 2).unwrap();
[INFO] [stdout]    |               ^^^^^^^^^^^^ use of undeclared type `WithNullable`
[INFO] [stdout] 
[INFO] [stdout] 
[INFO] [stdout] error[E0433]: failed to resolve: use of undeclared type `WithNullable`
[INFO] [stdout]   --> tests/nullable.rs:40:19
[INFO] [stdout]    |
[INFO] [stdout] 40 |     let mut obj = WithNullable::new(1);
[INFO] [stdout]    |                   ^^^^^^^^^^^^ use of undeclared type `WithNullable`
[INFO] [stdout] 
[INFO] [stdout] 
[INFO] [stdout] error[E0433]: failed to resolve: use of undeclared type `WithNullable`
[INFO] [stdout]   --> tests/nullable.rs:43:19
[INFO] [stdout]    |
[INFO] [stdout] 43 |     let mut obj = WithNullable::new(2);
[INFO] [stdout]    |                   ^^^^^^^^^^^^ use of undeclared type `WithNullable`
[INFO] [stdout] 
[INFO] [stdout] 
[INFO] [stdout] error[E0433]: failed to resolve: use of undeclared type `WithNullable`
[INFO] [stdout]   --> tests/nullable.rs:47:19
[INFO] [stdout]    |
[INFO] [stdout] 47 |     let mut obj = WithNullable::new(3);
[INFO] [stdout]    |                   ^^^^^^^^^^^^ use of undeclared type `WithNullable`
[INFO] [stdout] 
[INFO] [stdout] 
[INFO] [stdout] error[E0433]: failed to resolve: use of undeclared type `WithNullable`
[INFO] [stdout]   --> tests/nullable.rs:51:19
[INFO] [stdout]    |
[INFO] [stdout] 51 |     let mut obj = WithNullable::new(4);
[INFO] [stdout]    |                   ^^^^^^^^^^^^ use of undeclared type `WithNullable`
[INFO] [stdout] 
[INFO] [stdout] 
[INFO] [stderr] error: could not compile `butane` (test "uuid") due to 9 previous errors; 1 warning emitted
[INFO] [stdout] error[E0412]: cannot find type `FooJJ` in this scope
[INFO] [stdout]   --> tests/json.rs:18:6
[INFO] [stdout]    |
[INFO] [stdout] 18 | impl FooJJ {
[INFO] [stdout]    |      ^^^^^ not found in this scope
[INFO] [stdout] 
[INFO] [stdout] 
[INFO] [stdout] error[E0422]: cannot find struct, variant or union type `FooJJ` in this scope
[INFO] [stdout]   --> tests/json.rs:20:9
[INFO] [stdout]    |
[INFO] [stdout] 20 |         FooJJ {
[INFO] [stdout]    |         ^^^^^ not found in this scope
[INFO] [stdout] 
[INFO] [stdout] 
[INFO] [stdout] error[E0412]: cannot find type `HasCustomField2` in this scope
[INFO] [stdout]   --> tests/custom_enum_derived.rs:23:6
[INFO] [stdout]    |
[INFO] [stdout] 23 | impl HasCustomField2 {
[INFO] [stdout]    |      ^^^^^^^^^^^^^^^ not found in this scope
[INFO] [stdout] 
[INFO] [stdout] 
[INFO] [stdout] error[E0412]: cannot find type `Whatsit` in this scope
[INFO] [stdout]   --> tests/custom_enum_derived.rs:24:27
[INFO] [stdout]    |
[INFO] [stdout] 24 |     fn new(id: i64, frob: Whatsit) -> Self {
[INFO] [stdout]    |                           ^^^^^^^ not found in this scope
[INFO] [stdout] 
[INFO] [stdout] 
[INFO] [stdout] error[E0422]: cannot find struct, variant or union type `HasCustomField2` in this scope
[INFO] [stdout]   --> tests/custom_enum_derived.rs:25:9
[INFO] [stdout]    |
[INFO] [stdout] 25 |         HasCustomField2 {
[INFO] [stdout]    |         ^^^^^^^^^^^^^^^ not found in this scope
[INFO] [stdout] 
[INFO] [stdout] 
[INFO] [stdout] error[E0412]: cannot find type `HasCustomField2` in this scope
[INFO] [stdout]   --> tests/custom_enum_derived.rs:52:26
[INFO] [stdout]    |
[INFO] [stdout] 52 |     let results = query!(HasCustomField2, frob == { Whatsit::Bar })
[INFO] [stdout]    |                          ^^^^^^^^^^^^^^^ not found in this scope
[INFO] [stdout] 
[INFO] [stdout] 
[INFO] [stdout] error[E0412]: cannot find type `FooHH` in this scope
[INFO] [stdout]   --> tests/json.rs:83:6
[INFO] [stdout]    |
[INFO] [stdout] 83 | impl FooHH {
[INFO] [stdout]    |      ^^^^^ not found in this scope
[INFO] [stdout] 
[INFO] [stdout] 
[INFO] [stdout] warning: unused import: `FromSql`
[INFO] [stdout]  --> tests/custom_enum_derived.rs:5:25
[INFO] [stdout]   |
[INFO] [stdout] 5 | use butane::{FieldType, FromSql, ObjectState, SqlVal, ToSql};
[INFO] [stdout]   |                         ^^^^^^^
[INFO] [stdout]   |
[INFO] [stdout]   = note: `#[warn(unused_imports)]` on by default
[INFO] [stdout] 
[INFO] [stdout] 
[INFO] [stdout] error[E0422]: cannot find struct, variant or union type `FooHH` in this scope
[INFO] [stdout]   --> tests/json.rs:85:9
[INFO] [stdout]    |
[INFO] [stdout] 85 |         FooHH {
[INFO] [stdout]    |         ^^^^^ not found in this scope
[INFO] [stdout] 
[INFO] [stdout] 
[INFO] [stdout] error[E0412]: cannot find type `FooHHO` in this scope
[INFO] [stdout]    --> tests/json.rs:128:6
[INFO] [stdout]     |
[INFO] [stdout] 128 | impl FooHHO {
[INFO] [stdout]     |      ^^^^^^ not found in this scope
[INFO] [stdout] 
[INFO] [stdout] 
[INFO] [stdout] error[E0422]: cannot find struct, variant or union type `FooHHO` in this scope
[INFO] [stdout]    --> tests/json.rs:130:9
[INFO] [stdout]     |
[INFO] [stdout] 130 |         FooHHO {
[INFO] [stdout]     |         ^^^^^^ not found in this scope
[INFO] [stdout] 
[INFO] [stdout] 
[INFO] [stdout] error[E0412]: cannot find type `OuterFoo` in this scope
[INFO] [stdout]    --> tests/json.rs:178:6
[INFO] [stdout]     |
[INFO] [stdout] 178 | impl OuterFoo {
[INFO] [stdout]     |      ^^^^^^^^ not found in this scope
[INFO] [stdout] 
[INFO] [stdout] 
[INFO] [stdout] error[E0422]: cannot find struct, variant or union type `OuterFoo` in this scope
[INFO] [stdout]    --> tests/json.rs:180:9
[INFO] [stdout]     |
[INFO] [stdout] 180 |         OuterFoo {
[INFO] [stdout]     |         ^^^^^^^^ not found in this scope
[INFO] [stdout] 
[INFO] [stdout] 
[INFO] [stdout] error[E0412]: cannot find type `Blog` in this scope
[INFO] [stdout]   --> tests/common/blog.rs:16:6
[INFO] [stdout]    |
[INFO] [stdout] 16 | impl Blog {
[INFO] [stdout]    |      ^^^^ not found in this scope
[INFO] [stdout] 
[INFO] [stdout] 
[INFO] [stdout] error[E0422]: cannot find struct, variant or union type `Blog` in this scope
[INFO] [stdout]   --> tests/common/blog.rs:18:9
[INFO] [stdout]    |
[INFO] [stdout] 18 |         Blog {
[INFO] [stdout]    |         ^^^^ not found in this scope
[INFO] [stdout] 
[INFO] [stdout] 
[INFO] [stdout] error[E0412]: cannot find type `Post` in this scope
[INFO] [stdout]   --> tests/common/blog.rs:39:6
[INFO] [stdout]    |
[INFO] [stdout] 39 | impl Post {
[INFO] [stdout]    |      ^^^^ not found in this scope
[INFO] [stdout] 
[INFO] [stdout] 
[INFO] [stdout] error[E0412]: cannot find type `Blog` in this scope
[INFO] [stdout]   --> tests/common/blog.rs:40:57
[INFO] [stdout]    |
[INFO] [stdout] 40 |     pub fn new(id: i64, title: &str, body: &str, blog: &Blog) -> Self {
[INFO] [stdout]    |                                                         ^^^^ not found in this scope
[INFO] [stdout] 
[INFO] [stdout] 
[INFO] [stdout] error[E0422]: cannot find struct, variant or union type `Post` in this scope
[INFO] [stdout]   --> tests/common/blog.rs:41:9
[INFO] [stdout]    |
[INFO] [stdout] 41 |         Post {
[INFO] [stdout]    |         ^^^^ not found in this scope
[INFO] [stdout] 
[INFO] [stdout] 
[INFO] [stdout] error[E0412]: cannot find type `Post` in this scope
[INFO] [stdout]   --> tests/common/blog.rs:55:14
[INFO] [stdout]    |
[INFO] [stdout] 55 | #[dataresult(Post)]
[INFO] [stdout]    |              ^^^^ not found in this scope
[INFO] [stdout] 
[INFO] [stdout] 
[INFO] [stdout] error[E0412]: cannot find type `Tag` in this scope
[INFO] [stdout]   --> tests/common/blog.rs:70:6
[INFO] [stdout]    |
[INFO] [stdout] 70 | impl Tag {
[INFO] [stdout]    |      ^^^ not found in this scope
[INFO] [stdout]    |
[INFO] [stdout] help: there is an enum variant `serde::__private::de::TagContentOtherField::Tag` and 1 other; try using the variant's enum
[INFO] [stdout]    |
[INFO] [stdout] 70 | impl serde::__private::de::TagContentOtherField {
[INFO] [stdout]    |      ~~~~~~~~~~~~~~~~~~~~~~~~~~~~~~~~~~~~~~~~~~
[INFO] [stdout] 70 | impl serde::__private::de::TagOrContentField {
[INFO] [stdout]    |      ~~~~~~~~~~~~~~~~~~~~~~~~~~~~~~~~~~~~~~~
[INFO] [stdout] 
[INFO] [stdout] 
[INFO] [stdout] error[E0433]: failed to resolve: use of undeclared type `HasCustomField2`
[INFO] [stdout]   --> tests/custom_enum_derived.rs:35:19
[INFO] [stdout]    |
[INFO] [stdout] 35 |     let mut obj = HasCustomField2::new(1, Whatsit::Foo);
[INFO] [stdout]    |                   ^^^^^^^^^^^^^^^ use of undeclared type `HasCustomField2`
[INFO] [stdout] 
[INFO] [stdout] 
[INFO] [stdout] error[E0422]: cannot find struct, variant or union type `Tag` in this scope
[INFO] [stdout]   --> tests/common/blog.rs:72:9
[INFO] [stdout]    |
[INFO] [stdout] 72 |         Tag {
[INFO] [stdout]    |         ^^^ not found in this scope
[INFO] [stdout]    |
[INFO] [stdout] help: consider importing one of these items
[INFO] [stdout]    |
[INFO] [stdout] 1  + use serde::__private::de::TagContentOtherField::Tag;
[INFO] [stdout]    |
[INFO] [stdout] 1  + use serde::__private::de::TagOrContentField::Tag;
[INFO] [stdout]    |
[INFO] [stdout] 
[INFO] [stdout] 
[INFO] [stdout] error[E0412]: cannot find type `Tag` in this scope
[INFO] [stdout]   --> tests/common/blog.rs:79:53
[INFO] [stdout]    |
[INFO] [stdout] 79 | pub fn create_tag(conn: &Connection, name: &str) -> Tag {
[INFO] [stdout]    |                                                     ^^^ not found in this scope
[INFO] [stdout]    |
[INFO] [stdout] help: there is an enum variant `serde::__private::de::TagContentOtherField::Tag` and 1 other; try using the variant's enum
[INFO] [stdout]    |
[INFO] [stdout] 79 | pub fn create_tag(conn: &Connection, name: &str) -> serde::__private::de::TagContentOtherField {
[INFO] [stdout]    |                                                     ~~~~~~~~~~~~~~~~~~~~~~~~~~~~~~~~~~~~~~~~~~
[INFO] [stdout] 79 | pub fn create_tag(conn: &Connection, name: &str) -> serde::__private::de::TagOrContentField {
[INFO] [stdout]    |                                                     ~~~~~~~~~~~~~~~~~~~~~~~~~~~~~~~~~~~~~~~
[INFO] [stdout] 
[INFO] [stdout] 
[INFO] [stdout] error[E0433]: failed to resolve: use of undeclared type `Whatsit`
[INFO] [stdout]   --> tests/custom_enum_derived.rs:35:43
[INFO] [stdout]    |
[INFO] [stdout] 35 |     let mut obj = HasCustomField2::new(1, Whatsit::Foo);
[INFO] [stdout]    |                                           ^^^^^^^ use of undeclared type `Whatsit`
[INFO] [stdout] 
[INFO] [stdout] 
[INFO] [stdout] error[E0412]: cannot find type `AutoPkWithMany` in this scope
[INFO] [stdout]   --> tests/many.rs:17:6
[INFO] [stdout]    |
[INFO] [stdout] 17 | impl AutoPkWithMany {
[INFO] [stdout]    |      ^^^^^^^^^^^^^^ not found in this scope
[INFO] [stdout] 
[INFO] [stdout] 
[INFO] [stdout] error[E0422]: cannot find struct, variant or union type `AutoPkWithMany` in this scope
[INFO] [stdout]   --> tests/many.rs:19:9
[INFO] [stdout]    |
[INFO] [stdout] 19 |         AutoPkWithMany {
[INFO] [stdout]    |         ^^^^^^^^^^^^^^ not found in this scope
[INFO] [stdout] 
[INFO] [stdout] 
[INFO] [stdout] error[E0412]: cannot find type `RenamedAutoPkWithMany` in this scope
[INFO] [stdout]   --> tests/many.rs:36:6
[INFO] [stdout]    |
[INFO] [stdout] 36 | impl RenamedAutoPkWithMany {
[INFO] [stdout]    |      ^^^^^^^^^^^^^^^^^^^^^ not found in this scope
[INFO] [stdout] 
[INFO] [stdout] 
[INFO] [stdout] error[E0422]: cannot find struct, variant or union type `RenamedAutoPkWithMany` in this scope
[INFO] [stdout]   --> tests/many.rs:38:9
[INFO] [stdout]    |
[INFO] [stdout] 38 |         RenamedAutoPkWithMany {
[INFO] [stdout]    |         ^^^^^^^^^^^^^^^^^^^^^ not found in this scope
[INFO] [stdout] 
[INFO] [stdout] 
[INFO] [stdout] error[E0422]: cannot find struct, variant or union type `AutoItem` in this scope
[INFO] [stdout]    --> tests/many.rs:126:24
[INFO] [stdout]     |
[INFO] [stdout] 126 |     let unsaved_item = AutoItem {
[INFO] [stdout]     |                        ^^^^^^^^ not found in this scope
[INFO] [stdout] 
[INFO] [stdout] 
[INFO] [stdout] error[E0433]: failed to resolve: use of undeclared type `HasCustomField2`
[INFO] [stdout]   --> tests/custom_enum_derived.rs:39:16
[INFO] [stdout]    |
[INFO] [stdout] 39 |     let obj2 = HasCustomField2::get(&conn, 1).unwrap();
[INFO] [stdout]    |                ^^^^^^^^^^^^^^^ use of undeclared type `HasCustomField2`
[INFO] [stdout] 
[INFO] [stdout] 
[INFO] [stdout] error[E0433]: failed to resolve: use of undeclared type `HasCustomField2`
[INFO] [stdout]   --> tests/custom_enum_derived.rs:46:23
[INFO] [stdout]    |
[INFO] [stdout] 46 |     let mut obj_foo = HasCustomField2::new(1, Whatsit::Foo);
[INFO] [stdout]    |                       ^^^^^^^^^^^^^^^ use of undeclared type `HasCustomField2`
[INFO] [stdout] 
[INFO] [stdout] 
[INFO] [stdout] error[E0433]: failed to resolve: use of undeclared type `Whatsit`
[INFO] [stdout]   --> tests/custom_enum_derived.rs:46:47
[INFO] [stdout]    |
[INFO] [stdout] 46 |     let mut obj_foo = HasCustomField2::new(1, Whatsit::Foo);
[INFO] [stdout]    |                                               ^^^^^^^ use of undeclared type `Whatsit`
[INFO] [stdout] 
[INFO] [stdout] 
[INFO] [stdout] error[E0433]: failed to resolve: use of undeclared type `HasCustomField2`
[INFO] [stdout]   --> tests/custom_enum_derived.rs:48:23
[INFO] [stdout]    |
[INFO] [stdout] 48 |     let mut obj_bar = HasCustomField2::new(2, Whatsit::Bar);
[INFO] [stdout]    |                       ^^^^^^^^^^^^^^^ use of undeclared type `HasCustomField2`
[INFO] [stdout] 
[INFO] [stdout] 
[INFO] [stdout] error[E0433]: failed to resolve: use of undeclared type `Whatsit`
[INFO] [stdout]   --> tests/custom_enum_derived.rs:48:47
[INFO] [stdout]    |
[INFO] [stdout] 48 |     let mut obj_bar = HasCustomField2::new(2, Whatsit::Bar);
[INFO] [stdout]    |                                               ^^^^^^^ use of undeclared type `Whatsit`
[INFO] [stdout] 
[INFO] [stdout] 
[INFO] [stdout] error[E0433]: failed to resolve: use of undeclared type `Whatsit`
[INFO] [stdout]   --> tests/custom_enum_derived.rs:52:53
[INFO] [stdout]    |
[INFO] [stdout] 52 |     let results = query!(HasCustomField2, frob == { Whatsit::Bar })
[INFO] [stdout]    |                                                     ^^^^^^^ use of undeclared type `Whatsit`
[INFO] [stdout] 
[INFO] [stdout] 
[INFO] [stdout] error[E0433]: failed to resolve: use of undeclared type `Whatsit`
[INFO] [stdout]   --> tests/custom_enum_derived.rs:62:49
[INFO] [stdout]    |
[INFO] [stdout] 62 |     assert_eq!(SqlVal::Text("Foo".to_string()), Whatsit::Foo.to_sql());
[INFO] [stdout]    |                                                 ^^^^^^^ use of undeclared type `Whatsit`
[INFO] [stdout] 
[INFO] [stdout] 
[INFO] [stdout] error[E0433]: failed to resolve: use of undeclared type `Whatsit`
[INFO] [stdout]   --> tests/custom_enum_derived.rs:63:49
[INFO] [stdout]    |
[INFO] [stdout] 63 |     assert_eq!(SqlVal::Text("Bar".to_string()), Whatsit::Bar.to_sql());
[INFO] [stdout]    |                                                 ^^^^^^^ use of undeclared type `Whatsit`
[INFO] [stdout] 
[INFO] [stdout] 
[INFO] [stdout] error[E0433]: failed to resolve: use of undeclared type `Whatsit`
[INFO] [stdout]   --> tests/custom_enum_derived.rs:64:49
[INFO] [stdout]    |
[INFO] [stdout] 64 |     assert_eq!(SqlVal::Text("Baz".to_string()), Whatsit::Baz.to_sql());
[INFO] [stdout]    |                                                 ^^^^^^^ use of undeclared type `Whatsit`
[INFO] [stdout] 
[INFO] [stdout] 
[INFO] [stdout] error[E0433]: failed to resolve: use of undeclared type `Whatsit`
[INFO] [stdout]   --> tests/custom_enum_derived.rs:70:9
[INFO] [stdout]    |
[INFO] [stdout] 70 |         Whatsit::Foo,
[INFO] [stdout]    |         ^^^^^^^ use of undeclared type `Whatsit`
[INFO] [stdout] 
[INFO] [stdout] 
[INFO] [stdout] error[E0433]: failed to resolve: use of undeclared type `Whatsit`
[INFO] [stdout]   --> tests/custom_enum_derived.rs:71:9
[INFO] [stdout]    |
[INFO] [stdout] 71 |         Whatsit::from_sql(SqlVal::Text("Foo".to_string())).unwrap()
[INFO] [stdout]    |         ^^^^^^^ use of undeclared type `Whatsit`
[INFO] [stdout] 
[INFO] [stdout] 
[INFO] [stdout] error[E0433]: failed to resolve: use of undeclared type `Whatsit`
[INFO] [stdout]   --> tests/custom_enum_derived.rs:74:9
[INFO] [stdout]    |
[INFO] [stdout] 74 |         Whatsit::Bar,
[INFO] [stdout]    |         ^^^^^^^ use of undeclared type `Whatsit`
[INFO] [stdout] 
[INFO] [stdout] 
[INFO] [stdout] error[E0433]: failed to resolve: use of undeclared type `Whatsit`
[INFO] [stdout]   --> tests/custom_enum_derived.rs:75:9
[INFO] [stdout]    |
[INFO] [stdout] 75 |         Whatsit::from_sql(SqlVal::Text("Bar".to_string())).unwrap()
[INFO] [stdout]    |         ^^^^^^^ use of undeclared type `Whatsit`
[INFO] [stdout] 
[INFO] [stdout] 
[INFO] [stdout] error[E0433]: failed to resolve: use of undeclared type `Whatsit`
[INFO] [stdout]   --> tests/custom_enum_derived.rs:78:9
[INFO] [stdout]    |
[INFO] [stdout] 78 |         Whatsit::Baz,
[INFO] [stdout]    |         ^^^^^^^ use of undeclared type `Whatsit`
[INFO] [stdout] 
[INFO] [stdout] 
[INFO] [stdout] error[E0433]: failed to resolve: use of undeclared type `WithNullable`
[INFO] [stdout]   --> tests/nullable.rs:64:19
[INFO] [stdout]    |
[INFO] [stdout] 64 |     let mut obj = WithNullable::new(1);
[INFO] [stdout]    |                   ^^^^^^^^^^^^ use of undeclared type `WithNullable`
[INFO] [stdout] 
[INFO] [stdout] 
[INFO] [stdout] error[E0433]: failed to resolve: use of undeclared type `Whatsit`
[INFO] [stdout]   --> tests/custom_enum_derived.rs:79:9
[INFO] [stdout]    |
[INFO] [stdout] 79 |         Whatsit::from_sql(SqlVal::Text("Baz".to_string())).unwrap()
[INFO] [stdout]    |         ^^^^^^^ use of undeclared type `Whatsit`
[INFO] [stdout] 
[INFO] [stdout] 
[INFO] [stdout] error[E0433]: failed to resolve: use of undeclared type `Whatsit`
[INFO] [stdout]   --> tests/custom_enum_derived.rs:81:11
[INFO] [stdout]    |
[INFO] [stdout] 81 |     match Whatsit::from_sql(SqlVal::Text("Nope".to_string())) {
[INFO] [stdout]    |           ^^^^^^^ use of undeclared type `Whatsit`
[INFO] [stdout] 
[INFO] [stdout] 
[INFO] [stdout] error[E0433]: failed to resolve: use of undeclared type `WithNullable`
[INFO] [stdout]   --> tests/nullable.rs:67:19
[INFO] [stdout]    |
[INFO] [stdout] 67 |     let mut obj = WithNullable::new(2);
[INFO] [stdout]    |                   ^^^^^^^^^^^^ use of undeclared type `WithNullable`
[INFO] [stdout] 
[INFO] [stdout] 
[INFO] [stdout] warning: unused import: `butane::prelude`
[INFO] [stdout]  --> tests/custom_enum_derived.rs:3:5
[INFO] [stdout]   |
[INFO] [stdout] 3 | use butane::prelude::*;
[INFO] [stdout]   |     ^^^^^^^^^^^^^^^
[INFO] [stdout] 
[INFO] [stdout] 
[INFO] [stdout] warning: unused import: `ToSql`
[INFO] [stdout]  --> tests/custom_enum_derived.rs:5:55
[INFO] [stdout]   |
[INFO] [stdout] 5 | use butane::{FieldType, FromSql, ObjectState, SqlVal, ToSql};
[INFO] [stdout]   |                                                       ^^^^^
[INFO] [stdout] 
[INFO] [stdout] 
[INFO] [stdout] error[E0433]: failed to resolve: use of undeclared type `Tag`
[INFO] [stdout]   --> tests/common/blog.rs:80:19
[INFO] [stdout]    |
[INFO] [stdout] 80 |     let mut tag = Tag::new(name);
[INFO] [stdout]    |                   ^^^ use of undeclared type `Tag`
[INFO] [stdout]    |
[INFO] [stdout] help: there is an enum variant `serde::__private::de::TagContentOtherField::Tag` and 1 other; try using the variant's enum
[INFO] [stdout]    |
[INFO] [stdout] 80 |     let mut tag = serde::__private::de::TagContentOtherField(name);
[INFO] [stdout]    |                   ~~~~~~~~~~~~~~~~~~~~~~~~~~~~~~~~~~~~~~~~~~
[INFO] [stdout] 80 |     let mut tag = serde::__private::de::TagOrContentField(name);
[INFO] [stdout]    |                   ~~~~~~~~~~~~~~~~~~~~~~~~~~~~~~~~~~~~~~~
[INFO] [stdout] 
[INFO] [stdout] 
[INFO] [stdout] error[E0433]: failed to resolve: use of undeclared type `Blog`
[INFO] [stdout]   --> tests/common/blog.rs:90:25
[INFO] [stdout]    |
[INFO] [stdout] 90 |     let mut cats_blog = Blog::new(1, "Cats");
[INFO] [stdout]    |                         ^^^^ use of undeclared type `Blog`
[INFO] [stdout] 
[INFO] [stdout] 
[INFO] [stdout] error[E0433]: failed to resolve: use of undeclared type `Blog`
[INFO] [stdout]   --> tests/common/blog.rs:92:30
[INFO] [stdout]    |
[INFO] [stdout] 92 |     let mut mountains_blog = Blog::new(2, "Mountains");
[INFO] [stdout]    |                              ^^^^ use of undeclared type `Blog`
[INFO] [stdout] 
[INFO] [stdout] 
[INFO] [stdout] error[E0433]: failed to resolve: use of undeclared type `Post`
[INFO] [stdout]   --> tests/common/blog.rs:98:20
[INFO] [stdout]    |
[INFO] [stdout] 98 |     let mut post = Post::new(
[INFO] [stdout]    |                    ^^^^ use of undeclared type `Post`
[INFO] [stdout] 
[INFO] [stdout] 
[INFO] [stdout] warning: unused import: `butane::prelude`
[INFO] [stdout]  --> tests/nullable.rs:2:5
[INFO] [stdout]   |
[INFO] [stdout] 2 | use butane::prelude::*;
[INFO] [stdout]   |     ^^^^^^^^^^^^^^^
[INFO] [stdout]   |
[INFO] [stdout]   = note: `#[warn(unused_imports)]` on by default
[INFO] [stdout] 
[INFO] [stdout] 
[INFO] [stdout] error[E0433]: failed to resolve: use of undeclared type `FooJJ`
[INFO] [stdout]   --> tests/json.rs:32:19
[INFO] [stdout]    |
[INFO] [stdout] 32 |     let mut foo = FooJJ::new(id);
[INFO] [stdout]    |                   ^^^^^ use of undeclared type `FooJJ`
[INFO] [stdout] 
[INFO] [stdout] 
[INFO] [stdout] error[E0433]: failed to resolve: use of undeclared type `FooJJ`
[INFO] [stdout]   --> tests/json.rs:36:20
[INFO] [stdout]    |
[INFO] [stdout] 36 |     let mut foo2 = FooJJ::get(&conn, id).unwrap();
[INFO] [stdout]    |                    ^^^^^ use of undeclared type `FooJJ`
[INFO] [stdout] 
[INFO] [stdout] 
[INFO] [stdout] error[E0433]: failed to resolve: use of undeclared type `FooJJ`
[INFO] [stdout]   --> tests/json.rs:42:16
[INFO] [stdout]    |
[INFO] [stdout] 42 |     let foo3 = FooJJ::get(&conn, id).unwrap();
[INFO] [stdout]    |                ^^^^^ use of undeclared type `FooJJ`
[INFO] [stdout] 
[INFO] [stdout] 
[INFO] [stdout] error[E0433]: failed to resolve: use of undeclared type `FooJJ`
[INFO] [stdout]   --> tests/json.rs:50:19
[INFO] [stdout]    |
[INFO] [stdout] 50 |     let mut foo = FooJJ::new(id);
[INFO] [stdout]    |                   ^^^^^ use of undeclared type `FooJJ`
[INFO] [stdout] 
[INFO] [stdout] 
[INFO] [stdout] error[E0433]: failed to resolve: use of undeclared type `FooJJ`
[INFO] [stdout]   --> tests/json.rs:65:20
[INFO] [stdout]    |
[INFO] [stdout] 65 |     let mut foo2 = FooJJ::get(&conn, id).unwrap();
[INFO] [stdout]    |                    ^^^^^ use of undeclared type `FooJJ`
[INFO] [stdout] 
[INFO] [stdout] 
[INFO] [stdout] error: aborting due to 27 previous errors; 3 warnings emitted
[INFO] [stdout] 
[INFO] [stdout] 
[INFO] [stdout] Some errors have detailed explanations: E0412, E0422, E0432, E0433.
[INFO] [stdout] 
[INFO] [stdout] For more information about an error, try `rustc --explain E0412`.
[INFO] [stdout] 
[INFO] [stdout] error[E0433]: failed to resolve: use of undeclared type `FooJJ`
[INFO] [stdout]   --> tests/json.rs:71:16
[INFO] [stdout]    |
[INFO] [stdout] 71 |     let foo3 = FooJJ::get(&conn, id).unwrap();
[INFO] [stdout]    |                ^^^^^ use of undeclared type `FooJJ`
[INFO] [stdout] 
[INFO] [stdout] 
[INFO] [stdout] error[E0433]: failed to resolve: use of undeclared type `FooHH`
[INFO] [stdout]   --> tests/json.rs:96:19
[INFO] [stdout]    |
[INFO] [stdout] 96 |     let mut foo = FooHH::new(id);
[INFO] [stdout]    |                   ^^^^^ use of undeclared type `FooHH`
[INFO] [stdout] 
[INFO] [stdout] 
[INFO] [stdout] error[E0433]: failed to resolve: use of undeclared type `FooHH`
[INFO] [stdout]    --> tests/json.rs:104:20
[INFO] [stdout]     |
[INFO] [stdout] 104 |     let mut foo2 = FooHH::get(&conn, id).unwrap();
[INFO] [stdout]     |                    ^^^^^ use of undeclared type `FooHH`
[INFO] [stdout] 
[INFO] [stdout] 
[INFO] [stdout] error[E0433]: failed to resolve: use of undeclared type `FooHH`
[INFO] [stdout]    --> tests/json.rs:110:16
[INFO] [stdout]     |
[INFO] [stdout] 110 |     let foo3 = FooHH::get(&conn, id).unwrap();
[INFO] [stdout]     |                ^^^^^ use of undeclared type `FooHH`
[INFO] [stdout] 
[INFO] [stdout] 
[INFO] [stdout] error: aborting due to 19 previous errors; 1 warning emitted
[INFO] [stdout] 
[INFO] [stdout] 
[INFO] [stdout] Some errors have detailed explanations: E0412, E0422, E0432, E0433.
[INFO] [stdout] 
[INFO] [stdout] For more information about an error, try `rustc --explain E0412`.
[INFO] [stdout] 
[INFO] [stderr] error: could not compile `butane` (test "custom_enum_derived") due to 28 previous errors; 3 warnings emitted
[INFO] [stdout] error[E0433]: failed to resolve: use of undeclared type `FooHHO`
[INFO] [stdout]    --> tests/json.rs:141:19
[INFO] [stdout]     |
[INFO] [stdout] 141 |     let mut foo = FooHHO::new(id);
[INFO] [stdout]     |                   ^^^^^^ use of undeclared type `FooHHO`
[INFO] [stdout] 
[INFO] [stdout] 
[INFO] [stdout] error[E0433]: failed to resolve: use of undeclared type `FooHHO`
[INFO] [stdout]    --> tests/json.rs:149:20
[INFO] [stdout]     |
[INFO] [stdout] 149 |     let mut foo2 = FooHHO::get(&conn, id).unwrap();
[INFO] [stdout]     |                    ^^^^^^ use of undeclared type `FooHHO`
[INFO] [stdout] 
[INFO] [stdout] 
[INFO] [stdout] error[E0433]: failed to resolve: use of undeclared type `FooHHO`
[INFO] [stdout]    --> tests/json.rs:155:16
[INFO] [stdout]     |
[INFO] [stdout] 155 |     let foo3 = FooHHO::get(&conn, id).unwrap();
[INFO] [stdout]     |                ^^^^^^ use of undeclared type `FooHHO`
[INFO] [stdout] 
[INFO] [stdout] 
[INFO] [stderr] error: could not compile `butane` (test "nullable") due to 20 previous errors; 1 warning emitted
[INFO] [stdout] error[E0599]: no function or associated item named `now` found for struct `Utc` in the current scope
[INFO] [stdout]    --> tests/common/blog.rs:105:31
[INFO] [stdout]     |
[INFO] [stdout] 105 |     post.pub_time = Some(Utc::now().naive_utc());
[INFO] [stdout]     |                               ^^^ function or associated item not found in `Utc`
[INFO] [stdout] 
[INFO] [stdout] 
[INFO] [stdout] error[E0433]: failed to resolve: use of undeclared type `Post`
[INFO] [stdout]    --> tests/common/blog.rs:111:20
[INFO] [stdout]     |
[INFO] [stdout] 111 |     let mut post = Post::new(
[INFO] [stdout]     |                    ^^^^ use of undeclared type `Post`
[INFO] [stdout] 
[INFO] [stdout] 
[INFO] [stdout] error[E0433]: failed to resolve: use of undeclared type `Post`
[INFO] [stdout]    --> tests/common/blog.rs:121:20
[INFO] [stdout]     |
[INFO] [stdout] 121 |     let mut post = Post::new(
[INFO] [stdout]     |                    ^^^^ use of undeclared type `Post`
[INFO] [stdout] 
[INFO] [stdout] 
[INFO] [stdout] error[E0433]: failed to resolve: use of undeclared type `Post`
[INFO] [stdout]    --> tests/common/blog.rs:132:20
[INFO] [stdout]     |
[INFO] [stdout] 132 |     let mut post = Post::new(
[INFO] [stdout]     |                    ^^^^ use of undeclared type `Post`
[INFO] [stdout] 
[INFO] [stdout] 
[INFO] [stdout] error[E0433]: failed to resolve: use of undeclared type `OuterFoo`
[INFO] [stdout]    --> tests/json.rs:191:19
[INFO] [stdout]     |
[INFO] [stdout] 191 |     let mut foo = OuterFoo::new(id, InlineFoo::new(4, 8));
[INFO] [stdout]     |                   ^^^^^^^^ use of undeclared type `OuterFoo`
[INFO] [stdout] 
[INFO] [stdout] 
[INFO] [stdout] error[E0433]: failed to resolve: use of undeclared type `OuterFoo`
[INFO] [stdout]    --> tests/json.rs:195:20
[INFO] [stdout]     |
[INFO] [stdout] 195 |     let mut foo2 = OuterFoo::get(&conn, id).unwrap();
[INFO] [stdout]     |                    ^^^^^^^^ use of undeclared type `OuterFoo`
[INFO] [stdout] 
[INFO] [stdout] 
[INFO] [stdout] error[E0433]: failed to resolve: use of undeclared type `OuterFoo`
[INFO] [stdout]    --> tests/json.rs:201:16
[INFO] [stdout]     |
[INFO] [stdout] 201 |     let foo3 = OuterFoo::get(&conn, id).unwrap();
[INFO] [stdout]     |                ^^^^^^^^ use of undeclared type `OuterFoo`
[INFO] [stdout] 
[INFO] [stdout] 
[INFO] [stdout] warning: unused import: `butane::prelude`
[INFO] [stdout]  --> tests/json.rs:4:5
[INFO] [stdout]   |
[INFO] [stdout] 4 | use butane::prelude::*;
[INFO] [stdout]   |     ^^^^^^^^^^^^^^^
[INFO] [stdout]   |
[INFO] [stdout]   = note: `#[warn(unused_imports)]` on by default
[INFO] [stdout] 
[INFO] [stdout] 
[INFO] [stdout] error[E0433]: failed to resolve: use of undeclared type `AutoPkWithMany`
[INFO] [stdout]    --> tests/many.rs:114:19
[INFO] [stdout]     |
[INFO] [stdout] 114 |     let mut obj = AutoPkWithMany::new();
[INFO] [stdout]     |                   ^^^^^^^^^^^^^^ use of undeclared type `AutoPkWithMany`
[INFO] [stdout] 
[INFO] [stdout] 
[INFO] [stdout] error[E0433]: failed to resolve: use of undeclared type `AutoPkWithMany`
[INFO] [stdout]    --> tests/many.rs:119:15
[INFO] [stdout]     |
[INFO] [stdout] 119 |     let obj = AutoPkWithMany::get(&conn, obj.id).unwrap();
[INFO] [stdout]     |               ^^^^^^^^^^^^^^ use of undeclared type `AutoPkWithMany`
[INFO] [stdout] 
[INFO] [stdout] 
[INFO] [stdout] error[E0433]: failed to resolve: use of undeclared type `AutoPkWithMany`
[INFO] [stdout]    --> tests/many.rs:131:19
[INFO] [stdout]     |
[INFO] [stdout] 131 |     let mut obj = AutoPkWithMany::new();
[INFO] [stdout]     |                   ^^^^^^^^^^^^^^ use of undeclared type `AutoPkWithMany`
[INFO] [stdout] 
[INFO] [stdout] 
[INFO] [stdout] error[E0433]: failed to resolve: use of undeclared type `RenamedAutoPkWithMany`
[INFO] [stdout]    --> tests/many.rs:139:19
[INFO] [stdout]     |
[INFO] [stdout] 139 |     let mut obj = RenamedAutoPkWithMany::new();
[INFO] [stdout]     |                   ^^^^^^^^^^^^^^^^^^^^^ use of undeclared type `RenamedAutoPkWithMany`
[INFO] [stdout] 
[INFO] [stdout] 
[INFO] [stdout] error[E0433]: failed to resolve: use of undeclared type `RenamedAutoPkWithMany`
[INFO] [stdout]    --> tests/many.rs:144:15
[INFO] [stdout]     |
[INFO] [stdout] 144 |     let obj = RenamedAutoPkWithMany::get(&conn, obj.id).unwrap();
[INFO] [stdout]     |               ^^^^^^^^^^^^^^^^^^^^^ use of undeclared type `RenamedAutoPkWithMany`
[INFO] [stdout] 
[INFO] [stdout] 
[INFO] [stdout] warning: unused import: `butane::prelude`
[INFO] [stdout]  --> tests/common/blog.rs:1:5
[INFO] [stdout]   |
[INFO] [stdout] 1 | use butane::prelude::*;
[INFO] [stdout]   |     ^^^^^^^^^^^^^^^
[INFO] [stdout]   |
[INFO] [stdout]   = note: `#[warn(unused_imports)]` on by default
[INFO] [stdout] 
[INFO] [stdout] 
[INFO] [stdout] warning: unused import: `butane::prelude`
[INFO] [stdout]  --> tests/many.rs:2:5
[INFO] [stdout]   |
[INFO] [stdout] 2 | use butane::prelude::*;
[INFO] [stdout]   |     ^^^^^^^^^^^^^^^
[INFO] [stdout] 
[INFO] [stdout] 
[INFO] [stdout] error: aborting due to 34 previous errors; 1 warning emitted
[INFO] [stdout] 
[INFO] [stdout] 
[INFO] [stdout] Some errors have detailed explanations: E0412, E0422, E0432, E0433.
[INFO] [stdout] 
[INFO] [stdout] For more information about an error, try `rustc --explain E0412`.
[INFO] [stdout] 
[INFO] [stdout] error: aborting due to 40 previous errors; 2 warnings emitted
[INFO] [stdout] 
[INFO] [stdout] 
[INFO] [stdout] Some errors have detailed explanations: E0412, E0422, E0432, E0433, E0599.
[INFO] [stdout] 
[INFO] [stdout] For more information about an error, try `rustc --explain E0412`.
[INFO] [stdout] 
[INFO] [stderr] error: could not compile `butane` (test "json") due to 35 previous errors; 1 warning emitted
[INFO] [stderr] error: could not compile `butane` (test "many") due to 41 previous errors; 2 warnings emitted
[INFO] running `Command { std: "docker" "inspect" "b3d4d788d84c16e97b5889c39e8c9e839533ad8fea1156614c996f964ae8e047", kill_on_drop: false }`
[INFO] running `Command { std: "docker" "rm" "-f" "b3d4d788d84c16e97b5889c39e8c9e839533ad8fea1156614c996f964ae8e047", kill_on_drop: false }`
[INFO] [stdout] b3d4d788d84c16e97b5889c39e8c9e839533ad8fea1156614c996f964ae8e047
