[INFO] fetching crate burble 0.2.2...
[INFO] testing burble-0.2.2 against 1.75.0 for beta-1.76-1
[INFO] extracting crate burble 0.2.2 into /workspace/builds/worker-1-tc1/source
[INFO] validating manifest of crates.io crate burble 0.2.2 on toolchain 1.75.0
[INFO] running `Command { std: CARGO_HOME="/workspace/cargo-home" RUSTUP_HOME="/workspace/rustup-home" "/workspace/cargo-home/bin/cargo" "+1.75.0" "metadata" "--manifest-path" "Cargo.toml" "--no-deps", kill_on_drop: false }`
[INFO] removed /workspace/builds/worker-1-tc1/source/.cargo/config.toml
[INFO] started tweaking crates.io crate burble 0.2.2
[INFO] finished tweaking crates.io crate burble 0.2.2
[INFO] tweaked toml for crates.io crate burble 0.2.2 written to /workspace/builds/worker-1-tc1/source/Cargo.toml
[INFO] crate crates.io crate burble 0.2.2 already has a lockfile, it will not be regenerated
[INFO] running `Command { std: CARGO_HOME="/workspace/cargo-home" RUSTUP_HOME="/workspace/rustup-home" "/workspace/cargo-home/bin/cargo" "+1.75.0" "fetch" "--manifest-path" "Cargo.toml", kill_on_drop: false }`
[INFO] [stderr]     Updating crates.io index
[INFO] [stderr]     Blocking waiting for file lock on package cache
[INFO] [stderr]  Downloading crates ...
[INFO] [stderr]   Downloaded enum-iterator v1.4.0
[INFO] [stderr]   Downloaded spki v0.7.0
[INFO] [stderr]   Downloaded serde_derive v1.0.154
[INFO] [stderr]   Downloaded dbl v0.3.2
[INFO] [stderr]   Downloaded structbuf v0.3.4
[INFO] [stderr]   Downloaded signature v2.0.0
[INFO] [stderr]   Downloaded thiserror v1.0.39
[INFO] [stderr]   Downloaded rusb v0.9.1
[INFO] [stderr]   Downloaded burble-const v0.2.2
[INFO] [stderr]   Downloaded tokio-util v0.7.7
[INFO] [stderr]   Downloaded const_format v0.2.30
[INFO] [stderr]   Downloaded der v0.7.1
[INFO] [stderr]   Downloaded cmac v0.7.1
[INFO] [stderr]   Downloaded blake3 v1.3.3
[INFO] [stderr]   Downloaded libusb1-sys v0.6.4
[INFO] [stderr]   Downloaded aes v0.8.2
[INFO] [stderr]   Downloaded tokio v1.26.0
[INFO] [stderr]   Downloaded anyhow v1.0.69
[INFO] [stderr]   Downloaded p256 v0.13.0
[INFO] [stderr]   Downloaded crypto-bigint v0.5.0
[INFO] [stderr]   Downloaded elliptic-curve v0.13.2
[INFO] [stderr]   Downloaded burble-crypto v0.2.2
[INFO] [stderr]   Downloaded thiserror-impl v1.0.39
[INFO] [stderr]   Downloaded zeroize_derive v1.3.3
[INFO] [stderr]   Downloaded ecdsa v0.16.1
[INFO] [stderr]   Downloaded sscanf v0.4.0
[INFO] [stderr]   Downloaded constant_time_eq v0.2.4
[INFO] [stderr]   Downloaded tokio-macros v1.8.2
[INFO] [stderr]   Downloaded primeorder v0.13.0
[INFO] [stderr]   Downloaded sec1 v0.7.1
[INFO] [stderr]   Downloaded pkcs8 v0.10.1
[INFO] [stderr]   Downloaded const_format_proc_macros v0.2.29
[INFO] [stderr]   Downloaded enum-iterator-derive v1.2.0
[INFO] [stderr]   Downloaded serde v1.0.154
[INFO] [stderr]   Downloaded bitflags v2.0.1
[INFO] [stderr]   Downloaded sscanf_macro v0.4.0
[INFO] running `Command { std: "docker" "create" "-v" "/var/lib/crater-agent-workspace/builds/worker-1-tc1/target:/opt/rustwide/target:rw,Z" "-v" "/var/lib/crater-agent-workspace/builds/worker-1-tc1/source:/opt/rustwide/workdir:ro,Z" "-v" "/var/lib/crater-agent-workspace/cargo-home:/opt/rustwide/cargo-home:ro,Z" "-v" "/var/lib/crater-agent-workspace/rustup-home:/opt/rustwide/rustup-home:ro,Z" "-e" "SOURCE_DIR=/opt/rustwide/workdir" "-e" "CARGO_TARGET_DIR=/opt/rustwide/target" "-e" "CARGO_HOME=/opt/rustwide/cargo-home" "-e" "RUSTUP_HOME=/opt/rustwide/rustup-home" "-w" "/opt/rustwide/workdir" "-m" "1610612736" "--user" "0:0" "--network" "none" "ghcr.io/rust-lang/crates-build-env/linux@sha256:2788e3201cd34a07e3172128adcd8b3090168a8e3bcc40d7c032b9dda1df7d1c" "/opt/rustwide/cargo-home/bin/cargo" "+1.75.0" "metadata" "--no-deps" "--format-version=1", kill_on_drop: false }`
[INFO] [stdout] a375696171a2e261622b258053d89d520735340c19e3b2ef3924024638d0f436
[INFO] running `Command { std: "docker" "start" "-a" "a375696171a2e261622b258053d89d520735340c19e3b2ef3924024638d0f436", kill_on_drop: false }`
[INFO] running `Command { std: "docker" "inspect" "a375696171a2e261622b258053d89d520735340c19e3b2ef3924024638d0f436", kill_on_drop: false }`
[INFO] running `Command { std: "docker" "rm" "-f" "a375696171a2e261622b258053d89d520735340c19e3b2ef3924024638d0f436", kill_on_drop: false }`
[INFO] [stdout] a375696171a2e261622b258053d89d520735340c19e3b2ef3924024638d0f436
[INFO] running `Command { std: "docker" "create" "-v" "/var/lib/crater-agent-workspace/builds/worker-1-tc1/target:/opt/rustwide/target:rw,Z" "-v" "/var/lib/crater-agent-workspace/builds/worker-1-tc1/source:/opt/rustwide/workdir:ro,Z" "-v" "/var/lib/crater-agent-workspace/cargo-home:/opt/rustwide/cargo-home:ro,Z" "-v" "/var/lib/crater-agent-workspace/rustup-home:/opt/rustwide/rustup-home:ro,Z" "-e" "SOURCE_DIR=/opt/rustwide/workdir" "-e" "CARGO_TARGET_DIR=/opt/rustwide/target" "-e" "CARGO_INCREMENTAL=0" "-e" "RUST_BACKTRACE=full" "-e" "RUSTFLAGS=--cap-lints=warn" "-e" "RUSTDOCFLAGS=--cap-lints=warn" "-e" "CARGO_HOME=/opt/rustwide/cargo-home" "-e" "RUSTUP_HOME=/opt/rustwide/rustup-home" "-w" "/opt/rustwide/workdir" "-m" "1610612736" "--user" "0:0" "--network" "none" "ghcr.io/rust-lang/crates-build-env/linux@sha256:2788e3201cd34a07e3172128adcd8b3090168a8e3bcc40d7c032b9dda1df7d1c" "/opt/rustwide/cargo-home/bin/cargo" "+1.75.0" "build" "--frozen" "--message-format=json", kill_on_drop: false }`
[INFO] [stdout] 0d7fc8541a7f4c756cfa287e0603db769ae7faf9c69ead9d733c67b1960b9455
[INFO] running `Command { std: "docker" "start" "-a" "0d7fc8541a7f4c756cfa287e0603db769ae7faf9c69ead9d733c67b1960b9455", kill_on_drop: false }`
[INFO] [stderr]    Compiling proc-macro2 v1.0.51
[INFO] [stderr]    Compiling quote v1.0.23
[INFO] [stderr]    Compiling syn v1.0.109
[INFO] [stderr]    Compiling unicode-xid v0.2.4
[INFO] [stderr]    Compiling typenum v1.16.0
[INFO] [stderr]    Compiling libc v0.2.140
[INFO] [stderr]    Compiling subtle v2.4.1
[INFO] [stderr]    Compiling const-oid v0.9.2
[INFO] [stderr]    Compiling smallvec v1.10.0
[INFO] [stderr]    Compiling base16ct v0.2.0
[INFO] [stderr]    Compiling generic-array v0.14.6
[INFO] [stderr]    Compiling indexmap v1.9.2
[INFO] [stderr]    Compiling hashbrown v0.12.3
[INFO] [stderr]    Compiling lock_api v0.4.9
[INFO] [stderr]    Compiling serde_derive v1.0.154
[INFO] [stderr]    Compiling winnow v0.3.5
[INFO] [stderr]    Compiling parking_lot_core v0.9.7
[INFO] [stderr]    Compiling toml_datetime v0.6.1
[INFO] [stderr]    Compiling libusb1-sys v0.6.4
[INFO] [stderr]    Compiling cpufeatures v0.2.5
[INFO] [stderr]    Compiling scopeguard v1.1.0
[INFO] [stderr]    Compiling serde v1.0.154
[INFO] [stderr]    Compiling tokio v1.26.0
[INFO] [stderr]    Compiling futures-core v0.3.26
[INFO] [stderr]    Compiling paste v1.0.12
[INFO] [stderr]    Compiling structbuf v0.3.4
[INFO] [stderr]    Compiling blake3 v1.3.3
[INFO] [stderr]    Compiling rusb v0.9.1
[INFO] [stderr]    Compiling thiserror v1.0.39
[INFO] [stderr]    Compiling arrayvec v0.7.2
[INFO] [stderr]    Compiling arrayref v0.3.6
[INFO] [stderr]    Compiling constant_time_eq v0.2.4
[INFO] [stderr]    Compiling futures-sink v0.3.26
[INFO] [stderr]    Compiling bytes v1.4.0
[INFO] [stderr]    Compiling getrandom v0.2.8
[INFO] [stderr]    Compiling rand_core v0.6.4
[INFO] [stderr]    Compiling parking_lot v0.12.1
[INFO] [stderr]    Compiling ff v0.13.0
[INFO] [stderr]    Compiling group v0.13.0
[INFO] [stderr]    Compiling toml_edit v0.19.4
[INFO] [stderr]    Compiling proc-macro-crate v1.3.1
[INFO] [stderr]    Compiling synstructure v0.12.6
[INFO] [stderr]    Compiling zeroize_derive v1.3.3
[INFO] [stderr]    Compiling num_enum_derive v0.5.11
[INFO] [stderr]    Compiling tokio-macros v1.8.2
[INFO] [stderr]    Compiling enum-iterator-derive v1.2.0
[INFO] [stderr]    Compiling pin-project-internal v1.0.12
[INFO] [stderr]    Compiling thiserror-impl v1.0.39
[INFO] [stderr]    Compiling tracing-attributes v0.1.23
[INFO] [stderr]    Compiling zeroize v1.5.7
[INFO] [stderr]    Compiling der v0.7.1
[INFO] [stderr]    Compiling enum-iterator v1.4.0
[INFO] [stderr]    Compiling pin-project v1.0.12
[INFO] [stderr]    Compiling crypto-common v0.1.6
[INFO] [stderr]    Compiling block-buffer v0.10.4
[INFO] [stderr]    Compiling crypto-bigint v0.5.0
[INFO] [stderr]    Compiling inout v0.1.3
[INFO] [stderr]    Compiling dbl v0.3.2
[INFO] [stderr]    Compiling cipher v0.4.4
[INFO] [stderr]    Compiling digest v0.10.6
[INFO] [stderr]    Compiling num_enum v0.5.11
[INFO] [stderr]    Compiling tracing v0.1.37
[INFO] [stderr]    Compiling burble-const v0.2.2
[INFO] [stderr]    Compiling hmac v0.12.1
[INFO] [stderr]    Compiling signature v2.0.0
[INFO] [stderr]    Compiling sha2 v0.10.6
[INFO] [stderr]    Compiling aes v0.8.2
[INFO] [stderr]    Compiling cmac v0.7.1
[INFO] [stderr]    Compiling hkdf v0.12.3
[INFO] [stderr]    Compiling rfc6979 v0.4.0
[INFO] [stderr]    Compiling spki v0.7.0
[INFO] [stderr]    Compiling sec1 v0.7.1
[INFO] [stderr]    Compiling pkcs8 v0.10.1
[INFO] [stderr]    Compiling elliptic-curve v0.13.2
[INFO] [stderr]    Compiling ecdsa v0.16.1
[INFO] [stderr]    Compiling primeorder v0.13.0
[INFO] [stderr]    Compiling tokio-util v0.7.7
[INFO] [stderr]    Compiling p256 v0.13.0
[INFO] [stderr]    Compiling burble-crypto v0.2.2
[INFO] [stderr]    Compiling bitflags v2.0.1
[INFO] [stderr]    Compiling burble v0.2.2 (/opt/rustwide/workdir)
[INFO] [stdout] warning: unused import: `LIBUSB_LOG_LEVEL_NONE`
[INFO] [stdout]    --> src/host/usb.rs:347:9
[INFO] [stdout]     |
[INFO] [stdout] 347 |         LIBUSB_LOG_LEVEL_NONE, LIBUSB_LOG_LEVEL_WARNING,
[INFO] [stdout]     |         ^^^^^^^^^^^^^^^^^^^^^
[INFO] [stdout]     |
[INFO] [stdout]     = note: `#[warn(unused_imports)]` on by default
[INFO] [stdout] 
[INFO] [stdout] 
[INFO] [stdout] warning: variable does not need to be mutable
[INFO] [stdout]    --> src/hci/event/event.rs:590:13
[INFO] [stdout]     |
[INFO] [stdout] 590 |         let mut r = rs.get(self.id);
[INFO] [stdout]     |             ----^
[INFO] [stdout]     |             |
[INFO] [stdout]     |             help: remove this `mut`
[INFO] [stdout]     |
[INFO] [stdout]     = note: `#[warn(unused_mut)]` on by default
[INFO] [stdout] 
[INFO] [stdout] 
[INFO] [stdout] warning: variable does not need to be mutable
[INFO] [stdout]    --> src/host/usb.rs:442:17
[INFO] [stdout]     |
[INFO] [stdout] 442 |             let mut inner = t.inner_mut();
[INFO] [stdout]     |                 ----^^^^^
[INFO] [stdout]     |                 |
[INFO] [stdout]     |                 help: remove this `mut`
[INFO] [stdout] 
[INFO] [stdout] 
[INFO] [stdout] warning: variable does not need to be mutable
[INFO] [stdout]    --> src/host/usb.rs:548:17
[INFO] [stdout]     |
[INFO] [stdout] 548 |             let mut inner = self.inner_mut();
[INFO] [stdout]     |                 ----^^^^^
[INFO] [stdout]     |                 |
[INFO] [stdout]     |                 help: remove this `mut`
[INFO] [stdout] 
[INFO] [stdout] 
[INFO] [stdout] warning: 4 warnings emitted
[INFO] [stdout] 
[INFO] [stdout] 
[INFO] [stderr]     Finished dev [unoptimized + debuginfo] target(s) in 18.55s
[INFO] running `Command { std: "docker" "inspect" "0d7fc8541a7f4c756cfa287e0603db769ae7faf9c69ead9d733c67b1960b9455", kill_on_drop: false }`
[INFO] running `Command { std: "docker" "rm" "-f" "0d7fc8541a7f4c756cfa287e0603db769ae7faf9c69ead9d733c67b1960b9455", kill_on_drop: false }`
[INFO] [stdout] 0d7fc8541a7f4c756cfa287e0603db769ae7faf9c69ead9d733c67b1960b9455
[INFO] running `Command { std: "docker" "create" "-v" "/var/lib/crater-agent-workspace/builds/worker-1-tc1/target:/opt/rustwide/target:rw,Z" "-v" "/var/lib/crater-agent-workspace/builds/worker-1-tc1/source:/opt/rustwide/workdir:ro,Z" "-v" "/var/lib/crater-agent-workspace/cargo-home:/opt/rustwide/cargo-home:ro,Z" "-v" "/var/lib/crater-agent-workspace/rustup-home:/opt/rustwide/rustup-home:ro,Z" "-e" "SOURCE_DIR=/opt/rustwide/workdir" "-e" "CARGO_TARGET_DIR=/opt/rustwide/target" "-e" "CARGO_INCREMENTAL=0" "-e" "RUST_BACKTRACE=full" "-e" "RUSTFLAGS=--cap-lints=warn" "-e" "RUSTDOCFLAGS=--cap-lints=warn" "-e" "CARGO_HOME=/opt/rustwide/cargo-home" "-e" "RUSTUP_HOME=/opt/rustwide/rustup-home" "-w" "/opt/rustwide/workdir" "-m" "1610612736" "--user" "0:0" "--network" "none" "ghcr.io/rust-lang/crates-build-env/linux@sha256:2788e3201cd34a07e3172128adcd8b3090168a8e3bcc40d7c032b9dda1df7d1c" "/opt/rustwide/cargo-home/bin/cargo" "+1.75.0" "test" "--frozen" "--no-run" "--message-format=json", kill_on_drop: false }`
[INFO] [stdout] 7b62edc846d9f3b7b46d0a8f750d16ebe8c1766e3fde4a15b6e7106b008b2684
[INFO] running `Command { std: "docker" "start" "-a" "7b62edc846d9f3b7b46d0a8f750d16ebe8c1766e3fde4a15b6e7106b008b2684", kill_on_drop: false }`
[INFO] [stderr]    Compiling libc v0.2.140
[INFO] [stderr]    Compiling proc-macro-error-attr v1.0.4
[INFO] [stderr]    Compiling io-lifetimes v1.0.6
[INFO] [stderr]    Compiling proc-macro-error v1.0.4
[INFO] [stderr]    Compiling tracing-core v0.1.30
[INFO] [stderr]    Compiling tokio v1.26.0
[INFO] [stderr]    Compiling rustix v0.36.9
[INFO] [stderr]    Compiling regex-syntax v0.6.28
[INFO] [stderr]    Compiling linux-raw-sys v0.1.4
[INFO] [stderr]    Compiling const_format_proc_macros v0.2.29
[INFO] [stderr]    Compiling anyhow v1.0.69
[INFO] [stderr]    Compiling heck v0.4.1
[INFO] [stderr]    Compiling unicode-width v0.1.10
[INFO] [stderr]    Compiling os_str_bytes v6.4.1
[INFO] [stderr]    Compiling overload v0.1.1
[INFO] [stderr]    Compiling sharded-slab v0.1.4
[INFO] [stderr]    Compiling nu-ansi-term v0.46.0
[INFO] [stderr]    Compiling thread_local v1.1.7
[INFO] [stderr]    Compiling clap_lex v0.3.2
[INFO] [stderr]    Compiling termcolor v1.2.0
[INFO] [stderr]    Compiling matches v0.1.10
[INFO] [stderr]    Compiling tracing-log v0.1.3
[INFO] [stderr]    Compiling tracing v0.1.37
[INFO] [stderr]    Compiling tracing-subscriber v0.3.16
[INFO] [stderr]    Compiling const_format v0.2.30
[INFO] [stderr]    Compiling clap_derive v4.1.8
[INFO] [stderr]    Compiling getrandom v0.2.8
[INFO] [stderr]    Compiling parking_lot_core v0.9.7
[INFO] [stderr]    Compiling signal-hook-registry v1.4.1
[INFO] [stderr]    Compiling mio v0.8.6
[INFO] [stderr]    Compiling libusb1-sys v0.6.4
[INFO] [stderr]    Compiling rusb v0.9.1
[INFO] [stderr]    Compiling rand_core v0.6.4
[INFO] [stderr]    Compiling parking_lot v0.12.1
[INFO] [stderr]    Compiling ff v0.13.0
[INFO] [stderr]    Compiling crypto-bigint v0.5.0
[INFO] [stderr]    Compiling signature v2.0.0
[INFO] [stderr]    Compiling group v0.13.0
[INFO] [stderr]    Compiling regex v1.7.1
[INFO] [stderr]    Compiling sscanf_macro v0.4.0
[INFO] [stderr]    Compiling elliptic-curve v0.13.2
[INFO] [stderr]    Compiling is-terminal v0.4.4
[INFO] [stderr]    Compiling clap v4.1.8
[INFO] [stderr]    Compiling primeorder v0.13.0
[INFO] [stderr]    Compiling ecdsa v0.16.1
[INFO] [stderr]    Compiling p256 v0.13.0
[INFO] [stderr]    Compiling burble-crypto v0.2.2
[INFO] [stderr]    Compiling sscanf v0.4.0
[INFO] [stderr]    Compiling tokio-util v0.7.7
[INFO] [stderr]    Compiling burble v0.2.2 (/opt/rustwide/workdir)
[INFO] [stdout] warning: unused import: `LIBUSB_LOG_LEVEL_NONE`
[INFO] [stdout]    --> src/host/usb.rs:347:9
[INFO] [stdout]     |
[INFO] [stdout] 347 |         LIBUSB_LOG_LEVEL_NONE, LIBUSB_LOG_LEVEL_WARNING,
[INFO] [stdout]     |         ^^^^^^^^^^^^^^^^^^^^^
[INFO] [stdout]     |
[INFO] [stdout]     = note: `#[warn(unused_imports)]` on by default
[INFO] [stdout] 
[INFO] [stdout] 
[INFO] [stdout] warning: unused import: `LIBUSB_LOG_LEVEL_NONE`
[INFO] [stdout]    --> src/host/usb.rs:347:9
[INFO] [stdout]     |
[INFO] [stdout] 347 |         LIBUSB_LOG_LEVEL_NONE, LIBUSB_LOG_LEVEL_WARNING,
[INFO] [stdout]     |         ^^^^^^^^^^^^^^^^^^^^^
[INFO] [stdout]     |
[INFO] [stdout]     = note: `#[warn(unused_imports)]` on by default
[INFO] [stdout] 
[INFO] [stdout] 
[INFO] [stdout] warning: variable does not need to be mutable
[INFO] [stdout]    --> src/hci/event/event.rs:590:13
[INFO] [stdout]     |
[INFO] [stdout] 590 |         let mut r = rs.get(self.id);
[INFO] [stdout]     |             ----^
[INFO] [stdout]     |             |
[INFO] [stdout]     |             help: remove this `mut`
[INFO] [stdout]     |
[INFO] [stdout]     = note: `#[warn(unused_mut)]` on by default
[INFO] [stdout] 
[INFO] [stdout] 
[INFO] [stdout] warning: variable does not need to be mutable
[INFO] [stdout]    --> src/host/usb.rs:442:17
[INFO] [stdout]     |
[INFO] [stdout] 442 |             let mut inner = t.inner_mut();
[INFO] [stdout]     |                 ----^^^^^
[INFO] [stdout]     |                 |
[INFO] [stdout]     |                 help: remove this `mut`
[INFO] [stdout] 
[INFO] [stdout] 
[INFO] [stdout] warning: variable does not need to be mutable
[INFO] [stdout]    --> src/host/usb.rs:548:17
[INFO] [stdout]     |
[INFO] [stdout] 548 |             let mut inner = self.inner_mut();
[INFO] [stdout]     |                 ----^^^^^
[INFO] [stdout]     |                 |
[INFO] [stdout]     |                 help: remove this `mut`
[INFO] [stdout] 
[INFO] [stdout] 
[INFO] [stdout] warning: variable does not need to be mutable
[INFO] [stdout]    --> src/hci/event/event.rs:590:13
[INFO] [stdout]     |
[INFO] [stdout] 590 |         let mut r = rs.get(self.id);
[INFO] [stdout]     |             ----^
[INFO] [stdout]     |             |
[INFO] [stdout]     |             help: remove this `mut`
[INFO] [stdout]     |
[INFO] [stdout]     = note: `#[warn(unused_mut)]` on by default
[INFO] [stdout] 
[INFO] [stdout] 
[INFO] [stdout] warning: variable does not need to be mutable
[INFO] [stdout]    --> src/host/usb.rs:442:17
[INFO] [stdout]     |
[INFO] [stdout] 442 |             let mut inner = t.inner_mut();
[INFO] [stdout]     |                 ----^^^^^
[INFO] [stdout]     |                 |
[INFO] [stdout]     |                 help: remove this `mut`
[INFO] [stdout] 
[INFO] [stdout] 
[INFO] [stdout] warning: variable does not need to be mutable
[INFO] [stdout]    --> src/host/usb.rs:548:17
[INFO] [stdout]     |
[INFO] [stdout] 548 |             let mut inner = self.inner_mut();
[INFO] [stdout]     |                 ----^^^^^
[INFO] [stdout]     |                 |
[INFO] [stdout]     |                 help: remove this `mut`
[INFO] [stdout] 
[INFO] [stdout] 
[INFO] [stdout] warning: 4 warnings emitted
[INFO] [stdout] 
[INFO] [stdout] 
[INFO] [stdout] error[E0433]: failed to resolve: use of undeclared crate or module `burble_fs`
[INFO] [stdout]    --> examples/server.rs:125:46
[INFO] [stdout]     |
[INFO] [stdout] 125 |     let srv = gatt::Server::new(db, Arc::new(burble_fs::GattServerStore::per_user("burble")));
[INFO] [stdout]     |                                              ^^^^^^^^^ use of undeclared crate or module `burble_fs`
[INFO] [stdout]     |
[INFO] [stdout] help: there is a crate or module with a similar name
[INFO] [stdout]     |
[INFO] [stdout] 125 |     let srv = gatt::Server::new(db, Arc::new(burble::GattServerStore::per_user("burble")));
[INFO] [stdout]     |                                              ~~~~~~
[INFO] [stdout] 
[INFO] [stdout] 
[INFO] [stdout] error[E0433]: failed to resolve: use of undeclared crate or module `burble_fs`
[INFO] [stdout]    --> examples/server.rs:128:50
[INFO] [stdout]     |
[INFO] [stdout] 128 |     let key_store: Arc<smp::KeyStore> = Arc::new(burble_fs::KeyStore::per_user("burble"));
[INFO] [stdout]     |                                                  ^^^^^^^^^ use of undeclared crate or module `burble_fs`
[INFO] [stdout]     |
[INFO] [stdout] help: there is a crate or module with a similar name
[INFO] [stdout]     |
[INFO] [stdout] 128 |     let key_store: Arc<smp::KeyStore> = Arc::new(burble::KeyStore::per_user("burble"));
[INFO] [stdout]     |                                                  ~~~~~~
[INFO] [stdout] help: consider importing one of these items
[INFO] [stdout]     |
[INFO] [stdout] 5   + use burble::smp::KeyStore;
[INFO] [stdout]     |
[INFO] [stdout] 5   + use crate::smp::KeyStore;
[INFO] [stdout]     |
[INFO] [stdout] help: if you import `KeyStore`, refer to it directly
[INFO] [stdout]     |
[INFO] [stdout] 128 -     let key_store: Arc<smp::KeyStore> = Arc::new(burble_fs::KeyStore::per_user("burble"));
[INFO] [stdout] 128 +     let key_store: Arc<smp::KeyStore> = Arc::new(KeyStore::per_user("burble"));
[INFO] [stdout]     |
[INFO] [stdout] 
[INFO] [stdout] 
[INFO] [stdout] error[E0282]: type annotations needed for `Arc<T, A>`
[INFO] [stdout]    --> examples/server.rs:156:21
[INFO] [stdout]     |
[INFO] [stdout] 156 |                 let key_store = Arc::clone(&key_store);
[INFO] [stdout]     |                     ^^^^^^^^^
[INFO] [stdout] ...
[INFO] [stdout] 159 |                     smp.respond(&mut dev, key_store.as_ref()).await
[INFO] [stdout]     |                                                     ------ type must be known at this point
[INFO] [stdout]     |
[INFO] [stdout] help: consider giving `key_store` an explicit type, where the type for type parameter `T` is specified
[INFO] [stdout]     |
[INFO] [stdout] 156 |                 let key_store: Arc<T, A> = Arc::clone(&key_store);
[INFO] [stdout]     |                              +++++++++++
[INFO] [stdout] 
[INFO] [stdout] 
[INFO] [stdout] warning: 4 warnings emitted
[INFO] [stdout] 
[INFO] [stdout] 
[INFO] [stdout] error: aborting due to 3 previous errors
[INFO] [stdout] 
[INFO] [stdout] 
[INFO] [stdout] Some errors have detailed explanations: E0282, E0433.
[INFO] [stdout] 
[INFO] [stdout] For more information about an error, try `rustc --explain E0282`.
[INFO] [stdout] 
[INFO] [stderr] error: could not compile `burble` (example "server") due to 4 previous errors
[INFO] running `Command { std: "docker" "inspect" "7b62edc846d9f3b7b46d0a8f750d16ebe8c1766e3fde4a15b6e7106b008b2684", kill_on_drop: false }`
[INFO] running `Command { std: "docker" "rm" "-f" "7b62edc846d9f3b7b46d0a8f750d16ebe8c1766e3fde4a15b6e7106b008b2684", kill_on_drop: false }`
[INFO] [stdout] 7b62edc846d9f3b7b46d0a8f750d16ebe8c1766e3fde4a15b6e7106b008b2684
